[INFO] cloning repository https://github.com/Redrield/elm-ds
[INFO] running `Command { std: "git" "-c" "credential.helper=" "-c" "credential.helper=/workspace/cargo-home/bin/git-credential-null" "clone" "--bare" "https://github.com/Redrield/elm-ds" "/workspace/cache/git-repos/https%3A%2F%2Fgithub.com%2FRedrield%2Felm-ds", kill_on_drop: false }`
[INFO] [stderr] Cloning into bare repository '/workspace/cache/git-repos/https%3A%2F%2Fgithub.com%2FRedrield%2Felm-ds'...
[INFO] running `Command { std: "git" "rev-parse" "HEAD", kill_on_drop: false }`
[INFO] [stdout] b99df1a977ee844af71db160ad03d57625e6f2ce
[INFO] testing Redrield/elm-ds against beta-2023-04-20 for beta-1.70-1
[INFO] running `Command { std: "git" "clone" "/workspace/cache/git-repos/https%3A%2F%2Fgithub.com%2FRedrield%2Felm-ds" "/workspace/builds/worker-5-tc2/source", kill_on_drop: false }`
[INFO] [stderr] Cloning into '/workspace/builds/worker-5-tc2/source'...
[INFO] [stderr] done.
[INFO] validating manifest of git repo https://github.com/Redrield/elm-ds on toolchain beta-2023-04-20
[INFO] running `Command { std: CARGO_HOME="/workspace/cargo-home" RUSTUP_HOME="/workspace/rustup-home" "/workspace/cargo-home/bin/cargo" "+beta-2023-04-20" "metadata" "--manifest-path" "Cargo.toml" "--no-deps", kill_on_drop: false }`
[INFO] started tweaking git repo https://github.com/Redrield/elm-ds
[INFO] finished tweaking git repo https://github.com/Redrield/elm-ds
[INFO] tweaked toml for git repo https://github.com/Redrield/elm-ds written to /workspace/builds/worker-5-tc2/source/Cargo.toml
[INFO] crate git repo https://github.com/Redrield/elm-ds already has a lockfile, it will not be regenerated
[INFO] running `Command { std: CARGO_HOME="/workspace/cargo-home" RUSTUP_HOME="/workspace/rustup-home" "/workspace/cargo-home/bin/cargo" "+beta-2023-04-20" "fetch" "--manifest-path" "Cargo.toml", kill_on_drop: false }`
[INFO] [stderr]     Updating crates.io index
[INFO] [stderr]  Downloading crates ...
[INFO] [stderr]   Downloaded core-graphics v0.21.0
[INFO] [stderr]   Downloaded glfw v0.41.0
[INFO] [stderr]   Downloaded confy v0.4.0
[INFO] [stderr]   Downloaded gilrs v0.7.4
[INFO] [stderr]   Downloaded conquer-once v0.2.1
[INFO] [stderr]   Downloaded autopilot v0.4.0
[INFO] [stderr]   Downloaded ds v1.2.4
[INFO] [stderr]   Downloaded glfw-sys v3.3.5
[INFO] [stderr]   Downloaded rust-embed v5.9.0
[INFO] [stderr]   Downloaded gilrs-core v0.2.6
[INFO] [stderr]   Downloaded rust-embed-impl v5.9.0
[INFO] [stderr]   Downloaded rust-embed-utils v5.1.0
[INFO] [stderr]   Downloaded tinyfiledialogs v3.9.1
[INFO] [stderr]   Downloaded x11 v2.20.0
[INFO] running `Command { std: "docker" "create" "-v" "/var/lib/crater-agent-workspace/builds/worker-5-tc2/target:/opt/rustwide/target:rw,Z" "-v" "/var/lib/crater-agent-workspace/builds/worker-5-tc2/source:/opt/rustwide/workdir:ro,Z" "-v" "/var/lib/crater-agent-workspace/cargo-home:/opt/rustwide/cargo-home:ro,Z" "-v" "/var/lib/crater-agent-workspace/rustup-home:/opt/rustwide/rustup-home:ro,Z" "-e" "SOURCE_DIR=/opt/rustwide/workdir" "-e" "CARGO_TARGET_DIR=/opt/rustwide/target" "-e" "CARGO_HOME=/opt/rustwide/cargo-home" "-e" "RUSTUP_HOME=/opt/rustwide/rustup-home" "-w" "/opt/rustwide/workdir" "-m" "1610612736" "--user" "0:0" "--network" "none" "ghcr.io/rust-lang/crates-build-env/linux@sha256:5ff2268d62e97bff2cde7d5815dd6ed5b47097566f13b8d0ca110b04b60e07ed" "/opt/rustwide/cargo-home/bin/cargo" "+beta-2023-04-20" "metadata" "--no-deps" "--format-version=1", kill_on_drop: false }`
[INFO] [stdout] cd415c43fde225f338723c2540ec9797070d100b71ecb61797e186f1076eeb57
[INFO] running `Command { std: "docker" "start" "-a" "cd415c43fde225f338723c2540ec9797070d100b71ecb61797e186f1076eeb57", kill_on_drop: false }`
[INFO] running `Command { std: "docker" "inspect" "cd415c43fde225f338723c2540ec9797070d100b71ecb61797e186f1076eeb57", kill_on_drop: false }`
[INFO] running `Command { std: "docker" "rm" "-f" "cd415c43fde225f338723c2540ec9797070d100b71ecb61797e186f1076eeb57", kill_on_drop: false }`
[INFO] [stdout] cd415c43fde225f338723c2540ec9797070d100b71ecb61797e186f1076eeb57
[INFO] running `Command { std: "docker" "create" "-v" "/var/lib/crater-agent-workspace/builds/worker-5-tc2/target:/opt/rustwide/target:rw,Z" "-v" "/var/lib/crater-agent-workspace/builds/worker-5-tc2/source:/opt/rustwide/workdir:ro,Z" "-v" "/var/lib/crater-agent-workspace/cargo-home:/opt/rustwide/cargo-home:ro,Z" "-v" "/var/lib/crater-agent-workspace/rustup-home:/opt/rustwide/rustup-home:ro,Z" "-e" "SOURCE_DIR=/opt/rustwide/workdir" "-e" "CARGO_TARGET_DIR=/opt/rustwide/target" "-e" "CARGO_INCREMENTAL=0" "-e" "RUST_BACKTRACE=full" "-e" "RUSTFLAGS=--cap-lints=warn" "-e" "RUSTDOCFLAGS=--cap-lints=warn" "-e" "CARGO_HOME=/opt/rustwide/cargo-home" "-e" "RUSTUP_HOME=/opt/rustwide/rustup-home" "-w" "/opt/rustwide/workdir" "-m" "1610612736" "--user" "0:0" "--network" "none" "ghcr.io/rust-lang/crates-build-env/linux@sha256:5ff2268d62e97bff2cde7d5815dd6ed5b47097566f13b8d0ca110b04b60e07ed" "/opt/rustwide/cargo-home/bin/cargo" "+beta-2023-04-20" "build" "--frozen" "--message-format=json", kill_on_drop: false }`
[INFO] [stdout] d96fcf76eb3b977da811488caba9653ca117d643197ddb9fb2b3955103c90150
[INFO] running `Command { std: "docker" "start" "-a" "d96fcf76eb3b977da811488caba9653ca117d643197ddb9fb2b3955103c90150", kill_on_drop: false }`
[INFO] [stderr]    Compiling proc-macro2 v1.0.46
[INFO] [stderr]    Compiling quote v1.0.21
[INFO] [stderr]    Compiling unicode-ident v1.0.4
[INFO] [stderr]    Compiling syn v1.0.101
[INFO] [stderr]    Compiling libc v0.2.134
[INFO] [stderr]    Compiling serde_derive v1.0.145
[INFO] [stderr]    Compiling serde v1.0.145
[INFO] [stderr]    Compiling pkg-config v0.3.25
[INFO] [stderr]    Compiling thiserror v1.0.37
[INFO] [stderr]    Compiling unicode-segmentation v1.10.0
[INFO] [stderr]    Compiling memchr v2.5.0
[INFO] [stderr]    Compiling strum v0.18.0
[INFO] [stderr]    Compiling version-compare v0.0.10
[INFO] [stderr]    Compiling cfg-if v0.1.10
[INFO] [stderr]    Compiling log v0.4.17
[INFO] [stderr]    Compiling slab v0.4.7
[INFO] [stderr]    Compiling futures-core v0.3.24
[INFO] [stderr]    Compiling futures-sink v0.3.24
[INFO] [stderr]    Compiling scopeguard v1.1.0
[INFO] [stderr]    Compiling futures-channel v0.3.24
[INFO] [stderr]    Compiling futures-task v0.3.24
[INFO] [stderr]    Compiling heck v0.3.3
[INFO] [stderr]    Compiling pin-project-lite v0.2.9
[INFO] [stderr]    Compiling pin-project-lite v0.1.12
[INFO] [stderr]    Compiling futures-util v0.3.24
[INFO] [stderr]    Compiling futures-io v0.3.24
[INFO] [stderr]    Compiling smallvec v1.10.0
[INFO] [stderr]    Compiling lock_api v0.4.9
[INFO] [stderr]    Compiling parking_lot_core v0.8.5
[INFO] [stderr]    Compiling pin-project-internal v0.4.30
[INFO] [stderr]    Compiling num-traits v0.2.15
[INFO] [stderr]    Compiling instant v0.1.12
[INFO] [stderr]    Compiling either v1.8.0
[INFO] [stderr]    Compiling convert_case v0.4.0
[INFO] [stderr]    Compiling tinyvec v1.6.0
[INFO] [stderr]    Compiling miniz_oxide v0.5.4
[INFO] [stderr]    Compiling backtrace v0.3.66
[INFO] [stderr]    Compiling num-integer v0.1.45
[INFO] [stderr]    Compiling gimli v0.26.2
[INFO] [stderr]    Compiling copyless v0.1.5
[INFO] [stderr]    Compiling rustc-demangle v0.1.21
[INFO] [stderr]    Compiling byteorder v1.4.3
[INFO] [stderr]    Compiling object v0.29.0
[INFO] [stderr]    Compiling unicode-bidi v0.3.8
[INFO] [stderr]    Compiling failure_derive v0.1.8
[INFO] [stderr]    Compiling unicode-xid v0.2.4
[INFO] [stderr]    Compiling percent-encoding v2.2.0
[INFO] [stderr]    Compiling aho-corasick v0.7.19
[INFO] [stderr]    Compiling itoa v1.0.3
[INFO] [stderr]    Compiling regex-syntax v0.6.27
[INFO] [stderr]    Compiling crossbeam-utils v0.8.12
[INFO] [stderr]    Compiling form_urlencoded v1.1.0
[INFO] [stderr]    Compiling quick-error v1.2.3
[INFO] [stderr]    Compiling bytes v1.2.1
[INFO] [stderr]    Compiling num_cpus v1.13.1
[INFO] [stderr]    Compiling iovec v0.1.4
[INFO] [stderr]    Compiling net2 v0.2.37
[INFO] [stderr]    Compiling signal-hook-registry v1.4.0
[INFO] [stderr]    Compiling getrandom v0.1.16
[INFO] [stderr]    Compiling unicode-normalization v0.1.22
[INFO] [stderr]    Compiling socket2 v0.3.19
[INFO] [stderr]    Compiling mio v0.6.23
[INFO] [stderr]    Compiling parking_lot v0.11.2
[INFO] [stderr]    Compiling threadpool v1.8.1
[INFO] [stderr]    Compiling rand_core v0.5.1
[INFO] [stderr]    Compiling idna v0.3.0
[INFO] [stderr]    Compiling rand_chacha v0.2.2
[INFO] [stderr]    Compiling async-trait v0.1.57
[INFO] [stderr]    Compiling match_cfg v0.1.0
[INFO] [stderr]    Compiling once_cell v1.15.0
[INFO] [stderr]    Compiling hostname v0.3.1
[INFO] [stderr]    Compiling idna v0.2.3
[INFO] [stderr]    Compiling rand v0.7.3
[INFO] [stderr]    Compiling url v2.3.1
[INFO] [stderr]    Compiling mio-uds v0.6.8
[INFO] [stderr]    Compiling tracing-core v0.1.29
[INFO] [stderr]    Compiling http v0.2.8
[INFO] [stderr]    Compiling brotli-sys v0.3.2
[INFO] [stderr]    Compiling crossbeam-epoch v0.9.11
[INFO] [stderr]    Compiling indexmap v1.9.1
[INFO] [stderr]    Compiling proc-macro2 v0.4.30
[INFO] [stderr]    Compiling addr2line v0.17.0
[INFO] [stderr]    Compiling linked-hash-map v0.5.6
[INFO] [stderr]    Compiling tracing v0.1.36
[INFO] [stderr]    Compiling regex v1.6.0
[INFO] [stderr]    Compiling lru-cache v0.1.2
[INFO] [stderr]    Compiling resolv-conf v0.6.3
[INFO] [stderr]    Compiling time v0.1.44
[INFO] [stderr]    Compiling httparse v1.8.0
[INFO] [stderr]    Compiling hashbrown v0.12.3
[INFO] [stderr]    Compiling rayon-core v1.9.3
[INFO] [stderr]    Compiling serde_json v1.0.85
[INFO] [stderr]    Compiling iana-time-zone v0.1.50
[INFO] [stderr]    Compiling encoding_rs v0.8.31
[INFO] [stderr]    Compiling unicode-xid v0.1.0
[INFO] [stderr]    Compiling maybe-uninit v2.0.0
[INFO] [stderr]    Compiling chrono v0.4.22
[INFO] [stderr]    Compiling syn v0.15.44
[INFO] [stderr]    Compiling dtoa v0.4.8
[INFO] [stderr]    Compiling ryu v1.0.11
[INFO] [stderr]    Compiling sha1_smol v1.0.0
[INFO] [stderr]    Compiling sha1 v0.6.1
[INFO] [stderr]    Compiling quote v0.6.13
[INFO] [stderr]    Compiling crossbeam-deque v0.8.2
[INFO] [stderr]    Compiling crossbeam-channel v0.5.6
[INFO] [stderr]    Compiling flate2 v1.0.24
[INFO] [stderr]    Compiling fxhash v0.2.1
[INFO] [stderr]    Compiling webkit2gtk-sys v0.12.0
[INFO] [stderr]    Compiling rayon v1.5.3
[INFO] [stderr]    Compiling crossbeam-utils v0.7.2
[INFO] [stderr]    Compiling base64 v0.11.0
[INFO] [stderr]    Compiling num-derive v0.2.5
[INFO] [stderr]    Compiling getrandom v0.2.7
[INFO] [stderr]    Compiling libudev-sys v0.1.4
[INFO] [stderr]    Compiling cmake v0.1.48
[INFO] [stderr]    Compiling num-iter v0.1.43
[INFO] [stderr]    Compiling num-rational v0.2.4
[INFO] [stderr]    Compiling nix v0.15.0
[INFO] [stderr]    Compiling synstructure v0.12.6
[INFO] [stderr]    Compiling lzw v0.10.0
[INFO] [stderr]    Compiling glfw-sys v3.3.5
[INFO] [stderr]    Compiling uuid v0.8.2
[INFO] [stderr]    Compiling deflate v0.7.20
[INFO] [stderr]    Compiling inflate v0.4.5
[INFO] [stderr]    Compiling bytestring v1.1.0
[INFO] [stderr]    Compiling parking_lot_core v0.7.2
[INFO] [stderr]    Compiling javascriptcore-rs-sys v0.2.0
[INFO] [stderr]    Compiling x11 v2.20.0
[INFO] [stderr]    Compiling webview-sys v0.6.2 (https://github.com/Boscop/web-view#e87e08ca)
[INFO] [stderr]    Compiling lock_api v0.3.4
[INFO] [stderr]    Compiling tinyfiledialogs v3.9.1
[INFO] [stderr]    Compiling void v1.0.2
[INFO] [stderr]    Compiling cty v0.2.2
[INFO] [stderr]    Compiling gif v0.10.3
[INFO] [stderr]    Compiling parking_lot v0.10.2
[INFO] [stderr]    Compiling raw-window-handle v0.4.3
[INFO] [stderr]    Compiling png v0.15.3
[INFO] [stderr]    Compiling crossbeam-channel v0.4.4
[INFO] [stderr]    Compiling rust-embed-utils v5.1.0
[INFO] [stderr]    Compiling dirs-sys v0.3.7
[INFO] [stderr]    Compiling autopilot v0.4.0
[INFO] [stderr]    Compiling crossbeam-utils v0.6.6
[INFO] [stderr]    Compiling semver-parser v0.7.0
[INFO] [stderr]    Compiling scoped_threadpool v0.1.9
[INFO] [stderr]    Compiling vec_map v0.8.2
[INFO] [stderr]    Compiling termcolor v1.1.3
[INFO] [stderr]    Compiling crossbeam-channel v0.3.9
[INFO] [stderr]    Compiling semver v0.9.0
[INFO] [stderr]    Compiling jpeg-decoder v0.1.22
[INFO] [stderr]    Compiling directories v2.0.2
[INFO] [stderr]    Compiling raw-window-handle v0.3.4
[INFO] [stderr]    Compiling smallvec v0.6.14
[INFO] [stderr]    Compiling os_type v2.6.0
[INFO] [stderr]    Compiling humantime v1.3.0
[INFO] [stderr]    Compiling atty v0.2.14
[INFO] [stderr]    Compiling urlencoding v1.3.3
[INFO] [stderr]    Compiling boxfnonce v0.1.1
[INFO] [stderr]    Compiling conquer-util v0.2.0
[INFO] [stderr]    Compiling conquer-once v0.2.1
[INFO] [stderr]    Compiling env_logger v0.7.1
[INFO] [stderr]    Compiling thiserror-impl v1.0.37
[INFO] [stderr]    Compiling strum_macros v0.18.0
[INFO] [stderr]    Compiling tokio-macros v0.2.6
[INFO] [stderr]    Compiling futures-macro v0.3.24
[INFO] [stderr]    Compiling derive_more v0.99.17
[INFO] [stderr]    Compiling actix-macros v0.1.3
[INFO] [stderr]    Compiling enum-as-inner v0.3.4
[INFO] [stderr]    Compiling pin-project-internal v1.0.12
[INFO] [stderr]    Compiling tiff v0.3.1
[INFO] [stderr]    Compiling actix-web-codegen v0.2.2
[INFO] [stderr]    Compiling brotli2 v0.3.2
[INFO] [stderr]    Compiling actix_derive v0.5.0
[INFO] [stderr]    Compiling failure v0.1.8
[INFO] [stderr]    Compiling tokio v0.2.25
[INFO] [stderr]    Compiling gilrs-core v0.2.6
[INFO] [stderr]    Compiling image v0.22.5
[INFO] [stderr]    Compiling rust-embed-impl v5.9.0
[INFO] [stderr]    Compiling gilrs v0.7.4
[INFO] [stderr]    Compiling glfw v0.41.0
[INFO] [stderr]    Compiling pin-project v0.4.30
[INFO] [stderr]    Compiling pin-project v1.0.12
[INFO] [stderr]    Compiling rust-embed v5.9.0
[INFO] [stderr]    Compiling tracing-futures v0.2.5
[INFO] [stderr]    Compiling actix-threadpool v0.3.3
[INFO] [stderr]    Compiling tokio-util v0.2.0
[INFO] [stderr]    Compiling tokio-util v0.3.1
[INFO] [stderr]    Compiling futures-executor v0.3.24
[INFO] [stderr]    Compiling actix-service v1.0.6
[INFO] [stderr]    Compiling actix-rt v1.1.1
[INFO] [stderr]    Compiling h2 v0.2.7
[INFO] [stderr]    Compiling actix-codec v0.3.0
[INFO] [stderr]    Compiling actix-codec v0.2.0
[INFO] [stderr]    Compiling futures v0.3.24
[INFO] [stderr]    Compiling actix-utils v2.0.0
[INFO] [stderr]    Compiling trust-dns-proto v0.18.0-alpha.2
[INFO] [stderr]    Compiling actix-utils v1.0.6
[INFO] [stderr]    Compiling ds v1.2.4
[INFO] [stderr]    Compiling actix-server v1.0.4
[INFO] [stderr]    Compiling actix-tls v1.0.0
[INFO] [stderr]    Compiling actix-testing v1.0.1
[INFO] [stderr]    Compiling trust-dns-resolver v0.18.0-alpha.2
[INFO] [stderr]    Compiling toml v0.5.9
[INFO] [stderr]    Compiling serde_urlencoded v0.6.1
[INFO] [stderr]    Compiling actix-router v0.2.7
[INFO] [stderr]    Compiling actix-connect v1.0.2
[INFO] [stderr]    Compiling system-deps v1.3.2
[INFO] [stderr]    Compiling confy v0.4.0
[INFO] [stderr]    Compiling human-panic v1.0.3
[INFO] [stderr]    Compiling glib-sys v0.10.1
[INFO] [stderr]    Compiling gobject-sys v0.10.0
[INFO] [stderr]    Compiling gio-sys v0.10.1
[INFO] [stderr]    Compiling pango-sys v0.10.0
[INFO] [stderr]    Compiling gdk-pixbuf-sys v0.10.0
[INFO] [stderr]    Compiling cairo-sys-rs v0.10.0
[INFO] [stderr]    Compiling gdk-sys v0.10.0
[INFO] [stderr]    Compiling atk-sys v0.10.0
[INFO] [stderr]    Compiling gtk-sys v0.10.0
[INFO] [stderr]    Compiling soup-sys v0.10.0
[INFO] [stderr]    Compiling actix-http v1.0.1
[INFO] [stderr]    Compiling awc v1.0.1
[INFO] [stderr]    Compiling actix v0.9.0
[INFO] [stderr]    Compiling actix-web v2.0.0
[INFO] [stderr]    Compiling web-view v0.7.3 (https://github.com/Boscop/web-view#e87e08ca)
[INFO] [stderr]    Compiling actix-web-actors v2.0.0
[INFO] [stderr]    Compiling conductor v0.1.0 (/opt/rustwide/workdir)
[INFO] [stdout] error: proc-macro derive panicked
[INFO] [stdout]  --> src/resources.rs:3:10
[INFO] [stdout]   |
[INFO] [stdout] 3 | #[derive(RustEmbed)]
[INFO] [stdout]   |          ^^^^^^^^^
[INFO] [stdout]   |
[INFO] [stdout]   = help: message: #[derive(RustEmbed)] folder '/opt/rustwide/workdir/ui/main-window/build' does not exist. cwd: '/opt/rustwide/workdir'
[INFO] [stdout] 
[INFO] [stdout] 
[INFO] [stdout] error: proc-macro derive panicked
[INFO] [stdout]  --> src/resources.rs:7:10
[INFO] [stdout]   |
[INFO] [stdout] 7 | #[derive(RustEmbed)]
[INFO] [stdout]   |          ^^^^^^^^^
[INFO] [stdout]   |
[INFO] [stdout]   = help: message: #[derive(RustEmbed)] folder '/opt/rustwide/workdir/ui/stdout/build' does not exist. cwd: '/opt/rustwide/workdir'
[INFO] [stdout] 
[INFO] [stdout] 
[INFO] [stdout] warning: unused import: `std::panic::PanicInfo`
[INFO] [stdout]  --> src/main.rs:6:5
[INFO] [stdout]   |
[INFO] [stdout] 6 | use std::panic::PanicInfo;
[INFO] [stdout]   |     ^^^^^^^^^^^^^^^^^^^^^
[INFO] [stdout]   |
[INFO] [stdout]   = note: `#[warn(unused_imports)]` on by default
[INFO] [stdout] 
[INFO] [stdout] 
[INFO] [stdout] warning: unused imports: `MessageBoxIcon`, `message_box_ok`
[INFO] [stdout]   --> src/main.rs:10:23
[INFO] [stdout]    |
[INFO] [stdout] 10 | use tinyfiledialogs::{message_box_ok, MessageBoxIcon};
[INFO] [stdout]    |                       ^^^^^^^^^^^^^^  ^^^^^^^^^^^^^^
[INFO] [stdout] 
[INFO] [stdout] 
[INFO] [stdout] warning: unused import: `std::fmt::Result as FmtResult`
[INFO] [stdout]  --> src/panic.rs:2:5
[INFO] [stdout]   |
[INFO] [stdout] 2 | use std::fmt::Result as FmtResult;
[INFO] [stdout]   |     ^^^^^^^^^^^^^^^^^^^^^^^^^^^^^
[INFO] [stdout] 
[INFO] [stdout] 
[INFO] [stdout] error[E0599]: no function or associated item named `get` found for struct `resources::Resources` in the current scope
[INFO] [stdout]   --> src/webserver.rs:22:22
[INFO] [stdout]    |
[INFO] [stdout] 22 |     match Resources::get(&path) {
[INFO] [stdout]    |                      ^^^ function or associated item not found in `Resources`
[INFO] [stdout]    |
[INFO] [stdout]   ::: src/resources.rs:5:1
[INFO] [stdout]    |
[INFO] [stdout] 5  | pub struct Resources;
[INFO] [stdout]    | -------------------- function or associated item `get` not found for this struct
[INFO] [stdout]    |
[INFO] [stdout]    = help: items from traits can only be used if the trait is implemented and in scope
[INFO] [stdout]    = note: the following traits define an item `get`, perhaps you need to implement one of them:
[INFO] [stdout]            candidate #1: `SliceIndex`
[INFO] [stdout]            candidate #2: `nix::sys::socket::GetSockOpt`
[INFO] [stdout]            candidate #3: `RustEmbed`
[INFO] [stdout] 
[INFO] [stdout] 
[INFO] [stdout] error[E0599]: no function or associated item named `get` found for struct `resources::StdoutResources` in the current scope
[INFO] [stdout]   --> src/webserver.rs:34:40
[INFO] [stdout]    |
[INFO] [stdout] 34 |         None => match StdoutResources::get(&path) {
[INFO] [stdout]    |                                        ^^^ function or associated item not found in `StdoutResources`
[INFO] [stdout]    |
[INFO] [stdout]   ::: src/resources.rs:9:1
[INFO] [stdout]    |
[INFO] [stdout] 9  | pub struct StdoutResources;
[INFO] [stdout]    | -------------------------- function or associated item `get` not found for this struct
[INFO] [stdout]    |
[INFO] [stdout]    = help: items from traits can only be used if the trait is implemented and in scope
[INFO] [stdout]    = note: the following traits define an item `get`, perhaps you need to implement one of them:
[INFO] [stdout]            candidate #1: `SliceIndex`
[INFO] [stdout]            candidate #2: `nix::sys::socket::GetSockOpt`
[INFO] [stdout]            candidate #3: `RustEmbed`
[INFO] [stdout] 
[INFO] [stdout] 
[INFO] [stdout] error[E0599]: no function or associated item named `get` found for struct `resources::Resources` in the current scope
[INFO] [stdout]   --> src/webserver.rs:50:31
[INFO] [stdout]    |
[INFO] [stdout] 50 |     let contents = Resources::get("index.html").unwrap();
[INFO] [stdout]    |                               ^^^ function or associated item not found in `Resources`
[INFO] [stdout]    |
[INFO] [stdout]   ::: src/resources.rs:5:1
[INFO] [stdout]    |
[INFO] [stdout] 5  | pub struct Resources;
[INFO] [stdout]    | -------------------- function or associated item `get` not found for this struct
[INFO] [stdout]    |
[INFO] [stdout]    = help: items from traits can only be used if the trait is implemented and in scope
[INFO] [stdout]    = note: the following traits define an item `get`, perhaps you need to implement one of them:
[INFO] [stdout]            candidate #1: `SliceIndex`
[INFO] [stdout]            candidate #2: `nix::sys::socket::GetSockOpt`
[INFO] [stdout]            candidate #3: `RustEmbed`
[INFO] [stdout] 
[INFO] [stdout] 
[INFO] [stdout] error[E0599]: no function or associated item named `get` found for struct `resources::StdoutResources` in the current scope
[INFO] [stdout]   --> src/webserver.rs:60:37
[INFO] [stdout]    |
[INFO] [stdout] 60 |     let contents = StdoutResources::get("index.html").unwrap();
[INFO] [stdout]    |                                     ^^^ function or associated item not found in `StdoutResources`
[INFO] [stdout]    |
[INFO] [stdout]   ::: src/resources.rs:9:1
[INFO] [stdout]    |
[INFO] [stdout] 9  | pub struct StdoutResources;
[INFO] [stdout]    | -------------------------- function or associated item `get` not found for this struct
[INFO] [stdout]    |
[INFO] [stdout]    = help: items from traits can only be used if the trait is implemented and in scope
[INFO] [stdout]    = note: the following traits define an item `get`, perhaps you need to implement one of them:
[INFO] [stdout]            candidate #1: `SliceIndex`
[INFO] [stdout]            candidate #2: `nix::sys::socket::GetSockOpt`
[INFO] [stdout]            candidate #3: `RustEmbed`
[INFO] [stdout] 
[INFO] [stdout] 
[INFO] [stdout] error: aborting due to 6 previous errors; 3 warnings emitted
[INFO] [stdout] 
[INFO] [stdout] 
[INFO] [stdout] For more information about this error, try `rustc --explain E0599`.
[INFO] [stdout] 
[INFO] [stderr] error: could not compile `conductor` (bin "conductor") due to 7 previous errors; 3 warnings emitted
[INFO] running `Command { std: "docker" "inspect" "d96fcf76eb3b977da811488caba9653ca117d643197ddb9fb2b3955103c90150", kill_on_drop: false }`
[INFO] running `Command { std: "docker" "rm" "-f" "d96fcf76eb3b977da811488caba9653ca117d643197ddb9fb2b3955103c90150", kill_on_drop: false }`
[INFO] [stdout] d96fcf76eb3b977da811488caba9653ca117d643197ddb9fb2b3955103c90150
