[INFO] cloning repository https://github.com/Ralakus/tachyon
[INFO] running `Command { std: "git" "-c" "credential.helper=" "-c" "credential.helper=/workspace/cargo-home/bin/git-credential-null" "clone" "--bare" "https://github.com/Ralakus/tachyon" "/workspace/cache/git-repos/https%3A%2F%2Fgithub.com%2FRalakus%2Ftachyon", kill_on_drop: false }`
[INFO] [stderr] Cloning into bare repository '/workspace/cache/git-repos/https%3A%2F%2Fgithub.com%2FRalakus%2Ftachyon'...
[INFO] running `Command { std: "git" "rev-parse" "HEAD", kill_on_drop: false }`
[INFO] [stdout] 89fe2c8b4c7839b5cf9a85d3f06313a0d9b63e07
[INFO] testing Ralakus/tachyon against beta-2023-04-20 for beta-1.70-1
[INFO] running `Command { std: "git" "clone" "/workspace/cache/git-repos/https%3A%2F%2Fgithub.com%2FRalakus%2Ftachyon" "/workspace/builds/worker-3-tc2/source", kill_on_drop: false }`
[INFO] [stderr] Cloning into '/workspace/builds/worker-3-tc2/source'...
[INFO] [stderr] done.
[INFO] validating manifest of git repo https://github.com/Ralakus/tachyon on toolchain beta-2023-04-20
[INFO] running `Command { std: CARGO_HOME="/workspace/cargo-home" RUSTUP_HOME="/workspace/rustup-home" "/workspace/cargo-home/bin/cargo" "+beta-2023-04-20" "metadata" "--manifest-path" "Cargo.toml" "--no-deps", kill_on_drop: false }`
[INFO] started tweaking git repo https://github.com/Ralakus/tachyon
[INFO] finished tweaking git repo https://github.com/Ralakus/tachyon
[INFO] tweaked toml for git repo https://github.com/Ralakus/tachyon written to /workspace/builds/worker-3-tc2/source/Cargo.toml
[INFO] running `Command { std: CARGO_HOME="/workspace/cargo-home" RUSTUP_HOME="/workspace/rustup-home" __CARGO_TEST_CHANNEL_OVERRIDE_DO_NOT_USE_THIS="nightly" "/workspace/cargo-home/bin/cargo" "+beta-2023-04-20" "generate-lockfile" "--manifest-path" "Cargo.toml" "-Zno-index-update", kill_on_drop: false }`
[INFO] running `Command { std: CARGO_HOME="/workspace/cargo-home" RUSTUP_HOME="/workspace/rustup-home" "/workspace/cargo-home/bin/cargo" "+beta-2023-04-20" "fetch" "--manifest-path" "Cargo.toml", kill_on_drop: false }`
[INFO] running `Command { std: "docker" "create" "-v" "/var/lib/crater-agent-workspace/builds/worker-3-tc2/target:/opt/rustwide/target:rw,Z" "-v" "/var/lib/crater-agent-workspace/builds/worker-3-tc2/source:/opt/rustwide/workdir:ro,Z" "-v" "/var/lib/crater-agent-workspace/cargo-home:/opt/rustwide/cargo-home:ro,Z" "-v" "/var/lib/crater-agent-workspace/rustup-home:/opt/rustwide/rustup-home:ro,Z" "-e" "SOURCE_DIR=/opt/rustwide/workdir" "-e" "CARGO_TARGET_DIR=/opt/rustwide/target" "-e" "CARGO_HOME=/opt/rustwide/cargo-home" "-e" "RUSTUP_HOME=/opt/rustwide/rustup-home" "-w" "/opt/rustwide/workdir" "-m" "1610612736" "--user" "0:0" "--network" "none" "ghcr.io/rust-lang/crates-build-env/linux@sha256:5ff2268d62e97bff2cde7d5815dd6ed5b47097566f13b8d0ca110b04b60e07ed" "/opt/rustwide/cargo-home/bin/cargo" "+beta-2023-04-20" "metadata" "--no-deps" "--format-version=1", kill_on_drop: false }`
[INFO] [stdout] 47e39a6963a6b5d623b8e624a7682afa089791cafd84d95648a7037cd215fc86
[INFO] running `Command { std: "docker" "start" "-a" "47e39a6963a6b5d623b8e624a7682afa089791cafd84d95648a7037cd215fc86", kill_on_drop: false }`
[INFO] running `Command { std: "docker" "inspect" "47e39a6963a6b5d623b8e624a7682afa089791cafd84d95648a7037cd215fc86", kill_on_drop: false }`
[INFO] running `Command { std: "docker" "rm" "-f" "47e39a6963a6b5d623b8e624a7682afa089791cafd84d95648a7037cd215fc86", kill_on_drop: false }`
[INFO] [stdout] 47e39a6963a6b5d623b8e624a7682afa089791cafd84d95648a7037cd215fc86
[INFO] running `Command { std: "docker" "create" "-v" "/var/lib/crater-agent-workspace/builds/worker-3-tc2/target:/opt/rustwide/target:rw,Z" "-v" "/var/lib/crater-agent-workspace/builds/worker-3-tc2/source:/opt/rustwide/workdir:ro,Z" "-v" "/var/lib/crater-agent-workspace/cargo-home:/opt/rustwide/cargo-home:ro,Z" "-v" "/var/lib/crater-agent-workspace/rustup-home:/opt/rustwide/rustup-home:ro,Z" "-e" "SOURCE_DIR=/opt/rustwide/workdir" "-e" "CARGO_TARGET_DIR=/opt/rustwide/target" "-e" "CARGO_INCREMENTAL=0" "-e" "RUST_BACKTRACE=full" "-e" "RUSTFLAGS=--cap-lints=warn" "-e" "RUSTDOCFLAGS=--cap-lints=warn" "-e" "CARGO_HOME=/opt/rustwide/cargo-home" "-e" "RUSTUP_HOME=/opt/rustwide/rustup-home" "-w" "/opt/rustwide/workdir" "-m" "1610612736" "--user" "0:0" "--network" "none" "ghcr.io/rust-lang/crates-build-env/linux@sha256:5ff2268d62e97bff2cde7d5815dd6ed5b47097566f13b8d0ca110b04b60e07ed" "/opt/rustwide/cargo-home/bin/cargo" "+beta-2023-04-20" "build" "--frozen" "--message-format=json", kill_on_drop: false }`
[INFO] [stdout] 5805ba6e27fbafb57cbc4ccfd58f160054d47ba2d74a36fe098ae25a19bcaef4
[INFO] running `Command { std: "docker" "start" "-a" "5805ba6e27fbafb57cbc4ccfd58f160054d47ba2d74a36fe098ae25a19bcaef4", kill_on_drop: false }`
[INFO] [stderr]    Compiling proc-macro2 v1.0.56
[INFO] [stderr]    Compiling libc v0.2.142
[INFO] [stderr]    Compiling unicode-ident v1.0.8
[INFO] [stderr]    Compiling quote v1.0.26
[INFO] [stderr]    Compiling io-lifetimes v1.0.10
[INFO] [stderr]    Compiling rustix v0.37.18
[INFO] [stderr]    Compiling serde_derive v1.0.160
[INFO] [stderr]    Compiling futures-core v0.3.28
[INFO] [stderr]    Compiling autocfg v1.1.0
[INFO] [stderr]    Compiling futures-channel v0.3.28
[INFO] [stderr]    Compiling futures-task v0.3.28
[INFO] [stderr]    Compiling memchr v2.5.0
[INFO] [stderr]    Compiling serde v1.0.160
[INFO] [stderr]    Compiling linux-raw-sys v0.3.6
[INFO] [stderr]    Compiling bitflags v1.3.2
[INFO] [stderr]    Compiling utf8parse v0.2.1
[INFO] [stderr]    Compiling futures-sink v0.3.28
[INFO] [stderr]    Compiling futures-util v0.3.28
[INFO] [stderr]    Compiling anstyle-parse v0.2.0
[INFO] [stderr]    Compiling anstyle-query v1.0.0
[INFO] [stderr]    Compiling pin-project-lite v0.2.9
[INFO] [stderr]    Compiling anstyle v1.0.0
[INFO] [stderr]    Compiling slab v0.4.8
[INFO] [stderr]    Compiling pin-utils v0.1.0
[INFO] [stderr]    Compiling futures-io v0.3.28
[INFO] [stderr]    Compiling colorchoice v1.0.0
[INFO] [stderr]    Compiling strsim v0.10.0
[INFO] [stderr]    Compiling clap_lex v0.4.1
[INFO] [stderr]    Compiling lazy_static v1.4.0
[INFO] [stderr]    Compiling syn v2.0.15
[INFO] [stderr]    Compiling num_cpus v1.15.0
[INFO] [stderr]    Compiling memmap v0.7.0
[INFO] [stderr]    Compiling is-terminal v0.4.7
[INFO] [stderr]    Compiling anstream v0.3.1
[INFO] [stderr]    Compiling clap_builder v4.2.5
[INFO] [stderr]    Compiling futures-macro v0.3.28
[INFO] [stderr]    Compiling clap v4.2.5
[INFO] [stderr]    Compiling futures-executor v0.3.28
[INFO] [stderr]    Compiling futures v0.3.28
[INFO] [stderr]    Compiling graviton_core v0.7.0 (/opt/rustwide/workdir/core)
[INFO] [stdout] warning: variant `Function` is never constructed
[INFO] [stdout]   --> core/src/semantic.rs:31:5
[INFO] [stdout]    |
[INFO] [stdout] 27 | enum Scope {
[INFO] [stdout]    |      ----- variant in this enum
[INFO] [stdout] ...
[INFO] [stdout] 31 |     Function {
[INFO] [stdout]    |     ^^^^^^^^
[INFO] [stdout]    |
[INFO] [stdout]    = note: `#[warn(dead_code)]` on by default
[INFO] [stdout] 
[INFO] [stdout] 
[INFO] [stderr]    Compiling graviton_backend v0.7.0 (/opt/rustwide/workdir/backend)
[INFO] [stderr]    Compiling graviton_frontend v0.7.0 (/opt/rustwide/workdir/frontend)
[INFO] [stderr]    Compiling graviton v0.7.0 (/opt/rustwide/workdir)
[INFO] [stdout] warning: 1 warning emitted
[INFO] [stdout] 
[INFO] [stdout] 
[INFO] [stdout] error[E0432]: unresolved import `clap::App`
[INFO] [stdout]  --> src/main.rs:2:12
[INFO] [stdout]   |
[INFO] [stdout] 2 | use clap::{App, Arg};
[INFO] [stdout]   |            ^^^ no `App` in the root
[INFO] [stdout] 
[INFO] [stdout] 
[INFO] [stdout] error[E0107]: struct takes 0 lifetime arguments but 1 lifetime argument was supplied
[INFO] [stdout]   --> src/driver.rs:18:37
[INFO] [stdout]    |
[INFO] [stdout] 18 |     pub async fn create(args: clap::ArgMatches<'_>) -> ir::Module {
[INFO] [stdout]    |                                     ^^^^^^^^^^---- help: remove these generics
[INFO] [stdout]    |                                     |
[INFO] [stdout]    |                                     expected 0 lifetime arguments
[INFO] [stdout]    |
[INFO] [stdout] note: struct defined here, with 0 lifetime parameters
[INFO] [stdout]   --> /opt/rustwide/cargo-home/registry/src/index.crates.io-6f17d22bba15001f/clap_builder-4.2.5/src/parser/matches/arg_matches.rs:67:12
[INFO] [stdout]    |
[INFO] [stdout] 67 | pub struct ArgMatches {
[INFO] [stdout]    |            ^^^^^^^^^^
[INFO] [stdout] 
[INFO] [stdout] 
[INFO] [stdout] error[E0581]: return type references an anonymous lifetime, which is not constrained by the fn input types
[INFO] [stdout]   --> src/driver.rs:18:56
[INFO] [stdout]    |
[INFO] [stdout] 18 |     pub async fn create(args: clap::ArgMatches<'_>) -> ir::Module {
[INFO] [stdout]    |                                                        ^^^^^^^^^^
[INFO] [stdout]    |
[INFO] [stdout]    = note: lifetimes appearing in an associated or opaque type are not considered constrained
[INFO] [stdout]    = note: consider introducing a named lifetime parameter
[INFO] [stdout] 
[INFO] [stdout] 
[INFO] [stdout] error: aborting due to 3 previous errors
[INFO] [stdout] 
[INFO] [stdout] 
[INFO] [stdout] Some errors have detailed explanations: E0107, E0432, E0581.
[INFO] [stdout] 
[INFO] [stdout] For more information about an error, try `rustc --explain E0107`.
[INFO] [stdout] 
[INFO] [stderr] error: could not compile `graviton` (bin "graviton") due to 4 previous errors
[INFO] running `Command { std: "docker" "inspect" "5805ba6e27fbafb57cbc4ccfd58f160054d47ba2d74a36fe098ae25a19bcaef4", kill_on_drop: false }`
[INFO] running `Command { std: "docker" "rm" "-f" "5805ba6e27fbafb57cbc4ccfd58f160054d47ba2d74a36fe098ae25a19bcaef4", kill_on_drop: false }`
[INFO] [stdout] 5805ba6e27fbafb57cbc4ccfd58f160054d47ba2d74a36fe098ae25a19bcaef4
