[INFO] cloning repository https://github.com/Rahix/leonardo-examples
[INFO] running `Command { std: "git" "-c" "credential.helper=" "-c" "credential.helper=/workspace/cargo-home/bin/git-credential-null" "clone" "--bare" "https://github.com/Rahix/leonardo-examples" "/workspace/cache/git-repos/https%3A%2F%2Fgithub.com%2FRahix%2Fleonardo-examples", kill_on_drop: false }`
[INFO] [stderr] Cloning into bare repository '/workspace/cache/git-repos/https%3A%2F%2Fgithub.com%2FRahix%2Fleonardo-examples'...
[INFO] running `Command { std: "git" "rev-parse" "HEAD", kill_on_drop: false }`
[INFO] [stdout] 97f699f7339e031d1565ae61c901c03064bf534f
[INFO] testing Rahix/leonardo-examples against beta-2023-04-20 for beta-1.70-1
[INFO] running `Command { std: "git" "clone" "/workspace/cache/git-repos/https%3A%2F%2Fgithub.com%2FRahix%2Fleonardo-examples" "/workspace/builds/worker-0-tc2/source", kill_on_drop: false }`
[INFO] [stderr] Cloning into '/workspace/builds/worker-0-tc2/source'...
[INFO] [stderr] done.
[INFO] validating manifest of git repo https://github.com/Rahix/leonardo-examples on toolchain beta-2023-04-20
[INFO] running `Command { std: CARGO_HOME="/workspace/cargo-home" RUSTUP_HOME="/workspace/rustup-home" "/workspace/cargo-home/bin/cargo" "+beta-2023-04-20" "metadata" "--manifest-path" "Cargo.toml" "--no-deps", kill_on_drop: false }`
[INFO] started tweaking git repo https://github.com/Rahix/leonardo-examples
[INFO] finished tweaking git repo https://github.com/Rahix/leonardo-examples
[INFO] tweaked toml for git repo https://github.com/Rahix/leonardo-examples written to /workspace/builds/worker-0-tc2/source/Cargo.toml
[INFO] crate git repo https://github.com/Rahix/leonardo-examples already has a lockfile, it will not be regenerated
[INFO] running `Command { std: CARGO_HOME="/workspace/cargo-home" RUSTUP_HOME="/workspace/rustup-home" "/workspace/cargo-home/bin/cargo" "+beta-2023-04-20" "fetch" "--manifest-path" "Cargo.toml", kill_on_drop: false }`
[INFO] [stderr]     Updating crates.io index
[INFO] [stderr]  Downloading crates ...
[INFO] [stderr]   Downloaded embedded-hal v0.2.1
[INFO] [stderr]   Downloaded vcell v0.1.0
[INFO] [stderr]   Downloaded nb v0.1.1
[INFO] [stderr]   Downloaded arduino-leonardo v0.1.3
[INFO] [stderr]   Downloaded bare-metal v0.2.3
[INFO] [stderr]   Downloaded atmega32u4 v0.1.3
[INFO] [stderr]   Downloaded atmega32u4-hal v0.1.4
[INFO] running `Command { std: "docker" "create" "-v" "/var/lib/crater-agent-workspace/builds/worker-0-tc2/target:/opt/rustwide/target:rw,Z" "-v" "/var/lib/crater-agent-workspace/builds/worker-0-tc2/source:/opt/rustwide/workdir:ro,Z" "-v" "/var/lib/crater-agent-workspace/cargo-home:/opt/rustwide/cargo-home:ro,Z" "-v" "/var/lib/crater-agent-workspace/rustup-home:/opt/rustwide/rustup-home:ro,Z" "-e" "SOURCE_DIR=/opt/rustwide/workdir" "-e" "CARGO_TARGET_DIR=/opt/rustwide/target" "-e" "CARGO_HOME=/opt/rustwide/cargo-home" "-e" "RUSTUP_HOME=/opt/rustwide/rustup-home" "-w" "/opt/rustwide/workdir" "-m" "1610612736" "--user" "0:0" "--network" "none" "ghcr.io/rust-lang/crates-build-env/linux@sha256:5ff2268d62e97bff2cde7d5815dd6ed5b47097566f13b8d0ca110b04b60e07ed" "/opt/rustwide/cargo-home/bin/cargo" "+beta-2023-04-20" "metadata" "--no-deps" "--format-version=1", kill_on_drop: false }`
[INFO] [stdout] 422deba2c8389761dcfd2dea4b0868640d50ec55357eb4ce5924bf39bb457e18
[INFO] running `Command { std: "docker" "start" "-a" "422deba2c8389761dcfd2dea4b0868640d50ec55357eb4ce5924bf39bb457e18", kill_on_drop: false }`
[INFO] running `Command { std: "docker" "inspect" "422deba2c8389761dcfd2dea4b0868640d50ec55357eb4ce5924bf39bb457e18", kill_on_drop: false }`
[INFO] running `Command { std: "docker" "rm" "-f" "422deba2c8389761dcfd2dea4b0868640d50ec55357eb4ce5924bf39bb457e18", kill_on_drop: false }`
[INFO] [stdout] 422deba2c8389761dcfd2dea4b0868640d50ec55357eb4ce5924bf39bb457e18
[INFO] running `Command { std: "docker" "create" "-v" "/var/lib/crater-agent-workspace/builds/worker-0-tc2/target:/opt/rustwide/target:rw,Z" "-v" "/var/lib/crater-agent-workspace/builds/worker-0-tc2/source:/opt/rustwide/workdir:ro,Z" "-v" "/var/lib/crater-agent-workspace/cargo-home:/opt/rustwide/cargo-home:ro,Z" "-v" "/var/lib/crater-agent-workspace/rustup-home:/opt/rustwide/rustup-home:ro,Z" "-e" "SOURCE_DIR=/opt/rustwide/workdir" "-e" "CARGO_TARGET_DIR=/opt/rustwide/target" "-e" "CARGO_INCREMENTAL=0" "-e" "RUST_BACKTRACE=full" "-e" "RUSTFLAGS=--cap-lints=warn" "-e" "RUSTDOCFLAGS=--cap-lints=warn" "-e" "CARGO_HOME=/opt/rustwide/cargo-home" "-e" "RUSTUP_HOME=/opt/rustwide/rustup-home" "-w" "/opt/rustwide/workdir" "-m" "1610612736" "--user" "0:0" "--network" "none" "ghcr.io/rust-lang/crates-build-env/linux@sha256:5ff2268d62e97bff2cde7d5815dd6ed5b47097566f13b8d0ca110b04b60e07ed" "/opt/rustwide/cargo-home/bin/cargo" "+beta-2023-04-20" "build" "--frozen" "--message-format=json", kill_on_drop: false }`
[INFO] [stdout] 6febe63da54242d39fbd63f03be60bea597bad5ea88c927b84648fcf69c01ce2
[INFO] running `Command { std: "docker" "start" "-a" "6febe63da54242d39fbd63f03be60bea597bad5ea88c927b84648fcf69c01ce2", kill_on_drop: false }`
[INFO] [stderr]     Blocking waiting for file lock on package cache
[INFO] [stderr]    Compiling vcell v0.1.0
[INFO] [stderr]    Compiling bare-metal v0.2.3
[INFO] [stderr]    Compiling nb v0.1.1
[INFO] [stderr]    Compiling void v1.0.2
[INFO] [stderr]    Compiling atmega32u4 v0.1.3
[INFO] [stderr]    Compiling embedded-hal v0.2.1
[INFO] [stdout] error[E0557]: feature has been removed
[INFO] [stdout]  --> /opt/rustwide/cargo-home/registry/src/index.crates.io-6f17d22bba15001f/atmega32u4-0.1.3/src/lib.rs:3:17
[INFO] [stdout]   |
[INFO] [stdout] 3 | #![feature(asm, const_fn, try_from)]
[INFO] [stdout]   |                 ^^^^^^^^ feature has been removed
[INFO] [stdout]   |
[INFO] [stdout]   = note: split into finer-grained feature gates
[INFO] [stdout] 
[INFO] [stdout] 
[INFO] [stdout] error: cannot find macro `asm` in this scope
[INFO] [stdout]   --> /opt/rustwide/cargo-home/registry/src/index.crates.io-6f17d22bba15001f/atmega32u4-0.1.3/src/interrupt.rs:17:9
[INFO] [stdout]    |
[INFO] [stdout] 17 |         asm!(
[INFO] [stdout]    |         ^^^
[INFO] [stdout]    |
[INFO] [stdout]    = help: consider importing this macro:
[INFO] [stdout]            core::arch::asm
[INFO] [stdout] 
[INFO] [stdout] 
[INFO] [stdout] error: cannot find macro `asm` in this scope
[INFO] [stdout]   --> /opt/rustwide/cargo-home/registry/src/index.crates.io-6f17d22bba15001f/atmega32u4-0.1.3/src/interrupt.rs:31:9
[INFO] [stdout]    |
[INFO] [stdout] 31 |         asm!(
[INFO] [stdout]    |         ^^^
[INFO] [stdout]    |
[INFO] [stdout]    = help: consider importing this macro:
[INFO] [stdout]            core::arch::asm
[INFO] [stdout] 
[INFO] [stdout] 
[INFO] [stdout] error: cannot find macro `asm` in this scope
[INFO] [stdout]   --> /opt/rustwide/cargo-home/registry/src/index.crates.io-6f17d22bba15001f/atmega32u4-0.1.3/src/interrupt.rs:48:9
[INFO] [stdout]    |
[INFO] [stdout] 48 |         asm!(
[INFO] [stdout]    |         ^^^
[INFO] [stdout]    |
[INFO] [stdout]    = help: consider importing this macro:
[INFO] [stdout]            core::arch::asm
[INFO] [stdout] 
[INFO] [stdout] 
[INFO] [stdout] error[E0554]: `#![feature]` may not be used on the beta release channel
[INFO] [stdout]  --> /opt/rustwide/cargo-home/registry/src/index.crates.io-6f17d22bba15001f/atmega32u4-0.1.3/src/lib.rs:3:12
[INFO] [stdout]   |
[INFO] [stdout] 3 | #![feature(asm, const_fn, try_from)]
[INFO] [stdout]   |            ^^^
[INFO] [stdout] 
[INFO] [stdout] 
[INFO] [stdout] error[E0554]: `#![feature]` may not be used on the beta release channel
[INFO] [stdout]  --> /opt/rustwide/cargo-home/registry/src/index.crates.io-6f17d22bba15001f/atmega32u4-0.1.3/src/lib.rs:3:27
[INFO] [stdout]   |
[INFO] [stdout] 3 | #![feature(asm, const_fn, try_from)]
[INFO] [stdout]   |                           ^^^^^^^^
[INFO] [stdout] 
[INFO] [stdout] 
[INFO] [stdout] error: aborting due to 6 previous errors
[INFO] [stdout] 
[INFO] [stdout] 
[INFO] [stdout] Some errors have detailed explanations: E0554, E0557.
[INFO] [stdout] 
[INFO] [stdout] For more information about an error, try `rustc --explain E0554`.
[INFO] [stdout] 
[INFO] [stderr] error: could not compile `atmega32u4` (lib) due to 7 previous errors
[INFO] running `Command { std: "docker" "inspect" "6febe63da54242d39fbd63f03be60bea597bad5ea88c927b84648fcf69c01ce2", kill_on_drop: false }`
[INFO] running `Command { std: "docker" "rm" "-f" "6febe63da54242d39fbd63f03be60bea597bad5ea88c927b84648fcf69c01ce2", kill_on_drop: false }`
[INFO] [stdout] 6febe63da54242d39fbd63f03be60bea597bad5ea88c927b84648fcf69c01ce2
