[INFO] cloning repository https://github.com/RadicalZephyr/rust-advent-2017
[INFO] running `Command { std: "git" "-c" "credential.helper=" "-c" "credential.helper=/workspace/cargo-home/bin/git-credential-null" "clone" "--bare" "https://github.com/RadicalZephyr/rust-advent-2017" "/workspace/cache/git-repos/https%3A%2F%2Fgithub.com%2FRadicalZephyr%2Frust-advent-2017", kill_on_drop: false }`
[INFO] [stderr] Cloning into bare repository '/workspace/cache/git-repos/https%3A%2F%2Fgithub.com%2FRadicalZephyr%2Frust-advent-2017'...
[INFO] running `Command { std: "git" "rev-parse" "HEAD", kill_on_drop: false }`
[INFO] [stdout] 72cb675a5523f11a78643844d9f53b3f80d20b09
[INFO] testing RadicalZephyr/rust-advent-2017 against 1.69.0 for beta-1.70-1
[INFO] running `Command { std: "git" "clone" "/workspace/cache/git-repos/https%3A%2F%2Fgithub.com%2FRadicalZephyr%2Frust-advent-2017" "/workspace/builds/worker-5-tc1/source", kill_on_drop: false }`
[INFO] [stderr] Cloning into '/workspace/builds/worker-5-tc1/source'...
[INFO] [stderr] done.
[INFO] validating manifest of git repo https://github.com/RadicalZephyr/rust-advent-2017 on toolchain 1.69.0
[INFO] running `Command { std: CARGO_HOME="/workspace/cargo-home" RUSTUP_HOME="/workspace/rustup-home" "/workspace/cargo-home/bin/cargo" "+1.69.0" "metadata" "--manifest-path" "Cargo.toml" "--no-deps", kill_on_drop: false }`
[INFO] started tweaking git repo https://github.com/RadicalZephyr/rust-advent-2017
[INFO] finished tweaking git repo https://github.com/RadicalZephyr/rust-advent-2017
[INFO] tweaked toml for git repo https://github.com/RadicalZephyr/rust-advent-2017 written to /workspace/builds/worker-5-tc1/source/Cargo.toml
[INFO] crate git repo https://github.com/RadicalZephyr/rust-advent-2017 already has a lockfile, it will not be regenerated
[INFO] running `Command { std: CARGO_HOME="/workspace/cargo-home" RUSTUP_HOME="/workspace/rustup-home" "/workspace/cargo-home/bin/cargo" "+1.69.0" "fetch" "--manifest-path" "Cargo.toml", kill_on_drop: false }`
[INFO] [stderr]     Blocking waiting for file lock on package cache
[INFO] [stderr]  Downloading crates ...
[INFO] [stderr]   Downloaded cast v0.1.0
[INFO] [stderr]   Downloaded thread-scoped v1.0.2
[INFO] [stderr]   Downloaded criterion-stats v0.1.1
[INFO] [stderr]   Downloaded floaty v0.1.0
[INFO] [stderr]   Downloaded criterion-plot v0.1.1
[INFO] [stderr]   Downloaded criterion v0.1.0
[INFO] running `Command { std: "docker" "create" "-v" "/var/lib/crater-agent-workspace/builds/worker-5-tc1/target:/opt/rustwide/target:rw,Z" "-v" "/var/lib/crater-agent-workspace/builds/worker-5-tc1/source:/opt/rustwide/workdir:ro,Z" "-v" "/var/lib/crater-agent-workspace/cargo-home:/opt/rustwide/cargo-home:ro,Z" "-v" "/var/lib/crater-agent-workspace/rustup-home:/opt/rustwide/rustup-home:ro,Z" "-e" "SOURCE_DIR=/opt/rustwide/workdir" "-e" "CARGO_TARGET_DIR=/opt/rustwide/target" "-e" "CARGO_HOME=/opt/rustwide/cargo-home" "-e" "RUSTUP_HOME=/opt/rustwide/rustup-home" "-w" "/opt/rustwide/workdir" "-m" "1610612736" "--user" "0:0" "--network" "none" "ghcr.io/rust-lang/crates-build-env/linux@sha256:5ff2268d62e97bff2cde7d5815dd6ed5b47097566f13b8d0ca110b04b60e07ed" "/opt/rustwide/cargo-home/bin/cargo" "+1.69.0" "metadata" "--no-deps" "--format-version=1", kill_on_drop: false }`
[INFO] [stdout] 032d9d4ccca9e95f9d545d0df943de7e23bb8b7238d917103c025434cd8073f0
[INFO] running `Command { std: "docker" "start" "-a" "032d9d4ccca9e95f9d545d0df943de7e23bb8b7238d917103c025434cd8073f0", kill_on_drop: false }`
[INFO] running `Command { std: "docker" "inspect" "032d9d4ccca9e95f9d545d0df943de7e23bb8b7238d917103c025434cd8073f0", kill_on_drop: false }`
[INFO] running `Command { std: "docker" "rm" "-f" "032d9d4ccca9e95f9d545d0df943de7e23bb8b7238d917103c025434cd8073f0", kill_on_drop: false }`
[INFO] [stdout] 032d9d4ccca9e95f9d545d0df943de7e23bb8b7238d917103c025434cd8073f0
[INFO] running `Command { std: "docker" "create" "-v" "/var/lib/crater-agent-workspace/builds/worker-5-tc1/target:/opt/rustwide/target:rw,Z" "-v" "/var/lib/crater-agent-workspace/builds/worker-5-tc1/source:/opt/rustwide/workdir:ro,Z" "-v" "/var/lib/crater-agent-workspace/cargo-home:/opt/rustwide/cargo-home:ro,Z" "-v" "/var/lib/crater-agent-workspace/rustup-home:/opt/rustwide/rustup-home:ro,Z" "-e" "SOURCE_DIR=/opt/rustwide/workdir" "-e" "CARGO_TARGET_DIR=/opt/rustwide/target" "-e" "CARGO_INCREMENTAL=0" "-e" "RUST_BACKTRACE=full" "-e" "RUSTFLAGS=--cap-lints=warn" "-e" "RUSTDOCFLAGS=--cap-lints=warn" "-e" "CARGO_HOME=/opt/rustwide/cargo-home" "-e" "RUSTUP_HOME=/opt/rustwide/rustup-home" "-w" "/opt/rustwide/workdir" "-m" "1610612736" "--user" "0:0" "--network" "none" "ghcr.io/rust-lang/crates-build-env/linux@sha256:5ff2268d62e97bff2cde7d5815dd6ed5b47097566f13b8d0ca110b04b60e07ed" "/opt/rustwide/cargo-home/bin/cargo" "+1.69.0" "build" "--frozen" "--message-format=json", kill_on_drop: false }`
[INFO] [stdout] 08c058a9a672031d412cd0cffadf6139b81ca455e428a78dfae3d4e732536d8b
[INFO] running `Command { std: "docker" "start" "-a" "08c058a9a672031d412cd0cffadf6139b81ca455e428a78dfae3d4e732536d8b", kill_on_drop: false }`
[INFO] [stderr]    Compiling nom v2.2.1
[INFO] [stderr]    Compiling advent-2017 v0.1.0 (/opt/rustwide/workdir)
[INFO] [stdout] warning: panic message is not a string literal
[INFO] [stdout]   --> src/day_2.rs:55:52
[INFO] [stdout]    |
[INFO] [stdout] 55 |             IResult::Incomplete(content) => panic!(format!("{:?}", content)),
[INFO] [stdout]    |                                                    ^^^^^^^^^^^^^^^^^^^^^^^^
[INFO] [stdout]    |
[INFO] [stdout]    = note: this usage of `panic!()` is deprecated; it will be a hard error in Rust 2021
[INFO] [stdout]    = note: for more information, see <https://doc.rust-lang.org/nightly/edition-guide/rust-2021/panic-macro-consistency.html>
[INFO] [stdout]    = note: the `panic!()` macro supports formatting, so there's no need for the `format!()` macro here
[INFO] [stdout]    = note: `#[warn(non_fmt_panics)]` on by default
[INFO] [stdout] help: remove the `format!(..)` macro call
[INFO] [stdout]    |
[INFO] [stdout] 55 -             IResult::Incomplete(content) => panic!(format!("{:?}", content)),
[INFO] [stdout] 55 +             IResult::Incomplete(content) => panic!("{:?}", content),
[INFO] [stdout]    |
[INFO] [stdout] 
[INFO] [stdout] 
[INFO] [stdout] warning: panic message is not a string literal
[INFO] [stdout]   --> src/day_2.rs:56:41
[INFO] [stdout]    |
[INFO] [stdout] 56 |             IResult::Error(e) => panic!(format!("{}", e)),
[INFO] [stdout]    |                                         ^^^^^^^^^^^^^^^^
[INFO] [stdout]    |
[INFO] [stdout]    = note: this usage of `panic!()` is deprecated; it will be a hard error in Rust 2021
[INFO] [stdout]    = note: for more information, see <https://doc.rust-lang.org/nightly/edition-guide/rust-2021/panic-macro-consistency.html>
[INFO] [stdout]    = note: the `panic!()` macro supports formatting, so there's no need for the `format!()` macro here
[INFO] [stdout] help: remove the `format!(..)` macro call
[INFO] [stdout]    |
[INFO] [stdout] 56 -             IResult::Error(e) => panic!(format!("{}", e)),
[INFO] [stdout] 56 +             IResult::Error(e) => panic!("{}", e),
[INFO] [stdout]    |
[INFO] [stdout] 
[INFO] [stdout] 
[INFO] [stdout] warning: 2 warnings emitted
[INFO] [stdout] 
[INFO] [stdout] 
[INFO] [stderr]     Finished dev [unoptimized + debuginfo] target(s) in 1.63s
[INFO] [stderr] warning: the following packages contain code that will be rejected by a future version of Rust: nom v2.2.1
[INFO] [stderr] note: to see what the problems were, use the option `--future-incompat-report`, or run `cargo report future-incompatibilities --id 1`
[INFO] running `Command { std: "docker" "inspect" "08c058a9a672031d412cd0cffadf6139b81ca455e428a78dfae3d4e732536d8b", kill_on_drop: false }`
[INFO] running `Command { std: "docker" "rm" "-f" "08c058a9a672031d412cd0cffadf6139b81ca455e428a78dfae3d4e732536d8b", kill_on_drop: false }`
[INFO] [stdout] 08c058a9a672031d412cd0cffadf6139b81ca455e428a78dfae3d4e732536d8b
[INFO] running `Command { std: "docker" "create" "-v" "/var/lib/crater-agent-workspace/builds/worker-5-tc1/target:/opt/rustwide/target:rw,Z" "-v" "/var/lib/crater-agent-workspace/builds/worker-5-tc1/source:/opt/rustwide/workdir:ro,Z" "-v" "/var/lib/crater-agent-workspace/cargo-home:/opt/rustwide/cargo-home:ro,Z" "-v" "/var/lib/crater-agent-workspace/rustup-home:/opt/rustwide/rustup-home:ro,Z" "-e" "SOURCE_DIR=/opt/rustwide/workdir" "-e" "CARGO_TARGET_DIR=/opt/rustwide/target" "-e" "CARGO_INCREMENTAL=0" "-e" "RUST_BACKTRACE=full" "-e" "RUSTFLAGS=--cap-lints=warn" "-e" "RUSTDOCFLAGS=--cap-lints=warn" "-e" "CARGO_HOME=/opt/rustwide/cargo-home" "-e" "RUSTUP_HOME=/opt/rustwide/rustup-home" "-w" "/opt/rustwide/workdir" "-m" "1610612736" "--user" "0:0" "--network" "none" "ghcr.io/rust-lang/crates-build-env/linux@sha256:5ff2268d62e97bff2cde7d5815dd6ed5b47097566f13b8d0ca110b04b60e07ed" "/opt/rustwide/cargo-home/bin/cargo" "+1.69.0" "test" "--frozen" "--no-run" "--message-format=json", kill_on_drop: false }`
[INFO] [stdout] 4a1035f2da8a0f1de0773c06c097fc26e993961bb9a602e29242543d5941a312
[INFO] running `Command { std: "docker" "start" "-a" "4a1035f2da8a0f1de0773c06c097fc26e993961bb9a602e29242543d5941a312", kill_on_drop: false }`
[INFO] [stderr]    Compiling libc v0.2.34
[INFO] [stderr]    Compiling cast v0.1.0
[INFO] [stderr]    Compiling either v1.4.0
[INFO] [stderr]    Compiling byteorder v1.2.1
[INFO] [stderr]    Compiling thread-scoped v1.0.2
[INFO] [stderr]    Compiling rustc-serialize v0.3.24
[INFO] [stderr]    Compiling log v0.3.8
[INFO] [stderr]    Compiling itertools v0.4.19
[INFO] [stdout] warning: panic message is not a string literal
[INFO] [stdout]   --> src/day_2.rs:55:52
[INFO] [stdout]    |
[INFO] [stdout] 55 |             IResult::Incomplete(content) => panic!(format!("{:?}", content)),
[INFO] [stdout]    |                                                    ^^^^^^^^^^^^^^^^^^^^^^^^
[INFO] [stdout]    |
[INFO] [stdout]    = note: this usage of `panic!()` is deprecated; it will be a hard error in Rust 2021
[INFO] [stdout]    = note: for more information, see <https://doc.rust-lang.org/nightly/edition-guide/rust-2021/panic-macro-consistency.html>
[INFO] [stdout]    = note: the `panic!()` macro supports formatting, so there's no need for the `format!()` macro here
[INFO] [stdout]    = note: `#[warn(non_fmt_panics)]` on by default
[INFO] [stdout] help: remove the `format!(..)` macro call
[INFO] [stdout]    |
[INFO] [stdout] 55 -             IResult::Incomplete(content) => panic!(format!("{:?}", content)),
[INFO] [stdout] 55 +             IResult::Incomplete(content) => panic!("{:?}", content),
[INFO] [stdout]    |
[INFO] [stdout] 
[INFO] [stdout] 
[INFO] [stdout] warning: panic message is not a string literal
[INFO] [stdout]   --> src/day_2.rs:56:41
[INFO] [stdout]    |
[INFO] [stdout] 56 |             IResult::Error(e) => panic!(format!("{}", e)),
[INFO] [stdout]    |                                         ^^^^^^^^^^^^^^^^
[INFO] [stdout]    |
[INFO] [stdout]    = note: this usage of `panic!()` is deprecated; it will be a hard error in Rust 2021
[INFO] [stdout]    = note: for more information, see <https://doc.rust-lang.org/nightly/edition-guide/rust-2021/panic-macro-consistency.html>
[INFO] [stdout]    = note: the `panic!()` macro supports formatting, so there's no need for the `format!()` macro here
[INFO] [stdout] help: remove the `format!(..)` macro call
[INFO] [stdout]    |
[INFO] [stdout] 56 -             IResult::Error(e) => panic!(format!("{}", e)),
[INFO] [stdout] 56 +             IResult::Error(e) => panic!("{}", e),
[INFO] [stdout]    |
[INFO] [stdout] 
[INFO] [stdout] 
[INFO] [stdout] warning: 2 warnings emitted
[INFO] [stdout] 
[INFO] [stdout] 
[INFO] [stderr]    Compiling itertools v0.5.10
[INFO] [stderr]    Compiling floaty v0.1.0
[INFO] [stderr]    Compiling num_cpus v0.2.13
[INFO] [stderr]    Compiling rand v0.3.18
[INFO] [stderr]    Compiling criterion-plot v0.1.1
[INFO] [stderr]    Compiling criterion-stats v0.1.1
[INFO] [stdout] error[E0557]: feature has been removed
[INFO] [stdout]   --> /opt/rustwide/cargo-home/registry/src/github.com-1ecc6299db9ec823/criterion-stats-0.1.1/src/lib.rs:12:12
[INFO] [stdout]    |
[INFO] [stdout] 12 | #![feature(custom_attribute)]
[INFO] [stdout]    |            ^^^^^^^^^^^^^^^^ feature has been removed
[INFO] [stdout]    |
[INFO] [stdout]    = note: removed in favor of `#![register_tool]` and `#![register_attr]`
[INFO] [stdout] 
[INFO] [stdout] 
[INFO] [stdout] error[E0554]: `#![feature]` may not be used on the stable release channel
[INFO] [stdout]   --> /opt/rustwide/cargo-home/registry/src/github.com-1ecc6299db9ec823/criterion-stats-0.1.1/src/lib.rs:12:1
[INFO] [stdout]    |
[INFO] [stdout] 12 | #![feature(custom_attribute)]
[INFO] [stdout]    | ^^^^^^^^^^^^^^^^^^^^^^^^^^^^^
[INFO] [stdout] 
[INFO] [stdout] 
[INFO] [stdout] error[E0554]: `#![feature]` may not be used on the stable release channel
[INFO] [stdout]   --> /opt/rustwide/cargo-home/registry/src/github.com-1ecc6299db9ec823/criterion-stats-0.1.1/src/lib.rs:13:1
[INFO] [stdout]    |
[INFO] [stdout] 13 | #![feature(fn_traits)]
[INFO] [stdout]    | ^^^^^^^^^^^^^^^^^^^^^^
[INFO] [stdout] 
[INFO] [stdout] 
[INFO] [stdout] error[E0554]: `#![feature]` may not be used on the stable release channel
[INFO] [stdout]   --> /opt/rustwide/cargo-home/registry/src/github.com-1ecc6299db9ec823/criterion-stats-0.1.1/src/lib.rs:14:1
[INFO] [stdout]    |
[INFO] [stdout] 14 | #![feature(plugin)]
[INFO] [stdout]    | ^^^^^^^^^^^^^^^^^^^
[INFO] [stdout] 
[INFO] [stdout] 
[INFO] [stdout] error[E0554]: `#![feature]` may not be used on the stable release channel
[INFO] [stdout]   --> /opt/rustwide/cargo-home/registry/src/github.com-1ecc6299db9ec823/criterion-stats-0.1.1/src/lib.rs:15:1
[INFO] [stdout]    |
[INFO] [stdout] 15 | #![feature(unboxed_closures)]
[INFO] [stdout]    | ^^^^^^^^^^^^^^^^^^^^^^^^^^^^^
[INFO] [stdout] 
[INFO] [stdout] 
[INFO] [stdout] error[E0554]: `#![feature]` may not be used on the stable release channel
[INFO] [stdout]   --> /opt/rustwide/cargo-home/registry/src/github.com-1ecc6299db9ec823/criterion-stats-0.1.1/src/lib.rs:16:1
[INFO] [stdout]    |
[INFO] [stdout] 16 | #![feature(unique)]
[INFO] [stdout]    | ^^^^^^^^^^^^^^^^^^^
[INFO] [stdout] 
[INFO] [stdout] 
[INFO] [stdout] error[E0658]: use of unstable library feature 'ptr_internals': use `NonNull` instead and consider `PhantomData<T>` (if you also use `#[may_dangle]`), `Send`, and/or `Sync`
[INFO] [stdout]  --> /opt/rustwide/cargo-home/registry/src/github.com-1ecc6299db9ec823/criterion-stats-0.1.1/src/bivariate/mod.rs:8:5
[INFO] [stdout]   |
[INFO] [stdout] 8 | use std::ptr::Unique;
[INFO] [stdout]   |     ^^^^^^^^^^^^^^^^
[INFO] [stdout] 
[INFO] [stdout] 
[INFO] [stdout] error[E0658]: use of unstable library feature 'ptr_internals': use `NonNull` instead and consider `PhantomData<T>` (if you also use `#[may_dangle]`), `Send`, and/or `Sync`
[INFO] [stdout]   --> /opt/rustwide/cargo-home/registry/src/github.com-1ecc6299db9ec823/criterion-stats-0.1.1/src/bivariate/mod.rs:94:35
[INFO] [stdout]    |
[INFO] [stdout] 94 |                     let mut ptr = Unique::new_unchecked(&mut distributions);
[INFO] [stdout]    |                                   ^^^^^^
[INFO] [stdout] 
[INFO] [stdout] 
[INFO] [stdout] error[E0658]: use of unstable library feature 'ptr_internals': use `NonNull` instead and consider `PhantomData<T>` (if you also use `#[may_dangle]`), `Send`, and/or `Sync`
[INFO] [stdout]  --> /opt/rustwide/cargo-home/registry/src/github.com-1ecc6299db9ec823/criterion-stats-0.1.1/src/univariate/sample.rs:1:5
[INFO] [stdout]   |
[INFO] [stdout] 1 | use std::ptr::Unique;
[INFO] [stdout]   |     ^^^^^^^^^^^^^^^^
[INFO] [stdout] 
[INFO] [stdout] 
[INFO] [stdout] error[E0658]: use of unstable library feature 'ptr_internals': use `NonNull` instead and consider `PhantomData<T>` (if you also use `#[may_dangle]`), `Send`, and/or `Sync`
[INFO] [stdout]    --> /opt/rustwide/cargo-home/registry/src/github.com-1ecc6299db9ec823/criterion-stats-0.1.1/src/univariate/sample.rs:242:35
[INFO] [stdout]     |
[INFO] [stdout] 242 |                     let mut ptr = Unique::new_unchecked(&mut distributions);
[INFO] [stdout]     |                                   ^^^^^^
[INFO] [stdout] 
[INFO] [stdout] 
[INFO] [stdout] error[E0658]: use of unstable library feature 'ptr_internals': use `NonNull` instead and consider `PhantomData<T>` (if you also use `#[may_dangle]`), `Send`, and/or `Sync`
[INFO] [stdout]  --> /opt/rustwide/cargo-home/registry/src/github.com-1ecc6299db9ec823/criterion-stats-0.1.1/src/univariate/mixed.rs:3:5
[INFO] [stdout]   |
[INFO] [stdout] 3 | use std::ptr::Unique;
[INFO] [stdout]   |     ^^^^^^^^^^^^^^^^
[INFO] [stdout] 
[INFO] [stdout] 
[INFO] [stdout] error[E0658]: use of unstable library feature 'ptr_internals': use `NonNull` instead and consider `PhantomData<T>` (if you also use `#[may_dangle]`), `Send`, and/or `Sync`
[INFO] [stdout]   --> /opt/rustwide/cargo-home/registry/src/github.com-1ecc6299db9ec823/criterion-stats-0.1.1/src/univariate/mixed.rs:47:31
[INFO] [stdout]    |
[INFO] [stdout] 47 |                 let mut ptr = Unique::new_unchecked(&mut distributions);
[INFO] [stdout]    |                               ^^^^^^
[INFO] [stdout] 
[INFO] [stdout] 
[INFO] [stdout] error[E0554]: `#![feature]` may not be used on the stable release channel
[INFO] [stdout]   --> /opt/rustwide/cargo-home/registry/src/github.com-1ecc6299db9ec823/criterion-stats-0.1.1/src/lib.rs:13:12
[INFO] [stdout]    |
[INFO] [stdout] 13 | #![feature(fn_traits)]
[INFO] [stdout]    |            ^^^^^^^^^
[INFO] [stdout] 
[INFO] [stdout] 
[INFO] [stdout] error[E0554]: `#![feature]` may not be used on the stable release channel
[INFO] [stdout]   --> /opt/rustwide/cargo-home/registry/src/github.com-1ecc6299db9ec823/criterion-stats-0.1.1/src/lib.rs:16:12
[INFO] [stdout]    |
[INFO] [stdout] 16 | #![feature(unique)]
[INFO] [stdout]    |            ^^^^^^
[INFO] [stdout] 
[INFO] [stdout] 
[INFO] [stdout] error[E0635]: unknown feature `unique`
[INFO] [stdout]   --> /opt/rustwide/cargo-home/registry/src/github.com-1ecc6299db9ec823/criterion-stats-0.1.1/src/lib.rs:16:12
[INFO] [stdout]    |
[INFO] [stdout] 16 | #![feature(unique)]
[INFO] [stdout]    |            ^^^^^^
[INFO] [stdout] 
[INFO] [stdout] 
[INFO] [stdout] error[E0658]: use of unstable library feature 'ptr_internals'
[INFO] [stdout]   --> /opt/rustwide/cargo-home/registry/src/github.com-1ecc6299db9ec823/criterion-stats-0.1.1/src/bivariate/mod.rs:94:35
[INFO] [stdout]    |
[INFO] [stdout] 94 |                     let mut ptr = Unique::new_unchecked(&mut distributions);
[INFO] [stdout]    |                                   ^^^^^^^^^^^^^^^^^^^^^
[INFO] [stdout] 
[INFO] [stdout] 
[INFO] [stdout] error[E0658]: use of unstable library feature 'ptr_internals'
[INFO] [stdout]   --> /opt/rustwide/cargo-home/registry/src/github.com-1ecc6299db9ec823/criterion-stats-0.1.1/src/bivariate/mod.rs:99:72
[INFO] [stdout]    |
[INFO] [stdout] 99 |                         let distributions: &mut T::Distributions = ptr.as_mut();
[INFO] [stdout]    |                                                                        ^^^^^^
[INFO] [stdout] 
[INFO] [stdout] 
[INFO] [stdout] error[E0658]: use of unstable library feature 'ptr_internals'
[INFO] [stdout]    --> /opt/rustwide/cargo-home/registry/src/github.com-1ecc6299db9ec823/criterion-stats-0.1.1/src/univariate/sample.rs:242:35
[INFO] [stdout]     |
[INFO] [stdout] 242 |                     let mut ptr = Unique::new_unchecked(&mut distributions);
[INFO] [stdout]     |                                   ^^^^^^^^^^^^^^^^^^^^^
[INFO] [stdout] 
[INFO] [stdout] 
[INFO] [stdout] error[E0658]: use of unstable library feature 'ptr_internals'
[INFO] [stdout]    --> /opt/rustwide/cargo-home/registry/src/github.com-1ecc6299db9ec823/criterion-stats-0.1.1/src/univariate/sample.rs:247:72
[INFO] [stdout]     |
[INFO] [stdout] 247 |                         let distributions: &mut T::Distributions = ptr.as_mut();
[INFO] [stdout]     |                                                                        ^^^^^^
[INFO] [stdout] 
[INFO] [stdout] 
[INFO] [stdout] error[E0658]: use of unstable library feature 'ptr_internals'
[INFO] [stdout]   --> /opt/rustwide/cargo-home/registry/src/github.com-1ecc6299db9ec823/criterion-stats-0.1.1/src/univariate/mixed.rs:47:31
[INFO] [stdout]    |
[INFO] [stdout] 47 |                 let mut ptr = Unique::new_unchecked(&mut distributions);
[INFO] [stdout]    |                               ^^^^^^^^^^^^^^^^^^^^^
[INFO] [stdout] 
[INFO] [stdout] 
[INFO] [stdout] error[E0658]: use of unstable library feature 'ptr_internals'
[INFO] [stdout]   --> /opt/rustwide/cargo-home/registry/src/github.com-1ecc6299db9ec823/criterion-stats-0.1.1/src/univariate/mixed.rs:51:68
[INFO] [stdout]    |
[INFO] [stdout] 51 |                     let distributions: &mut T::Distributions = ptr.as_mut();
[INFO] [stdout]    |                                                                    ^^^^^^
[INFO] [stdout] 
[INFO] [stdout] 
[INFO] [stdout] error: aborting due to 21 previous errors
[INFO] [stdout] 
[INFO] [stdout] 
[INFO] [stdout] Some errors have detailed explanations: E0554, E0557, E0635, E0658.
[INFO] [stdout] 
[INFO] [stdout] For more information about an error, try `rustc --explain E0554`.
[INFO] [stdout] 
[INFO] [stderr] error: could not compile `criterion-stats` due to 22 previous errors
[INFO] [stderr] warning: build failed, waiting for other jobs to finish...
[INFO] running `Command { std: "docker" "inspect" "4a1035f2da8a0f1de0773c06c097fc26e993961bb9a602e29242543d5941a312", kill_on_drop: false }`
[INFO] running `Command { std: "docker" "rm" "-f" "4a1035f2da8a0f1de0773c06c097fc26e993961bb9a602e29242543d5941a312", kill_on_drop: false }`
[INFO] [stdout] 4a1035f2da8a0f1de0773c06c097fc26e993961bb9a602e29242543d5941a312
