[INFO] cloning repository https://github.com/QingchenDang/twemcache
[INFO] running `Command { std: "git" "-c" "credential.helper=" "-c" "credential.helper=/workspace/cargo-home/bin/git-credential-null" "clone" "--bare" "https://github.com/QingchenDang/twemcache" "/workspace/cache/git-repos/https%3A%2F%2Fgithub.com%2FQingchenDang%2Ftwemcache", kill_on_drop: false }`
[INFO] [stderr] Cloning into bare repository '/workspace/cache/git-repos/https%3A%2F%2Fgithub.com%2FQingchenDang%2Ftwemcache'...
[INFO] running `Command { std: "git" "rev-parse" "HEAD", kill_on_drop: false }`
[INFO] [stdout] 0b9194ad9665b9696fe60a5e65ed33a9671d7336
[INFO] testing QingchenDang/twemcache against beta-2023-04-20 for beta-1.70-1
[INFO] running `Command { std: "git" "clone" "/workspace/cache/git-repos/https%3A%2F%2Fgithub.com%2FQingchenDang%2Ftwemcache" "/workspace/builds/worker-0-tc2/source", kill_on_drop: false }`
[INFO] [stderr] Cloning into '/workspace/builds/worker-0-tc2/source'...
[INFO] [stderr] done.
[INFO] validating manifest of git repo https://github.com/QingchenDang/twemcache on toolchain beta-2023-04-20
[INFO] running `Command { std: CARGO_HOME="/workspace/cargo-home" RUSTUP_HOME="/workspace/rustup-home" "/workspace/cargo-home/bin/cargo" "+beta-2023-04-20" "metadata" "--manifest-path" "Cargo.toml" "--no-deps", kill_on_drop: false }`
[INFO] started tweaking git repo https://github.com/QingchenDang/twemcache
[INFO] finished tweaking git repo https://github.com/QingchenDang/twemcache
[INFO] tweaked toml for git repo https://github.com/QingchenDang/twemcache written to /workspace/builds/worker-0-tc2/source/Cargo.toml
[INFO] crate git repo https://github.com/QingchenDang/twemcache already has a lockfile, it will not be regenerated
[INFO] running `Command { std: CARGO_HOME="/workspace/cargo-home" RUSTUP_HOME="/workspace/rustup-home" "/workspace/cargo-home/bin/cargo" "+beta-2023-04-20" "fetch" "--manifest-path" "Cargo.toml", kill_on_drop: false }`
[INFO] [stderr]     Updating crates.io index
[INFO] [stderr]  Downloading crates ...
[INFO] [stderr]   Downloaded csv v1.1.4
[INFO] [stderr]   Downloaded mio v0.7.5
[INFO] [stderr]   Downloaded boring v1.0.3
[INFO] [stderr]   Downloaded boring-sys v1.0.2
[INFO] running `Command { std: "docker" "create" "-v" "/var/lib/crater-agent-workspace/builds/worker-0-tc2/target:/opt/rustwide/target:rw,Z" "-v" "/var/lib/crater-agent-workspace/builds/worker-0-tc2/source:/opt/rustwide/workdir:ro,Z" "-v" "/var/lib/crater-agent-workspace/cargo-home:/opt/rustwide/cargo-home:ro,Z" "-v" "/var/lib/crater-agent-workspace/rustup-home:/opt/rustwide/rustup-home:ro,Z" "-e" "SOURCE_DIR=/opt/rustwide/workdir" "-e" "CARGO_TARGET_DIR=/opt/rustwide/target" "-e" "CARGO_HOME=/opt/rustwide/cargo-home" "-e" "RUSTUP_HOME=/opt/rustwide/rustup-home" "-w" "/opt/rustwide/workdir" "-m" "1610612736" "--user" "0:0" "--network" "none" "ghcr.io/rust-lang/crates-build-env/linux@sha256:97d61d7686bf65f8ecb15491ab51835e82dc9176a96a831f143a431b191fc501" "/opt/rustwide/cargo-home/bin/cargo" "+beta-2023-04-20" "metadata" "--no-deps" "--format-version=1", kill_on_drop: false }`
[INFO] [stdout] 11e93ae5ac98a8f4d67868d0926b272839e25318d44877b12470ffdab3589b01
[INFO] running `Command { std: "docker" "start" "-a" "11e93ae5ac98a8f4d67868d0926b272839e25318d44877b12470ffdab3589b01", kill_on_drop: false }`
[INFO] running `Command { std: "docker" "inspect" "11e93ae5ac98a8f4d67868d0926b272839e25318d44877b12470ffdab3589b01", kill_on_drop: false }`
[INFO] running `Command { std: "docker" "rm" "-f" "11e93ae5ac98a8f4d67868d0926b272839e25318d44877b12470ffdab3589b01", kill_on_drop: false }`
[INFO] [stdout] 11e93ae5ac98a8f4d67868d0926b272839e25318d44877b12470ffdab3589b01
[INFO] running `Command { std: "docker" "create" "-v" "/var/lib/crater-agent-workspace/builds/worker-0-tc2/target:/opt/rustwide/target:rw,Z" "-v" "/var/lib/crater-agent-workspace/builds/worker-0-tc2/source:/opt/rustwide/workdir:ro,Z" "-v" "/var/lib/crater-agent-workspace/cargo-home:/opt/rustwide/cargo-home:ro,Z" "-v" "/var/lib/crater-agent-workspace/rustup-home:/opt/rustwide/rustup-home:ro,Z" "-e" "SOURCE_DIR=/opt/rustwide/workdir" "-e" "CARGO_TARGET_DIR=/opt/rustwide/target" "-e" "CARGO_INCREMENTAL=0" "-e" "RUST_BACKTRACE=full" "-e" "RUSTFLAGS=--cap-lints=warn" "-e" "RUSTDOCFLAGS=--cap-lints=warn" "-e" "CARGO_HOME=/opt/rustwide/cargo-home" "-e" "RUSTUP_HOME=/opt/rustwide/rustup-home" "-w" "/opt/rustwide/workdir" "-m" "1610612736" "--user" "0:0" "--network" "none" "ghcr.io/rust-lang/crates-build-env/linux@sha256:97d61d7686bf65f8ecb15491ab51835e82dc9176a96a831f143a431b191fc501" "/opt/rustwide/cargo-home/bin/cargo" "+beta-2023-04-20" "build" "--frozen" "--message-format=json", kill_on_drop: false }`
[INFO] [stdout] 8049399539d446f2573a1c4de3a6c35825f00d67caf3ae2c2121b7f4ac0bba34
[INFO] running `Command { std: "docker" "start" "-a" "8049399539d446f2573a1c4de3a6c35825f00d67caf3ae2c2121b7f4ac0bba34", kill_on_drop: false }`
[INFO] [stderr]    Compiling libc v0.2.84
[INFO] [stderr]    Compiling proc-macro2 v1.0.24
[INFO] [stderr]    Compiling unicode-xid v0.2.1
[INFO] [stderr]    Compiling syn v1.0.48
[INFO] [stderr]    Compiling cfg-if v0.1.10
[INFO] [stderr]    Compiling cc v1.0.62
[INFO] [stderr]    Compiling memchr v2.3.4
[INFO] [stderr]    Compiling log v0.4.11
[INFO] [stderr]    Compiling serde_derive v1.0.117
[INFO] [stderr]    Compiling bitflags v1.2.1
[INFO] [stderr]    Compiling serde v1.0.117
[INFO] [stderr]    Compiling version_check v0.9.2
[INFO] [stderr]    Compiling glob v0.3.0
[INFO] [stderr]    Compiling unicode-width v0.1.8
[INFO] [stderr]    Compiling thread_local v1.0.1
[INFO] [stderr]    Compiling ansi_term v0.11.0
[INFO] [stderr]    Compiling quick-error v1.2.3
[INFO] [stderr]    Compiling textwrap v0.11.0
[INFO] [stderr]    Compiling strsim v0.8.0
[INFO] [stderr]    Compiling regex-syntax v0.6.21
[INFO] [stderr]    Compiling vec_map v0.8.2
[INFO] [stderr]    Compiling humantime v1.3.0
[INFO] [stderr]    Compiling nom v5.1.2
[INFO] [stderr]    Compiling termcolor v1.1.0
[INFO] [stderr]    Compiling bindgen v0.53.3
[INFO] [stderr]    Compiling lazycell v1.3.0
[INFO] [stderr]    Compiling rustc-hash v1.1.0
[INFO] [stderr]    Compiling peeking_take_while v0.1.2
[INFO] [stderr]    Compiling shlex v0.1.1
[INFO] [stderr]    Compiling cmake v0.1.44
[INFO] [stderr]    Compiling clang-sys v0.29.3
[INFO] [stderr]    Compiling bytes v0.5.6
[INFO] [stderr]    Compiling slab v0.4.2
[INFO] [stderr]    Compiling once_cell v1.5.2
[INFO] [stderr]    Compiling autocfg v0.1.7
[INFO] [stderr]    Compiling aho-corasick v0.7.15
[INFO] [stderr]    Compiling getrandom v0.1.15
[INFO] [stderr]    Compiling proc-macro-hack v0.5.19
[INFO] [stderr]    Compiling miniz_oxide v0.4.3
[INFO] [stderr]    Compiling proc-macro-nested v0.1.6
[INFO] [stderr]    Compiling num-traits v0.2.14
[INFO] [stderr]    Compiling quote v1.0.7
[INFO] [stderr]    Compiling memoffset v0.5.6
[INFO] [stderr]    Compiling futures-sink v0.3.8
[INFO] [stderr]    Compiling ccommon-rs v0.1.0 (/opt/rustwide/workdir/deps/ccommon/rust/ccommon-rs)
[INFO] [stderr]    Compiling atty v0.2.14
[INFO] [stderr]    Compiling which v3.1.1
[INFO] [stderr]    Compiling iovec v0.1.4
[INFO] [stderr]    Compiling clap v2.33.3
[INFO] [stderr]    Compiling byteorder v1.3.4
[INFO] [stderr]    Compiling libloading v0.5.2
[INFO] [stderr]    Compiling ring v0.16.15
[INFO] [stderr]    Compiling gimli v0.23.0
[INFO] [stderr]    Compiling rand_core v0.5.1
[INFO] [stderr]    Compiling futures-core v0.3.8
[INFO] [stderr]    Compiling failure_derive v0.1.8
[INFO] [stderr]    Compiling adler v0.2.3
[INFO] [stderr]    Compiling ppv-lite86 v0.2.10
[INFO] [stderr]    Compiling futures-channel v0.3.8
[INFO] [stderr]    Compiling boring-sys v1.0.2
[INFO] [stderr]    Compiling net2 v0.2.35
[INFO] [stderr]    Compiling rand_chacha v0.2.2
[INFO] [stderr]    Compiling time v0.1.44
[INFO] [stderr]    Compiling futures-task v0.3.8
[INFO] [stderr]    Compiling httpdate v0.3.2
[INFO] [stderr]    Compiling object v0.22.0
[INFO] [stderr]    Compiling arrayvec v0.5.2
[INFO] [stderr]    Compiling futures-io v0.3.8
[INFO] [stderr]    Compiling regex v1.4.2
[INFO] [stderr]    Compiling rustc-demangle v0.1.18
[INFO] [stderr]    Compiling httparse v1.3.4
[INFO] [stderr]    Compiling spin v0.5.2
[INFO] [stderr]    Compiling untrusted v0.7.1
[INFO] [stderr]    Compiling rand v0.7.3
[INFO] [stderr]    Compiling mio v0.6.22
[INFO] [stderr]    Compiling cexpr v0.4.0
[INFO] [stderr]    Compiling unicode-segmentation v1.7.1
[INFO] [stderr]    Compiling smallvec v1.4.2
[INFO] [stderr]    Compiling bytes v1.0.1
[INFO] [stderr]    Compiling parking_lot_core v0.7.2
[INFO] [stderr]    Compiling env_logger v0.7.1
[INFO] [stderr]    Compiling addr2line v0.14.0
[INFO] [stderr]    Compiling rustcommon-buffer v0.2.0 (https://github.com/twitter/rustcommon#2d70e44f)
[INFO] [stderr]    Compiling num-integer v0.1.44
[INFO] [stderr]    Compiling heck v0.3.2
[INFO] [stderr]    Compiling mio-uds v0.6.8
[INFO] [stderr]    Compiling lock_api v0.3.4
[INFO] [stderr]    Compiling bytes v0.4.12
[INFO] [stderr]    Compiling rustcommon-logger v1.0.0 (https://github.com/twitter/rustcommon#2d70e44f)
[INFO] [stderr]    Compiling mio v0.7.5
[INFO] [stderr]    Compiling backtrace v0.3.54
[INFO] [stderr]    Compiling signal-hook-registry v1.2.2
[INFO] [stderr]    Compiling memmap v0.7.0
[INFO] [stderr]    Compiling pin-project-lite v0.1.11
[INFO] [stderr]    Compiling remove_dir_all v0.5.3
[INFO] [stderr]    Compiling parking_lot v0.10.2
[INFO] [stderr]    Compiling chrono v0.4.19
[INFO] [stderr]    Compiling tempfile v3.1.0
[INFO] [stderr]    Compiling tokio v0.2.22
[INFO] [stderr]    Compiling httpencode v0.1.0 (https://github.com/swlynch99/httpencode#54e1dca7)
[INFO] [stderr]    Compiling base64 v0.12.3
[INFO] [stderr]    Compiling sct v0.6.0
[INFO] [stderr]    Compiling webpki v0.21.3
[INFO] [stderr]    Compiling strum v0.20.0
[INFO] [stderr]    Compiling check_twemcache_http v0.1.0 (/opt/rustwide/workdir/test/server/twemcache-http)
[INFO] [stderr]    Compiling httpencode v0.1.0 (/opt/rustwide/workdir/src/rust-util/httpencode)
[INFO] [stderr]    Compiling rustls v0.18.1
[INFO] [stderr]    Compiling synstructure v0.12.4
[INFO] [stderr]    Compiling thiserror-impl v1.0.23
[INFO] [stderr]    Compiling pin-project-internal v1.0.1
[INFO] [stderr]    Compiling ccommon-sys v0.1.0 (/opt/rustwide/workdir/deps/ccommon/rust/ccommon-sys)
[INFO] [stderr]    Compiling pelikan-sys v0.0.0 (/opt/rustwide/workdir/src/rust-util/pelikan-sys)
[INFO] [stderr]    Compiling futures-macro v0.3.8
[INFO] [stderr]    Compiling cdb_rs v0.1.0 (/opt/rustwide/workdir/src/storage/cdb/cdb_rs)
[INFO] [stderr]    Compiling pelikan_twemcache_http v0.1.0 (/opt/rustwide/workdir/src/server/twemcache-http)
[INFO] [stderr]    Compiling strum_macros v0.20.1
[INFO] [stderr]    Compiling thiserror v1.0.23
[INFO] [stderr]    Compiling rustcommon-fastmetrics v0.0.2 (https://github.com/twitter/rustcommon#2d70e44f)
[INFO] [stderr]    Compiling failure v0.1.8
[INFO] [stderr]    Compiling pin-project v1.0.1
[INFO] [stderr]    Compiling futures-util v0.3.8
[INFO] [stderr] error: failed to run custom build command for `ccommon-sys v0.1.0 (/opt/rustwide/workdir/deps/ccommon/rust/ccommon-sys)`
[INFO] [stderr] note: To improve backtraces for build dependencies, set the CARGO_PROFILE_DEV_BUILD_OVERRIDE_DEBUG=true environment variable to enable debug information generation.
[INFO] [stderr] 
[INFO] [stderr] Caused by:
[INFO] [stderr]   process didn't exit successfully: `/opt/rustwide/target/debug/build/ccommon-sys-d8cd585ad1e315c0/build-script-build` (exit status: 101)
[INFO] [stderr]   --- stdout
[INFO] [stderr]   running: cd "/opt/rustwide/target/debug/build/ccommon-sys-5cd12f13bbd9a316/out/build" && CMAKE_PREFIX_PATH="" "cmake" "/opt/rustwide/workdir/deps/ccommon/rust/ccommon-sys/../.." "-DCMAKE_INSTALL_PREFIX=/opt/rustwide/target/debug/build/ccommon-sys-5cd12f13bbd9a316/out" "-DCMAKE_C_FLAGS= -ffunction-sections -fdata-sections -fPIC -m64" "-DCMAKE_C_COMPILER=/usr/bin/cc" "-DCMAKE_CXX_FLAGS= -ffunction-sections -fdata-sections -fPIC -m64" "-DCMAKE_CXX_COMPILER=/usr/bin/c++" "-DCMAKE_ASM_FLAGS= -ffunction-sections -fdata-sections -fPIC -m64" "-DCMAKE_ASM_COMPILER=/usr/bin/cc" "-DCMAKE_BUILD_TYPE=Debug"
[INFO] [stderr]   -- The C compiler identification is GNU 11.3.0
[INFO] [stderr]   -- Detecting C compiler ABI info
[INFO] [stderr]   -- Detecting C compiler ABI info - done
[INFO] [stderr]   -- Check for working C compiler: /usr/bin/cc - skipped
[INFO] [stderr]   -- Detecting C compile features
[INFO] [stderr]   -- Detecting C compile features - done
[INFO] [stderr]   -- Looking for include file linux/time64.h
[INFO] [stderr]   -- Looking for include file linux/time64.h - not found
[INFO] [stderr]   -- Looking for sys_signame
[INFO] [stderr]   -- Looking for sys_signame - not found
[INFO] [stderr]   -- Looking for backtrace
[INFO] [stderr]   -- Looking for backtrace - found
[INFO] [stderr]   -- Looking for accept4
[INFO] [stderr]   -- Looking for accept4 - found
[INFO] [stderr]   -- Could NOT find CHECK (missing: CHECK_LIBRARIES CHECK_INCLUDES) 
[INFO] [stderr]   -- build libcheck failed, return code: 1
[INFO] [stderr]   -- build fluxcapacitor failed, return code: 1
[INFO] [stderr]   -- Looking for pthread.h
[INFO] [stderr]   -- Looking for pthread.h - found
[INFO] [stderr]   -- Performing Test CMAKE_HAVE_LIBC_PTHREAD
[INFO] [stderr]   -- Performing Test CMAKE_HAVE_LIBC_PTHREAD - Success
[INFO] [stderr]   -- Found Threads: TRUE  
[INFO] [stderr]   -- <<++=====------------------\/------------------=====++>>
[INFO] [stderr]   -- <<++                 ccommon summary                 ++>>
[INFO] [stderr]   -- <<++=====------------------/\------------------=====++>>
[INFO] [stderr]   -- =============CMake related=============
[INFO] [stderr]   -- CMAKE_BUILD_TYPE: Debug
[INFO] [stderr]   -- PLATFORM: OS_LINUX
[INFO] [stderr]   -- CPPFLAGS: 
[INFO] [stderr]   -- CFLAGS:  -ffunction-sections -fdata-sections -fPIC -m64 -O0  -std=c11 -ggdb3 -Wall -Wmissing-prototypes -Wmissing-declarations -Wredundant-decls -Wunused-function -Wunused-value -Wunused-variable -fstrict-aliasing  -Wl,--no-as-needed -ldl -pthread -fPIC
[INFO] [stderr]   -- =======================================
[INFO] [stderr]   -- =======Status of system features=======
[INFO] [stderr]   -- HAVE_SIGNAME: 
[INFO] [stderr]   -- HAVE_BACKTRACE: 1
[INFO] [stderr]   -- HAVE_ACCEPT4: 1
[INFO] [stderr]   -- HAVE_TIME64: 
[INFO] [stderr]   -- =======================================
[INFO] [stderr]   -- ======Status of optional features======
[INFO] [stderr]   -- HAVE_RUST: OFF
[INFO] [stderr]   -- HAVE_ASSERT_LOG: ON
[INFO] [stderr]   -- HAVE_ASSERT_PANIC: OFF
[INFO] [stderr]   -- HAVE_LOGGING: ON
[INFO] [stderr]   -- HAVE_STATS: ON
[INFO] [stderr]   -- HAVE_ITT_INSTRUMENTATION: OFF
[INFO] [stderr]   -- HAVE_DEBUG_MM: OFF
[INFO] [stderr]   -- HAVE_TEST: ON
[INFO] [stderr]   -- HAVE_COVERAGE: OFF
[INFO] [stderr]   -- =======================================
[INFO] [stderr]   -- Configuring incomplete, errors occurred!
[INFO] [stderr]   See also "/opt/rustwide/target/debug/build/ccommon-sys-5cd12f13bbd9a316/out/build/CMakeFiles/CMakeOutput.log".
[INFO] [stderr]   See also "/opt/rustwide/target/debug/build/ccommon-sys-5cd12f13bbd9a316/out/build/CMakeFiles/CMakeError.log".
[INFO] [stderr] 
[INFO] [stderr]   --- stderr
[INFO] [stderr]   CMake Error: Could not open file for write in copy operation /opt/rustwide/workdir/deps/ccommon/include/config.h.tmp
[INFO] [stderr]   CMake Error: : System Error: Read-only file system
[INFO] [stderr]   CMake Error at CMakeLists.txt:81 (configure_file):
[INFO] [stderr]     configure_file Problem configuring file
[INFO] [stderr] 
[INFO] [stderr] 
[INFO] [stderr]   fatal: not a git repository (or any parent up to mount point /opt/rustwide)
[INFO] [stderr]   Stopping at filesystem boundary (GIT_DISCOVERY_ACROSS_FILESYSTEM not set).
[INFO] [stderr]   fatal: failed to find TOPLEVEL
[INFO] [stderr]   fatal: not a git repository (or any parent up to mount point /opt/rustwide)
[INFO] [stderr]   Stopping at filesystem boundary (GIT_DISCOVERY_ACROSS_FILESYSTEM not set).
[INFO] [stderr]   fatal: failed to find TOPLEVEL
[INFO] [stderr]   thread 'main' panicked at '
[INFO] [stderr]   command did not execute successfully, got: exit status: 1
[INFO] [stderr] 
[INFO] [stderr]   build script failed, must exit now', /opt/rustwide/cargo-home/registry/src/index.crates.io-6f17d22bba15001f/cmake-0.1.44/src/lib.rs:885:5
[INFO] [stderr]   stack backtrace:
[INFO] [stderr]      0:     0x55f60e66352a - std::backtrace_rs::backtrace::libunwind::trace::h2f05d0192276a8f6
[INFO] [stderr]                                  at /rustc/1b7dd2252b99671ce5d1cb9664c5f8636329436d/library/std/src/../../backtrace/src/backtrace/libunwind.rs:93:5
[INFO] [stderr]      1:     0x55f60e66352a - std::backtrace_rs::backtrace::trace_unsynchronized::hedc23dff7a1af150
[INFO] [stderr]                                  at /rustc/1b7dd2252b99671ce5d1cb9664c5f8636329436d/library/std/src/../../backtrace/src/backtrace/mod.rs:66:5
[INFO] [stderr]      2:     0x55f60e66352a - std::sys_common::backtrace::_print_fmt::h17541ef7592f3ce2
[INFO] [stderr]                                  at /rustc/1b7dd2252b99671ce5d1cb9664c5f8636329436d/library/std/src/sys_common/backtrace.rs:65:5
[INFO] [stderr]      3:     0x55f60e66352a - <std::sys_common::backtrace::_print::DisplayBacktrace as core::fmt::Display>::fmt::h20f75df5ab0c0792
[INFO] [stderr]                                  at /rustc/1b7dd2252b99671ce5d1cb9664c5f8636329436d/library/std/src/sys_common/backtrace.rs:44:22
[INFO] [stderr]      4:     0x55f60e689a7f - core::fmt::write::h78109e6f466b3af6
[INFO] [stderr]                                  at /rustc/1b7dd2252b99671ce5d1cb9664c5f8636329436d/library/core/src/fmt/mod.rs:1254:17
[INFO] [stderr]      5:     0x55f60e660255 - std::io::Write::write_fmt::hc59e1b02dd273c8a
[INFO] [stderr]                                  at /rustc/1b7dd2252b99671ce5d1cb9664c5f8636329436d/library/std/src/io/mod.rs:1698:15
[INFO] [stderr]      6:     0x55f60e6632f5 - std::sys_common::backtrace::_print::h8dac57a9f8fbf9a5
[INFO] [stderr]                                  at /rustc/1b7dd2252b99671ce5d1cb9664c5f8636329436d/library/std/src/sys_common/backtrace.rs:47:5
[INFO] [stderr]      7:     0x55f60e6632f5 - std::sys_common::backtrace::print::hf9ecbf41d1aa712f
[INFO] [stderr]                                  at /rustc/1b7dd2252b99671ce5d1cb9664c5f8636329436d/library/std/src/sys_common/backtrace.rs:34:9
[INFO] [stderr]      8:     0x55f60e664f1e - std::panicking::default_hook::{{closure}}::h04c07acfc84ca028
[INFO] [stderr]                                  at /rustc/1b7dd2252b99671ce5d1cb9664c5f8636329436d/library/std/src/panicking.rs:269:22
[INFO] [stderr]      9:     0x55f60e664cc5 - std::panicking::default_hook::h01f6bb23e1eceb2c
[INFO] [stderr]                                  at /rustc/1b7dd2252b99671ce5d1cb9664c5f8636329436d/library/std/src/panicking.rs:288:9
[INFO] [stderr]     10:     0x55f60e66547e - std::panicking::rust_panic_with_hook::h2bb3722bbaf2f6df
[INFO] [stderr]                                  at /rustc/1b7dd2252b99671ce5d1cb9664c5f8636329436d/library/std/src/panicking.rs:691:13
[INFO] [stderr]     11:     0x55f60e665379 - std::panicking::begin_panic_handler::{{closure}}::h91bc7f36a4be011b
[INFO] [stderr]                                  at /rustc/1b7dd2252b99671ce5d1cb9664c5f8636329436d/library/std/src/panicking.rs:582:13
[INFO] [stderr]     12:     0x55f60e663996 - std::sys_common::backtrace::__rust_end_short_backtrace::h8b3d3717114f9e59
[INFO] [stderr]                                  at /rustc/1b7dd2252b99671ce5d1cb9664c5f8636329436d/library/std/src/sys_common/backtrace.rs:150:18
[INFO] [stderr]     13:     0x55f60e6650d2 - rust_begin_unwind
[INFO] [stderr]                                  at /rustc/1b7dd2252b99671ce5d1cb9664c5f8636329436d/library/std/src/panicking.rs:578:5
[INFO] [stderr]     14:     0x55f60e216993 - core::panicking::panic_fmt::hfd368e3fbdabea26
[INFO] [stderr]                                  at /rustc/1b7dd2252b99671ce5d1cb9664c5f8636329436d/library/core/src/panicking.rs:67:14
[INFO] [stderr]     15:     0x55f60e5ff57f - cmake::fail::h61bc303df2cd8283
[INFO] [stderr]     16:     0x55f60e5fefe3 - cmake::run::h52199725e2eab1b2
[INFO] [stderr]     17:     0x55f60e5fb732 - cmake::Config::build::h2e979a3ebd0bdc95
[INFO] [stderr]     18:     0x55f60e217e11 - cmake::build::h93ab5a6a1c864167
[INFO] [stderr]     19:     0x55f60e21902e - build_script_build::main::h11956a9280cd716a
[INFO] [stderr]     20:     0x55f60e218593 - core::ops::function::FnOnce::call_once::h96bfda8a8e01b9fc
[INFO] [stderr]     21:     0x55f60e217986 - std::sys_common::backtrace::__rust_begin_short_backtrace::hfd90c51e07538e9c
[INFO] [stderr]     22:     0x55f60e217d79 - std::rt::lang_start::{{closure}}::hc04f86285174db3f
[INFO] [stderr]     23:     0x55f60e65c15e - core::ops::function::impls::<impl core::ops::function::FnOnce<A> for &F>::call_once::h2eb19b8ce4148df4
[INFO] [stderr]                                  at /rustc/1b7dd2252b99671ce5d1cb9664c5f8636329436d/library/core/src/ops/function.rs:287:13
[INFO] [stderr]     24:     0x55f60e65c15e - std::panicking::try::do_call::h2e900feff5d504c5
[INFO] [stderr]                                  at /rustc/1b7dd2252b99671ce5d1cb9664c5f8636329436d/library/std/src/panicking.rs:485:40
[INFO] [stderr]     25:     0x55f60e65c15e - std::panicking::try::h8854836cb85aa9f2
[INFO] [stderr]                                  at /rustc/1b7dd2252b99671ce5d1cb9664c5f8636329436d/library/std/src/panicking.rs:449:19
[INFO] [stderr]     26:     0x55f60e65c15e - std::panic::catch_unwind::h706025dd4c48f64b
[INFO] [stderr]                                  at /rustc/1b7dd2252b99671ce5d1cb9664c5f8636329436d/library/std/src/panic.rs:140:14
[INFO] [stderr]     27:     0x55f60e65c15e - std::rt::lang_start_internal::{{closure}}::h7be5b97f4a07a91a
[INFO] [stderr]                                  at /rustc/1b7dd2252b99671ce5d1cb9664c5f8636329436d/library/std/src/rt.rs:148:48
[INFO] [stderr]     28:     0x55f60e65c15e - std::panicking::try::do_call::h59847e9d0a176965
[INFO] [stderr]                                  at /rustc/1b7dd2252b99671ce5d1cb9664c5f8636329436d/library/std/src/panicking.rs:485:40
[INFO] [stderr]     29:     0x55f60e65c15e - std::panicking::try::h399a918ba8522823
[INFO] [stderr]                                  at /rustc/1b7dd2252b99671ce5d1cb9664c5f8636329436d/library/std/src/panicking.rs:449:19
[INFO] [stderr]     30:     0x55f60e65c15e - std::panic::catch_unwind::hca7ca6c55b2a2e26
[INFO] [stderr]                                  at /rustc/1b7dd2252b99671ce5d1cb9664c5f8636329436d/library/std/src/panic.rs:140:14
[INFO] [stderr]     31:     0x55f60e65c15e - std::rt::lang_start_internal::h2c807a81560459eb
[INFO] [stderr]                                  at /rustc/1b7dd2252b99671ce5d1cb9664c5f8636329436d/library/std/src/rt.rs:148:20
[INFO] [stderr]     32:     0x55f60e217d57 - std::rt::lang_start::hd78f43fa8b09180a
[INFO] [stderr]     33:     0x55f60e21a465 - main
[INFO] [stderr]     34:     0x7f25b0412d90 - <unknown>
[INFO] [stderr]     35:     0x7f25b0412e40 - __libc_start_main
[INFO] [stderr]     36:     0x55f60e217115 - _start
[INFO] [stderr]     37:                0x0 - <unknown>
[INFO] [stderr] warning: build failed, waiting for other jobs to finish...
[INFO] [stderr] error: failed to run custom build command for `pelikan-sys v0.0.0 (/opt/rustwide/workdir/src/rust-util/pelikan-sys)`
[INFO] [stderr] note: To improve backtraces for build dependencies, set the CARGO_PROFILE_DEV_BUILD_OVERRIDE_DEBUG=true environment variable to enable debug information generation.
[INFO] [stderr] 
[INFO] [stderr] Caused by:
[INFO] [stderr]   process didn't exit successfully: `/opt/rustwide/target/debug/build/pelikan-sys-4bd177116a71f5f1/build-script-build` (exit status: 101)
[INFO] [stderr]   --- stdout
[INFO] [stderr]   cargo:rerun-if-env-changed=CMAKE_BUILD_DIR
[INFO] [stderr]   cargo:rerun-if-changed=build.rs
[INFO] [stderr]   cargo:rustc-link-lib=ccommon-2.1.0
[INFO] [stderr]   cargo:rustc-link-search=/opt/rustwide/target/debug/build/pelikan-sys-c79b9db0583f5099/out/ccommon/lib
[INFO] [stderr]   cargo:rerun-if-changed=../../client/network/cli_network.h
[INFO] [stderr]   cargo:rerun-if-changed=../../client/resp_cli/cli.h
[INFO] [stderr]   cargo:rerun-if-changed=../../client/resp_cli/setting.h
[INFO] [stderr]   cargo:rerun-if-changed=../../core/admin/admin.h
[INFO] [stderr]   cargo:rerun-if-changed=../../core/context.h
[INFO] [stderr]   cargo:rerun-if-changed=../../core/core.h
[INFO] [stderr]   cargo:rerun-if-changed=../../core/data/server.h
[INFO] [stderr]   cargo:rerun-if-changed=../../core/data/shared.h
[INFO] [stderr]   cargo:rerun-if-changed=../../core/data/worker.h
[INFO] [stderr]   cargo:rerun-if-changed=../../data_structure/bitmap/bitset.h
[INFO] [stderr]   cargo:rerun-if-changed=../../data_structure/sarray/sarray.h
[INFO] [stderr]   cargo:rerun-if-changed=../../data_structure/shared.h
[INFO] [stderr]   cargo:rerun-if-changed=../../data_structure/smap/smap.h
[INFO] [stderr]   cargo:rerun-if-changed=../../data_structure/ziplist/ziplist.h
[INFO] [stderr]   cargo:rerun-if-changed=../../datapool/datapool.h
[INFO] [stderr]   cargo:rerun-if-changed=../../hotkey/constant.h
[INFO] [stderr]   cargo:rerun-if-changed=../../hotkey/hotkey.h
[INFO] [stderr]   cargo:rerun-if-changed=../../hotkey/kc_map.h
[INFO] [stderr]   cargo:rerun-if-changed=../../hotkey/key_window.h
[INFO] [stderr]   cargo:rerun-if-changed=../../protocol/admin/admin_include.h
[INFO] [stderr]   cargo:rerun-if-changed=../../protocol/admin/compose.h
[INFO] [stderr]   cargo:rerun-if-changed=../../protocol/admin/format.h
[INFO] [stderr]   cargo:rerun-if-changed=../../protocol/admin/parse.h
[INFO] [stderr]   cargo:rerun-if-changed=../../protocol/admin/process.h
[INFO] [stderr]   cargo:rerun-if-changed=../../protocol/admin/request.h
[INFO] [stderr]   cargo:rerun-if-changed=../../protocol/admin/response.h
[INFO] [stderr]   cargo:rerun-if-changed=../../protocol/data/memcache/compose.h
[INFO] [stderr]   cargo:rerun-if-changed=../../protocol/data/memcache/constant.h
[INFO] [stderr]   cargo:rerun-if-changed=../../protocol/data/memcache/klog.h
[INFO] [stderr]   cargo:rerun-if-changed=../../protocol/data/memcache/parse.h
[INFO] [stderr]   cargo:rerun-if-changed=../../protocol/data/memcache/process.h
[INFO] [stderr]   cargo:rerun-if-changed=../../protocol/data/memcache/request.h
[INFO] [stderr]   cargo:rerun-if-changed=../../protocol/data/memcache/response.h
[INFO] [stderr]   cargo:rerun-if-changed=../../protocol/data/memcache_include.h
[INFO] [stderr]   cargo:rerun-if-changed=../../protocol/data/ping/compose.h
[INFO] [stderr]   cargo:rerun-if-changed=../../protocol/data/ping/parse.h
[INFO] [stderr]   cargo:rerun-if-changed=../../protocol/data/ping/request.h
[INFO] [stderr]   cargo:rerun-if-changed=../../protocol/data/ping/response.h
[INFO] [stderr]   cargo:rerun-if-changed=../../protocol/data/ping_include.h
[INFO] [stderr]   cargo:rerun-if-changed=../../protocol/data/resp/attribute.h
[INFO] [stderr]   cargo:rerun-if-changed=../../protocol/data/resp/cmd.h
[INFO] [stderr]   cargo:rerun-if-changed=../../protocol/data/resp/cmd_bitmap.h
[INFO] [stderr]   cargo:rerun-if-changed=../../protocol/data/resp/cmd_hash.h
[INFO] [stderr]   cargo:rerun-if-changed=../../protocol/data/resp/cmd_list.h
[INFO] [stderr]   cargo:rerun-if-changed=../../protocol/data/resp/cmd_misc.h
[INFO] [stderr]   cargo:rerun-if-changed=../../protocol/data/resp/cmd_sarray.h
[INFO] [stderr]   cargo:rerun-if-changed=../../protocol/data/resp/cmd_smap.h
[INFO] [stderr]   cargo:rerun-if-changed=../../protocol/data/resp/cmd_zset.h
[INFO] [stderr]   cargo:rerun-if-changed=../../protocol/data/resp/compose.h
[INFO] [stderr]   cargo:rerun-if-changed=../../protocol/data/resp/parse.h
[INFO] [stderr]   cargo:rerun-if-changed=../../protocol/data/resp/process.h
[INFO] [stderr]   cargo:rerun-if-changed=../../protocol/data/resp/request.h
[INFO] [stderr]   cargo:rerun-if-changed=../../protocol/data/resp/response.h
[INFO] [stderr]   cargo:rerun-if-changed=../../protocol/data/resp/token.h
[INFO] [stderr]   cargo:rerun-if-changed=../../protocol/data/resp_include.h
[INFO] [stderr]   cargo:rerun-if-changed=../../server/cdb/admin/process.h
[INFO] [stderr]   cargo:rerun-if-changed=../../server/cdb/data/process.h
[INFO] [stderr]   cargo:rerun-if-changed=../../server/cdb/setting.h
[INFO] [stderr]   cargo:rerun-if-changed=../../server/cdb/stats.h
[INFO] [stderr]   cargo:rerun-if-changed=../../server/pingserver/admin/process.h
[INFO] [stderr]   cargo:rerun-if-changed=../../server/pingserver/data/process.h
[INFO] [stderr]   cargo:rerun-if-changed=../../server/pingserver/setting.h
[INFO] [stderr]   cargo:rerun-if-changed=../../server/pingserver/stats.h
[INFO] [stderr]   cargo:rerun-if-changed=../../server/rds/admin/process.h
[INFO] [stderr]   cargo:rerun-if-changed=../../server/rds/data/cmd_list.h
[INFO] [stderr]   cargo:rerun-if-changed=../../server/rds/data/cmd_misc.h
[INFO] [stderr]   cargo:rerun-if-changed=../../server/rds/data/cmd_sarray.h
[INFO] [stderr]   cargo:rerun-if-changed=../../server/rds/data/cmd_smap.h
[INFO] [stderr]   cargo:rerun-if-changed=../../server/rds/data/process.h
[INFO] [stderr]   cargo:rerun-if-changed=../../server/rds/data/shared.h
[INFO] [stderr]   cargo:rerun-if-changed=../../server/rds/setting.h
[INFO] [stderr]   cargo:rerun-if-changed=../../server/rds/stats.h
[INFO] [stderr]   cargo:rerun-if-changed=../../server/segcache/admin/process.h
[INFO] [stderr]   cargo:rerun-if-changed=../../server/segcache/data/process.h
[INFO] [stderr]   cargo:rerun-if-changed=../../server/segcache/setting.h
[INFO] [stderr]   cargo:rerun-if-changed=../../server/segcache/stats.h
[INFO] [stderr]   cargo:rerun-if-changed=../../server/slimcache/admin/process.h
[INFO] [stderr]   cargo:rerun-if-changed=../../server/slimcache/data/process.h
[INFO] [stderr]   cargo:rerun-if-changed=../../server/slimcache/setting.h
[INFO] [stderr]   cargo:rerun-if-changed=../../server/slimcache/stats.h
[INFO] [stderr]   cargo:rerun-if-changed=../../server/slimrds/admin/process.h
[INFO] [stderr]   cargo:rerun-if-changed=../../server/slimrds/data/cmd_bitmap.h
[INFO] [stderr]   cargo:rerun-if-changed=../../server/slimrds/data/cmd_misc.h
[INFO] [stderr]   cargo:rerun-if-changed=../../server/slimrds/data/process.h
[INFO] [stderr]   cargo:rerun-if-changed=../../server/slimrds/setting.h
[INFO] [stderr]   cargo:rerun-if-changed=../../server/slimrds/stats.h
[INFO] [stderr]   cargo:rerun-if-changed=../../server/twemcache/admin/process.h
[INFO] [stderr]   cargo:rerun-if-changed=../../server/twemcache/data/process.h
[INFO] [stderr]   cargo:rerun-if-changed=../../server/twemcache/setting.h
[INFO] [stderr]   cargo:rerun-if-changed=../../server/twemcache/stats.h
[INFO] [stderr]   cargo:rerun-if-changed=../../server/twemcache-http/memcached/process.h
[INFO] [stderr]   cargo:rerun-if-changed=../../storage/cdb/cdb_rs/wrapper.h
[INFO] [stderr]   cargo:rerun-if-changed=../../storage/cdb/cdb_rs.h
[INFO] [stderr]   cargo:rerun-if-changed=../../storage/cuckoo/cuckoo.h
[INFO] [stderr]   cargo:rerun-if-changed=../../storage/cuckoo/item.h
[INFO] [stderr]   cargo:rerun-if-changed=../../storage/seg/background.h
[INFO] [stderr]   cargo:rerun-if-changed=../../storage/seg/constant.h
[INFO] [stderr]   cargo:rerun-if-changed=../../storage/seg/hashtable.h
[INFO] [stderr]   cargo:rerun-if-changed=../../storage/seg/item.h
[INFO] [stderr]   cargo:rerun-if-changed=../../storage/seg/seg.h
[INFO] [stderr]   cargo:rerun-if-changed=../../storage/seg/segevict.h
[INFO] [stderr]   cargo:rerun-if-changed=../../storage/seg/ttlbucket.h
[INFO] [stderr]   cargo:rerun-if-changed=../../storage/seg/xxhash.h
[INFO] [stderr]   cargo:rerun-if-changed=../../storage/slab/MyClass.h
[INFO] [stderr]   cargo:rerun-if-changed=../../storage/slab/MyWrapper.h
[INFO] [stderr]   cargo:rerun-if-changed=../../storage/slab/hashtable.h
[INFO] [stderr]   cargo:rerun-if-changed=../../storage/slab/item.h
[INFO] [stderr]   cargo:rerun-if-changed=../../storage/slab/slab.h
[INFO] [stderr]   cargo:rerun-if-changed=../../storage/slab/slabclass.h
[INFO] [stderr]   cargo:rerun-if-changed=../../time/time.h
[INFO] [stderr]   cargo:rerun-if-changed=../../util/procinfo.h
[INFO] [stderr]   cargo:rerun-if-changed=../../util/util.h
[INFO] [stderr]   cargo:rerun-if-changed=../../../deps/ccommon/include
[INFO] [stderr]   running: cd "/opt/rustwide/target/debug/build/pelikan-sys-c79b9db0583f5099/out/build" && CMAKE_PREFIX_PATH="" "cmake" "/opt/rustwide/workdir/src/rust-util/pelikan-sys/../../../deps/ccommon" "-DCMAKE_INSTALL_PREFIX=/opt/rustwide/target/debug/build/pelikan-sys-c79b9db0583f5099/out" "-DCMAKE_C_FLAGS= -ffunction-sections -fdata-sections -fPIC -m64" "-DCMAKE_C_COMPILER=/usr/bin/cc" "-DCMAKE_CXX_FLAGS= -ffunction-sections -fdata-sections -fPIC -m64" "-DCMAKE_CXX_COMPILER=/usr/bin/c++" "-DCMAKE_ASM_FLAGS= -ffunction-sections -fdata-sections -fPIC -m64" "-DCMAKE_ASM_COMPILER=/usr/bin/cc" "-DCMAKE_BUILD_TYPE=Debug"
[INFO] [stderr]   -- The C compiler identification is GNU 11.3.0
[INFO] [stderr]   -- Detecting C compiler ABI info
[INFO] [stderr]   -- Detecting C compiler ABI info - done
[INFO] [stderr]   -- Check for working C compiler: /usr/bin/cc - skipped
[INFO] [stderr]   -- Detecting C compile features
[INFO] [stderr]   -- Detecting C compile features - done
[INFO] [stderr]   -- Looking for include file linux/time64.h
[INFO] [stderr]   -- Looking for include file linux/time64.h - not found
[INFO] [stderr]   -- Looking for sys_signame
[INFO] [stderr]   -- Looking for sys_signame - not found
[INFO] [stderr]   -- Looking for backtrace
[INFO] [stderr]   -- Looking for backtrace - found
[INFO] [stderr]   -- Looking for accept4
[INFO] [stderr]   -- Looking for accept4 - found
[INFO] [stderr]   -- Could NOT find CHECK (missing: CHECK_LIBRARIES CHECK_INCLUDES) 
[INFO] [stderr]   -- build libcheck failed, return code: 1
[INFO] [stderr]   -- build fluxcapacitor failed, return code: 1
[INFO] [stderr]   -- Looking for pthread.h
[INFO] [stderr]   -- Looking for pthread.h - found
[INFO] [stderr]   -- Performing Test CMAKE_HAVE_LIBC_PTHREAD
[INFO] [stderr]   -- Performing Test CMAKE_HAVE_LIBC_PTHREAD - Success
[INFO] [stderr]   -- Found Threads: TRUE  
[INFO] [stderr]   -- <<++=====------------------\/------------------=====++>>
[INFO] [stderr]   -- <<++                 ccommon summary                 ++>>
[INFO] [stderr]   -- <<++=====------------------/\------------------=====++>>
[INFO] [stderr]   -- =============CMake related=============
[INFO] [stderr]   -- CMAKE_BUILD_TYPE: Debug
[INFO] [stderr]   -- PLATFORM: OS_LINUX
[INFO] [stderr]   -- CPPFLAGS: 
[INFO] [stderr]   -- CFLAGS:  -ffunction-sections -fdata-sections -fPIC -m64 -O0  -std=c11 -ggdb3 -Wall -Wmissing-prototypes -Wmissing-declarations -Wredundant-decls -Wunused-function -Wunused-value -Wunused-variable -fstrict-aliasing  -Wl,--no-as-needed -ldl -pthread -fPIC
[INFO] [stderr]   -- =======================================
[INFO] [stderr]   -- =======Status of system features=======
[INFO] [stderr]   -- HAVE_SIGNAME: 
[INFO] [stderr]   -- HAVE_BACKTRACE: 1
[INFO] [stderr]   -- HAVE_ACCEPT4: 1
[INFO] [stderr]   -- HAVE_TIME64: 
[INFO] [stderr]   -- =======================================
[INFO] [stderr]   -- ======Status of optional features======
[INFO] [stderr]   -- HAVE_RUST: OFF
[INFO] [stderr]   -- HAVE_ASSERT_LOG: ON
[INFO] [stderr]   -- HAVE_ASSERT_PANIC: OFF
[INFO] [stderr]   -- HAVE_LOGGING: ON
[INFO] [stderr]   -- HAVE_STATS: ON
[INFO] [stderr]   -- HAVE_ITT_INSTRUMENTATION: OFF
[INFO] [stderr]   -- HAVE_DEBUG_MM: OFF
[INFO] [stderr]   -- HAVE_TEST: ON
[INFO] [stderr]   -- HAVE_COVERAGE: OFF
[INFO] [stderr]   -- =======================================
[INFO] [stderr]   -- Configuring incomplete, errors occurred!
[INFO] [stderr]   See also "/opt/rustwide/target/debug/build/pelikan-sys-c79b9db0583f5099/out/build/CMakeFiles/CMakeOutput.log".
[INFO] [stderr]   See also "/opt/rustwide/target/debug/build/pelikan-sys-c79b9db0583f5099/out/build/CMakeFiles/CMakeError.log".
[INFO] [stderr] 
[INFO] [stderr]   --- stderr
[INFO] [stderr]   -----<( ENVIRONMENT )>-----
[INFO] [stderr]   CARGO: /opt/rustwide/rustup-home/toolchains/beta-2023-04-20-x86_64-unknown-linux-gnu/bin/cargo
[INFO] [stderr]   CARGO_CFG_PANIC: unwind
[INFO] [stderr]   CARGO_CFG_TARGET_ARCH: x86_64
[INFO] [stderr]   CARGO_CFG_TARGET_ENDIAN: little
[INFO] [stderr]   CARGO_CFG_TARGET_ENV: gnu
[INFO] [stderr]   CARGO_CFG_TARGET_FAMILY: unix
[INFO] [stderr]   CARGO_CFG_TARGET_FEATURE: fxsr,sse,sse2
[INFO] [stderr]   CARGO_CFG_TARGET_HAS_ATOMIC: 16,32,64,8,ptr
[INFO] [stderr]   CARGO_CFG_TARGET_OS: linux
[INFO] [stderr]   CARGO_CFG_TARGET_POINTER_WIDTH: 64
[INFO] [stderr]   CARGO_CFG_TARGET_VENDOR: unknown
[INFO] [stderr]   CARGO_CFG_UNIX: 
[INFO] [stderr]   CARGO_ENCODED_RUSTFLAGS: --cap-lints=warn
[INFO] [stderr]   CARGO_FEATURE_CORE: 1
[INFO] [stderr]   CARGO_FEATURE_DATAPOOL: 1
[INFO] [stderr]   CARGO_FEATURE_DEFAULT: 1
[INFO] [stderr]   CARGO_FEATURE_HOTKEY: 1
[INFO] [stderr]   CARGO_FEATURE_PROTOCOL_ADMIN: 1
[INFO] [stderr]   CARGO_FEATURE_PROTOCOL_MEMCACHE: 1
[INFO] [stderr]   CARGO_FEATURE_SLAB: 1
[INFO] [stderr]   CARGO_FEATURE_TIME: 1
[INFO] [stderr]   CARGO_FEATURE_UTIL: 1
[INFO] [stderr]   CARGO_HOME: /opt/rustwide/cargo-home
[INFO] [stderr]   CARGO_INCREMENTAL: 0
[INFO] [stderr]   CARGO_MAKEFLAGS: -j --jobserver-fds=7,8 --jobserver-auth=7,8
[INFO] [stderr]   CARGO_MANIFEST_DIR: /opt/rustwide/workdir/src/rust-util/pelikan-sys
[INFO] [stderr]   CARGO_PKG_AUTHORS: Sean Lynch <slynch@twitter.com>
[INFO] [stderr]   CARGO_PKG_DESCRIPTION: 
[INFO] [stderr]   CARGO_PKG_HOMEPAGE: 
[INFO] [stderr]   CARGO_PKG_LICENSE: 
[INFO] [stderr]   CARGO_PKG_LICENSE_FILE: 
[INFO] [stderr]   CARGO_PKG_NAME: pelikan-sys
[INFO] [stderr]   CARGO_PKG_README: 
[INFO] [stderr]   CARGO_PKG_REPOSITORY: 
[INFO] [stderr]   CARGO_PKG_RUST_VERSION: 
[INFO] [stderr]   CARGO_PKG_VERSION: 0.0.0
[INFO] [stderr]   CARGO_PKG_VERSION_MAJOR: 0
[INFO] [stderr]   CARGO_PKG_VERSION_MINOR: 0
[INFO] [stderr]   CARGO_PKG_VERSION_PATCH: 0
[INFO] [stderr]   CARGO_PKG_VERSION_PRE: 
[INFO] [stderr]   CARGO_TARGET_DIR: /opt/rustwide/target
[INFO] [stderr]   DEBUG: true
[INFO] [stderr]   HOME: /root
[INFO] [stderr]   HOST: x86_64-unknown-linux-gnu
[INFO] [stderr]   HOSTNAME: 8049399539d4
[INFO] [stderr]   LD_LIBRARY_PATH: /opt/rustwide/target/debug/deps:/opt/rustwide/target/debug:/opt/rustwide/rustup-home/toolchains/beta-2023-04-20-x86_64-unknown-linux-gnu/lib/rustlib/x86_64-unknown-linux-gnu/lib:/opt/rustwide/rustup-home/toolchains/beta-2023-04-20-x86_64-unknown-linux-gnu/lib:/opt/rustwide/target/debug/build/libloading-d924825b4643fa63/out
[INFO] [stderr]   NUM_JOBS: 16
[INFO] [stderr]   OPT_LEVEL: 0
[INFO] [stderr]   OUT_DIR: /opt/rustwide/target/debug/build/pelikan-sys-c79b9db0583f5099/out
[INFO] [stderr]   PATH: /opt/rustwide/cargo-home/bin:/usr/local/sbin:/usr/local/bin:/usr/sbin:/usr/bin:/sbin:/bin
[INFO] [stderr]   PROFILE: debug
[INFO] [stderr]   RUSTC: rustc
[INFO] [stderr]   RUSTDOC: rustdoc
[INFO] [stderr]   RUSTDOCFLAGS: --cap-lints=warn
[INFO] [stderr]   RUSTUP_HOME: /opt/rustwide/rustup-home
[INFO] [stderr]   RUSTUP_TOOLCHAIN: beta-2023-04-20-x86_64-unknown-linux-gnu
[INFO] [stderr]   RUST_BACKTRACE: full
[INFO] [stderr]   RUST_RECURSION_COUNT: 1
[INFO] [stderr]   SOURCE_DIR: /opt/rustwide/workdir
[INFO] [stderr]   SSL_CERT_DIR: /usr/lib/ssl/certs
[INFO] [stderr]   SSL_CERT_FILE: /usr/lib/ssl/certs/ca-certificates.crt
[INFO] [stderr]   TARGET: x86_64-unknown-linux-gnu
[INFO] [stderr]   CMAKE_BINARY_DIR environment variable was not set!
[INFO] [stderr]   CMAKE_BINARY_DIR environment variable was not set!
[INFO] [stderr]   CMake Error: Could not open file for write in copy operation /opt/rustwide/workdir/deps/ccommon/include/config.h.tmp
[INFO] [stderr]   CMake Error: : System Error: Read-only file system
[INFO] [stderr]   CMake Error at CMakeLists.txt:81 (configure_file):
[INFO] [stderr]     configure_file Problem configuring file
[INFO] [stderr] 
[INFO] [stderr] 
[INFO] [stderr]   fatal: not a git repository (or any parent up to mount point /opt/rustwide)
[INFO] [stderr]   Stopping at filesystem boundary (GIT_DISCOVERY_ACROSS_FILESYSTEM not set).
[INFO] [stderr]   fatal: failed to find TOPLEVEL
[INFO] [stderr]   fatal: not a git repository (or any parent up to mount point /opt/rustwide)
[INFO] [stderr]   Stopping at filesystem boundary (GIT_DISCOVERY_ACROSS_FILESYSTEM not set).
[INFO] [stderr]   fatal: failed to find TOPLEVEL
[INFO] [stderr]   thread 'main' panicked at '
[INFO] [stderr]   command did not execute successfully, got: exit status: 1
[INFO] [stderr] 
[INFO] [stderr]   build script failed, must exit now', /opt/rustwide/cargo-home/registry/src/index.crates.io-6f17d22bba15001f/cmake-0.1.44/src/lib.rs:885:5
[INFO] [stderr]   stack backtrace:
[INFO] [stderr]      0:     0x558b05fa744a - std::backtrace_rs::backtrace::libunwind::trace::h2f05d0192276a8f6
[INFO] [stderr]                                  at /rustc/1b7dd2252b99671ce5d1cb9664c5f8636329436d/library/std/src/../../backtrace/src/backtrace/libunwind.rs:93:5
[INFO] [stderr]      1:     0x558b05fa744a - std::backtrace_rs::backtrace::trace_unsynchronized::hedc23dff7a1af150
[INFO] [stderr]                                  at /rustc/1b7dd2252b99671ce5d1cb9664c5f8636329436d/library/std/src/../../backtrace/src/backtrace/mod.rs:66:5
[INFO] [stderr]      2:     0x558b05fa744a - std::sys_common::backtrace::_print_fmt::h17541ef7592f3ce2
[INFO] [stderr]                                  at /rustc/1b7dd2252b99671ce5d1cb9664c5f8636329436d/library/std/src/sys_common/backtrace.rs:65:5
[INFO] [stderr]      3:     0x558b05fa744a - <std::sys_common::backtrace::_print::DisplayBacktrace as core::fmt::Display>::fmt::h20f75df5ab0c0792
[INFO] [stderr]                                  at /rustc/1b7dd2252b99671ce5d1cb9664c5f8636329436d/library/std/src/sys_common/backtrace.rs:44:22
[INFO] [stderr]      4:     0x558b05fcd99f - core::fmt::write::h78109e6f466b3af6
[INFO] [stderr]                                  at /rustc/1b7dd2252b99671ce5d1cb9664c5f8636329436d/library/core/src/fmt/mod.rs:1254:17
[INFO] [stderr]      5:     0x558b05fa4185 - std::io::Write::write_fmt::hc59e1b02dd273c8a
[INFO] [stderr]                                  at /rustc/1b7dd2252b99671ce5d1cb9664c5f8636329436d/library/std/src/io/mod.rs:1698:15
[INFO] [stderr]      6:     0x558b05fa7215 - std::sys_common::backtrace::_print::h8dac57a9f8fbf9a5
[INFO] [stderr]                                  at /rustc/1b7dd2252b99671ce5d1cb9664c5f8636329436d/library/std/src/sys_common/backtrace.rs:47:5
[INFO] [stderr]      7:     0x558b05fa7215 - std::sys_common::backtrace::print::hf9ecbf41d1aa712f
[INFO] [stderr]                                  at /rustc/1b7dd2252b99671ce5d1cb9664c5f8636329436d/library/std/src/sys_common/backtrace.rs:34:9
[INFO] [stderr]      8:     0x558b05fa8e3e - std::panicking::default_hook::{{closure}}::h04c07acfc84ca028
[INFO] [stderr]                                  at /rustc/1b7dd2252b99671ce5d1cb9664c5f8636329436d/library/std/src/panicking.rs:269:22
[INFO] [stderr]      9:     0x558b05fa8be5 - std::panicking::default_hook::h01f6bb23e1eceb2c
[INFO] [stderr]                                  at /rustc/1b7dd2252b99671ce5d1cb9664c5f8636329436d/library/std/src/panicking.rs:288:9
[INFO] [stderr]     10:     0x558b05fa939e - std::panicking::rust_panic_with_hook::h2bb3722bbaf2f6df
[INFO] [stderr]                                  at /rustc/1b7dd2252b99671ce5d1cb9664c5f8636329436d/library/std/src/panicking.rs:691:13
[INFO] [stderr]     11:     0x558b05fa9299 - std::panicking::begin_panic_handler::{{closure}}::h91bc7f36a4be011b
[INFO] [stderr]                                  at /rustc/1b7dd2252b99671ce5d1cb9664c5f8636329436d/library/std/src/panicking.rs:582:13
[INFO] [stderr]     12:     0x558b05fa78b6 - std::sys_common::backtrace::__rust_end_short_backtrace::h8b3d3717114f9e59
[INFO] [stderr]                                  at /rustc/1b7dd2252b99671ce5d1cb9664c5f8636329436d/library/std/src/sys_common/backtrace.rs:150:18
[INFO] [stderr]     13:     0x558b05fa8ff2 - rust_begin_unwind
[INFO] [stderr]                                  at /rustc/1b7dd2252b99671ce5d1cb9664c5f8636329436d/library/std/src/panicking.rs:578:5
[INFO] [stderr]     14:     0x558b05b4e993 - core::panicking::panic_fmt::hfd368e3fbdabea26
[INFO] [stderr]                                  at /rustc/1b7dd2252b99671ce5d1cb9664c5f8636329436d/library/core/src/panicking.rs:67:14
[INFO] [stderr]     15:     0x558b05b65c3f - cmake::fail::h61bc303df2cd8283
[INFO] [stderr]     16:     0x558b05b656a3 - cmake::run::h52199725e2eab1b2
[INFO] [stderr]     17:     0x558b05b61df2 - cmake::Config::build::h2e979a3ebd0bdc95
[INFO] [stderr]     18:     0x558b05b5bfc1 - cmake::build::h8f939e952ff13668
[INFO] [stderr]     19:     0x558b05b57643 - build_script_build::main::h03a090c9145fc37e
[INFO] [stderr]     20:     0x558b05b5ceb3 - core::ops::function::FnOnce::call_once::h809b6ca310f5f27a
[INFO] [stderr]     21:     0x558b05b5cb16 - std::sys_common::backtrace::__rust_begin_short_backtrace::h2ae8f973d7a5fcef
[INFO] [stderr]     22:     0x558b05b58629 - std::rt::lang_start::{{closure}}::hf5db058ae5146b6a
[INFO] [stderr]     23:     0x558b05f9fe1e - core::ops::function::impls::<impl core::ops::function::FnOnce<A> for &F>::call_once::h2eb19b8ce4148df4
[INFO] [stderr]                                  at /rustc/1b7dd2252b99671ce5d1cb9664c5f8636329436d/library/core/src/ops/function.rs:287:13
[INFO] [stderr]     24:     0x558b05f9fe1e - std::panicking::try::do_call::h2e900feff5d504c5
[INFO] [stderr]                                  at /rustc/1b7dd2252b99671ce5d1cb9664c5f8636329436d/library/std/src/panicking.rs:485:40
[INFO] [stderr]     25:     0x558b05f9fe1e - std::panicking::try::h8854836cb85aa9f2
[INFO] [stderr]                                  at /rustc/1b7dd2252b99671ce5d1cb9664c5f8636329436d/library/std/src/panicking.rs:449:19
[INFO] [stderr]     26:     0x558b05f9fe1e - std::panic::catch_unwind::h706025dd4c48f64b
[INFO] [stderr]                                  at /rustc/1b7dd2252b99671ce5d1cb9664c5f8636329436d/library/std/src/panic.rs:140:14
[INFO] [stderr]     27:     0x558b05f9fe1e - std::rt::lang_start_internal::{{closure}}::h7be5b97f4a07a91a
[INFO] [stderr]                                  at /rustc/1b7dd2252b99671ce5d1cb9664c5f8636329436d/library/std/src/rt.rs:148:48
[INFO] [stderr]     28:     0x558b05f9fe1e - std::panicking::try::do_call::h59847e9d0a176965
[INFO] [stderr]                                  at /rustc/1b7dd2252b99671ce5d1cb9664c5f8636329436d/library/std/src/panicking.rs:485:40
[INFO] [stderr]     29:     0x558b05f9fe1e - std::panicking::try::h399a918ba8522823
[INFO] [stderr]                                  at /rustc/1b7dd2252b99671ce5d1cb9664c5f8636329436d/library/std/src/panicking.rs:449:19
[INFO] [stderr]     30:     0x558b05f9fe1e - std::panic::catch_unwind::hca7ca6c55b2a2e26
[INFO] [stderr]                                  at /rustc/1b7dd2252b99671ce5d1cb9664c5f8636329436d/library/std/src/panic.rs:140:14
[INFO] [stderr]     31:     0x558b05f9fe1e - std::rt::lang_start_internal::h2c807a81560459eb
[INFO] [stderr]                                  at /rustc/1b7dd2252b99671ce5d1cb9664c5f8636329436d/library/std/src/rt.rs:148:20
[INFO] [stderr]     32:     0x558b05b58607 - std::rt::lang_start::h69d2511dea7dc746
[INFO] [stderr]     33:     0x558b05b58555 - main
[INFO] [stderr]     34:     0x7f0ab90e4d90 - <unknown>
[INFO] [stderr]     35:     0x7f0ab90e4e40 - __libc_start_main
[INFO] [stderr]     36:     0x558b05b4f115 - _start
[INFO] [stderr]     37:                0x0 - <unknown>
[INFO] [stderr] error: failed to run custom build command for `cdb_rs v0.1.0 (/opt/rustwide/workdir/src/storage/cdb/cdb_rs)`
[INFO] [stderr] note: To improve backtraces for build dependencies, set the CARGO_PROFILE_DEV_BUILD_OVERRIDE_DEBUG=true environment variable to enable debug information generation.
[INFO] [stderr] 
[INFO] [stderr] Caused by:
[INFO] [stderr]   process didn't exit successfully: `/opt/rustwide/target/debug/build/cdb_rs-8f40a3bd3d124df7/build-script-build` (exit status: 101)
[INFO] [stderr]   --- stdout
[INFO] [stderr]   running: cd "/opt/rustwide/target/debug/build/cdb_rs-9ca3a29883a65e2b/out/build" && CMAKE_PREFIX_PATH="" "cmake" "/opt/rustwide/workdir/src/storage/cdb/cdb_rs/../../../../deps/ccommon" "-DCMAKE_INSTALL_PREFIX=/opt/rustwide/target/debug/build/cdb_rs-9ca3a29883a65e2b/out" "-DCMAKE_C_FLAGS= -ffunction-sections -fdata-sections -fPIC -m64" "-DCMAKE_C_COMPILER=/usr/bin/cc" "-DCMAKE_CXX_FLAGS= -ffunction-sections -fdata-sections -fPIC -m64" "-DCMAKE_CXX_COMPILER=/usr/bin/c++" "-DCMAKE_ASM_FLAGS= -ffunction-sections -fdata-sections -fPIC -m64" "-DCMAKE_ASM_COMPILER=/usr/bin/cc" "-DCMAKE_BUILD_TYPE=Debug"
[INFO] [stderr]   -- The C compiler identification is GNU 11.3.0
[INFO] [stderr]   -- Detecting C compiler ABI info
[INFO] [stderr]   -- Detecting C compiler ABI info - done
[INFO] [stderr]   -- Check for working C compiler: /usr/bin/cc - skipped
[INFO] [stderr]   -- Detecting C compile features
[INFO] [stderr]   -- Detecting C compile features - done
[INFO] [stderr]   -- Looking for include file linux/time64.h
[INFO] [stderr]   -- Looking for include file linux/time64.h - not found
[INFO] [stderr]   -- Looking for sys_signame
[INFO] [stderr]   -- Looking for sys_signame - not found
[INFO] [stderr]   -- Looking for backtrace
[INFO] [stderr]   -- Looking for backtrace - found
[INFO] [stderr]   -- Looking for accept4
[INFO] [stderr]   -- Looking for accept4 - found
[INFO] [stderr]   -- Could NOT find CHECK (missing: CHECK_LIBRARIES CHECK_INCLUDES) 
[INFO] [stderr]   -- build libcheck failed, return code: 1
[INFO] [stderr]   -- build fluxcapacitor failed, return code: 1
[INFO] [stderr]   -- Looking for pthread.h
[INFO] [stderr]   -- Looking for pthread.h - found
[INFO] [stderr]   -- Performing Test CMAKE_HAVE_LIBC_PTHREAD
[INFO] [stderr]   -- Performing Test CMAKE_HAVE_LIBC_PTHREAD - Success
[INFO] [stderr]   -- Found Threads: TRUE  
[INFO] [stderr]   -- <<++=====------------------\/------------------=====++>>
[INFO] [stderr]   -- <<++                 ccommon summary                 ++>>
[INFO] [stderr]   -- <<++=====------------------/\------------------=====++>>
[INFO] [stderr]   -- =============CMake related=============
[INFO] [stderr]   -- CMAKE_BUILD_TYPE: Debug
[INFO] [stderr]   -- PLATFORM: OS_LINUX
[INFO] [stderr]   -- CPPFLAGS: 
[INFO] [stderr]   -- CFLAGS:  -ffunction-sections -fdata-sections -fPIC -m64 -O0  -std=c11 -ggdb3 -Wall -Wmissing-prototypes -Wmissing-declarations -Wredundant-decls -Wunused-function -Wunused-value -Wunused-variable -fstrict-aliasing  -Wl,--no-as-needed -ldl -pthread -fPIC
[INFO] [stderr]   -- =======================================
[INFO] [stderr]   -- =======Status of system features=======
[INFO] [stderr]   -- HAVE_SIGNAME: 
[INFO] [stderr]   -- HAVE_BACKTRACE: 1
[INFO] [stderr]   -- HAVE_ACCEPT4: 1
[INFO] [stderr]   -- HAVE_TIME64: 
[INFO] [stderr]   -- =======================================
[INFO] [stderr]   -- ======Status of optional features======
[INFO] [stderr]   -- HAVE_RUST: OFF
[INFO] [stderr]   -- HAVE_ASSERT_LOG: ON
[INFO] [stderr]   -- HAVE_ASSERT_PANIC: OFF
[INFO] [stderr]   -- HAVE_LOGGING: ON
[INFO] [stderr]   -- HAVE_STATS: ON
[INFO] [stderr]   -- HAVE_ITT_INSTRUMENTATION: OFF
[INFO] [stderr]   -- HAVE_DEBUG_MM: OFF
[INFO] [stderr]   -- HAVE_TEST: ON
[INFO] [stderr]   -- HAVE_COVERAGE: OFF
[INFO] [stderr]   -- =======================================
[INFO] [stderr]   -- Configuring incomplete, errors occurred!
[INFO] [stderr]   See also "/opt/rustwide/target/debug/build/cdb_rs-9ca3a29883a65e2b/out/build/CMakeFiles/CMakeOutput.log".
[INFO] [stderr]   See also "/opt/rustwide/target/debug/build/cdb_rs-9ca3a29883a65e2b/out/build/CMakeFiles/CMakeError.log".
[INFO] [stderr] 
[INFO] [stderr]   --- stderr
[INFO] [stderr]   CWD: /opt/rustwide/workdir/src/storage/cdb/cdb_rs
[INFO] [stderr]   ccommon_include: /opt/rustwide/workdir/deps/ccommon/include
[INFO] [stderr]   include_path: /opt/rustwide/workdir/src/storage/cdb
[INFO] [stderr]   CMAKE_BINARY_DIR environment variable was not set!
[INFO] [stderr]   CMake Error: Could not open file for write in copy operation /opt/rustwide/workdir/deps/ccommon/include/config.h.tmp
[INFO] [stderr]   CMake Error: : System Error: Read-only file system
[INFO] [stderr]   CMake Error at CMakeLists.txt:81 (configure_file):
[INFO] [stderr]     configure_file Problem configuring file
[INFO] [stderr] 
[INFO] [stderr] 
[INFO] [stderr]   fatal: not a git repository (or any parent up to mount point /opt/rustwide)
[INFO] [stderr]   Stopping at filesystem boundary (GIT_DISCOVERY_ACROSS_FILESYSTEM not set).
[INFO] [stderr]   fatal: failed to find TOPLEVEL
[INFO] [stderr]   fatal: not a git repository (or any parent up to mount point /opt/rustwide)
[INFO] [stderr]   Stopping at filesystem boundary (GIT_DISCOVERY_ACROSS_FILESYSTEM not set).
[INFO] [stderr]   fatal: failed to find TOPLEVEL
[INFO] [stderr]   thread 'main' panicked at '
[INFO] [stderr]   command did not execute successfully, got: exit status: 1
[INFO] [stderr] 
[INFO] [stderr]   build script failed, must exit now', /opt/rustwide/cargo-home/registry/src/index.crates.io-6f17d22bba15001f/cmake-0.1.44/src/lib.rs:885:5
[INFO] [stderr]   stack backtrace:
[INFO] [stderr]      0:     0x563d2cfbbc4a - std::backtrace_rs::backtrace::libunwind::trace::h2f05d0192276a8f6
[INFO] [stderr]                                  at /rustc/1b7dd2252b99671ce5d1cb9664c5f8636329436d/library/std/src/../../backtrace/src/backtrace/libunwind.rs:93:5
[INFO] [stderr]      1:     0x563d2cfbbc4a - std::backtrace_rs::backtrace::trace_unsynchronized::hedc23dff7a1af150
[INFO] [stderr]                                  at /rustc/1b7dd2252b99671ce5d1cb9664c5f8636329436d/library/std/src/../../backtrace/src/backtrace/mod.rs:66:5
[INFO] [stderr]      2:     0x563d2cfbbc4a - std::sys_common::backtrace::_print_fmt::h17541ef7592f3ce2
[INFO] [stderr]                                  at /rustc/1b7dd2252b99671ce5d1cb9664c5f8636329436d/library/std/src/sys_common/backtrace.rs:65:5
[INFO] [stderr]      3:     0x563d2cfbbc4a - <std::sys_common::backtrace::_print::DisplayBacktrace as core::fmt::Display>::fmt::h20f75df5ab0c0792
[INFO] [stderr]                                  at /rustc/1b7dd2252b99671ce5d1cb9664c5f8636329436d/library/std/src/sys_common/backtrace.rs:44:22
[INFO] [stderr]      4:     0x563d2cfe219f - core::fmt::write::h78109e6f466b3af6
[INFO] [stderr]                                  at /rustc/1b7dd2252b99671ce5d1cb9664c5f8636329436d/library/core/src/fmt/mod.rs:1254:17
[INFO] [stderr]      5:     0x563d2cfb8985 - std::io::Write::write_fmt::hc59e1b02dd273c8a
[INFO] [stderr]                                  at /rustc/1b7dd2252b99671ce5d1cb9664c5f8636329436d/library/std/src/io/mod.rs:1698:15
[INFO] [stderr]      6:     0x563d2cfbba15 - std::sys_common::backtrace::_print::h8dac57a9f8fbf9a5
[INFO] [stderr]                                  at /rustc/1b7dd2252b99671ce5d1cb9664c5f8636329436d/library/std/src/sys_common/backtrace.rs:47:5
[INFO] [stderr]      7:     0x563d2cfbba15 - std::sys_common::backtrace::print::hf9ecbf41d1aa712f
[INFO] [stderr]                                  at /rustc/1b7dd2252b99671ce5d1cb9664c5f8636329436d/library/std/src/sys_common/backtrace.rs:34:9
[INFO] [stderr]      8:     0x563d2cfbd63e - std::panicking::default_hook::{{closure}}::h04c07acfc84ca028
[INFO] [stderr]                                  at /rustc/1b7dd2252b99671ce5d1cb9664c5f8636329436d/library/std/src/panicking.rs:269:22
[INFO] [stderr]      9:     0x563d2cfbd3e5 - std::panicking::default_hook::h01f6bb23e1eceb2c
[INFO] [stderr]                                  at /rustc/1b7dd2252b99671ce5d1cb9664c5f8636329436d/library/std/src/panicking.rs:288:9
[INFO] [stderr]     10:     0x563d2cfbdb9e - std::panicking::rust_panic_with_hook::h2bb3722bbaf2f6df
[INFO] [stderr]                                  at /rustc/1b7dd2252b99671ce5d1cb9664c5f8636329436d/library/std/src/panicking.rs:691:13
[INFO] [stderr]     11:     0x563d2cfbda99 - std::panicking::begin_panic_handler::{{closure}}::h91bc7f36a4be011b
[INFO] [stderr]                                  at /rustc/1b7dd2252b99671ce5d1cb9664c5f8636329436d/library/std/src/panicking.rs:582:13
[INFO] [stderr]     12:     0x563d2cfbc0b6 - std::sys_common::backtrace::__rust_end_short_backtrace::h8b3d3717114f9e59
[INFO] [stderr]                                  at /rustc/1b7dd2252b99671ce5d1cb9664c5f8636329436d/library/std/src/sys_common/backtrace.rs:150:18
[INFO] [stderr]     13:     0x563d2cfbd7f2 - rust_begin_unwind
[INFO] [stderr]                                  at /rustc/1b7dd2252b99671ce5d1cb9664c5f8636329436d/library/std/src/panicking.rs:578:5
[INFO] [stderr]     14:     0x563d2cb6f993 - core::panicking::panic_fmt::hfd368e3fbdabea26
[INFO] [stderr]                                  at /rustc/1b7dd2252b99671ce5d1cb9664c5f8636329436d/library/core/src/panicking.rs:67:14
[INFO] [stderr]     15:     0x563d2cf57caf - cmake::fail::h61bc303df2cd8283
[INFO] [stderr]     16:     0x563d2cf57713 - cmake::run::h52199725e2eab1b2
[INFO] [stderr]     17:     0x563d2cf53e62 - cmake::Config::build::h2e979a3ebd0bdc95
[INFO] [stderr]     18:     0x563d2cb72881 - build_script_build::main::h095ff8b6365c5f30
[INFO] [stderr]     19:     0x563d2cb714a3 - core::ops::function::FnOnce::call_once::haf0c5799ff30fbd3
[INFO] [stderr]     20:     0x563d2cb70ce6 - std::sys_common::backtrace::__rust_begin_short_backtrace::h28307ea353533de4
[INFO] [stderr]     21:     0x563d2cb70b49 - std::rt::lang_start::{{closure}}::ha85a76f2d6885e44
[INFO] [stderr]     22:     0x563d2cfb488e - core::ops::function::impls::<impl core::ops::function::FnOnce<A> for &F>::call_once::h2eb19b8ce4148df4
[INFO] [stderr]                                  at /rustc/1b7dd2252b99671ce5d1cb9664c5f8636329436d/library/core/src/ops/function.rs:287:13
[INFO] [stderr]     23:     0x563d2cfb488e - std::panicking::try::do_call::h2e900feff5d504c5
[INFO] [stderr]                                  at /rustc/1b7dd2252b99671ce5d1cb9664c5f8636329436d/library/std/src/panicking.rs:485:40
[INFO] [stderr]     24:     0x563d2cfb488e - std::panicking::try::h8854836cb85aa9f2
[INFO] [stderr]                                  at /rustc/1b7dd2252b99671ce5d1cb9664c5f8636329436d/library/std/src/panicking.rs:449:19
[INFO] [stderr]     25:     0x563d2cfb488e - std::panic::catch_unwind::h706025dd4c48f64b
[INFO] [stderr]                                  at /rustc/1b7dd2252b99671ce5d1cb9664c5f8636329436d/library/std/src/panic.rs:140:14
[INFO] [stderr]     26:     0x563d2cfb488e - std::rt::lang_start_internal::{{closure}}::h7be5b97f4a07a91a
[INFO] [stderr]                                  at /rustc/1b7dd2252b99671ce5d1cb9664c5f8636329436d/library/std/src/rt.rs:148:48
[INFO] [stderr]     27:     0x563d2cfb488e - std::panicking::try::do_call::h59847e9d0a176965
[INFO] [stderr]                                  at /rustc/1b7dd2252b99671ce5d1cb9664c5f8636329436d/library/std/src/panicking.rs:485:40
[INFO] [stderr]     28:     0x563d2cfb488e - std::panicking::try::h399a918ba8522823
[INFO] [stderr]                                  at /rustc/1b7dd2252b99671ce5d1cb9664c5f8636329436d/library/std/src/panicking.rs:449:19
[INFO] [stderr]     29:     0x563d2cfb488e - std::panic::catch_unwind::hca7ca6c55b2a2e26
[INFO] [stderr]                                  at /rustc/1b7dd2252b99671ce5d1cb9664c5f8636329436d/library/std/src/panic.rs:140:14
[INFO] [stderr]     30:     0x563d2cfb488e - std::rt::lang_start_internal::h2c807a81560459eb
[INFO] [stderr]                                  at /rustc/1b7dd2252b99671ce5d1cb9664c5f8636329436d/library/std/src/rt.rs:148:20
[INFO] [stderr]     31:     0x563d2cb70b27 - std::rt::lang_start::he23ee9c058375c6b
[INFO] [stderr]     32:     0x563d2cb730f5 - main
[INFO] [stderr]     33:     0x7f3871382d90 - <unknown>
[INFO] [stderr]     34:     0x7f3871382e40 - __libc_start_main
[INFO] [stderr]     35:     0x563d2cb70115 - _start
[INFO] [stderr]     36:                0x0 - <unknown>
[INFO] [stderr] error: failed to run custom build command for `pelikan_twemcache_http v0.1.0 (/opt/rustwide/workdir/src/server/twemcache-http)`
[INFO] [stderr] note: To improve backtraces for build dependencies, set the CARGO_PROFILE_DEV_BUILD_OVERRIDE_DEBUG=true environment variable to enable debug information generation.
[INFO] [stderr] 
[INFO] [stderr] Caused by:
[INFO] [stderr]   process didn't exit successfully: `/opt/rustwide/target/debug/build/pelikan_twemcache_http-9de04000a8c717b1/build-script-build` (exit status: 101)
[INFO] [stderr]   --- stdout
[INFO] [stderr]   running: cd "/opt/rustwide/target/debug/build/pelikan_twemcache_http-66b49dec530eaf3e/out/build" && CMAKE_PREFIX_PATH="" "cmake" "/opt/rustwide/workdir/src/server/twemcache-http/../../.." "-DCMAKE_INSTALL_PREFIX=/opt/rustwide/target/debug/build/pelikan_twemcache_http-66b49dec530eaf3e/out" "-DCMAKE_C_FLAGS= -ffunction-sections -fdata-sections -fPIC -m64" "-DCMAKE_C_COMPILER=/usr/bin/cc" "-DCMAKE_CXX_FLAGS= -ffunction-sections -fdata-sections -fPIC -m64" "-DCMAKE_CXX_COMPILER=/usr/bin/c++" "-DCMAKE_ASM_FLAGS= -ffunction-sections -fdata-sections -fPIC -m64" "-DCMAKE_ASM_COMPILER=/usr/bin/cc" "-DCMAKE_BUILD_TYPE=Debug"
[INFO] [stderr]   -- The C compiler identification is GNU 11.3.0
[INFO] [stderr]   -- Detecting C compiler ABI info
[INFO] [stderr]   -- Detecting C compiler ABI info - done
[INFO] [stderr]   -- Check for working C compiler: /usr/bin/cc - skipped
[INFO] [stderr]   -- Detecting C compile features
[INFO] [stderr]   -- Detecting C compile features - done
[INFO] [stderr]   -- Looking for EFD_NONBLOCK
[INFO] [stderr]   -- Looking for EFD_NONBLOCK - found
[INFO] [stderr]   -- Looking for backtrace
[INFO] [stderr]   -- Looking for backtrace - found
[INFO] [stderr]   -- Looking for include file linux/time64.h
[INFO] [stderr]   -- Looking for include file linux/time64.h - not found
[INFO] [stderr]   -- Looking for sys_signame
[INFO] [stderr]   -- Looking for sys_signame - not found
[INFO] [stderr]   -- Looking for accept4
[INFO] [stderr]   -- Looking for accept4 - found
[INFO] [stderr]   -- Could NOT find CHECK (missing: CHECK_LIBRARIES CHECK_INCLUDES) 
[INFO] [stderr]   -- build libcheck failed, return code: 1
[INFO] [stderr]   -- build fluxcapacitor failed, return code: 1
[INFO] [stderr]   -- Looking for pthread.h
[INFO] [stderr]   -- Looking for pthread.h - found
[INFO] [stderr]   -- Performing Test CMAKE_HAVE_LIBC_PTHREAD
[INFO] [stderr]   -- Performing Test CMAKE_HAVE_LIBC_PTHREAD - Success
[INFO] [stderr]   -- Found Threads: TRUE  
[INFO] [stderr]   -- <<++=====------------------\/------------------=====++>>
[INFO] [stderr]   -- <<++                 ccommon summary                 ++>>
[INFO] [stderr]   -- <<++=====------------------/\------------------=====++>>
[INFO] [stderr]   -- =============CMake related=============
[INFO] [stderr]   -- CMAKE_BUILD_TYPE: Debug
[INFO] [stderr]   -- PLATFORM: OS_LINUX
[INFO] [stderr]   -- CPPFLAGS:  -std=c++11 -Wall -fprofile-arcs -ftest-coverage
[INFO] [stderr]   -- CFLAGS:  -ffunction-sections -fdata-sections -fPIC -m64 -O0  -std=c11 -ggdb3 -Wall -Wshadow -Winline -Wstrict-prototypes -Wmissing-prototypes -Wmissing-declarations -Wredundant-decls -Wunused-function -Wunused-value -Wunused-variable -fno-strict-aliasing -Wall -fprofile-arcs -ftest-coverage -lrt -O0  -std=c11 -ggdb3 -Wall -Wmissing-prototypes -Wmissing-declarations -Wredundant-decls -Wunused-function -Wunused-value -Wunused-variable -fstrict-aliasing  -Wl,--no-as-needed -ldl -pthread -fPIC
[INFO] [stderr]   -- =======================================
[INFO] [stderr]   -- =======Status of system features=======
[INFO] [stderr]   -- HAVE_SIGNAME: 
[INFO] [stderr]   -- HAVE_BACKTRACE: 1
[INFO] [stderr]   -- HAVE_ACCEPT4: 1
[INFO] [stderr]   -- HAVE_TIME64: 
[INFO] [stderr]   -- =======================================
[INFO] [stderr]   -- ======Status of optional features======
[INFO] [stderr]   -- HAVE_RUST: OFF
[INFO] [stderr]   -- HAVE_ASSERT_LOG: ON
[INFO] [stderr]   -- HAVE_ASSERT_PANIC: OFF
[INFO] [stderr]   -- HAVE_LOGGING: ON
[INFO] [stderr]   -- HAVE_STATS: ON
[INFO] [stderr]   -- HAVE_ITT_INSTRUMENTATION: OFF
[INFO] [stderr]   -- HAVE_DEBUG_MM: OFF
[INFO] [stderr]   -- HAVE_TEST: ON
[INFO] [stderr]   -- HAVE_COVERAGE: OFF
[INFO] [stderr]   -- =======================================
[INFO] [stderr]   -- Could NOT find CHECK (missing: CHECK_LIBRARIES CHECK_INCLUDES) 
[INFO] [stderr]   -- build libcheck failed, return code: 1
[INFO] [stderr]   -- build fluxcapacitor failed, return code: 1
[INFO] [stderr]   -- Found PythonInterp: /usr/bin/python3.10 (found version "3.10.6") 
[INFO] [stderr]   -- <<++=====------------------\/------------------=====++>>
[INFO] [stderr]   -- <<++                 pelikan summary                 ++>>
[INFO] [stderr]   -- <<++=====------------------/\------------------=====++>>
[INFO] [stderr]   -- =============CMake related=============
[INFO] [stderr]   -- CMAKE_BUILD_TYPE: Debug
[INFO] [stderr]   -- PLATFORM: OS_LINUX
[INFO] [stderr]   -- CPPFLAGS:  -std=c++11 -Wall -fprofile-arcs -ftest-coverage
[INFO] [stderr]   -- CFLAGS:  -ffunction-sections -fdata-sections -fPIC -m64 -O0  -std=c11 -ggdb3 -Wall -Wshadow -Winline -Wstrict-prototypes -Wmissing-prototypes -Wmissing-declarations -Wredundant-decls -Wunused-function -Wunused-value -Wunused-variable -fno-strict-aliasing -Wall -fprofile-arcs -ftest-coverage -lrt
[INFO] [stderr]   -- =======================================
[INFO] [stderr]   -- =======Status of system features=======
[INFO] [stderr]   -- HAVE_BACKTRACE: 1
[INFO] [stderr]   -- USE_EVENT_FD: 1
[INFO] [stderr]   -- =======================================
[INFO] [stderr]   -- ======Status of optional features======
[INFO] [stderr]   -- HAVE_RUST: OFF
[INFO] [stderr]   -- HAVE_ASSERT_LOG: ON
[INFO] [stderr]   -- HAVE_ASSERT_PANIC: OFF
[INFO] [stderr]   -- HAVE_LOGGING: ON
[INFO] [stderr]   -- HAVE_STATS: ON
[INFO] [stderr]   -- HAVE_ITT_INSTRUMENTATION: OFF
[INFO] [stderr]   -- HAVE_DEBUG_MM: OFF
[INFO] [stderr]   -- HAVE_TEST: ON
[INFO] [stderr]   -- HAVE_COVERAGE: OFF
[INFO] [stderr]   -- USE_PMEM: OFF
[INFO] [stderr]   -- =======================================
[INFO] [stderr]   -- Configuring incomplete, errors occurred!
[INFO] [stderr]   See also "/opt/rustwide/target/debug/build/pelikan_twemcache_http-66b49dec530eaf3e/out/build/CMakeFiles/CMakeOutput.log".
[INFO] [stderr]   See also "/opt/rustwide/target/debug/build/pelikan_twemcache_http-66b49dec530eaf3e/out/build/CMakeFiles/CMakeError.log".
[INFO] [stderr] 
[INFO] [stderr]   --- stderr
[INFO] [stderr]   CMAKE_BINARY_DIR environment variable was not set!
[INFO] [stderr]   CMake Error: Could not open file for write in copy operation /opt/rustwide/workdir/deps/ccommon/include/config.h.tmp
[INFO] [stderr]   CMake Error: : System Error: Read-only file system
[INFO] [stderr]   CMake Error at deps/ccommon/CMakeLists.txt:81 (configure_file):
[INFO] [stderr]     configure_file Problem configuring file
[INFO] [stderr] 
[INFO] [stderr] 
[INFO] [stderr]   fatal: not a git repository (or any parent up to mount point /opt/rustwide)
[INFO] [stderr]   Stopping at filesystem boundary (GIT_DISCOVERY_ACROSS_FILESYSTEM not set).
[INFO] [stderr]   fatal: failed to find TOPLEVEL
[INFO] [stderr]   fatal: not a git repository (or any parent up to mount point /opt/rustwide)
[INFO] [stderr]   Stopping at filesystem boundary (GIT_DISCOVERY_ACROSS_FILESYSTEM not set).
[INFO] [stderr]   fatal: failed to find TOPLEVEL
[INFO] [stderr]   fatal: not a git repository (or any parent up to mount point /opt/rustwide)
[INFO] [stderr]   Stopping at filesystem boundary (GIT_DISCOVERY_ACROSS_FILESYSTEM not set).
[INFO] [stderr]   fatal: failed to find TOPLEVEL
[INFO] [stderr]   fatal: not a git repository (or any parent up to mount point /opt/rustwide)
[INFO] [stderr]   Stopping at filesystem boundary (GIT_DISCOVERY_ACROSS_FILESYSTEM not set).
[INFO] [stderr]   fatal: failed to find TOPLEVEL
[INFO] [stderr]   thread 'main' panicked at '
[INFO] [stderr]   command did not execute successfully, got: exit status: 1
[INFO] [stderr] 
[INFO] [stderr]   build script failed, must exit now', /opt/rustwide/cargo-home/registry/src/index.crates.io-6f17d22bba15001f/cmake-0.1.44/src/lib.rs:885:5
[INFO] [stderr]   stack backtrace:
[INFO] [stderr]      0:     0x5598714a3cca - std::backtrace_rs::backtrace::libunwind::trace::h2f05d0192276a8f6
[INFO] [stderr]                                  at /rustc/1b7dd2252b99671ce5d1cb9664c5f8636329436d/library/std/src/../../backtrace/src/backtrace/libunwind.rs:93:5
[INFO] [stderr]      1:     0x5598714a3cca - std::backtrace_rs::backtrace::trace_unsynchronized::hedc23dff7a1af150
[INFO] [stderr]                                  at /rustc/1b7dd2252b99671ce5d1cb9664c5f8636329436d/library/std/src/../../backtrace/src/backtrace/mod.rs:66:5
[INFO] [stderr]      2:     0x5598714a3cca - std::sys_common::backtrace::_print_fmt::h17541ef7592f3ce2
[INFO] [stderr]                                  at /rustc/1b7dd2252b99671ce5d1cb9664c5f8636329436d/library/std/src/sys_common/backtrace.rs:65:5
[INFO] [stderr]      3:     0x5598714a3cca - <std::sys_common::backtrace::_print::DisplayBacktrace as core::fmt::Display>::fmt::h20f75df5ab0c0792
[INFO] [stderr]                                  at /rustc/1b7dd2252b99671ce5d1cb9664c5f8636329436d/library/std/src/sys_common/backtrace.rs:44:22
[INFO] [stderr]      4:     0x5598714cb22f - core::fmt::write::h78109e6f466b3af6
[INFO] [stderr]                                  at /rustc/1b7dd2252b99671ce5d1cb9664c5f8636329436d/library/core/src/fmt/mod.rs:1254:17
[INFO] [stderr]      5:     0x5598714a03a5 - std::io::Write::write_fmt::hc59e1b02dd273c8a
[INFO] [stderr]                                  at /rustc/1b7dd2252b99671ce5d1cb9664c5f8636329436d/library/std/src/io/mod.rs:1698:15
[INFO] [stderr]      6:     0x5598714a3a95 - std::sys_common::backtrace::_print::h8dac57a9f8fbf9a5
[INFO] [stderr]                                  at /rustc/1b7dd2252b99671ce5d1cb9664c5f8636329436d/library/std/src/sys_common/backtrace.rs:47:5
[INFO] [stderr]      7:     0x5598714a3a95 - std::sys_common::backtrace::print::hf9ecbf41d1aa712f
[INFO] [stderr]                                  at /rustc/1b7dd2252b99671ce5d1cb9664c5f8636329436d/library/std/src/sys_common/backtrace.rs:34:9
[INFO] [stderr]      8:     0x5598714a5d2e - std::panicking::default_hook::{{closure}}::h04c07acfc84ca028
[INFO] [stderr]                                  at /rustc/1b7dd2252b99671ce5d1cb9664c5f8636329436d/library/std/src/panicking.rs:269:22
[INFO] [stderr]      9:     0x5598714a5ad5 - std::panicking::default_hook::h01f6bb23e1eceb2c
[INFO] [stderr]                                  at /rustc/1b7dd2252b99671ce5d1cb9664c5f8636329436d/library/std/src/panicking.rs:288:9
[INFO] [stderr]     10:     0x5598714a628e - std::panicking::rust_panic_with_hook::h2bb3722bbaf2f6df
[INFO] [stderr]                                  at /rustc/1b7dd2252b99671ce5d1cb9664c5f8636329436d/library/std/src/panicking.rs:691:13
[INFO] [stderr]     11:     0x5598714a6189 - std::panicking::begin_panic_handler::{{closure}}::h91bc7f36a4be011b
[INFO] [stderr]                                  at /rustc/1b7dd2252b99671ce5d1cb9664c5f8636329436d/library/std/src/panicking.rs:582:13
[INFO] [stderr]     12:     0x5598714a4136 - std::sys_common::backtrace::__rust_end_short_backtrace::h8b3d3717114f9e59
[INFO] [stderr]                                  at /rustc/1b7dd2252b99671ce5d1cb9664c5f8636329436d/library/std/src/sys_common/backtrace.rs:150:18
[INFO] [stderr]     13:     0x5598714a5ee2 - rust_begin_unwind
[INFO] [stderr]                                  at /rustc/1b7dd2252b99671ce5d1cb9664c5f8636329436d/library/std/src/panicking.rs:578:5
[INFO] [stderr]     14:     0x55987104ab83 - core::panicking::panic_fmt::hfd368e3fbdabea26
[INFO] [stderr]                                  at /rustc/1b7dd2252b99671ce5d1cb9664c5f8636329436d/library/core/src/panicking.rs:67:14
[INFO] [stderr]     15:     0x559871432f5f - cmake::fail::h61bc303df2cd8283
[INFO] [stderr]     16:     0x5598714329c3 - cmake::run::h52199725e2eab1b2
[INFO] [stderr]     17:     0x55987142f112 - cmake::Config::build::h2e979a3ebd0bdc95
[INFO] [stderr]     18:     0x55987104d65e - build_script_build::main::h798d9bf9815254ff
[INFO] [stderr]     19:     0x55987104cd03 - core::ops::function::FnOnce::call_once::h9161d41a16efd7ea
[INFO] [stderr]     20:     0x55987104cc86 - std::sys_common::backtrace::__rust_begin_short_backtrace::h830908d0230e3935
[INFO] [stderr]     21:     0x55987104c079 - std::rt::lang_start::{{closure}}::h4a7b210d76371d75
[INFO] [stderr]     22:     0x55987149c29e - core::ops::function::impls::<impl core::ops::function::FnOnce<A> for &F>::call_once::h2eb19b8ce4148df4
[INFO] [stderr]                                  at /rustc/1b7dd2252b99671ce5d1cb9664c5f8636329436d/library/core/src/ops/function.rs:287:13
[INFO] [stderr]     23:     0x55987149c29e - std::panicking::try::do_call::h2e900feff5d504c5
[INFO] [stderr]                                  at /rustc/1b7dd2252b99671ce5d1cb9664c5f8636329436d/library/std/src/panicking.rs:485:40
[INFO] [stderr]     24:     0x55987149c29e - std::panicking::try::h8854836cb85aa9f2
[INFO] [stderr]                                  at /rustc/1b7dd2252b99671ce5d1cb9664c5f8636329436d/library/std/src/panicking.rs:449:19
[INFO] [stderr]     25:     0x55987149c29e - std::panic::catch_unwind::h706025dd4c48f64b
[INFO] [stderr]                                  at /rustc/1b7dd2252b99671ce5d1cb9664c5f8636329436d/library/std/src/panic.rs:140:14
[INFO] [stderr]     26:     0x55987149c29e - std::rt::lang_start_internal::{{closure}}::h7be5b97f4a07a91a
[INFO] [stderr]                                  at /rustc/1b7dd2252b99671ce5d1cb9664c5f8636329436d/library/std/src/rt.rs:148:48
[INFO] [stderr]     27:     0x55987149c29e - std::panicking::try::do_call::h59847e9d0a176965
[INFO] [stderr]                                  at /rustc/1b7dd2252b99671ce5d1cb9664c5f8636329436d/library/std/src/panicking.rs:485:40
[INFO] [stderr]     28:     0x55987149c29e - std::panicking::try::h399a918ba8522823
[INFO] [stderr]                                  at /rustc/1b7dd2252b99671ce5d1cb9664c5f8636329436d/library/std/src/panicking.rs:449:19
[INFO] [stderr]     29:     0x55987149c29e - std::panic::catch_unwind::hca7ca6c55b2a2e26
[INFO] [stderr]                                  at /rustc/1b7dd2252b99671ce5d1cb9664c5f8636329436d/library/std/src/panic.rs:140:14
[INFO] [stderr]     30:     0x55987149c29e - std::rt::lang_start_internal::h2c807a81560459eb
[INFO] [stderr]                                  at /rustc/1b7dd2252b99671ce5d1cb9664c5f8636329436d/library/std/src/rt.rs:148:20
[INFO] [stderr]     31:     0x55987104c057 - std::rt::lang_start::h93f89840cda83dcf
[INFO] [stderr]     32:     0x55987104e025 - main
[INFO] [stderr]     33:     0x7fcee9de8d90 - <unknown>
[INFO] [stderr]     34:     0x7fcee9de8e40 - __libc_start_main
[INFO] [stderr]     35:     0x55987104b305 - _start
[INFO] [stderr]     36:                0x0 - <unknown>
[INFO] running `Command { std: "docker" "inspect" "8049399539d446f2573a1c4de3a6c35825f00d67caf3ae2c2121b7f4ac0bba34", kill_on_drop: false }`
[INFO] running `Command { std: "docker" "rm" "-f" "8049399539d446f2573a1c4de3a6c35825f00d67caf3ae2c2121b7f4ac0bba34", kill_on_drop: false }`
[INFO] [stdout] 8049399539d446f2573a1c4de3a6c35825f00d67caf3ae2c2121b7f4ac0bba34
