[INFO] cloning repository https://github.com/ProgrammingRust/antisamples
[INFO] running `Command { std: "git" "-c" "credential.helper=" "-c" "credential.helper=/workspace/cargo-home/bin/git-credential-null" "clone" "--bare" "https://github.com/ProgrammingRust/antisamples" "/workspace/cache/git-repos/https%3A%2F%2Fgithub.com%2FProgrammingRust%2Fantisamples", kill_on_drop: false }`
[INFO] [stderr] Cloning into bare repository '/workspace/cache/git-repos/https%3A%2F%2Fgithub.com%2FProgrammingRust%2Fantisamples'...
[INFO] running `Command { std: "git" "rev-parse" "HEAD", kill_on_drop: false }`
[INFO] [stdout] 3e9f62061bf7d3636bdff8f1c80f116dbc31f643
[INFO] testing ProgrammingRust/antisamples against 1.69.0 for beta-1.70-1
[INFO] running `Command { std: "git" "clone" "/workspace/cache/git-repos/https%3A%2F%2Fgithub.com%2FProgrammingRust%2Fantisamples" "/workspace/builds/worker-1-tc1/source", kill_on_drop: false }`
[INFO] [stderr] Cloning into '/workspace/builds/worker-1-tc1/source'...
[INFO] [stderr] done.
[INFO] validating manifest of git repo https://github.com/ProgrammingRust/antisamples on toolchain 1.69.0
[INFO] running `Command { std: CARGO_HOME="/workspace/cargo-home" RUSTUP_HOME="/workspace/rustup-home" "/workspace/cargo-home/bin/cargo" "+1.69.0" "metadata" "--manifest-path" "Cargo.toml" "--no-deps", kill_on_drop: false }`
[INFO] removed /workspace/builds/worker-1-tc1/source/rust-toolchain
[INFO] started tweaking git repo https://github.com/ProgrammingRust/antisamples
[INFO] finished tweaking git repo https://github.com/ProgrammingRust/antisamples
[INFO] tweaked toml for git repo https://github.com/ProgrammingRust/antisamples written to /workspace/builds/worker-1-tc1/source/Cargo.toml
[INFO] crate git repo https://github.com/ProgrammingRust/antisamples already has a lockfile, it will not be regenerated
[INFO] running `Command { std: CARGO_HOME="/workspace/cargo-home" RUSTUP_HOME="/workspace/rustup-home" "/workspace/cargo-home/bin/cargo" "+1.69.0" "fetch" "--manifest-path" "Cargo.toml", kill_on_drop: false }`
[INFO] [stderr]  Downloading crates ...
[INFO] [stderr]   Downloaded rustfix v0.4.5
[INFO] [stderr]   Downloaded filetime v0.2.6
[INFO] [stderr]   Downloaded backtrace v0.3.31
[INFO] [stderr]   Downloaded syn v0.15.38
[INFO] [stderr]   Downloaded serde_derive v1.0.93
[INFO] [stderr]   Downloaded serde v1.0.93
[INFO] [stderr]   Downloaded compiletest_rs v0.3.22
[INFO] running `Command { std: "docker" "create" "-v" "/var/lib/crater-agent-workspace/builds/worker-1-tc1/target:/opt/rustwide/target:rw,Z" "-v" "/var/lib/crater-agent-workspace/builds/worker-1-tc1/source:/opt/rustwide/workdir:ro,Z" "-v" "/var/lib/crater-agent-workspace/cargo-home:/opt/rustwide/cargo-home:ro,Z" "-v" "/var/lib/crater-agent-workspace/rustup-home:/opt/rustwide/rustup-home:ro,Z" "-e" "SOURCE_DIR=/opt/rustwide/workdir" "-e" "CARGO_TARGET_DIR=/opt/rustwide/target" "-e" "CARGO_HOME=/opt/rustwide/cargo-home" "-e" "RUSTUP_HOME=/opt/rustwide/rustup-home" "-w" "/opt/rustwide/workdir" "-m" "1610612736" "--user" "0:0" "--network" "none" "ghcr.io/rust-lang/crates-build-env/linux@sha256:5ff2268d62e97bff2cde7d5815dd6ed5b47097566f13b8d0ca110b04b60e07ed" "/opt/rustwide/cargo-home/bin/cargo" "+1.69.0" "metadata" "--no-deps" "--format-version=1", kill_on_drop: false }`
[INFO] [stdout] 4ba048ce4a823dc06467d5b401a2b90b271ebfc58d1ca1b77341cc828bf42f1a
[INFO] running `Command { std: "docker" "start" "-a" "4ba048ce4a823dc06467d5b401a2b90b271ebfc58d1ca1b77341cc828bf42f1a", kill_on_drop: false }`
[INFO] running `Command { std: "docker" "inspect" "4ba048ce4a823dc06467d5b401a2b90b271ebfc58d1ca1b77341cc828bf42f1a", kill_on_drop: false }`
[INFO] running `Command { std: "docker" "rm" "-f" "4ba048ce4a823dc06467d5b401a2b90b271ebfc58d1ca1b77341cc828bf42f1a", kill_on_drop: false }`
[INFO] [stdout] 4ba048ce4a823dc06467d5b401a2b90b271ebfc58d1ca1b77341cc828bf42f1a
[INFO] running `Command { std: "docker" "create" "-v" "/var/lib/crater-agent-workspace/builds/worker-1-tc1/target:/opt/rustwide/target:rw,Z" "-v" "/var/lib/crater-agent-workspace/builds/worker-1-tc1/source:/opt/rustwide/workdir:ro,Z" "-v" "/var/lib/crater-agent-workspace/cargo-home:/opt/rustwide/cargo-home:ro,Z" "-v" "/var/lib/crater-agent-workspace/rustup-home:/opt/rustwide/rustup-home:ro,Z" "-e" "SOURCE_DIR=/opt/rustwide/workdir" "-e" "CARGO_TARGET_DIR=/opt/rustwide/target" "-e" "CARGO_INCREMENTAL=0" "-e" "RUST_BACKTRACE=full" "-e" "RUSTFLAGS=--cap-lints=warn" "-e" "RUSTDOCFLAGS=--cap-lints=warn" "-e" "CARGO_HOME=/opt/rustwide/cargo-home" "-e" "RUSTUP_HOME=/opt/rustwide/rustup-home" "-w" "/opt/rustwide/workdir" "-m" "1610612736" "--user" "0:0" "--network" "none" "ghcr.io/rust-lang/crates-build-env/linux@sha256:5ff2268d62e97bff2cde7d5815dd6ed5b47097566f13b8d0ca110b04b60e07ed" "/opt/rustwide/cargo-home/bin/cargo" "+1.69.0" "build" "--frozen" "--message-format=json", kill_on_drop: false }`
[INFO] [stdout] ab7acd3306ce3fbd47d4e15e0e00dcc17a62222be2ffee506e3d1bf69cf4f70e
[INFO] running `Command { std: "docker" "start" "-a" "ab7acd3306ce3fbd47d4e15e0e00dcc17a62222be2ffee506e3d1bf69cf4f70e", kill_on_drop: false }`
[INFO] [stderr]    Compiling antisamples v0.1.0 (/opt/rustwide/workdir)
[INFO] [stderr]     Finished dev [unoptimized + debuginfo] target(s) in 0.13s
[INFO] running `Command { std: "docker" "inspect" "ab7acd3306ce3fbd47d4e15e0e00dcc17a62222be2ffee506e3d1bf69cf4f70e", kill_on_drop: false }`
[INFO] running `Command { std: "docker" "rm" "-f" "ab7acd3306ce3fbd47d4e15e0e00dcc17a62222be2ffee506e3d1bf69cf4f70e", kill_on_drop: false }`
[INFO] [stdout] ab7acd3306ce3fbd47d4e15e0e00dcc17a62222be2ffee506e3d1bf69cf4f70e
[INFO] running `Command { std: "docker" "create" "-v" "/var/lib/crater-agent-workspace/builds/worker-1-tc1/target:/opt/rustwide/target:rw,Z" "-v" "/var/lib/crater-agent-workspace/builds/worker-1-tc1/source:/opt/rustwide/workdir:ro,Z" "-v" "/var/lib/crater-agent-workspace/cargo-home:/opt/rustwide/cargo-home:ro,Z" "-v" "/var/lib/crater-agent-workspace/rustup-home:/opt/rustwide/rustup-home:ro,Z" "-e" "SOURCE_DIR=/opt/rustwide/workdir" "-e" "CARGO_TARGET_DIR=/opt/rustwide/target" "-e" "CARGO_INCREMENTAL=0" "-e" "RUST_BACKTRACE=full" "-e" "RUSTFLAGS=--cap-lints=warn" "-e" "RUSTDOCFLAGS=--cap-lints=warn" "-e" "CARGO_HOME=/opt/rustwide/cargo-home" "-e" "RUSTUP_HOME=/opt/rustwide/rustup-home" "-w" "/opt/rustwide/workdir" "-m" "1610612736" "--user" "0:0" "--network" "none" "ghcr.io/rust-lang/crates-build-env/linux@sha256:5ff2268d62e97bff2cde7d5815dd6ed5b47097566f13b8d0ca110b04b60e07ed" "/opt/rustwide/cargo-home/bin/cargo" "+1.69.0" "test" "--frozen" "--no-run" "--message-format=json", kill_on_drop: false }`
[INFO] [stdout] 970da54fd666699f5dfcf4a60118610cc7a7e82e0322b9e542be1b1e91f4fc8d
[INFO] running `Command { std: "docker" "start" "-a" "970da54fd666699f5dfcf4a60118610cc7a7e82e0322b9e542be1b1e91f4fc8d", kill_on_drop: false }`
[INFO] [stderr]    Compiling syn v0.15.38
[INFO] [stderr]    Compiling cc v1.0.37
[INFO] [stderr]    Compiling serde v1.0.93
[INFO] [stderr]    Compiling failure_derive v0.1.5
[INFO] [stderr]    Compiling rustc-demangle v0.1.15
[INFO] [stderr]    Compiling regex v1.1.7
[INFO] [stderr]    Compiling backtrace v0.3.31
[INFO] [stderr]    Compiling regex-syntax v0.6.7
[INFO] [stderr]    Compiling utf8-ranges v1.0.3
[INFO] [stderr]    Compiling compiletest_rs v0.3.22
[INFO] [stderr]    Compiling getopts v0.2.19
[INFO] [stderr]    Compiling diff v0.1.11
[INFO] [stderr]    Compiling filetime v0.2.6
[INFO] [stderr]    Compiling backtrace-sys v0.1.28
[INFO] [stderr]    Compiling synstructure v0.10.2
[INFO] [stderr]    Compiling serde_derive v1.0.93
[INFO] [stderr]    Compiling serde_json v1.0.39
[INFO] [stderr]    Compiling failure v0.1.5
[INFO] [stderr]    Compiling rustfix v0.4.5
[INFO] [stdout] error[E0462]: found staticlib `rustc` instead of rlib or dylib
[INFO] [stdout]   --> /opt/rustwide/cargo-home/registry/src/github.com-1ecc6299db9ec823/compiletest_rs-0.3.22/src/lib.rs:19:1
[INFO] [stdout]    |
[INFO] [stdout] 19 | extern crate rustc;
[INFO] [stdout]    | ^^^^^^^^^^^^^^^^^^^
[INFO] [stdout]    |
[INFO] [stdout]    = note: the following crate versions were found:
[INFO] [stdout]            crate `rustc`: /opt/rustwide/rustup-home/toolchains/1.69.0-x86_64-unknown-linux-gnu/lib/rustlib/x86_64-unknown-linux-gnu/lib/librustc-stable_rt.msan.a
[INFO] [stdout]            crate `rustc`: /opt/rustwide/rustup-home/toolchains/1.69.0-x86_64-unknown-linux-gnu/lib/rustlib/x86_64-unknown-linux-gnu/lib/librustc-stable_rt.asan.a
[INFO] [stdout]            crate `rustc`: /opt/rustwide/rustup-home/toolchains/1.69.0-x86_64-unknown-linux-gnu/lib/rustlib/x86_64-unknown-linux-gnu/lib/librustc-stable_rt.tsan.a
[INFO] [stdout]            crate `rustc`: /opt/rustwide/rustup-home/toolchains/1.69.0-x86_64-unknown-linux-gnu/lib/rustlib/x86_64-unknown-linux-gnu/lib/librustc-stable_rt.lsan.a
[INFO] [stdout]    = help: please recompile that crate using --crate-type lib
[INFO] [stdout] 
[INFO] [stdout] 
[INFO] [stdout] error[E0554]: `#![feature]` may not be used on the stable release channel
[INFO] [stdout]   --> /opt/rustwide/cargo-home/registry/src/github.com-1ecc6299db9ec823/compiletest_rs-0.3.22/src/lib.rs:13:39
[INFO] [stdout]    |
[INFO] [stdout] 13 | #![cfg_attr(not(feature = "norustc"), feature(rustc_private))]
[INFO] [stdout]    |                                       ^^^^^^^^^^^^^^^^^^^^^^
[INFO] [stdout] 
[INFO] [stdout] 
[INFO] [stdout] error[E0554]: `#![feature]` may not be used on the stable release channel
[INFO] [stdout]   --> /opt/rustwide/cargo-home/registry/src/github.com-1ecc6299db9ec823/compiletest_rs-0.3.22/src/lib.rs:14:38
[INFO] [stdout]    |
[INFO] [stdout] 14 | #![cfg_attr(not(feature = "stable"), feature(test))]
[INFO] [stdout]    |                                      ^^^^^^^^^^^^^
[INFO] [stdout] 
[INFO] [stdout] 
[INFO] [stdout] error[E0554]: `#![feature]` may not be used on the stable release channel
[INFO] [stdout]   --> /opt/rustwide/cargo-home/registry/src/github.com-1ecc6299db9ec823/compiletest_rs-0.3.22/src/lib.rs:14:46
[INFO] [stdout]    |
[INFO] [stdout] 14 | #![cfg_attr(not(feature = "stable"), feature(test))]
[INFO] [stdout]    |                                              ^^^^
[INFO] [stdout] 
[INFO] [stdout] 
[INFO] [stdout] error[E0560]: struct `TestOpts` has no field named `filter`
[INFO] [stdout]   --> /opt/rustwide/cargo-home/registry/src/github.com-1ecc6299db9ec823/compiletest_rs-0.3.22/src/lib.rs:99:9
[INFO] [stdout]    |
[INFO] [stdout] 99 |         filter: config.filter.clone(),
[INFO] [stdout]    |         ^^^^^^ help: a field with a similar name exists: `filters`
[INFO] [stdout] 
[INFO] [stdout] 
[INFO] [stdout] error[E0560]: struct `TestDesc` has no field named `allow_fail`
[INFO] [stdout]    --> /opt/rustwide/cargo-home/registry/src/github.com-1ecc6299db9ec823/compiletest_rs-0.3.22/src/lib.rs:247:13
[INFO] [stdout]     |
[INFO] [stdout] 247 |             allow_fail: false,
[INFO] [stdout]     |             ^^^^^^^^^^ `TestDesc` does not have this field
[INFO] [stdout]     |
[INFO] [stdout]     = note: available fields are: `name`, `ignore`, `ignore_message`, `should_panic`, `compile_fail` ... and 2 others
[INFO] [stdout] 
[INFO] [stdout] 
[INFO] [stdout] error[E0308]: mismatched types
[INFO] [stdout]    --> /opt/rustwide/cargo-home/registry/src/github.com-1ecc6299db9ec823/compiletest_rs-0.3.22/src/lib.rs:280:9
[INFO] [stdout]     |
[INFO] [stdout] 280 |         runtest::run(config, &testpaths)
[INFO] [stdout]     |         ^^^^^^^^^^^^^^^^^^^^^^^^^^^^^^^^ expected `Result<(), String>`, found `()`
[INFO] [stdout]     |
[INFO] [stdout]     = note:   expected enum `std::result::Result<(), std::string::String>`
[INFO] [stdout]             found unit type `()`
[INFO] [stdout] help: try adding an expression at the end of the block
[INFO] [stdout]     |
[INFO] [stdout] 280 ~         runtest::run(config, &testpaths);
[INFO] [stdout] 281 +         Ok(())
[INFO] [stdout]     |
[INFO] [stdout] 
[INFO] [stdout] 
[INFO] [stdout] error: aborting due to 7 previous errors
[INFO] [stdout] 
[INFO] [stdout] 
[INFO] [stdout] Some errors have detailed explanations: E0308, E0462, E0554, E0560.
[INFO] [stdout] 
[INFO] [stdout] For more information about an error, try `rustc --explain E0308`.
[INFO] [stdout] 
[INFO] [stderr] error: could not compile `compiletest_rs` due to 8 previous errors
[INFO] running `Command { std: "docker" "inspect" "970da54fd666699f5dfcf4a60118610cc7a7e82e0322b9e542be1b1e91f4fc8d", kill_on_drop: false }`
[INFO] running `Command { std: "docker" "rm" "-f" "970da54fd666699f5dfcf4a60118610cc7a7e82e0322b9e542be1b1e91f4fc8d", kill_on_drop: false }`
[INFO] [stdout] 970da54fd666699f5dfcf4a60118610cc7a7e82e0322b9e542be1b1e91f4fc8d
