[INFO] cloning repository https://github.com/Pranz/rust-tetris
[INFO] running `Command { std: "git" "-c" "credential.helper=" "-c" "credential.helper=/workspace/cargo-home/bin/git-credential-null" "clone" "--bare" "https://github.com/Pranz/rust-tetris" "/workspace/cache/git-repos/https%3A%2F%2Fgithub.com%2FPranz%2Frust-tetris", kill_on_drop: false }`
[INFO] [stderr] Cloning into bare repository '/workspace/cache/git-repos/https%3A%2F%2Fgithub.com%2FPranz%2Frust-tetris'...
[INFO] running `Command { std: "git" "rev-parse" "HEAD", kill_on_drop: false }`
[INFO] [stdout] e38191e98c107e5191b38e7fd545caa2a1ce73d1
[INFO] testing Pranz/rust-tetris against 1.69.0 for beta-1.70-1
[INFO] running `Command { std: "git" "clone" "/workspace/cache/git-repos/https%3A%2F%2Fgithub.com%2FPranz%2Frust-tetris" "/workspace/builds/worker-0-tc1/source", kill_on_drop: false }`
[INFO] [stderr] Cloning into '/workspace/builds/worker-0-tc1/source'...
[INFO] [stderr] done.
[INFO] validating manifest of git repo https://github.com/Pranz/rust-tetris on toolchain 1.69.0
[INFO] running `Command { std: CARGO_HOME="/workspace/cargo-home" RUSTUP_HOME="/workspace/rustup-home" "/workspace/cargo-home/bin/cargo" "+1.69.0" "metadata" "--manifest-path" "Cargo.toml" "--no-deps", kill_on_drop: false }`
[INFO] started tweaking git repo https://github.com/Pranz/rust-tetris
[INFO] finished tweaking git repo https://github.com/Pranz/rust-tetris
[INFO] tweaked toml for git repo https://github.com/Pranz/rust-tetris written to /workspace/builds/worker-0-tc1/source/Cargo.toml
[INFO] crate git repo https://github.com/Pranz/rust-tetris already has a lockfile, it will not be regenerated
[INFO] running `Command { std: CARGO_HOME="/workspace/cargo-home" RUSTUP_HOME="/workspace/rustup-home" "/workspace/cargo-home/bin/cargo" "+1.69.0" "fetch" "--manifest-path" "Cargo.toml", kill_on_drop: false }`
[INFO] [stderr]     Updating git repository `https://github.com/TyOverby/bincode`
[INFO] [stderr]  Downloading crates ...
[INFO] [stderr]   Downloaded quasi_codegen v0.9.0
[INFO] [stderr]   Downloaded shader_version v0.2.1
[INFO] [stderr]   Downloaded sdl2-sys v0.8.1
[INFO] [stderr]   Downloaded gleam v0.2.14
[INFO] [stderr]   Downloaded semver v0.2.3
[INFO] [stderr]   Downloaded nom v1.2.2
[INFO] [stderr]   Downloaded fnv v1.0.2
[INFO] [stderr]   Downloaded pistoncore-window v0.16.0
[INFO] [stderr]   Downloaded docopt v0.6.80
[INFO] [stderr]   Downloaded void v1.0.1
[INFO] [stderr]   Downloaded regex v0.1.66
[INFO] [stderr]   Downloaded thread_local v0.2.3
[INFO] [stderr]   Downloaded libz-sys v1.0.2
[INFO] [stderr]   Downloaded strsim v0.3.0
[INFO] [stderr]   Downloaded image v0.9.0
[INFO] [stderr]   Downloaded piston2d-graphics v0.16.0
[INFO] [stderr]   Downloaded glfw v0.4.0
[INFO] [stderr]   Downloaded pistoncore-input v0.9.0
[INFO] [stderr]   Downloaded quasi_macros v0.9.0
[INFO] [stderr]   Downloaded aster v0.15.0
[INFO] [stderr]   Downloaded piston-texture v0.4.0
[INFO] [stderr]   Downloaded quasi v0.9.0
[INFO] [stderr]   Downloaded serde_codegen v0.7.2
[INFO] [stderr]   Downloaded pistoncore-glutin_window v0.23.0
[INFO] [stderr]   Downloaded docopt_macros v0.6.83
[INFO] [stderr]   Downloaded fixed_circular_buffer v0.2.2
[INFO] [stderr]   Downloaded pistoncore-event_loop v0.19.0
[INFO] [stderr]   Downloaded pistoncore-glfw_window v0.19.0
[INFO] [stderr]   Downloaded pistoncore-sdl2_window v0.27.0
[INFO] [stderr]   Downloaded sdl2 v0.18.0
[INFO] [stderr]   Downloaded freetype-rs v0.6.1
[INFO] [stderr]   Downloaded piston v0.19.0
[INFO] [stderr]   Downloaded piston2d-opengl_graphics v0.26.0
[INFO] [stderr]   Downloaded glfw-sys v3.1.3
[INFO] [stderr]   Downloaded serde_macros v0.7.2
[INFO] running `Command { std: "docker" "create" "-v" "/var/lib/crater-agent-workspace/builds/worker-0-tc1/target:/opt/rustwide/target:rw,Z" "-v" "/var/lib/crater-agent-workspace/builds/worker-0-tc1/source:/opt/rustwide/workdir:ro,Z" "-v" "/var/lib/crater-agent-workspace/cargo-home:/opt/rustwide/cargo-home:ro,Z" "-v" "/var/lib/crater-agent-workspace/rustup-home:/opt/rustwide/rustup-home:ro,Z" "-e" "SOURCE_DIR=/opt/rustwide/workdir" "-e" "CARGO_TARGET_DIR=/opt/rustwide/target" "-e" "CARGO_HOME=/opt/rustwide/cargo-home" "-e" "RUSTUP_HOME=/opt/rustwide/rustup-home" "-w" "/opt/rustwide/workdir" "-m" "1610612736" "--user" "0:0" "--network" "none" "ghcr.io/rust-lang/crates-build-env/linux@sha256:5ff2268d62e97bff2cde7d5815dd6ed5b47097566f13b8d0ca110b04b60e07ed" "/opt/rustwide/cargo-home/bin/cargo" "+1.69.0" "metadata" "--no-deps" "--format-version=1", kill_on_drop: false }`
[INFO] [stdout] 9bd954b440c2e08e79cffe06139a4cfc38390a714d74c6af6ba6fef5ce52f80d
[INFO] running `Command { std: "docker" "start" "-a" "9bd954b440c2e08e79cffe06139a4cfc38390a714d74c6af6ba6fef5ce52f80d", kill_on_drop: false }`
[INFO] running `Command { std: "docker" "inspect" "9bd954b440c2e08e79cffe06139a4cfc38390a714d74c6af6ba6fef5ce52f80d", kill_on_drop: false }`
[INFO] running `Command { std: "docker" "rm" "-f" "9bd954b440c2e08e79cffe06139a4cfc38390a714d74c6af6ba6fef5ce52f80d", kill_on_drop: false }`
[INFO] [stdout] 9bd954b440c2e08e79cffe06139a4cfc38390a714d74c6af6ba6fef5ce52f80d
[INFO] running `Command { std: "docker" "create" "-v" "/var/lib/crater-agent-workspace/builds/worker-0-tc1/target:/opt/rustwide/target:rw,Z" "-v" "/var/lib/crater-agent-workspace/builds/worker-0-tc1/source:/opt/rustwide/workdir:ro,Z" "-v" "/var/lib/crater-agent-workspace/cargo-home:/opt/rustwide/cargo-home:ro,Z" "-v" "/var/lib/crater-agent-workspace/rustup-home:/opt/rustwide/rustup-home:ro,Z" "-e" "SOURCE_DIR=/opt/rustwide/workdir" "-e" "CARGO_TARGET_DIR=/opt/rustwide/target" "-e" "CARGO_INCREMENTAL=0" "-e" "RUST_BACKTRACE=full" "-e" "RUSTFLAGS=--cap-lints=warn" "-e" "RUSTDOCFLAGS=--cap-lints=warn" "-e" "CARGO_HOME=/opt/rustwide/cargo-home" "-e" "RUSTUP_HOME=/opt/rustwide/rustup-home" "-w" "/opt/rustwide/workdir" "-m" "1610612736" "--user" "0:0" "--network" "none" "ghcr.io/rust-lang/crates-build-env/linux@sha256:5ff2268d62e97bff2cde7d5815dd6ed5b47097566f13b8d0ca110b04b60e07ed" "/opt/rustwide/cargo-home/bin/cargo" "+1.69.0" "build" "--frozen" "--message-format=json", kill_on_drop: false }`
[INFO] [stdout] 9c70c17db49496a2d08bee4db7bd2301b8a539e912256f08b7e23eb177d50eb5
[INFO] running `Command { std: "docker" "start" "-a" "9c70c17db49496a2d08bee4db7bd2301b8a539e912256f08b7e23eb177d50eb5", kill_on_drop: false }`
[INFO] [stderr]     Blocking waiting for file lock on package cache
[INFO] [stderr]    Compiling libc v0.2.10
[INFO] [stderr]    Compiling rustc-serialize v0.3.19
[INFO] [stderr]    Compiling num-traits v0.1.32
[INFO] [stderr]    Compiling gcc v0.3.27
[INFO] [stderr]    Compiling winapi v0.2.6
[INFO] [stderr]    Compiling piston-float v0.2.0
[INFO] [stderr]    Compiling bitflags v0.3.3
[INFO] [stderr]    Compiling bitflags v0.4.0
[INFO] [stderr]    Compiling pkg-config v0.3.8
[INFO] [stderr]    Compiling khronos_api v1.0.0
[INFO] [stderr]    Compiling shader_version v0.2.1
[INFO] [stderr]    Compiling void v1.0.1
[INFO] [stderr]    Compiling glfw-sys v3.1.3
[INFO] [stderr]    Compiling aster v0.15.0
[INFO] [stderr]    Compiling byteorder v0.5.1
[INFO] [stderr]    Compiling inflate v0.1.0
[INFO] [stderr]    Compiling kernel32-sys v0.2.2
[INFO] [stderr]    Compiling xml-rs v0.2.2
[INFO] [stderr]    Compiling unreachable v0.1.1
[INFO] [stderr]    Compiling piston-viewport v0.2.0
[INFO] [stderr]    Compiling serde_codegen v0.7.2
[INFO] [stdout] error: environment variable `OUT_DIR` not defined at compile time
[INFO] [stdout]   --> /opt/rustwide/cargo-home/registry/src/github.com-1ecc6299db9ec823/glfw-sys-3.1.3/build.rs:13:37
[INFO] [stdout]    |
[INFO] [stdout] 13 |             .current_dir(&Path::new(env!("OUT_DIR")))
[INFO] [stdout]    |                                     ^^^^^^^^^^^^^^^
[INFO] [stdout]    |
[INFO] [stdout]    = help: Cargo sets build script variables at run time. Use `std::env::var("OUT_DIR")` instead
[INFO] [stdout]    = note: this error originates in the macro `env` (in Nightly builds, run with -Z macro-backtrace for more info)
[INFO] [stdout] 
[INFO] [stdout] 
[INFO] [stdout] error: environment variable `OUT_DIR` not defined at compile time
[INFO] [stdout]   --> /opt/rustwide/cargo-home/registry/src/github.com-1ecc6299db9ec823/glfw-sys-3.1.3/build.rs:25:37
[INFO] [stdout]    |
[INFO] [stdout] 25 |             .current_dir(&Path::new(env!("OUT_DIR")))
[INFO] [stdout]    |                                     ^^^^^^^^^^^^^^^
[INFO] [stdout]    |
[INFO] [stdout]    = help: Cargo sets build script variables at run time. Use `std::env::var("OUT_DIR")` instead
[INFO] [stdout]    = note: this error originates in the macro `env` (in Nightly builds, run with -Z macro-backtrace for more info)
[INFO] [stdout] 
[INFO] [stdout] 
[INFO] [stdout] error: environment variable `OUT_DIR` not defined at compile time
[INFO] [stdout]   --> /opt/rustwide/cargo-home/registry/src/github.com-1ecc6299db9ec823/glfw-sys-3.1.3/build.rs:36:25
[INFO] [stdout]    |
[INFO] [stdout] 36 |     fs::copy(&Path::new(env!("OUT_DIR")).join("src").join("libglfw3.a"),
[INFO] [stdout]    |                         ^^^^^^^^^^^^^^^
[INFO] [stdout]    |
[INFO] [stdout]    = help: Cargo sets build script variables at run time. Use `std::env::var("OUT_DIR")` instead
[INFO] [stdout]    = note: this error originates in the macro `env` (in Nightly builds, run with -Z macro-backtrace for more info)
[INFO] [stdout] 
[INFO] [stdout] 
[INFO] [stdout] error: environment variable `OUT_DIR` not defined at compile time
[INFO] [stdout]   --> /opt/rustwide/cargo-home/registry/src/github.com-1ecc6299db9ec823/glfw-sys-3.1.3/build.rs:37:25
[INFO] [stdout]    |
[INFO] [stdout] 37 |              &Path::new(env!("OUT_DIR")).join("libglfw3.a"))
[INFO] [stdout]    |                         ^^^^^^^^^^^^^^^
[INFO] [stdout]    |
[INFO] [stdout]    = help: Cargo sets build script variables at run time. Use `std::env::var("OUT_DIR")` instead
[INFO] [stdout]    = note: this error originates in the macro `env` (in Nightly builds, run with -Z macro-backtrace for more info)
[INFO] [stdout] 
[INFO] [stdout] 
[INFO] [stdout] error: environment variable `OUT_DIR` not defined at compile time
[INFO] [stdout]   --> /opt/rustwide/cargo-home/registry/src/github.com-1ecc6299db9ec823/glfw-sys-3.1.3/build.rs:40:57
[INFO] [stdout]    |
[INFO] [stdout] 40 |     println!("cargo:rustc-flags=-L {} -l glfw3:static", env!("OUT_DIR"));
[INFO] [stdout]    |                                                         ^^^^^^^^^^^^^^^
[INFO] [stdout]    |
[INFO] [stdout]    = help: Cargo sets build script variables at run time. Use `std::env::var("OUT_DIR")` instead
[INFO] [stdout]    = note: this error originates in the macro `env` (in Nightly builds, run with -Z macro-backtrace for more info)
[INFO] [stdout] 
[INFO] [stdout] 
[INFO] [stderr] error: could not compile `glfw-sys` due to 6 previous errors
[INFO] [stdout] error: aborting due to 5 previous errors
[INFO] [stdout] 
[INFO] [stdout] 
[INFO] [stderr] warning: build failed, waiting for other jobs to finish...
[INFO] [stdout] error[E0463]: can't find crate for `syntax`
[INFO] [stdout]   --> /opt/rustwide/cargo-home/registry/src/github.com-1ecc6299db9ec823/aster-0.15.0/src/lib.rs:10:1
[INFO] [stdout]    |
[INFO] [stdout] 10 | extern crate syntax;
[INFO] [stdout]    | ^^^^^^^^^^^^^^^^^^^^ can't find crate
[INFO] [stdout] 
[INFO] [stdout] 
[INFO] [stdout] error[E0554]: `#![feature]` may not be used on the stable release channel
[INFO] [stdout]  --> /opt/rustwide/cargo-home/registry/src/github.com-1ecc6299db9ec823/aster-0.15.0/src/lib.rs:1:43
[INFO] [stdout]   |
[INFO] [stdout] 1 | #![cfg_attr(not(feature = "with-syntex"), feature(rustc_private))]
[INFO] [stdout]   |                                           ^^^^^^^^^^^^^^^^^^^^^^
[INFO] [stdout] 
[INFO] [stdout] 
[INFO] [stdout] error[E0642]: patterns aren't allowed in functions without bodies
[INFO] [stdout]    --> /opt/rustwide/cargo-home/registry/src/github.com-1ecc6299db9ec823/rustc-serialize-0.3.19/src/serialize.rs:147:45
[INFO] [stdout]     |
[INFO] [stdout] 147 | ...                   &f_name: &str,
[INFO] [stdout]     |                       ^^^^^^^ pattern not allowed in function without body
[INFO] [stdout] 
[INFO] [stdout] 
[INFO] [stdout] error: aborting due to 2 previous errors
[INFO] [stdout] 
[INFO] [stdout] 
[INFO] [stdout] Some errors have detailed explanations: E0463, E0554.
[INFO] [stdout] 
[INFO] [stdout] For more information about an error, try `rustc --explain E0463`.
[INFO] [stdout] 
[INFO] [stderr] error: could not compile `aster` due to 3 previous errors
[INFO] [stdout] error: aborting due to previous error
[INFO] [stdout] 
[INFO] [stdout] 
[INFO] [stdout] For more information about this error, try `rustc --explain E0642`.
[INFO] [stdout] 
[INFO] [stderr] error: could not compile `rustc-serialize` due to 2 previous errors; 1 warning emitted
[INFO] running `Command { std: "docker" "inspect" "9c70c17db49496a2d08bee4db7bd2301b8a539e912256f08b7e23eb177d50eb5", kill_on_drop: false }`
[INFO] running `Command { std: "docker" "rm" "-f" "9c70c17db49496a2d08bee4db7bd2301b8a539e912256f08b7e23eb177d50eb5", kill_on_drop: false }`
[INFO] [stdout] 9c70c17db49496a2d08bee4db7bd2301b8a539e912256f08b7e23eb177d50eb5
