[INFO] cloning repository https://github.com/Pr47/rusty_lake
[INFO] running `Command { std: "git" "-c" "credential.helper=" "-c" "credential.helper=/workspace/cargo-home/bin/git-credential-null" "clone" "--bare" "https://github.com/Pr47/rusty_lake" "/workspace/cache/git-repos/https%3A%2F%2Fgithub.com%2FPr47%2Frusty_lake", kill_on_drop: false }`
[INFO] [stderr] Cloning into bare repository '/workspace/cache/git-repos/https%3A%2F%2Fgithub.com%2FPr47%2Frusty_lake'...
[INFO] running `Command { std: "git" "rev-parse" "HEAD", kill_on_drop: false }`
[INFO] [stdout] 259334d5a9196aa73725b71ac558bfe0e56e6b10
[INFO] testing Pr47/rusty_lake against 1.69.0 for beta-1.70-1
[INFO] running `Command { std: "git" "clone" "/workspace/cache/git-repos/https%3A%2F%2Fgithub.com%2FPr47%2Frusty_lake" "/workspace/builds/worker-6-tc1/source", kill_on_drop: false }`
[INFO] [stderr] Cloning into '/workspace/builds/worker-6-tc1/source'...
[INFO] [stderr] done.
[INFO] validating manifest of git repo https://github.com/Pr47/rusty_lake on toolchain 1.69.0
[INFO] running `Command { std: CARGO_HOME="/workspace/cargo-home" RUSTUP_HOME="/workspace/rustup-home" "/workspace/cargo-home/bin/cargo" "+1.69.0" "metadata" "--manifest-path" "Cargo.toml" "--no-deps", kill_on_drop: false }`
[INFO] started tweaking git repo https://github.com/Pr47/rusty_lake
[INFO] finished tweaking git repo https://github.com/Pr47/rusty_lake
[INFO] tweaked toml for git repo https://github.com/Pr47/rusty_lake written to /workspace/builds/worker-6-tc1/source/Cargo.toml
[INFO] crate git repo https://github.com/Pr47/rusty_lake already has a lockfile, it will not be regenerated
[INFO] running `Command { std: CARGO_HOME="/workspace/cargo-home" RUSTUP_HOME="/workspace/rustup-home" "/workspace/cargo-home/bin/cargo" "+1.69.0" "fetch" "--manifest-path" "Cargo.toml", kill_on_drop: false }`
[INFO] [stderr]     Updating git repository `https://github.com/Pr47/Pr47`
[INFO] [stderr]  Downloading crates ...
[INFO] [stderr]   Downloaded smartstring v0.2.9
[INFO] [stderr]   Downloaded phf v0.10.0
[INFO] [stderr]   Downloaded rhai_codegen v1.2.0
[INFO] [stderr]   Downloaded unchecked_unwrap v3.0.0
[INFO] [stderr]   Downloaded pr47-codegen v0.0.2
[INFO] [stderr]   Downloaded xjbutil v0.4.6
[INFO] [stderr]   Downloaded rhai v1.2.0
[INFO] running `Command { std: "docker" "create" "-v" "/var/lib/crater-agent-workspace/builds/worker-6-tc1/target:/opt/rustwide/target:rw,Z" "-v" "/var/lib/crater-agent-workspace/builds/worker-6-tc1/source:/opt/rustwide/workdir:ro,Z" "-v" "/var/lib/crater-agent-workspace/cargo-home:/opt/rustwide/cargo-home:ro,Z" "-v" "/var/lib/crater-agent-workspace/rustup-home:/opt/rustwide/rustup-home:ro,Z" "-e" "SOURCE_DIR=/opt/rustwide/workdir" "-e" "CARGO_TARGET_DIR=/opt/rustwide/target" "-e" "CARGO_HOME=/opt/rustwide/cargo-home" "-e" "RUSTUP_HOME=/opt/rustwide/rustup-home" "-w" "/opt/rustwide/workdir" "-m" "1610612736" "--user" "0:0" "--network" "none" "ghcr.io/rust-lang/crates-build-env/linux@sha256:5ff2268d62e97bff2cde7d5815dd6ed5b47097566f13b8d0ca110b04b60e07ed" "/opt/rustwide/cargo-home/bin/cargo" "+1.69.0" "metadata" "--no-deps" "--format-version=1", kill_on_drop: false }`
[INFO] [stdout] cad1a822efc26b9ebc4dd6beecb3667e1d019a473ce513ee37927022ee64d88a
[INFO] running `Command { std: "docker" "start" "-a" "cad1a822efc26b9ebc4dd6beecb3667e1d019a473ce513ee37927022ee64d88a", kill_on_drop: false }`
[INFO] running `Command { std: "docker" "inspect" "cad1a822efc26b9ebc4dd6beecb3667e1d019a473ce513ee37927022ee64d88a", kill_on_drop: false }`
[INFO] running `Command { std: "docker" "rm" "-f" "cad1a822efc26b9ebc4dd6beecb3667e1d019a473ce513ee37927022ee64d88a", kill_on_drop: false }`
[INFO] [stdout] cad1a822efc26b9ebc4dd6beecb3667e1d019a473ce513ee37927022ee64d88a
[INFO] running `Command { std: "docker" "create" "-v" "/var/lib/crater-agent-workspace/builds/worker-6-tc1/target:/opt/rustwide/target:rw,Z" "-v" "/var/lib/crater-agent-workspace/builds/worker-6-tc1/source:/opt/rustwide/workdir:ro,Z" "-v" "/var/lib/crater-agent-workspace/cargo-home:/opt/rustwide/cargo-home:ro,Z" "-v" "/var/lib/crater-agent-workspace/rustup-home:/opt/rustwide/rustup-home:ro,Z" "-e" "SOURCE_DIR=/opt/rustwide/workdir" "-e" "CARGO_TARGET_DIR=/opt/rustwide/target" "-e" "CARGO_INCREMENTAL=0" "-e" "RUST_BACKTRACE=full" "-e" "RUSTFLAGS=--cap-lints=warn" "-e" "RUSTDOCFLAGS=--cap-lints=warn" "-e" "CARGO_HOME=/opt/rustwide/cargo-home" "-e" "RUSTUP_HOME=/opt/rustwide/rustup-home" "-w" "/opt/rustwide/workdir" "-m" "1610612736" "--user" "0:0" "--network" "none" "ghcr.io/rust-lang/crates-build-env/linux@sha256:5ff2268d62e97bff2cde7d5815dd6ed5b47097566f13b8d0ca110b04b60e07ed" "/opt/rustwide/cargo-home/bin/cargo" "+1.69.0" "build" "--frozen" "--message-format=json", kill_on_drop: false }`
[INFO] [stdout] 89426d1d7e2e7dfc8e2d2c367b66322fec0c34478d42573f93325d9ea41a3fc0
[INFO] running `Command { std: "docker" "start" "-a" "89426d1d7e2e7dfc8e2d2c367b66322fec0c34478d42573f93325d9ea41a3fc0", kill_on_drop: false }`
[INFO] [stderr]    Compiling libc v0.2.107
[INFO] [stderr]    Compiling proc-macro2 v1.0.32
[INFO] [stderr]    Compiling syn v1.0.81
[INFO] [stderr]    Compiling proc-macro-hack v0.5.19
[INFO] [stderr]    Compiling slab v0.4.5
[INFO] [stderr]    Compiling futures-core v0.3.17
[INFO] [stderr]    Compiling pin-project-lite v0.2.7
[INFO] [stderr]    Compiling futures-task v0.3.17
[INFO] [stderr]    Compiling log v0.4.14
[INFO] [stderr]    Compiling proc-macro-nested v0.1.7
[INFO] [stderr]    Compiling futures-channel v0.3.17
[INFO] [stderr]    Compiling futures-macro v0.3.17
[INFO] [stderr]    Compiling futures-util v0.3.17
[INFO] [stderr]    Compiling futures-sink v0.3.17
[INFO] [stderr]    Compiling futures-io v0.3.17
[INFO] [stderr]    Compiling siphasher v0.3.7
[INFO] [stderr]    Compiling ppv-lite86 v0.2.15
[INFO] [stderr]    Compiling tokio v1.14.0
[INFO] [stderr]    Compiling unicase v2.6.0
[INFO] [stderr]    Compiling phf_shared v0.10.0
[INFO] [stderr]    Compiling itoa v0.4.8
[INFO] [stderr]    Compiling serde_derive v1.0.130
[INFO] [stderr]    Compiling num-traits v0.2.14
[INFO] [stderr]    Compiling ahash v0.7.6
[INFO] [stderr]    Compiling lazycell v1.3.0
[INFO] [stderr]    Compiling httparse v1.5.1
[INFO] [stderr]    Compiling same-file v1.0.6
[INFO] [stderr]    Compiling serde v1.0.130
[INFO] [stderr]    Compiling tracing-core v0.1.21
[INFO] [stderr]    Compiling http v0.2.5
[INFO] [stderr]    Compiling once_cell v1.8.0
[INFO] [stderr]    Compiling walkdir v2.3.2
[INFO] [stderr]    Compiling unchecked_unwrap v3.0.0
[INFO] [stderr]    Compiling serde_json v1.0.71
[INFO] [stderr]    Compiling smallvec v1.7.0
[INFO] [stderr]    Compiling want v0.3.0
[INFO] [stderr]    Compiling smartstring v0.2.9
[INFO] [stderr]    Compiling unicode-width v0.1.9
[INFO] [stderr]    Compiling quote v1.0.10
[INFO] [stderr]    Compiling tracing v0.1.29
[INFO] [stderr]    Compiling pollster v0.2.4
[INFO] [stderr]    Compiling matchit v0.4.4
[INFO] [stderr]    Compiling mime_guess v2.0.3
[INFO] [stderr]    Compiling getrandom v0.2.3
[INFO] [stderr]    Compiling net2 v0.2.37
[INFO] [stderr]    Compiling num_cpus v1.13.0
[INFO] [stderr]    Compiling iovec v0.1.4
[INFO] [stderr]    Compiling inotify-sys v0.1.5
[INFO] [stderr]    Compiling rand_core v0.6.3
[INFO] [stderr]    Compiling inotify v0.7.1
[INFO] [stderr]    Compiling filetime v0.2.15
[INFO] [stderr]    Compiling mio v0.6.23
[INFO] [stderr]    Compiling rand_chacha v0.3.1
[INFO] [stderr]    Compiling rand v0.8.4
[INFO] [stderr]    Compiling mio-extras v2.0.6
[INFO] [stderr]    Compiling notify v4.0.17
[INFO] [stderr]    Compiling http-body v0.4.4
[INFO] [stderr]    Compiling hotwatch v0.4.6
[INFO] [stderr]    Compiling phf_generator v0.10.0
[INFO] [stderr]    Compiling phf_macros v0.10.0
[INFO] [stderr]    Compiling pr47-codegen v0.0.2
[INFO] [stderr]    Compiling rhai_codegen v1.2.0
[INFO] [stderr]    Compiling phf v0.10.0
[INFO] [stderr]    Compiling rhai v1.2.0
[INFO] [stdout] error[E0425]: cannot find value `args` in this scope
[INFO] [stdout]    --> /opt/rustwide/cargo-home/registry/src/github.com-1ecc6299db9ec823/rhai-1.2.0/src/packages/arithmetic.rs:223:42
[INFO] [stdout]     |
[INFO] [stdout] 223 | gen_arithmetic_functions!(arith_basic => INT);
[INFO] [stdout]     |                                          ^^^ not found in this scope
[INFO] [stdout]     |
[INFO] [stdout]     = help: consider importing this function:
[INFO] [stdout]             std::env::args
[INFO] [stdout] 
[INFO] [stdout] 
[INFO] [stdout] error[E0425]: cannot find value `args` in this scope
[INFO] [stdout]    --> /opt/rustwide/cargo-home/registry/src/github.com-1ecc6299db9ec823/rhai-1.2.0/src/packages/arithmetic.rs:227:44
[INFO] [stdout]     |
[INFO] [stdout] 227 | gen_arithmetic_functions!(arith_numbers => i8, u8, i16, u16, i32, u32, u64);
[INFO] [stdout]     |                                            ^^ not found in this scope
[INFO] [stdout]     |
[INFO] [stdout]     = help: consider importing this function:
[INFO] [stdout]             std::env::args
[INFO] [stdout] 
[INFO] [stdout] 
[INFO] [stdout] error[E0425]: cannot find value `args` in this scope
[INFO] [stdout]    --> /opt/rustwide/cargo-home/registry/src/github.com-1ecc6299db9ec823/rhai-1.2.0/src/packages/arithmetic.rs:227:48
[INFO] [stdout]     |
[INFO] [stdout] 227 | gen_arithmetic_functions!(arith_numbers => i8, u8, i16, u16, i32, u32, u64);
[INFO] [stdout]     |                                                ^^ not found in this scope
[INFO] [stdout]     |
[INFO] [stdout]     = help: consider importing this function:
[INFO] [stdout]             std::env::args
[INFO] [stdout] 
[INFO] [stdout] 
[INFO] [stderr]    Compiling futures-executor v0.3.17
[INFO] [stdout] error[E0425]: cannot find value `args` in this scope
[INFO] [stdout]    --> /opt/rustwide/cargo-home/registry/src/github.com-1ecc6299db9ec823/rhai-1.2.0/src/packages/arithmetic.rs:227:52
[INFO] [stdout]     |
[INFO] [stdout] 227 | gen_arithmetic_functions!(arith_numbers => i8, u8, i16, u16, i32, u32, u64);
[INFO] [stdout]     |                                                    ^^^ not found in this scope
[INFO] [stdout]     |
[INFO] [stdout]     = help: consider importing this function:
[INFO] [stdout]             std::env::args
[INFO] [stdout] 
[INFO] [stdout] 
[INFO] [stderr]    Compiling hyper v0.14.15
[INFO] [stderr]    Compiling futures v0.3.17
[INFO] [stdout] error[E0425]: cannot find value `args` in this scope
[INFO] [stdout]    --> /opt/rustwide/cargo-home/registry/src/github.com-1ecc6299db9ec823/rhai-1.2.0/src/packages/arithmetic.rs:227:57
[INFO] [stdout]     |
[INFO] [stdout] 227 | gen_arithmetic_functions!(arith_numbers => i8, u8, i16, u16, i32, u32, u64);
[INFO] [stdout]     |                                                         ^^^ not found in this scope
[INFO] [stdout]     |
[INFO] [stdout]     = help: consider importing this function:
[INFO] [stdout]             std::env::args
[INFO] [stdout] 
[INFO] [stdout] 
[INFO] [stderr]    Compiling xjbutil v0.4.6
[INFO] [stdout] error[E0425]: cannot find value `args` in this scope
[INFO] [stdout]    --> /opt/rustwide/cargo-home/registry/src/github.com-1ecc6299db9ec823/rhai-1.2.0/src/packages/arithmetic.rs:227:62
[INFO] [stdout]     |
[INFO] [stdout] 227 | gen_arithmetic_functions!(arith_numbers => i8, u8, i16, u16, i32, u32, u64);
[INFO] [stdout]     |                                                              ^^^ not found in this scope
[INFO] [stdout]     |
[INFO] [stdout]     = help: consider importing this function:
[INFO] [stdout]             std::env::args
[INFO] [stdout] 
[INFO] [stdout] 
[INFO] [stderr]    Compiling pr47 v0.1.3 (https://github.com/Pr47/Pr47#694763d0)
[INFO] [stdout] error[E0425]: cannot find value `args` in this scope
[INFO] [stdout]    --> /opt/rustwide/cargo-home/registry/src/github.com-1ecc6299db9ec823/rhai-1.2.0/src/packages/arithmetic.rs:227:67
[INFO] [stdout]     |
[INFO] [stdout] 227 | gen_arithmetic_functions!(arith_numbers => i8, u8, i16, u16, i32, u32, u64);
[INFO] [stdout]     |                                                                   ^^^ not found in this scope
[INFO] [stdout]     |
[INFO] [stdout]     = help: consider importing this function:
[INFO] [stdout]             std::env::args
[INFO] [stdout] 
[INFO] [stdout] 
[INFO] [stdout] error[E0425]: cannot find value `args` in this scope
[INFO] [stdout]    --> /opt/rustwide/cargo-home/registry/src/github.com-1ecc6299db9ec823/rhai-1.2.0/src/packages/arithmetic.rs:227:72
[INFO] [stdout]     |
[INFO] [stdout] 227 | gen_arithmetic_functions!(arith_numbers => i8, u8, i16, u16, i32, u32, u64);
[INFO] [stdout]     |                                                                        ^^^ not found in this scope
[INFO] [stdout]     |
[INFO] [stdout]     = help: consider importing this function:
[INFO] [stdout]             std::env::args
[INFO] [stdout] 
[INFO] [stdout] 
[INFO] [stdout] error[E0425]: cannot find value `args` in this scope
[INFO] [stdout]    --> /opt/rustwide/cargo-home/registry/src/github.com-1ecc6299db9ec823/rhai-1.2.0/src/packages/arithmetic.rs:232:44
[INFO] [stdout]     |
[INFO] [stdout] 232 | gen_arithmetic_functions!(arith_num_128 => i128, u128);
[INFO] [stdout]     |                                            ^^^^ not found in this scope
[INFO] [stdout]     |
[INFO] [stdout]     = help: consider importing this function:
[INFO] [stdout]             std::env::args
[INFO] [stdout] 
[INFO] [stdout] 
[INFO] [stdout] error[E0425]: cannot find value `args` in this scope
[INFO] [stdout]    --> /opt/rustwide/cargo-home/registry/src/github.com-1ecc6299db9ec823/rhai-1.2.0/src/packages/arithmetic.rs:232:50
[INFO] [stdout]     |
[INFO] [stdout] 232 | gen_arithmetic_functions!(arith_num_128 => i128, u128);
[INFO] [stdout]     |                                                  ^^^^ not found in this scope
[INFO] [stdout]     |
[INFO] [stdout]     = help: consider importing this function:
[INFO] [stdout]             std::env::args
[INFO] [stdout] 
[INFO] [stdout] 
[INFO] [stdout] error[E0425]: cannot find value `args` in this scope
[INFO] [stdout]    --> /opt/rustwide/cargo-home/registry/src/github.com-1ecc6299db9ec823/rhai-1.2.0/src/packages/arithmetic.rs:234:39
[INFO] [stdout]     |
[INFO] [stdout] 234 | gen_signed_functions!(signed_basic => INT);
[INFO] [stdout]     |                                       ^^^ not found in this scope
[INFO] [stdout]     |
[INFO] [stdout]     = help: consider importing this function:
[INFO] [stdout]             std::env::args
[INFO] [stdout] 
[INFO] [stdout] 
[INFO] [stdout] error[E0425]: cannot find value `args` in this scope
[INFO] [stdout]    --> /opt/rustwide/cargo-home/registry/src/github.com-1ecc6299db9ec823/rhai-1.2.0/src/packages/arithmetic.rs:238:41
[INFO] [stdout]     |
[INFO] [stdout] 238 | gen_signed_functions!(signed_numbers => i8, i16, i32);
[INFO] [stdout]     |                                         ^^ not found in this scope
[INFO] [stdout]     |
[INFO] [stdout]     = help: consider importing this function:
[INFO] [stdout]             std::env::args
[INFO] [stdout] 
[INFO] [stdout] 
[INFO] [stdout] error[E0425]: cannot find value `args` in this scope
[INFO] [stdout]    --> /opt/rustwide/cargo-home/registry/src/github.com-1ecc6299db9ec823/rhai-1.2.0/src/packages/arithmetic.rs:238:45
[INFO] [stdout]     |
[INFO] [stdout] 238 | gen_signed_functions!(signed_numbers => i8, i16, i32);
[INFO] [stdout]     |                                             ^^^ not found in this scope
[INFO] [stdout]     |
[INFO] [stdout]     = help: consider importing this function:
[INFO] [stdout]             std::env::args
[INFO] [stdout] 
[INFO] [stdout] 
[INFO] [stdout] error[E0425]: cannot find value `args` in this scope
[INFO] [stdout]    --> /opt/rustwide/cargo-home/registry/src/github.com-1ecc6299db9ec823/rhai-1.2.0/src/packages/arithmetic.rs:238:50
[INFO] [stdout]     |
[INFO] [stdout] 238 | gen_signed_functions!(signed_numbers => i8, i16, i32);
[INFO] [stdout]     |                                                  ^^^ not found in this scope
[INFO] [stdout]     |
[INFO] [stdout]     = help: consider importing this function:
[INFO] [stdout]             std::env::args
[INFO] [stdout] 
[INFO] [stdout] 
[INFO] [stdout] error[E0425]: cannot find value `args` in this scope
[INFO] [stdout]    --> /opt/rustwide/cargo-home/registry/src/github.com-1ecc6299db9ec823/rhai-1.2.0/src/packages/arithmetic.rs:243:41
[INFO] [stdout]     |
[INFO] [stdout] 243 | gen_signed_functions!(signed_num_128 => i128);
[INFO] [stdout]     |                                         ^^^^ not found in this scope
[INFO] [stdout]     |
[INFO] [stdout]     = help: consider importing this function:
[INFO] [stdout]             std::env::args
[INFO] [stdout] 
[INFO] [stdout] 
[INFO] [stdout] error[E0425]: cannot find value `args` in this scope
[INFO] [stdout]   --> /opt/rustwide/cargo-home/registry/src/github.com-1ecc6299db9ec823/rhai-1.2.0/src/packages/logic.rs:76:31
[INFO] [stdout]    |
[INFO] [stdout] 76 | gen_cmp_functions!(numbers => i8, u8, i16, u16, i32, u32, u64);
[INFO] [stdout]    |                               ^^ not found in this scope
[INFO] [stdout]    |
[INFO] [stdout]    = help: consider importing this function:
[INFO] [stdout]            std::env::args
[INFO] [stdout] 
[INFO] [stdout] 
[INFO] [stdout] error[E0425]: cannot find value `args` in this scope
[INFO] [stdout]   --> /opt/rustwide/cargo-home/registry/src/github.com-1ecc6299db9ec823/rhai-1.2.0/src/packages/logic.rs:76:35
[INFO] [stdout]    |
[INFO] [stdout] 76 | gen_cmp_functions!(numbers => i8, u8, i16, u16, i32, u32, u64);
[INFO] [stdout]    |                                   ^^ not found in this scope
[INFO] [stdout]    |
[INFO] [stdout]    = help: consider importing this function:
[INFO] [stdout]            std::env::args
[INFO] [stdout] 
[INFO] [stdout] 
[INFO] [stdout] error[E0425]: cannot find value `args` in this scope
[INFO] [stdout]   --> /opt/rustwide/cargo-home/registry/src/github.com-1ecc6299db9ec823/rhai-1.2.0/src/packages/logic.rs:76:39
[INFO] [stdout]    |
[INFO] [stdout] 76 | gen_cmp_functions!(numbers => i8, u8, i16, u16, i32, u32, u64);
[INFO] [stdout]    |                                       ^^^ not found in this scope
[INFO] [stdout]    |
[INFO] [stdout]    = help: consider importing this function:
[INFO] [stdout]            std::env::args
[INFO] [stdout] 
[INFO] [stdout] 
[INFO] [stdout] error[E0425]: cannot find value `args` in this scope
[INFO] [stdout]   --> /opt/rustwide/cargo-home/registry/src/github.com-1ecc6299db9ec823/rhai-1.2.0/src/packages/logic.rs:76:44
[INFO] [stdout]    |
[INFO] [stdout] 76 | gen_cmp_functions!(numbers => i8, u8, i16, u16, i32, u32, u64);
[INFO] [stdout]    |                                            ^^^ not found in this scope
[INFO] [stdout]    |
[INFO] [stdout]    = help: consider importing this function:
[INFO] [stdout]            std::env::args
[INFO] [stdout] 
[INFO] [stdout] 
[INFO] [stdout] error[E0425]: cannot find value `args` in this scope
[INFO] [stdout]   --> /opt/rustwide/cargo-home/registry/src/github.com-1ecc6299db9ec823/rhai-1.2.0/src/packages/logic.rs:76:49
[INFO] [stdout]    |
[INFO] [stdout] 76 | gen_cmp_functions!(numbers => i8, u8, i16, u16, i32, u32, u64);
[INFO] [stdout]    |                                                 ^^^ not found in this scope
[INFO] [stdout]    |
[INFO] [stdout]    = help: consider importing this function:
[INFO] [stdout]            std::env::args
[INFO] [stdout] 
[INFO] [stdout] 
[INFO] [stdout] error[E0425]: cannot find value `args` in this scope
[INFO] [stdout]   --> /opt/rustwide/cargo-home/registry/src/github.com-1ecc6299db9ec823/rhai-1.2.0/src/packages/logic.rs:76:54
[INFO] [stdout]    |
[INFO] [stdout] 76 | gen_cmp_functions!(numbers => i8, u8, i16, u16, i32, u32, u64);
[INFO] [stdout]    |                                                      ^^^ not found in this scope
[INFO] [stdout]    |
[INFO] [stdout]    = help: consider importing this function:
[INFO] [stdout]            std::env::args
[INFO] [stdout] 
[INFO] [stdout] 
[INFO] [stdout] error[E0425]: cannot find value `args` in this scope
[INFO] [stdout]   --> /opt/rustwide/cargo-home/registry/src/github.com-1ecc6299db9ec823/rhai-1.2.0/src/packages/logic.rs:76:59
[INFO] [stdout]    |
[INFO] [stdout] 76 | gen_cmp_functions!(numbers => i8, u8, i16, u16, i32, u32, u64);
[INFO] [stdout]    |                                                           ^^^ not found in this scope
[INFO] [stdout]    |
[INFO] [stdout]    = help: consider importing this function:
[INFO] [stdout]            std::env::args
[INFO] [stdout] 
[INFO] [stdout] 
[INFO] [stdout] error[E0425]: cannot find value `args` in this scope
[INFO] [stdout]   --> /opt/rustwide/cargo-home/registry/src/github.com-1ecc6299db9ec823/rhai-1.2.0/src/packages/logic.rs:81:31
[INFO] [stdout]    |
[INFO] [stdout] 81 | gen_cmp_functions!(num_128 => i128, u128);
[INFO] [stdout]    |                               ^^^^ not found in this scope
[INFO] [stdout]    |
[INFO] [stdout]    = help: consider importing this function:
[INFO] [stdout]            std::env::args
[INFO] [stdout] 
[INFO] [stdout] 
[INFO] [stdout] error[E0425]: cannot find value `args` in this scope
[INFO] [stdout]   --> /opt/rustwide/cargo-home/registry/src/github.com-1ecc6299db9ec823/rhai-1.2.0/src/packages/logic.rs:81:37
[INFO] [stdout]    |
[INFO] [stdout] 81 | gen_cmp_functions!(num_128 => i128, u128);
[INFO] [stdout]    |                                     ^^^^ not found in this scope
[INFO] [stdout]    |
[INFO] [stdout]    = help: consider importing this function:
[INFO] [stdout]            std::env::args
[INFO] [stdout] 
[INFO] [stdout] 
[INFO] [stdout] error[E0425]: cannot find value `args` in this scope
[INFO] [stdout]   --> /opt/rustwide/cargo-home/registry/src/github.com-1ecc6299db9ec823/rhai-1.2.0/src/packages/logic.rs:85:29
[INFO] [stdout]    |
[INFO] [stdout] 85 | gen_cmp_functions!(float => f32);
[INFO] [stdout]    |                             ^^^ not found in this scope
[INFO] [stdout]    |
[INFO] [stdout]    = help: consider importing this function:
[INFO] [stdout]            std::env::args
[INFO] [stdout] 
[INFO] [stdout] 
[INFO] [stdout] error[E0425]: cannot find value `args` in this scope
[INFO] [stdout]    --> /opt/rustwide/cargo-home/registry/src/github.com-1ecc6299db9ec823/rhai-1.2.0/src/packages/math_basic.rs:517:58
[INFO] [stdout]     |
[INFO] [stdout] 517 | gen_conversion_as_functions!(basic_to_float => to_float (INT) -> FLOAT);
[INFO] [stdout]     |                                                          ^^^ not found in this scope
[INFO] [stdout]     |
[INFO] [stdout]     = help: consider importing this function:
[INFO] [stdout]             std::env::args
[INFO] [stdout] 
[INFO] [stdout] 
[INFO] [stdout] error[E0425]: cannot find value `args` in this scope
[INFO] [stdout]    --> /opt/rustwide/cargo-home/registry/src/github.com-1ecc6299db9ec823/rhai-1.2.0/src/packages/math_basic.rs:522:60
[INFO] [stdout]     |
[INFO] [stdout] 522 | gen_conversion_as_functions!(numbers_to_float => to_float (i8, u8, i16, u16, i32, u32, i64, u64) -> FLOAT);
[INFO] [stdout]     |                                                            ^^ not found in this scope
[INFO] [stdout]     |
[INFO] [stdout]     = help: consider importing this function:
[INFO] [stdout]             std::env::args
[INFO] [stdout] 
[INFO] [stdout] 
[INFO] [stdout] error[E0425]: cannot find value `args` in this scope
[INFO] [stdout]    --> /opt/rustwide/cargo-home/registry/src/github.com-1ecc6299db9ec823/rhai-1.2.0/src/packages/math_basic.rs:522:64
[INFO] [stdout]     |
[INFO] [stdout] 522 | gen_conversion_as_functions!(numbers_to_float => to_float (i8, u8, i16, u16, i32, u32, i64, u64) -> FLOAT);
[INFO] [stdout]     |                                                                ^^ not found in this scope
[INFO] [stdout]     |
[INFO] [stdout]     = help: consider importing this function:
[INFO] [stdout]             std::env::args
[INFO] [stdout] 
[INFO] [stdout] 
[INFO] [stdout] error[E0425]: cannot find value `args` in this scope
[INFO] [stdout]    --> /opt/rustwide/cargo-home/registry/src/github.com-1ecc6299db9ec823/rhai-1.2.0/src/packages/math_basic.rs:522:68
[INFO] [stdout]     |
[INFO] [stdout] 522 | gen_conversion_as_functions!(numbers_to_float => to_float (i8, u8, i16, u16, i32, u32, i64, u64) -> FLOAT);
[INFO] [stdout]     |                                                                    ^^^ not found in this scope
[INFO] [stdout]     |
[INFO] [stdout]     = help: consider importing this function:
[INFO] [stdout]             std::env::args
[INFO] [stdout] 
[INFO] [stdout] 
[INFO] [stdout] error[E0425]: cannot find value `args` in this scope
[INFO] [stdout]    --> /opt/rustwide/cargo-home/registry/src/github.com-1ecc6299db9ec823/rhai-1.2.0/src/packages/math_basic.rs:522:73
[INFO] [stdout]     |
[INFO] [stdout] 522 | gen_conversion_as_functions!(numbers_to_float => to_float (i8, u8, i16, u16, i32, u32, i64, u64) -> FLOAT);
[INFO] [stdout]     |                                                                         ^^^ not found in this scope
[INFO] [stdout]     |
[INFO] [stdout]     = help: consider importing this function:
[INFO] [stdout]             std::env::args
[INFO] [stdout] 
[INFO] [stdout] 
[INFO] [stdout] error[E0425]: cannot find value `args` in this scope
[INFO] [stdout]    --> /opt/rustwide/cargo-home/registry/src/github.com-1ecc6299db9ec823/rhai-1.2.0/src/packages/math_basic.rs:522:78
[INFO] [stdout]     |
[INFO] [stdout] 522 | gen_conversion_as_functions!(numbers_to_float => to_float (i8, u8, i16, u16, i32, u32, i64, u64) -> FLOAT);
[INFO] [stdout]     |                                                                              ^^^ not found in this scope
[INFO] [stdout]     |
[INFO] [stdout]     = help: consider importing this function:
[INFO] [stdout]             std::env::args
[INFO] [stdout] 
[INFO] [stdout] 
[INFO] [stdout] error[E0425]: cannot find value `args` in this scope
[INFO] [stdout]    --> /opt/rustwide/cargo-home/registry/src/github.com-1ecc6299db9ec823/rhai-1.2.0/src/packages/math_basic.rs:522:83
[INFO] [stdout]     |
[INFO] [stdout] 522 | gen_conversion_as_functions!(numbers_to_float => to_float (i8, u8, i16, u16, i32, u32, i64, u64) -> FLOAT);
[INFO] [stdout]     |                                                                                   ^^^ not found in this scope
[INFO] [stdout]     |
[INFO] [stdout]     = help: consider importing this function:
[INFO] [stdout]             std::env::args
[INFO] [stdout] 
[INFO] [stdout] 
[INFO] [stdout] error[E0425]: cannot find value `args` in this scope
[INFO] [stdout]    --> /opt/rustwide/cargo-home/registry/src/github.com-1ecc6299db9ec823/rhai-1.2.0/src/packages/math_basic.rs:522:88
[INFO] [stdout]     |
[INFO] [stdout] 522 | gen_conversion_as_functions!(numbers_to_float => to_float (i8, u8, i16, u16, i32, u32, i64, u64) -> FLOAT);
[INFO] [stdout]     |                                                                                        ^^^ not found in this scope
[INFO] [stdout]     |
[INFO] [stdout]     = help: consider importing this function:
[INFO] [stdout]             std::env::args
[INFO] [stdout] 
[INFO] [stdout] 
[INFO] [stdout] error[E0425]: cannot find value `args` in this scope
[INFO] [stdout]    --> /opt/rustwide/cargo-home/registry/src/github.com-1ecc6299db9ec823/rhai-1.2.0/src/packages/math_basic.rs:522:93
[INFO] [stdout]     |
[INFO] [stdout] 522 | gen_conversion_as_functions!(numbers_to_float => to_float (i8, u8, i16, u16, i32, u32, i64, u64) -> FLOAT);
[INFO] [stdout]     |                                                                                             ^^^ not found in this scope
[INFO] [stdout]     |
[INFO] [stdout]     = help: consider importing this function:
[INFO] [stdout]             std::env::args
[INFO] [stdout] 
[INFO] [stdout] 
[INFO] [stdout] error[E0425]: cannot find value `args` in this scope
[INFO] [stdout]    --> /opt/rustwide/cargo-home/registry/src/github.com-1ecc6299db9ec823/rhai-1.2.0/src/packages/math_basic.rs:528:60
[INFO] [stdout]     |
[INFO] [stdout] 528 | gen_conversion_as_functions!(num_128_to_float => to_float (i128, u128) -> FLOAT);
[INFO] [stdout]     |                                                            ^^^^ not found in this scope
[INFO] [stdout]     |
[INFO] [stdout]     = help: consider importing this function:
[INFO] [stdout]             std::env::args
[INFO] [stdout] 
[INFO] [stdout] 
[INFO] [stdout] error[E0425]: cannot find value `args` in this scope
[INFO] [stdout]    --> /opt/rustwide/cargo-home/registry/src/github.com-1ecc6299db9ec823/rhai-1.2.0/src/packages/math_basic.rs:528:66
[INFO] [stdout]     |
[INFO] [stdout] 528 | gen_conversion_as_functions!(num_128_to_float => to_float (i128, u128) -> FLOAT);
[INFO] [stdout]     |                                                                  ^^^^ not found in this scope
[INFO] [stdout]     |
[INFO] [stdout]     = help: consider importing this function:
[INFO] [stdout]             std::env::args
[INFO] [stdout] 
[INFO] [stdout] 
[INFO] [stdout] error[E0425]: cannot find value `args` in this scope
[INFO] [stdout]    --> /opt/rustwide/cargo-home/registry/src/github.com-1ecc6299db9ec823/rhai-1.2.0/src/packages/math_basic.rs:530:54
[INFO] [stdout]     |
[INFO] [stdout] 530 | gen_conversion_as_functions!(basic_to_int => to_int (char) -> INT);
[INFO] [stdout]     |                                                      ^^^^ not found in this scope
[INFO] [stdout]     |
[INFO] [stdout]     = help: consider importing this function:
[INFO] [stdout]             std::env::args
[INFO] [stdout] 
[INFO] [stdout] 
[INFO] [stdout] error[E0425]: cannot find value `args` in this scope
[INFO] [stdout]    --> /opt/rustwide/cargo-home/registry/src/github.com-1ecc6299db9ec823/rhai-1.2.0/src/packages/math_basic.rs:534:56
[INFO] [stdout]     |
[INFO] [stdout] 534 | gen_conversion_as_functions!(numbers_to_int => to_int (i8, u8, i16, u16, i32, u32, i64, u64) -> INT);
[INFO] [stdout]     |                                                        ^^ not found in this scope
[INFO] [stdout]     |
[INFO] [stdout]     = help: consider importing this function:
[INFO] [stdout]             std::env::args
[INFO] [stdout] 
[INFO] [stdout] 
[INFO] [stdout] error[E0425]: cannot find value `args` in this scope
[INFO] [stdout]    --> /opt/rustwide/cargo-home/registry/src/github.com-1ecc6299db9ec823/rhai-1.2.0/src/packages/math_basic.rs:534:60
[INFO] [stdout]     |
[INFO] [stdout] 534 | gen_conversion_as_functions!(numbers_to_int => to_int (i8, u8, i16, u16, i32, u32, i64, u64) -> INT);
[INFO] [stdout]     |                                                            ^^ not found in this scope
[INFO] [stdout]     |
[INFO] [stdout]     = help: consider importing this function:
[INFO] [stdout]             std::env::args
[INFO] [stdout] 
[INFO] [stdout] 
[INFO] [stdout] error[E0425]: cannot find value `args` in this scope
[INFO] [stdout]    --> /opt/rustwide/cargo-home/registry/src/github.com-1ecc6299db9ec823/rhai-1.2.0/src/packages/math_basic.rs:534:64
[INFO] [stdout]     |
[INFO] [stdout] 534 | gen_conversion_as_functions!(numbers_to_int => to_int (i8, u8, i16, u16, i32, u32, i64, u64) -> INT);
[INFO] [stdout]     |                                                                ^^^ not found in this scope
[INFO] [stdout]     |
[INFO] [stdout]     = help: consider importing this function:
[INFO] [stdout]             std::env::args
[INFO] [stdout] 
[INFO] [stdout] 
[INFO] [stdout] error[E0425]: cannot find value `args` in this scope
[INFO] [stdout]    --> /opt/rustwide/cargo-home/registry/src/github.com-1ecc6299db9ec823/rhai-1.2.0/src/packages/math_basic.rs:534:69
[INFO] [stdout]     |
[INFO] [stdout] 534 | gen_conversion_as_functions!(numbers_to_int => to_int (i8, u8, i16, u16, i32, u32, i64, u64) -> INT);
[INFO] [stdout]     |                                                                     ^^^ not found in this scope
[INFO] [stdout]     |
[INFO] [stdout]     = help: consider importing this function:
[INFO] [stdout]             std::env::args
[INFO] [stdout] 
[INFO] [stdout] 
[INFO] [stdout] error[E0425]: cannot find value `args` in this scope
[INFO] [stdout]    --> /opt/rustwide/cargo-home/registry/src/github.com-1ecc6299db9ec823/rhai-1.2.0/src/packages/math_basic.rs:534:74
[INFO] [stdout]     |
[INFO] [stdout] 534 | gen_conversion_as_functions!(numbers_to_int => to_int (i8, u8, i16, u16, i32, u32, i64, u64) -> INT);
[INFO] [stdout]     |                                                                          ^^^ not found in this scope
[INFO] [stdout]     |
[INFO] [stdout]     = help: consider importing this function:
[INFO] [stdout]             std::env::args
[INFO] [stdout] 
[INFO] [stdout] 
[INFO] [stdout] error[E0425]: cannot find value `args` in this scope
[INFO] [stdout]    --> /opt/rustwide/cargo-home/registry/src/github.com-1ecc6299db9ec823/rhai-1.2.0/src/packages/math_basic.rs:534:79
[INFO] [stdout]     |
[INFO] [stdout] 534 | gen_conversion_as_functions!(numbers_to_int => to_int (i8, u8, i16, u16, i32, u32, i64, u64) -> INT);
[INFO] [stdout]     |                                                                               ^^^ not found in this scope
[INFO] [stdout]     |
[INFO] [stdout]     = help: consider importing this function:
[INFO] [stdout]             std::env::args
[INFO] [stdout] 
[INFO] [stdout] 
[INFO] [stdout] error[E0425]: cannot find value `args` in this scope
[INFO] [stdout]    --> /opt/rustwide/cargo-home/registry/src/github.com-1ecc6299db9ec823/rhai-1.2.0/src/packages/math_basic.rs:534:84
[INFO] [stdout]     |
[INFO] [stdout] 534 | gen_conversion_as_functions!(numbers_to_int => to_int (i8, u8, i16, u16, i32, u32, i64, u64) -> INT);
[INFO] [stdout]     |                                                                                    ^^^ not found in this scope
[INFO] [stdout]     |
[INFO] [stdout]     = help: consider importing this function:
[INFO] [stdout]             std::env::args
[INFO] [stdout] 
[INFO] [stdout] 
[INFO] [stdout] error[E0425]: cannot find value `args` in this scope
[INFO] [stdout]    --> /opt/rustwide/cargo-home/registry/src/github.com-1ecc6299db9ec823/rhai-1.2.0/src/packages/math_basic.rs:534:89
[INFO] [stdout]     |
[INFO] [stdout] 534 | gen_conversion_as_functions!(numbers_to_int => to_int (i8, u8, i16, u16, i32, u32, i64, u64) -> INT);
[INFO] [stdout]     |                                                                                         ^^^ not found in this scope
[INFO] [stdout]     |
[INFO] [stdout]     = help: consider importing this function:
[INFO] [stdout]             std::env::args
[INFO] [stdout] 
[INFO] [stdout] 
[INFO] [stdout] error[E0425]: cannot find value `args` in this scope
[INFO] [stdout]    --> /opt/rustwide/cargo-home/registry/src/github.com-1ecc6299db9ec823/rhai-1.2.0/src/packages/math_basic.rs:539:56
[INFO] [stdout]     |
[INFO] [stdout] 539 | gen_conversion_as_functions!(num_128_to_int => to_int (i128, u128) -> INT);
[INFO] [stdout]     |                                                        ^^^^ not found in this scope
[INFO] [stdout]     |
[INFO] [stdout]     = help: consider importing this function:
[INFO] [stdout]             std::env::args
[INFO] [stdout] 
[INFO] [stdout] 
[INFO] [stdout] error[E0425]: cannot find value `args` in this scope
[INFO] [stdout]    --> /opt/rustwide/cargo-home/registry/src/github.com-1ecc6299db9ec823/rhai-1.2.0/src/packages/math_basic.rs:539:62
[INFO] [stdout]     |
[INFO] [stdout] 539 | gen_conversion_as_functions!(num_128_to_int => to_int (i128, u128) -> INT);
[INFO] [stdout]     |                                                              ^^^^ not found in this scope
[INFO] [stdout]     |
[INFO] [stdout]     = help: consider importing this function:
[INFO] [stdout]             std::env::args
[INFO] [stdout] 
[INFO] [stdout] 
[INFO] [stdout] error: aborting due to 47 previous errors
[INFO] [stdout] 
[INFO] [stdout] 
[INFO] [stdout] For more information about this error, try `rustc --explain E0425`.
[INFO] [stdout] 
[INFO] [stderr] error: could not compile `rhai` due to 48 previous errors
[INFO] running `Command { std: "docker" "inspect" "89426d1d7e2e7dfc8e2d2c367b66322fec0c34478d42573f93325d9ea41a3fc0", kill_on_drop: false }`
[INFO] running `Command { std: "docker" "rm" "-f" "89426d1d7e2e7dfc8e2d2c367b66322fec0c34478d42573f93325d9ea41a3fc0", kill_on_drop: false }`
[INFO] [stdout] 89426d1d7e2e7dfc8e2d2c367b66322fec0c34478d42573f93325d9ea41a3fc0
