[INFO] cloning repository https://github.com/PolySync/howser
[INFO] running `Command { std: "git" "-c" "credential.helper=" "-c" "credential.helper=/workspace/cargo-home/bin/git-credential-null" "clone" "--bare" "https://github.com/PolySync/howser" "/workspace/cache/git-repos/https%3A%2F%2Fgithub.com%2FPolySync%2Fhowser", kill_on_drop: false }`
[INFO] [stderr] Cloning into bare repository '/workspace/cache/git-repos/https%3A%2F%2Fgithub.com%2FPolySync%2Fhowser'...
[INFO] running `Command { std: "git" "rev-parse" "HEAD", kill_on_drop: false }`
[INFO] [stdout] d8e1d2ebb6a1534b4104d614108f6a75c3966faa
[INFO] testing PolySync/howser against 1.69.0 for beta-1.70-1
[INFO] running `Command { std: "git" "clone" "/workspace/cache/git-repos/https%3A%2F%2Fgithub.com%2FPolySync%2Fhowser" "/workspace/builds/worker-2-tc1/source", kill_on_drop: false }`
[INFO] [stderr] Cloning into '/workspace/builds/worker-2-tc1/source'...
[INFO] [stderr] done.
[INFO] validating manifest of git repo https://github.com/PolySync/howser on toolchain 1.69.0
[INFO] running `Command { std: CARGO_HOME="/workspace/cargo-home" RUSTUP_HOME="/workspace/rustup-home" "/workspace/cargo-home/bin/cargo" "+1.69.0" "metadata" "--manifest-path" "Cargo.toml" "--no-deps", kill_on_drop: false }`
[INFO] started tweaking git repo https://github.com/PolySync/howser
[INFO] finished tweaking git repo https://github.com/PolySync/howser
[INFO] tweaked toml for git repo https://github.com/PolySync/howser written to /workspace/builds/worker-2-tc1/source/Cargo.toml
[INFO] crate git repo https://github.com/PolySync/howser already has a lockfile, it will not be regenerated
[INFO] running `Command { std: CARGO_HOME="/workspace/cargo-home" RUSTUP_HOME="/workspace/rustup-home" "/workspace/cargo-home/bin/cargo" "+1.69.0" "fetch" "--manifest-path" "Cargo.toml", kill_on_drop: false }`
[INFO] [stderr]     Updating git repository `https://github.com/PolySync/doogie`
[INFO] [stderr]     Updating git submodule `https://github.com/commonmark/cmark.git`
[INFO] [stderr]  Downloading crates ...
[INFO] [stderr]   Downloaded cmake v0.1.31
[INFO] [stderr]   Downloaded environment v0.1.1
[INFO] [stderr]   Downloaded log v0.4.2
[INFO] [stderr]   Downloaded serde v1.0.68
[INFO] [stderr]   Downloaded clap v2.29.4
[INFO] [stderr]   Downloaded assert_cli v0.6.1
[INFO] [stderr]   Downloaded proptest v0.3.4
[INFO] running `Command { std: "docker" "create" "-v" "/var/lib/crater-agent-workspace/builds/worker-2-tc1/target:/opt/rustwide/target:rw,Z" "-v" "/var/lib/crater-agent-workspace/builds/worker-2-tc1/source:/opt/rustwide/workdir:ro,Z" "-v" "/var/lib/crater-agent-workspace/cargo-home:/opt/rustwide/cargo-home:ro,Z" "-v" "/var/lib/crater-agent-workspace/rustup-home:/opt/rustwide/rustup-home:ro,Z" "-e" "SOURCE_DIR=/opt/rustwide/workdir" "-e" "CARGO_TARGET_DIR=/opt/rustwide/target" "-e" "CARGO_HOME=/opt/rustwide/cargo-home" "-e" "RUSTUP_HOME=/opt/rustwide/rustup-home" "-w" "/opt/rustwide/workdir" "-m" "1610612736" "--user" "0:0" "--network" "none" "ghcr.io/rust-lang/crates-build-env/linux@sha256:5ff2268d62e97bff2cde7d5815dd6ed5b47097566f13b8d0ca110b04b60e07ed" "/opt/rustwide/cargo-home/bin/cargo" "+1.69.0" "metadata" "--no-deps" "--format-version=1", kill_on_drop: false }`
[INFO] [stdout] e7a70dbf5f31e8629f18835d2b4f3d6b29628a0deb015052d3ba71194414237a
[INFO] running `Command { std: "docker" "start" "-a" "e7a70dbf5f31e8629f18835d2b4f3d6b29628a0deb015052d3ba71194414237a", kill_on_drop: false }`
[INFO] running `Command { std: "docker" "inspect" "e7a70dbf5f31e8629f18835d2b4f3d6b29628a0deb015052d3ba71194414237a", kill_on_drop: false }`
[INFO] running `Command { std: "docker" "rm" "-f" "e7a70dbf5f31e8629f18835d2b4f3d6b29628a0deb015052d3ba71194414237a", kill_on_drop: false }`
[INFO] [stdout] e7a70dbf5f31e8629f18835d2b4f3d6b29628a0deb015052d3ba71194414237a
[INFO] running `Command { std: "docker" "create" "-v" "/var/lib/crater-agent-workspace/builds/worker-2-tc1/target:/opt/rustwide/target:rw,Z" "-v" "/var/lib/crater-agent-workspace/builds/worker-2-tc1/source:/opt/rustwide/workdir:ro,Z" "-v" "/var/lib/crater-agent-workspace/cargo-home:/opt/rustwide/cargo-home:ro,Z" "-v" "/var/lib/crater-agent-workspace/rustup-home:/opt/rustwide/rustup-home:ro,Z" "-e" "SOURCE_DIR=/opt/rustwide/workdir" "-e" "CARGO_TARGET_DIR=/opt/rustwide/target" "-e" "CARGO_INCREMENTAL=0" "-e" "RUST_BACKTRACE=full" "-e" "RUSTFLAGS=--cap-lints=warn" "-e" "RUSTDOCFLAGS=--cap-lints=warn" "-e" "CARGO_HOME=/opt/rustwide/cargo-home" "-e" "RUSTUP_HOME=/opt/rustwide/rustup-home" "-w" "/opt/rustwide/workdir" "-m" "1610612736" "--user" "0:0" "--network" "none" "ghcr.io/rust-lang/crates-build-env/linux@sha256:5ff2268d62e97bff2cde7d5815dd6ed5b47097566f13b8d0ca110b04b60e07ed" "/opt/rustwide/cargo-home/bin/cargo" "+1.69.0" "build" "--frozen" "--message-format=json", kill_on_drop: false }`
[INFO] [stdout] 2e9a06305a7d63d0acc368d64f919a76d241ab297c83031cede7e3b60dbbe659
[INFO] running `Command { std: "docker" "start" "-a" "2e9a06305a7d63d0acc368d64f919a76d241ab297c83031cede7e3b60dbbe659", kill_on_drop: false }`
[INFO] [stderr]    Compiling libc v0.2.42
[INFO] [stderr]    Compiling num-traits v0.2.5
[INFO] [stderr]    Compiling num-integer v0.1.39
[INFO] [stderr]    Compiling ucd-util v0.1.1
[INFO] [stderr]    Compiling void v1.0.2
[INFO] [stderr]    Compiling lazy_static v1.0.1
[INFO] [stderr]    Compiling rustc-serialize v0.3.24
[INFO] [stderr]    Compiling utf8-ranges v1.0.0
[INFO] [stderr]    Compiling cc v1.0.17
[INFO] [stderr]    Compiling regex v1.0.1
[INFO] [stderr]    Compiling quick-error v1.2.2
[INFO] [stderr]    Compiling num-iter v0.1.37
[INFO] [stderr]    Compiling cfg-if v0.1.4
[INFO] [stderr]    Compiling serde v1.0.68
[INFO] [stderr]    Compiling unicode-width v0.1.5
[INFO] [stderr]    Compiling termcolor v0.3.6
[INFO] [stderr]    Compiling unreachable v1.0.0
[INFO] [stderr]    Compiling regex-syntax v0.6.1
[INFO] [stderr]    Compiling log v0.4.2
[INFO] [stderr]    Compiling regex v0.2.11
[INFO] [stderr]    Compiling thread_local v0.3.5
[INFO] [stderr]    Compiling humantime v1.1.1
[INFO] [stderr]    Compiling textwrap v0.9.0
[INFO] [stderr]    Compiling regex-syntax v0.5.6
[INFO] [stderr]    Compiling memchr v2.0.1
[INFO] [stderr]    Compiling cmake v0.1.31
[INFO] [stderr]    Compiling atty v0.2.10
[INFO] [stderr]    Compiling rand v0.4.2
[INFO] [stderr]    Compiling aho-corasick v0.6.5
[INFO] [stderr]    Compiling try_from v0.2.2
[INFO] [stderr]    Compiling strsim v0.7.0
[INFO] [stderr]    Compiling vec_map v0.8.1
[INFO] [stderr]    Compiling ansi_term v0.10.2
[INFO] [stderr]    Compiling bitflags v1.0.3
[INFO] [stderr]    Compiling termion v1.5.1
[INFO] [stderr]    Compiling unicode-segmentation v1.2.1
[INFO] [stderr]    Compiling clap v2.29.4
[INFO] [stderr]    Compiling doogie v1.0.0 (https://github.com/PolySync/doogie?tag=1.0.0#77015a45)
[INFO] [stderr]    Compiling num-bigint v0.1.44
[INFO] [stderr]    Compiling num-complex v0.1.43
[INFO] [stderr]    Compiling num-rational v0.1.42
[INFO] [stderr]    Compiling num v0.1.42
[INFO] [stderr]    Compiling env_logger v0.5.10
[INFO] [stderr]    Compiling toml v0.4.6
[INFO] [stdout] error[E0554]: `#![feature]` may not be used on the stable release channel
[INFO] [stdout]  --> /opt/rustwide/cargo-home/git/checkouts/doogie-52d9eefd866dafa0/77015a4/src/lib.rs:1:12
[INFO] [stdout]   |
[INFO] [stdout] 1 | #![feature(vec_remove_item)]
[INFO] [stdout]   |            ^^^^^^^^^^^^^^^
[INFO] [stdout] 
[INFO] [stdout] 
[INFO] [stdout] error[E0635]: unknown feature `vec_remove_item`
[INFO] [stdout]  --> /opt/rustwide/cargo-home/git/checkouts/doogie-52d9eefd866dafa0/77015a4/src/lib.rs:1:12
[INFO] [stdout]   |
[INFO] [stdout] 1 | #![feature(vec_remove_item)]
[INFO] [stdout]   |            ^^^^^^^^^^^^^^^
[INFO] [stdout] 
[INFO] [stdout] 
[INFO] [stdout] error[E0599]: no method named `remove_item` found for struct `RefMut<'_, Vec<*mut CMarkNodePtr>>` in the current scope
[INFO] [stdout]     --> /opt/rustwide/cargo-home/git/checkouts/doogie-52d9eefd866dafa0/77015a4/src/lib.rs:1148:15
[INFO] [stdout]      |
[INFO] [stdout] 1148 |         roots.remove_item(pointer);
[INFO] [stdout]      |               ^^^^^^^^^^^ help: there is a method with a similar name: `remove`
[INFO] [stdout] 
[INFO] [stdout] 
[INFO] [stdout] error: aborting due to 3 previous errors
[INFO] [stdout] 
[INFO] [stdout] 
[INFO] [stdout] Some errors have detailed explanations: E0554, E0599, E0635.
[INFO] [stdout] 
[INFO] [stdout] For more information about an error, try `rustc --explain E0554`.
[INFO] [stdout] 
[INFO] [stderr] error: could not compile `doogie` due to 4 previous errors
[INFO] running `Command { std: "docker" "inspect" "2e9a06305a7d63d0acc368d64f919a76d241ab297c83031cede7e3b60dbbe659", kill_on_drop: false }`
[INFO] running `Command { std: "docker" "rm" "-f" "2e9a06305a7d63d0acc368d64f919a76d241ab297c83031cede7e3b60dbbe659", kill_on_drop: false }`
[INFO] [stdout] 2e9a06305a7d63d0acc368d64f919a76d241ab297c83031cede7e3b60dbbe659
