[INFO] cloning repository https://github.com/PhotonQuantum/axum-xml
[INFO] running `Command { std: "git" "-c" "credential.helper=" "-c" "credential.helper=/workspace/cargo-home/bin/git-credential-null" "clone" "--bare" "https://github.com/PhotonQuantum/axum-xml" "/workspace/cache/git-repos/https%3A%2F%2Fgithub.com%2FPhotonQuantum%2Faxum-xml", kill_on_drop: false }`
[INFO] [stderr] Cloning into bare repository '/workspace/cache/git-repos/https%3A%2F%2Fgithub.com%2FPhotonQuantum%2Faxum-xml'...
[INFO] running `Command { std: "git" "rev-parse" "HEAD", kill_on_drop: false }`
[INFO] [stdout] 04c253c491ba267259f942f215fbd63adbe76551
[INFO] testing PhotonQuantum/axum-xml against 1.69.0 for beta-1.70-1
[INFO] running `Command { std: "git" "clone" "/workspace/cache/git-repos/https%3A%2F%2Fgithub.com%2FPhotonQuantum%2Faxum-xml" "/workspace/builds/worker-5-tc1/source", kill_on_drop: false }`
[INFO] [stderr] Cloning into '/workspace/builds/worker-5-tc1/source'...
[INFO] [stderr] done.
[INFO] validating manifest of git repo https://github.com/PhotonQuantum/axum-xml on toolchain 1.69.0
[INFO] running `Command { std: CARGO_HOME="/workspace/cargo-home" RUSTUP_HOME="/workspace/rustup-home" "/workspace/cargo-home/bin/cargo" "+1.69.0" "metadata" "--manifest-path" "Cargo.toml" "--no-deps", kill_on_drop: false }`
[INFO] removed /workspace/builds/worker-5-tc1/source/rust-toolchain.toml
[INFO] started tweaking git repo https://github.com/PhotonQuantum/axum-xml
[INFO] finished tweaking git repo https://github.com/PhotonQuantum/axum-xml
[INFO] tweaked toml for git repo https://github.com/PhotonQuantum/axum-xml written to /workspace/builds/worker-5-tc1/source/Cargo.toml
[INFO] crate git repo https://github.com/PhotonQuantum/axum-xml already has a lockfile, it will not be regenerated
[INFO] running `Command { std: CARGO_HOME="/workspace/cargo-home" RUSTUP_HOME="/workspace/rustup-home" "/workspace/cargo-home/bin/cargo" "+1.69.0" "fetch" "--manifest-path" "Cargo.toml", kill_on_drop: false }`
[INFO] [stderr]  Downloading crates ...
[INFO] [stderr]   Downloaded tower-http v0.3.2
[INFO] running `Command { std: "docker" "create" "-v" "/var/lib/crater-agent-workspace/builds/worker-5-tc1/target:/opt/rustwide/target:rw,Z" "-v" "/var/lib/crater-agent-workspace/builds/worker-5-tc1/source:/opt/rustwide/workdir:ro,Z" "-v" "/var/lib/crater-agent-workspace/cargo-home:/opt/rustwide/cargo-home:ro,Z" "-v" "/var/lib/crater-agent-workspace/rustup-home:/opt/rustwide/rustup-home:ro,Z" "-e" "SOURCE_DIR=/opt/rustwide/workdir" "-e" "CARGO_TARGET_DIR=/opt/rustwide/target" "-e" "CARGO_HOME=/opt/rustwide/cargo-home" "-e" "RUSTUP_HOME=/opt/rustwide/rustup-home" "-w" "/opt/rustwide/workdir" "-m" "1610612736" "--user" "0:0" "--network" "none" "ghcr.io/rust-lang/crates-build-env/linux@sha256:5ff2268d62e97bff2cde7d5815dd6ed5b47097566f13b8d0ca110b04b60e07ed" "/opt/rustwide/cargo-home/bin/cargo" "+1.69.0" "metadata" "--no-deps" "--format-version=1", kill_on_drop: false }`
[INFO] [stdout] 1b4ccdb9fe07d9afe490ef4eca4b04cf847e850bf0abf17f0545c195797615b6
[INFO] running `Command { std: "docker" "start" "-a" "1b4ccdb9fe07d9afe490ef4eca4b04cf847e850bf0abf17f0545c195797615b6", kill_on_drop: false }`
[INFO] running `Command { std: "docker" "inspect" "1b4ccdb9fe07d9afe490ef4eca4b04cf847e850bf0abf17f0545c195797615b6", kill_on_drop: false }`
[INFO] running `Command { std: "docker" "rm" "-f" "1b4ccdb9fe07d9afe490ef4eca4b04cf847e850bf0abf17f0545c195797615b6", kill_on_drop: false }`
[INFO] [stdout] 1b4ccdb9fe07d9afe490ef4eca4b04cf847e850bf0abf17f0545c195797615b6
[INFO] running `Command { std: "docker" "create" "-v" "/var/lib/crater-agent-workspace/builds/worker-5-tc1/target:/opt/rustwide/target:rw,Z" "-v" "/var/lib/crater-agent-workspace/builds/worker-5-tc1/source:/opt/rustwide/workdir:ro,Z" "-v" "/var/lib/crater-agent-workspace/cargo-home:/opt/rustwide/cargo-home:ro,Z" "-v" "/var/lib/crater-agent-workspace/rustup-home:/opt/rustwide/rustup-home:ro,Z" "-e" "SOURCE_DIR=/opt/rustwide/workdir" "-e" "CARGO_TARGET_DIR=/opt/rustwide/target" "-e" "CARGO_INCREMENTAL=0" "-e" "RUST_BACKTRACE=full" "-e" "RUSTFLAGS=--cap-lints=warn" "-e" "RUSTDOCFLAGS=--cap-lints=warn" "-e" "CARGO_HOME=/opt/rustwide/cargo-home" "-e" "RUSTUP_HOME=/opt/rustwide/rustup-home" "-w" "/opt/rustwide/workdir" "-m" "1610612736" "--user" "0:0" "--network" "none" "ghcr.io/rust-lang/crates-build-env/linux@sha256:5ff2268d62e97bff2cde7d5815dd6ed5b47097566f13b8d0ca110b04b60e07ed" "/opt/rustwide/cargo-home/bin/cargo" "+1.69.0" "build" "--frozen" "--message-format=json", kill_on_drop: false }`
[INFO] [stdout] 9a3a9ed54b86ef42f29f4d37e2c240e060695f849bc20ea8c61cd850c082bd74
[INFO] running `Command { std: "docker" "start" "-a" "9a3a9ed54b86ef42f29f4d37e2c240e060695f849bc20ea8c61cd850c082bd74", kill_on_drop: false }`
[INFO] [stderr]    Compiling proc-macro2 v1.0.52
[INFO] [stderr]    Compiling quote v1.0.26
[INFO] [stderr]    Compiling unicode-ident v1.0.0
[INFO] [stderr]    Compiling futures-task v0.3.21
[INFO] [stderr]    Compiling futures-core v0.3.21
[INFO] [stderr]    Compiling bytes v1.4.0
[INFO] [stderr]    Compiling async-trait v0.1.68
[INFO] [stderr]    Compiling fnv v1.0.7
[INFO] [stderr]    Compiling futures-util v0.3.21
[INFO] [stderr]    Compiling memchr v2.5.0
[INFO] [stderr]    Compiling itoa v1.0.1
[INFO] [stderr]    Compiling serde v1.0.160
[INFO] [stderr]    Compiling thiserror v1.0.40
[INFO] [stderr]    Compiling tower-service v0.3.2
[INFO] [stderr]    Compiling http v0.2.9
[INFO] [stderr]    Compiling tower-layer v0.3.1
[INFO] [stderr]    Compiling mime v0.3.17
[INFO] [stderr]    Compiling syn v2.0.10
[INFO] [stderr]    Compiling http-body v0.4.5
[INFO] [stderr]    Compiling quick-xml v0.26.0
[INFO] [stdout] error[E0433]: failed to resolve: could not find `Deserialize` in `serde`
[INFO] [stdout]   --> /opt/rustwide/cargo-home/registry/src/github.com-1ecc6299db9ec823/quick-xml-0.26.0/src/name.rs:19:45
[INFO] [stdout]    |
[INFO] [stdout] 19 | #[cfg_attr(feature = "serde", derive(serde::Deserialize, serde::Serialize))]
[INFO] [stdout]    |                                             ^^^^^^^^^^^ could not find `Deserialize` in `serde`
[INFO] [stdout] 
[INFO] [stdout] 
[INFO] [stdout] error[E0433]: failed to resolve: could not find `Serialize` in `serde`
[INFO] [stdout]   --> /opt/rustwide/cargo-home/registry/src/github.com-1ecc6299db9ec823/quick-xml-0.26.0/src/name.rs:19:65
[INFO] [stdout]    |
[INFO] [stdout] 19 | #[cfg_attr(feature = "serde", derive(serde::Deserialize, serde::Serialize))]
[INFO] [stdout]    |                                                                 ^^^^^^^^^ could not find `Serialize` in `serde`
[INFO] [stdout] 
[INFO] [stdout] 
[INFO] [stdout] error[E0433]: failed to resolve: could not find `Deserialize` in `serde`
[INFO] [stdout]    --> /opt/rustwide/cargo-home/registry/src/github.com-1ecc6299db9ec823/quick-xml-0.26.0/src/name.rs:136:45
[INFO] [stdout]     |
[INFO] [stdout] 136 | #[cfg_attr(feature = "serde", derive(serde::Deserialize, serde::Serialize))]
[INFO] [stdout]     |                                             ^^^^^^^^^^^ could not find `Deserialize` in `serde`
[INFO] [stdout] 
[INFO] [stdout] 
[INFO] [stdout] error[E0433]: failed to resolve: could not find `Serialize` in `serde`
[INFO] [stdout]    --> /opt/rustwide/cargo-home/registry/src/github.com-1ecc6299db9ec823/quick-xml-0.26.0/src/name.rs:136:65
[INFO] [stdout]     |
[INFO] [stdout] 136 | #[cfg_attr(feature = "serde", derive(serde::Deserialize, serde::Serialize))]
[INFO] [stdout]     |                                                                 ^^^^^^^^^ could not find `Serialize` in `serde`
[INFO] [stdout] 
[INFO] [stdout] 
[INFO] [stdout] error[E0433]: failed to resolve: could not find `Deserialize` in `serde`
[INFO] [stdout]    --> /opt/rustwide/cargo-home/registry/src/github.com-1ecc6299db9ec823/quick-xml-0.26.0/src/name.rs:186:45
[INFO] [stdout]     |
[INFO] [stdout] 186 | #[cfg_attr(feature = "serde", derive(serde::Deserialize, serde::Serialize))]
[INFO] [stdout]     |                                             ^^^^^^^^^^^ could not find `Deserialize` in `serde`
[INFO] [stdout] 
[INFO] [stdout] 
[INFO] [stdout] error[E0433]: failed to resolve: could not find `Serialize` in `serde`
[INFO] [stdout]    --> /opt/rustwide/cargo-home/registry/src/github.com-1ecc6299db9ec823/quick-xml-0.26.0/src/name.rs:186:65
[INFO] [stdout]     |
[INFO] [stdout] 186 | #[cfg_attr(feature = "serde", derive(serde::Deserialize, serde::Serialize))]
[INFO] [stdout]     |                                                                 ^^^^^^^^^ could not find `Serialize` in `serde`
[INFO] [stdout] 
[INFO] [stdout] 
[INFO] [stdout] error[E0433]: failed to resolve: could not find `Deserialize` in `serde`
[INFO] [stdout]    --> /opt/rustwide/cargo-home/registry/src/github.com-1ecc6299db9ec823/quick-xml-0.26.0/src/name.rs:228:45
[INFO] [stdout]     |
[INFO] [stdout] 228 | #[cfg_attr(feature = "serde", derive(serde::Deserialize, serde::Serialize))]
[INFO] [stdout]     |                                             ^^^^^^^^^^^ could not find `Deserialize` in `serde`
[INFO] [stdout] 
[INFO] [stdout] 
[INFO] [stdout] error[E0433]: failed to resolve: could not find `Serialize` in `serde`
[INFO] [stdout]    --> /opt/rustwide/cargo-home/registry/src/github.com-1ecc6299db9ec823/quick-xml-0.26.0/src/name.rs:228:65
[INFO] [stdout]     |
[INFO] [stdout] 228 | #[cfg_attr(feature = "serde", derive(serde::Deserialize, serde::Serialize))]
[INFO] [stdout]     |                                                                 ^^^^^^^^^ could not find `Serialize` in `serde`
[INFO] [stdout] 
[INFO] [stdout] 
[INFO] [stdout] error: aborting due to 8 previous errors
[INFO] [stdout] 
[INFO] [stdout] 
[INFO] [stdout] For more information about this error, try `rustc --explain E0433`.
[INFO] [stdout] 
[INFO] [stderr] error: could not compile `quick-xml` due to 9 previous errors
[INFO] [stderr] warning: build failed, waiting for other jobs to finish...
[INFO] running `Command { std: "docker" "inspect" "9a3a9ed54b86ef42f29f4d37e2c240e060695f849bc20ea8c61cd850c082bd74", kill_on_drop: false }`
[INFO] running `Command { std: "docker" "rm" "-f" "9a3a9ed54b86ef42f29f4d37e2c240e060695f849bc20ea8c61cd850c082bd74", kill_on_drop: false }`
[INFO] [stdout] 9a3a9ed54b86ef42f29f4d37e2c240e060695f849bc20ea8c61cd850c082bd74
