[INFO] cloning repository https://github.com/PhilipDaniels/oaf
[INFO] running `Command { std: "git" "-c" "credential.helper=" "-c" "credential.helper=/workspace/cargo-home/bin/git-credential-null" "clone" "--bare" "https://github.com/PhilipDaniels/oaf" "/workspace/cache/git-repos/https%3A%2F%2Fgithub.com%2FPhilipDaniels%2Foaf", kill_on_drop: false }`
[INFO] [stderr] Cloning into bare repository '/workspace/cache/git-repos/https%3A%2F%2Fgithub.com%2FPhilipDaniels%2Foaf'...
[INFO] running `Command { std: "git" "rev-parse" "HEAD", kill_on_drop: false }`
[INFO] [stdout] dd3b30157653243588f2a9248619c5048a2f2093
[INFO] testing PhilipDaniels/oaf against beta-2023-04-20 for beta-1.70-1
[INFO] running `Command { std: "git" "clone" "/workspace/cache/git-repos/https%3A%2F%2Fgithub.com%2FPhilipDaniels%2Foaf" "/workspace/builds/worker-7-tc2/source", kill_on_drop: false }`
[INFO] [stderr] Cloning into '/workspace/builds/worker-7-tc2/source'...
[INFO] [stderr] done.
[INFO] validating manifest of git repo https://github.com/PhilipDaniels/oaf on toolchain beta-2023-04-20
[INFO] running `Command { std: CARGO_HOME="/workspace/cargo-home" RUSTUP_HOME="/workspace/rustup-home" "/workspace/cargo-home/bin/cargo" "+beta-2023-04-20" "metadata" "--manifest-path" "Cargo.toml" "--no-deps", kill_on_drop: false }`
[INFO] started tweaking git repo https://github.com/PhilipDaniels/oaf
[INFO] finished tweaking git repo https://github.com/PhilipDaniels/oaf
[INFO] tweaked toml for git repo https://github.com/PhilipDaniels/oaf written to /workspace/builds/worker-7-tc2/source/Cargo.toml
[INFO] crate git repo https://github.com/PhilipDaniels/oaf already has a lockfile, it will not be regenerated
[INFO] running `Command { std: CARGO_HOME="/workspace/cargo-home" RUSTUP_HOME="/workspace/rustup-home" "/workspace/cargo-home/bin/cargo" "+beta-2023-04-20" "fetch" "--manifest-path" "Cargo.toml", kill_on_drop: false }`
[INFO] [stderr]     Updating crates.io index
[INFO] [stderr]  Downloading crates ...
[INFO] [stderr]   Downloaded arc-swap v0.3.0
[INFO] [stderr]   Downloaded crossbeam v0.3.2
[INFO] [stderr]   Downloaded num-traits v0.2.5
[INFO] [stderr]   Downloaded signal-hook v0.1.5
[INFO] [stderr]   Downloaded cmake v0.1.33
[INFO] [stderr]   Downloaded separator v0.3.1
[INFO] [stderr]   Downloaded array-macro v1.0.2
[INFO] [stderr]   Downloaded enum-map-derive v0.4.0
[INFO] [stderr]   Downloaded reexport-proc-macro v1.0.5
[INFO] [stderr]   Downloaded enum-map v0.4.1
[INFO] [stderr]   Downloaded enumset v0.3.10
[INFO] [stderr]   Downloaded num-complex v0.2.0
[INFO] [stderr]   Downloaded serde-value v0.5.2
[INFO] [stderr]   Downloaded built v0.3.0
[INFO] [stderr]   Downloaded ncurses v5.94.0
[INFO] [stderr]   Downloaded toml v0.4.6
[INFO] [stderr]   Downloaded cc v1.0.23
[INFO] [stderr]   Downloaded yaml-rust v0.4.0
[INFO] [stderr]   Downloaded cursive v0.9.1
[INFO] [stderr]   Downloaded flate2 v1.0.2
[INFO] [stderr]   Downloaded serde_json v1.0.26
[INFO] [stderr]   Downloaded serde v1.0.76
[INFO] [stderr]   Downloaded git2 v0.7.5
[INFO] [stderr]   Downloaded serde_derive v1.0.76
[INFO] [stderr]   Downloaded log4rs v0.8.0
[INFO] [stderr]   Downloaded same-file v1.0.3
[INFO] [stderr]   Downloaded walkdir v2.2.5
[INFO] [stderr]   Downloaded proc-macro2 v0.4.17
[INFO] [stderr]   Downloaded libssh2-sys v0.2.10
[INFO] [stderr]   Downloaded libz-sys v1.0.20
[INFO] [stderr]   Downloaded curl-sys v0.4.12
[INFO] [stderr]   Downloaded libgit2-sys v0.7.7
[INFO] running `Command { std: "docker" "create" "-v" "/var/lib/crater-agent-workspace/builds/worker-7-tc2/target:/opt/rustwide/target:rw,Z" "-v" "/var/lib/crater-agent-workspace/builds/worker-7-tc2/source:/opt/rustwide/workdir:ro,Z" "-v" "/var/lib/crater-agent-workspace/cargo-home:/opt/rustwide/cargo-home:ro,Z" "-v" "/var/lib/crater-agent-workspace/rustup-home:/opt/rustwide/rustup-home:ro,Z" "-e" "SOURCE_DIR=/opt/rustwide/workdir" "-e" "CARGO_TARGET_DIR=/opt/rustwide/target" "-e" "CARGO_HOME=/opt/rustwide/cargo-home" "-e" "RUSTUP_HOME=/opt/rustwide/rustup-home" "-w" "/opt/rustwide/workdir" "-m" "1610612736" "--user" "0:0" "--network" "none" "ghcr.io/rust-lang/crates-build-env/linux@sha256:5ff2268d62e97bff2cde7d5815dd6ed5b47097566f13b8d0ca110b04b60e07ed" "/opt/rustwide/cargo-home/bin/cargo" "+beta-2023-04-20" "metadata" "--no-deps" "--format-version=1", kill_on_drop: false }`
[INFO] [stdout] 4de68d37481d139c2a750af678b75b17859d4f81480998dc6423d49c2a10c3a7
[INFO] running `Command { std: "docker" "start" "-a" "4de68d37481d139c2a750af678b75b17859d4f81480998dc6423d49c2a10c3a7", kill_on_drop: false }`
[INFO] running `Command { std: "docker" "inspect" "4de68d37481d139c2a750af678b75b17859d4f81480998dc6423d49c2a10c3a7", kill_on_drop: false }`
[INFO] running `Command { std: "docker" "rm" "-f" "4de68d37481d139c2a750af678b75b17859d4f81480998dc6423d49c2a10c3a7", kill_on_drop: false }`
[INFO] [stdout] 4de68d37481d139c2a750af678b75b17859d4f81480998dc6423d49c2a10c3a7
[INFO] running `Command { std: "docker" "create" "-v" "/var/lib/crater-agent-workspace/builds/worker-7-tc2/target:/opt/rustwide/target:rw,Z" "-v" "/var/lib/crater-agent-workspace/builds/worker-7-tc2/source:/opt/rustwide/workdir:ro,Z" "-v" "/var/lib/crater-agent-workspace/cargo-home:/opt/rustwide/cargo-home:ro,Z" "-v" "/var/lib/crater-agent-workspace/rustup-home:/opt/rustwide/rustup-home:ro,Z" "-e" "SOURCE_DIR=/opt/rustwide/workdir" "-e" "CARGO_TARGET_DIR=/opt/rustwide/target" "-e" "CARGO_INCREMENTAL=0" "-e" "RUST_BACKTRACE=full" "-e" "RUSTFLAGS=--cap-lints=warn" "-e" "RUSTDOCFLAGS=--cap-lints=warn" "-e" "CARGO_HOME=/opt/rustwide/cargo-home" "-e" "RUSTUP_HOME=/opt/rustwide/rustup-home" "-w" "/opt/rustwide/workdir" "-m" "1610612736" "--user" "0:0" "--network" "none" "ghcr.io/rust-lang/crates-build-env/linux@sha256:5ff2268d62e97bff2cde7d5815dd6ed5b47097566f13b8d0ca110b04b60e07ed" "/opt/rustwide/cargo-home/bin/cargo" "+beta-2023-04-20" "build" "--frozen" "--message-format=json", kill_on_drop: false }`
[INFO] [stdout] 69ce9bc5d0b61589ac305192909dd0860d37321b533866e161f93a16e00ed462
[INFO] running `Command { std: "docker" "start" "-a" "69ce9bc5d0b61589ac305192909dd0860d37321b533866e161f93a16e00ed462", kill_on_drop: false }`
[INFO] [stderr]     Blocking waiting for file lock on package cache
[INFO] [stderr]    Compiling cc v1.0.23
[INFO] [stderr]    Compiling libc v0.2.43
[INFO] [stderr]    Compiling pkg-config v0.3.14
[INFO] [stderr]    Compiling serde v1.0.76
[INFO] [stderr]    Compiling num-traits v0.2.5
[INFO] [stderr]    Compiling proc-macro2 v0.4.17
[INFO] [stderr]    Compiling void v1.0.2
[INFO] [stderr]    Compiling cfg-if v0.1.5
[INFO] [stderr]    Compiling num-integer v0.1.39
[INFO] [stderr]    Compiling matches v0.1.8
[INFO] [stderr]    Compiling rand_core v0.3.0
[INFO] [stderr]    Compiling version_check v0.1.5
[INFO] [stderr]    Compiling unicode-normalization v0.1.7
[INFO] [stderr]    Compiling stable_deref_trait v1.1.1
[INFO] [stderr]    Compiling percent-encoding v1.0.1
[INFO] [stderr]    Compiling parking_lot_core v0.3.1
[INFO] [stderr]    Compiling unicode-bidi v0.3.4
[INFO] [stderr]    Compiling scopeguard v0.3.3
[INFO] [stderr]    Compiling unreachable v1.0.0
[INFO] [stderr]    Compiling owning_ref v0.3.3
[INFO] [stderr]    Compiling smallvec v0.6.5
[INFO] [stderr]    Compiling rand_core v0.2.2
[INFO] [stderr]    Compiling num-iter v0.1.37
[INFO] [stderr]    Compiling nodrop v0.1.12
[INFO] [stderr]    Compiling num-complex v0.2.0
[INFO] [stderr]    Compiling lazy_static v1.1.0
[INFO] [stderr]    Compiling openssl-probe v0.1.2
[INFO] [stderr]    Compiling cmake v0.1.33
[INFO] [stderr]    Compiling ryu v0.2.6
[INFO] [stderr]    Compiling num-rational v0.2.1
[INFO] [stderr]    Compiling time v0.1.40
[INFO] [stderr]    Compiling rand v0.5.5
[INFO] [stderr]    Compiling arrayvec v0.4.7
[INFO] [stderr]    Compiling lock_api v0.1.4
[INFO] [stderr]    Compiling quote v0.6.8
[INFO] [stderr]    Compiling unreachable v0.1.1
[INFO] [stderr]    Compiling traitobject v0.1.0
[INFO] [stderr]    Compiling crossbeam-utils v0.5.0
[INFO] [stderr]    Compiling linked-hash-map v0.5.1
[INFO] [stderr]    Compiling memoffset v0.2.1
[INFO] [stderr]    Compiling atty v0.2.11
[INFO] [stderr]    Compiling textwrap v0.10.0
[INFO] [stderr]    Compiling reexport-proc-macro v1.0.5
[INFO] [stderr]    Compiling quick-error v1.2.2
[INFO] [stderr]    Compiling unsafe-any v0.4.2
[INFO] [stderr]    Compiling syn v0.14.9
[INFO] [stderr]    Compiling yaml-rust v0.4.0
[INFO] [stderr]    Compiling crossbeam-epoch v0.6.0
[INFO] [stderr]    Compiling itoa v0.4.2
[INFO] [stderr]    Compiling strsim v0.7.0
[INFO] [stderr]    Compiling safemem v0.3.0
[INFO] [stderr]    Compiling libz-sys v1.0.20
[INFO] [stderr]    Compiling openssl-sys v0.9.36
[INFO] [stderr]    Compiling curl-sys v0.4.12
[INFO] [stderr]    Compiling libssh2-sys v0.2.10
[INFO] [stderr]    Compiling libgit2-sys v0.7.7
[INFO] [stderr]    Compiling miniz-sys v0.1.10
[INFO] [stderr]    Compiling idna v0.1.5
[INFO] [stderr]    Compiling num-traits v0.1.43
[INFO] [stderr]    Compiling ncurses v5.94.0
[INFO] [stderr]    Compiling ordered-float v0.5.0
[INFO] [stderr]    Compiling byteorder v1.2.6
[INFO] [stderr]    Compiling dtoa v0.4.3
[INFO] [stderr]    Compiling arc-swap v0.3.0
[INFO] [stderr]    Compiling same-file v1.0.3
[INFO] [stderr]    Compiling parking_lot v0.6.4
[INFO] [stderr]    Compiling url v1.7.1
[INFO] [stderr]    Compiling array-macro v1.0.2
[INFO] [stderr] The following warnings were emitted during compilation:
[INFO] [stderr] 
[INFO] [stderr] warning: /opt/rustwide/target/debug/build/openssl-sys-672f23739ffb618a/out/expando.c:4:24: error: pasting "RUST_VERSION_OPENSSL_" and "(" does not give a valid preprocessing token
[INFO] [stderr] warning:     4 | #define VERSION2(n, v) RUST_VERSION_ ## n ## _ ## v
[INFO] [stderr] warning:       |                        ^~~~~~~~~~~~~
[INFO] [stderr] warning: /opt/rustwide/target/debug/build/openssl-sys-672f23739ffb618a/out/expando.c:5:23: note: in expansion of macro 'VERSION2'
[INFO] [stderr] warning:     5 | #define VERSION(n, v) VERSION2(n, v)
[INFO] [stderr] warning:       |                       ^~~~~~~~
[INFO] [stderr] warning: /opt/rustwide/target/debug/build/openssl-sys-672f23739ffb618a/out/expando.c:7:1: note: in expansion of macro 'VERSION'
[INFO] [stderr] warning:     7 | VERSION(OPENSSL, OPENSSL_VERSION_NUMBER)
[INFO] [stderr] warning:       | ^~~~~~~
[INFO] [stderr] 
[INFO] [stderr] error: failed to run custom build command for `openssl-sys v0.9.36`
[INFO] [stderr] note: To improve backtraces for build dependencies, set the CARGO_PROFILE_DEV_BUILD_OVERRIDE_DEBUG=true environment variable to enable debug information generation.
[INFO] [stderr] 
[INFO] [stderr] Caused by:
[INFO] [stderr]   process didn't exit successfully: `/opt/rustwide/target/debug/build/openssl-sys-561a435f1db7d411/build-script-main` (exit status: 101)
[INFO] [stderr]   --- stdout
[INFO] [stderr]   cargo:rerun-if-env-changed=X86_64_UNKNOWN_LINUX_GNU_OPENSSL_LIB_DIR
[INFO] [stderr]   cargo:rerun-if-env-changed=OPENSSL_LIB_DIR
[INFO] [stderr]   cargo:rerun-if-env-changed=X86_64_UNKNOWN_LINUX_GNU_OPENSSL_INCLUDE_DIR
[INFO] [stderr]   cargo:rerun-if-env-changed=OPENSSL_INCLUDE_DIR
[INFO] [stderr]   cargo:rerun-if-env-changed=X86_64_UNKNOWN_LINUX_GNU_OPENSSL_DIR
[INFO] [stderr]   cargo:rerun-if-env-changed=OPENSSL_DIR
[INFO] [stderr]   cargo:rustc-link-lib=ssl
[INFO] [stderr]   cargo:rustc-link-lib=crypto
[INFO] [stderr]   OPT_LEVEL = Some("0")
[INFO] [stderr]   TARGET = Some("x86_64-unknown-linux-gnu")
[INFO] [stderr]   HOST = Some("x86_64-unknown-linux-gnu")
[INFO] [stderr]   TARGET = Some("x86_64-unknown-linux-gnu")
[INFO] [stderr]   TARGET = Some("x86_64-unknown-linux-gnu")
[INFO] [stderr]   HOST = Some("x86_64-unknown-linux-gnu")
[INFO] [stderr]   CC_x86_64-unknown-linux-gnu = None
[INFO] [stderr]   CC_x86_64_unknown_linux_gnu = None
[INFO] [stderr]   HOST_CC = None
[INFO] [stderr]   CC = None
[INFO] [stderr]   HOST = Some("x86_64-unknown-linux-gnu")
[INFO] [stderr]   TARGET = Some("x86_64-unknown-linux-gnu")
[INFO] [stderr]   HOST = Some("x86_64-unknown-linux-gnu")
[INFO] [stderr]   CFLAGS_x86_64-unknown-linux-gnu = None
[INFO] [stderr]   CFLAGS_x86_64_unknown_linux_gnu = None
[INFO] [stderr]   HOST_CFLAGS = None
[INFO] [stderr]   CFLAGS = None
[INFO] [stderr]   DEBUG = Some("true")
[INFO] [stderr]   TARGET = Some("x86_64-unknown-linux-gnu")
[INFO] [stderr]   HOST = Some("x86_64-unknown-linux-gnu")
[INFO] [stderr]   CFLAGS_x86_64-unknown-linux-gnu = None
[INFO] [stderr]   CFLAGS_x86_64_unknown_linux_gnu = None
[INFO] [stderr]   HOST_CFLAGS = None
[INFO] [stderr]   CFLAGS = None
[INFO] [stderr]   TARGET = Some("x86_64-unknown-linux-gnu")
[INFO] [stderr]   HOST = Some("x86_64-unknown-linux-gnu")
[INFO] [stderr]   CFLAGS_x86_64-unknown-linux-gnu = None
[INFO] [stderr]   CFLAGS_x86_64_unknown_linux_gnu = None
[INFO] [stderr]   HOST_CFLAGS = None
[INFO] [stderr]   CFLAGS = None
[INFO] [stderr]   running: "cc" "-O0" "-ffunction-sections" "-fdata-sections" "-fPIC" "-g" "-fno-omit-frame-pointer" "-m64" "-Wall" "-Wextra" "-E" "/opt/rustwide/target/debug/build/openssl-sys-672f23739ffb618a/out/expando.c"
[INFO] [stderr]   cargo:warning=/opt/rustwide/target/debug/build/openssl-sys-672f23739ffb618a/out/expando.c:4:24: error: pasting "RUST_VERSION_OPENSSL_" and "(" does not give a valid preprocessing token
[INFO] [stderr]   cargo:warning=    4 | #define VERSION2(n, v) RUST_VERSION_ ## n ## _ ## v
[INFO] [stderr]   cargo:warning=      |                        ^~~~~~~~~~~~~
[INFO] [stderr]   cargo:warning=/opt/rustwide/target/debug/build/openssl-sys-672f23739ffb618a/out/expando.c:5:23: note: in expansion of macro 'VERSION2'
[INFO] [stderr]   cargo:warning=    5 | #define VERSION(n, v) VERSION2(n, v)
[INFO] [stderr]   cargo:warning=      |                       ^~~~~~~~
[INFO] [stderr]   cargo:warning=/opt/rustwide/target/debug/build/openssl-sys-672f23739ffb618a/out/expando.c:7:1: note: in expansion of macro 'VERSION'
[INFO] [stderr]   cargo:warning=    7 | VERSION(OPENSSL, OPENSSL_VERSION_NUMBER)
[INFO] [stderr]   cargo:warning=      | ^~~~~~~
[INFO] [stderr]   exit status: 1
[INFO] [stderr] 
[INFO] [stderr]   --- stderr
[INFO] [stderr]   thread 'main' panicked at '
[INFO] [stderr]   Header expansion error:
[INFO] [stderr]   Error { kind: ToolExecError, message: "Command \"cc\" \"-O0\" \"-ffunction-sections\" \"-fdata-sections\" \"-fPIC\" \"-g\" \"-fno-omit-frame-pointer\" \"-m64\" \"-Wall\" \"-Wextra\" \"-E\" \"/opt/rustwide/target/debug/build/openssl-sys-672f23739ffb618a/out/expando.c\" with args \"cc\" did not execute successfully (status code exit status: 1)." }
[INFO] [stderr] 
[INFO] [stderr]   Failed to find OpenSSL development headers.
[INFO] [stderr] 
[INFO] [stderr]   You can try fixing this setting the `OPENSSL_DIR` environment variable
[INFO] [stderr]   pointing to your OpenSSL installation or installing OpenSSL headers package
[INFO] [stderr]   specific to your distribution:
[INFO] [stderr] 
[INFO] [stderr]       # On Ubuntu
[INFO] [stderr]       sudo apt-get install libssl-dev
[INFO] [stderr]       # On Arch Linux
[INFO] [stderr]       sudo pacman -S openssl
[INFO] [stderr]       # On Fedora
[INFO] [stderr]       sudo dnf install openssl-devel
[INFO] [stderr] 
[INFO] [stderr]   See rust-openssl README for more information:
[INFO] [stderr] 
[INFO] [stderr]       https://github.com/sfackler/rust-openssl#linux
[INFO] [stderr]   ', /opt/rustwide/cargo-home/registry/src/index.crates.io-6f17d22bba15001f/openssl-sys-0.9.36/build/main.rs:428:13
[INFO] [stderr]   stack backtrace:
[INFO] [stderr]      0:     0x557aefbbe7ea - std::backtrace_rs::backtrace::libunwind::trace::h2f05d0192276a8f6
[INFO] [stderr]                                  at /rustc/1b7dd2252b99671ce5d1cb9664c5f8636329436d/library/std/src/../../backtrace/src/backtrace/libunwind.rs:93:5
[INFO] [stderr]      1:     0x557aefbbe7ea - std::backtrace_rs::backtrace::trace_unsynchronized::hedc23dff7a1af150
[INFO] [stderr]                                  at /rustc/1b7dd2252b99671ce5d1cb9664c5f8636329436d/library/std/src/../../backtrace/src/backtrace/mod.rs:66:5
[INFO] [stderr]      2:     0x557aefbbe7ea - std::sys_common::backtrace::_print_fmt::h17541ef7592f3ce2
[INFO] [stderr]                                  at /rustc/1b7dd2252b99671ce5d1cb9664c5f8636329436d/library/std/src/sys_common/backtrace.rs:65:5
[INFO] [stderr]      3:     0x557aefbbe7ea - <std::sys_common::backtrace::_print::DisplayBacktrace as core::fmt::Display>::fmt::h20f75df5ab0c0792
[INFO] [stderr]                                  at /rustc/1b7dd2252b99671ce5d1cb9664c5f8636329436d/library/std/src/sys_common/backtrace.rs:44:22
[INFO] [stderr]      4:     0x557aefbdef3f - core::fmt::write::h78109e6f466b3af6
[INFO] [stderr]                                  at /rustc/1b7dd2252b99671ce5d1cb9664c5f8636329436d/library/core/src/fmt/mod.rs:1254:17
[INFO] [stderr]      5:     0x557aefbbb9f5 - std::io::Write::write_fmt::hc59e1b02dd273c8a
[INFO] [stderr]                                  at /rustc/1b7dd2252b99671ce5d1cb9664c5f8636329436d/library/std/src/io/mod.rs:1698:15
[INFO] [stderr]      6:     0x557aefbbe5b5 - std::sys_common::backtrace::_print::h8dac57a9f8fbf9a5
[INFO] [stderr]                                  at /rustc/1b7dd2252b99671ce5d1cb9664c5f8636329436d/library/std/src/sys_common/backtrace.rs:47:5
[INFO] [stderr]      7:     0x557aefbbe5b5 - std::sys_common::backtrace::print::hf9ecbf41d1aa712f
[INFO] [stderr]                                  at /rustc/1b7dd2252b99671ce5d1cb9664c5f8636329436d/library/std/src/sys_common/backtrace.rs:34:9
[INFO] [stderr]      8:     0x557aefbbfe7e - std::panicking::default_hook::{{closure}}::h04c07acfc84ca028
[INFO] [stderr]                                  at /rustc/1b7dd2252b99671ce5d1cb9664c5f8636329436d/library/std/src/panicking.rs:269:22
[INFO] [stderr]      9:     0x557aefbbfc25 - std::panicking::default_hook::h01f6bb23e1eceb2c
[INFO] [stderr]                                  at /rustc/1b7dd2252b99671ce5d1cb9664c5f8636329436d/library/std/src/panicking.rs:288:9
[INFO] [stderr]     10:     0x557aefbc03de - std::panicking::rust_panic_with_hook::h2bb3722bbaf2f6df
[INFO] [stderr]                                  at /rustc/1b7dd2252b99671ce5d1cb9664c5f8636329436d/library/std/src/panicking.rs:691:13
[INFO] [stderr]     11:     0x557aefbc02d9 - std::panicking::begin_panic_handler::{{closure}}::h91bc7f36a4be011b
[INFO] [stderr]                                  at /rustc/1b7dd2252b99671ce5d1cb9664c5f8636329436d/library/std/src/panicking.rs:582:13
[INFO] [stderr]     12:     0x557aefbbec56 - std::sys_common::backtrace::__rust_end_short_backtrace::h8b3d3717114f9e59
[INFO] [stderr]                                  at /rustc/1b7dd2252b99671ce5d1cb9664c5f8636329436d/library/std/src/sys_common/backtrace.rs:150:18
[INFO] [stderr]     13:     0x557aefbc0032 - rust_begin_unwind
[INFO] [stderr]                                  at /rustc/1b7dd2252b99671ce5d1cb9664c5f8636329436d/library/std/src/panicking.rs:578:5
[INFO] [stderr]     14:     0x557aefb417f3 - core::panicking::panic_fmt::hfd368e3fbdabea26
[INFO] [stderr]                                  at /rustc/1b7dd2252b99671ce5d1cb9664c5f8636329436d/library/core/src/panicking.rs:67:14
[INFO] [stderr]     15:     0x557aefb44c93 - build_script_main::validate_headers::h5c977ae55d071e90
[INFO] [stderr]     16:     0x557aefb48090 - build_script_main::imp::try_pkg_config::h33d8de2772039437
[INFO] [stderr]     17:     0x557aefb46e66 - build_script_main::imp::find_openssl_dir::h71e3a7daaf52724e
[INFO] [stderr]     18:     0x557aefb46cb2 - build_script_main::imp::get_openssl::{{closure}}::ha1a7576b679f3696
[INFO] [stderr]     19:     0x557aefb4f8ea - core::option::Option<T>::unwrap_or_else::hce86fa0b1d2653f5
[INFO] [stderr]     20:     0x557aefb469b0 - build_script_main::imp::get_openssl::ha88176525b9901c8
[INFO] [stderr]     21:     0x557aefb43680 - build_script_main::main::h8d3d7da6e518a0c4
[INFO] [stderr]     22:     0x557aefb4f253 - core::ops::function::FnOnce::call_once::he77c56dba373c2f4
[INFO] [stderr]     23:     0x557aefb49436 - std::sys_common::backtrace::__rust_begin_short_backtrace::h4ad5283509bbdd26
[INFO] [stderr]     24:     0x557aefb4f079 - std::rt::lang_start::{{closure}}::h8d713fe64496e1fa
[INFO] [stderr]     25:     0x557aefbb880e - core::ops::function::impls::<impl core::ops::function::FnOnce<A> for &F>::call_once::h2eb19b8ce4148df4
[INFO] [stderr]                                  at /rustc/1b7dd2252b99671ce5d1cb9664c5f8636329436d/library/core/src/ops/function.rs:287:13
[INFO] [stderr]     26:     0x557aefbb880e - std::panicking::try::do_call::h2e900feff5d504c5
[INFO] [stderr]                                  at /rustc/1b7dd2252b99671ce5d1cb9664c5f8636329436d/library/std/src/panicking.rs:485:40
[INFO] [stderr]     27:     0x557aefbb880e - std::panicking::try::h8854836cb85aa9f2
[INFO] [stderr]                                  at /rustc/1b7dd2252b99671ce5d1cb9664c5f8636329436d/library/std/src/panicking.rs:449:19
[INFO] [stderr]     28:     0x557aefbb880e - std::panic::catch_unwind::h706025dd4c48f64b
[INFO] [stderr]                                  at /rustc/1b7dd2252b99671ce5d1cb9664c5f8636329436d/library/std/src/panic.rs:140:14
[INFO] [stderr]     29:     0x557aefbb880e - std::rt::lang_start_internal::{{closure}}::h7be5b97f4a07a91a
[INFO] [stderr]                                  at /rustc/1b7dd2252b99671ce5d1cb9664c5f8636329436d/library/std/src/rt.rs:148:48
[INFO] [stderr]     30:     0x557aefbb880e - std::panicking::try::do_call::h59847e9d0a176965
[INFO] [stderr]                                  at /rustc/1b7dd2252b99671ce5d1cb9664c5f8636329436d/library/std/src/panicking.rs:485:40
[INFO] [stderr]     31:     0x557aefbb880e - std::panicking::try::h399a918ba8522823
[INFO] [stderr]                                  at /rustc/1b7dd2252b99671ce5d1cb9664c5f8636329436d/library/std/src/panicking.rs:449:19
[INFO] [stderr]     32:     0x557aefbb880e - std::panic::catch_unwind::hca7ca6c55b2a2e26
[INFO] [stderr]                                  at /rustc/1b7dd2252b99671ce5d1cb9664c5f8636329436d/library/std/src/panic.rs:140:14
[INFO] [stderr]     33:     0x557aefbb880e - std::rt::lang_start_internal::h2c807a81560459eb
[INFO] [stderr]                                  at /rustc/1b7dd2252b99671ce5d1cb9664c5f8636329436d/library/std/src/rt.rs:148:20
[INFO] [stderr]     34:     0x557aefb4f057 - std::rt::lang_start::he85613e5968114cd
[INFO] [stderr]     35:     0x557aefb467e5 - main
[INFO] [stderr]     36:     0x7fe43da32d90 - <unknown>
[INFO] [stderr]     37:     0x7fe43da32e40 - __libc_start_main
[INFO] [stderr]     38:     0x557aefb41e65 - _start
[INFO] [stderr]     39:                0x0 - <unknown>
[INFO] [stderr] warning: build failed, waiting for other jobs to finish...
[INFO] running `Command { std: "docker" "inspect" "69ce9bc5d0b61589ac305192909dd0860d37321b533866e161f93a16e00ed462", kill_on_drop: false }`
[INFO] running `Command { std: "docker" "rm" "-f" "69ce9bc5d0b61589ac305192909dd0860d37321b533866e161f93a16e00ed462", kill_on_drop: false }`
[INFO] [stdout] 69ce9bc5d0b61589ac305192909dd0860d37321b533866e161f93a16e00ed462
