[INFO] cloning repository https://github.com/PhantomTop/doodleworkshop-contract
[INFO] running `Command { std: "git" "-c" "credential.helper=" "-c" "credential.helper=/workspace/cargo-home/bin/git-credential-null" "clone" "--bare" "https://github.com/PhantomTop/doodleworkshop-contract" "/workspace/cache/git-repos/https%3A%2F%2Fgithub.com%2FPhantomTop%2Fdoodleworkshop-contract", kill_on_drop: false }`
[INFO] [stderr] Cloning into bare repository '/workspace/cache/git-repos/https%3A%2F%2Fgithub.com%2FPhantomTop%2Fdoodleworkshop-contract'...
[INFO] running `Command { std: "git" "rev-parse" "HEAD", kill_on_drop: false }`
[INFO] [stdout] 86ea78cc80f213a275551b50a81ec8e600a71a43
[INFO] testing PhantomTop/doodleworkshop-contract against beta-2023-04-20 for beta-1.70-1
[INFO] running `Command { std: "git" "clone" "/workspace/cache/git-repos/https%3A%2F%2Fgithub.com%2FPhantomTop%2Fdoodleworkshop-contract" "/workspace/builds/worker-7-tc2/source", kill_on_drop: false }`
[INFO] [stderr] Cloning into '/workspace/builds/worker-7-tc2/source'...
[INFO] [stderr] done.
[INFO] validating manifest of git repo https://github.com/PhantomTop/doodleworkshop-contract on toolchain beta-2023-04-20
[INFO] running `Command { std: CARGO_HOME="/workspace/cargo-home" RUSTUP_HOME="/workspace/rustup-home" "/workspace/cargo-home/bin/cargo" "+beta-2023-04-20" "metadata" "--manifest-path" "Cargo.toml" "--no-deps", kill_on_drop: false }`
[INFO] removed /workspace/builds/worker-7-tc2/source/.cargo/config
[INFO] started tweaking git repo https://github.com/PhantomTop/doodleworkshop-contract
[INFO] finished tweaking git repo https://github.com/PhantomTop/doodleworkshop-contract
[INFO] tweaked toml for git repo https://github.com/PhantomTop/doodleworkshop-contract written to /workspace/builds/worker-7-tc2/source/Cargo.toml
[INFO] crate git repo https://github.com/PhantomTop/doodleworkshop-contract already has a lockfile, it will not be regenerated
[INFO] running `Command { std: CARGO_HOME="/workspace/cargo-home" RUSTUP_HOME="/workspace/rustup-home" "/workspace/cargo-home/bin/cargo" "+beta-2023-04-20" "fetch" "--manifest-path" "Cargo.toml", kill_on_drop: false }`
[INFO] [stderr]     Blocking waiting for file lock on package cache
[INFO] [stderr]     Updating crates.io index
[INFO] [stderr]     Blocking waiting for file lock on package cache
[INFO] [stderr]  Downloading crates ...
[INFO] [stderr]   Downloaded cosmwasm-derive v1.0.0
[INFO] [stderr]   Downloaded cw2 v0.11.1
[INFO] [stderr]   Downloaded cw-storage-plus v0.11.1
[INFO] [stderr]   Downloaded cw-multi-test v0.11.1
[INFO] [stderr]   Downloaded cosmwasm-schema v1.0.0
[INFO] [stderr]   Downloaded cosmwasm-storage v1.0.0
[INFO] [stderr]   Downloaded cw20-base v0.11.1
[INFO] [stderr]   Downloaded cw20 v0.11.1
[INFO] [stderr]   Downloaded cw-utils v0.11.1
[INFO] [stderr]   Downloaded cosmwasm-crypto v1.0.0
[INFO] [stderr]   Downloaded cosmwasm-std v1.0.0
[INFO] [stderr]   Downloaded serde-json-wasm v0.4.1
[INFO] running `Command { std: "docker" "create" "-v" "/var/lib/crater-agent-workspace/builds/worker-7-tc2/target:/opt/rustwide/target:rw,Z" "-v" "/var/lib/crater-agent-workspace/builds/worker-7-tc2/source:/opt/rustwide/workdir:ro,Z" "-v" "/var/lib/crater-agent-workspace/cargo-home:/opt/rustwide/cargo-home:ro,Z" "-v" "/var/lib/crater-agent-workspace/rustup-home:/opt/rustwide/rustup-home:ro,Z" "-e" "SOURCE_DIR=/opt/rustwide/workdir" "-e" "CARGO_TARGET_DIR=/opt/rustwide/target" "-e" "CARGO_HOME=/opt/rustwide/cargo-home" "-e" "RUSTUP_HOME=/opt/rustwide/rustup-home" "-w" "/opt/rustwide/workdir" "-m" "1610612736" "--user" "0:0" "--network" "none" "ghcr.io/rust-lang/crates-build-env/linux@sha256:97d61d7686bf65f8ecb15491ab51835e82dc9176a96a831f143a431b191fc501" "/opt/rustwide/cargo-home/bin/cargo" "+beta-2023-04-20" "metadata" "--no-deps" "--format-version=1", kill_on_drop: false }`
[INFO] [stdout] 78ce6a3c39320fd319c58d6f81a7f1010d6ee7cf573755f32cf5532c83255e62
[INFO] running `Command { std: "docker" "start" "-a" "78ce6a3c39320fd319c58d6f81a7f1010d6ee7cf573755f32cf5532c83255e62", kill_on_drop: false }`
[INFO] running `Command { std: "docker" "inspect" "78ce6a3c39320fd319c58d6f81a7f1010d6ee7cf573755f32cf5532c83255e62", kill_on_drop: false }`
[INFO] running `Command { std: "docker" "rm" "-f" "78ce6a3c39320fd319c58d6f81a7f1010d6ee7cf573755f32cf5532c83255e62", kill_on_drop: false }`
[INFO] [stdout] 78ce6a3c39320fd319c58d6f81a7f1010d6ee7cf573755f32cf5532c83255e62
[INFO] running `Command { std: "docker" "create" "-v" "/var/lib/crater-agent-workspace/builds/worker-7-tc2/target:/opt/rustwide/target:rw,Z" "-v" "/var/lib/crater-agent-workspace/builds/worker-7-tc2/source:/opt/rustwide/workdir:ro,Z" "-v" "/var/lib/crater-agent-workspace/cargo-home:/opt/rustwide/cargo-home:ro,Z" "-v" "/var/lib/crater-agent-workspace/rustup-home:/opt/rustwide/rustup-home:ro,Z" "-e" "SOURCE_DIR=/opt/rustwide/workdir" "-e" "CARGO_TARGET_DIR=/opt/rustwide/target" "-e" "CARGO_INCREMENTAL=0" "-e" "RUST_BACKTRACE=full" "-e" "RUSTFLAGS=--cap-lints=warn" "-e" "RUSTDOCFLAGS=--cap-lints=warn" "-e" "CARGO_HOME=/opt/rustwide/cargo-home" "-e" "RUSTUP_HOME=/opt/rustwide/rustup-home" "-w" "/opt/rustwide/workdir" "-m" "1610612736" "--user" "0:0" "--network" "none" "ghcr.io/rust-lang/crates-build-env/linux@sha256:97d61d7686bf65f8ecb15491ab51835e82dc9176a96a831f143a431b191fc501" "/opt/rustwide/cargo-home/bin/cargo" "+beta-2023-04-20" "build" "--frozen" "--message-format=json", kill_on_drop: false }`
[INFO] [stdout] 3dd5fc9f25bd1828e98799115face07a0b2bb49143be4e22cc67c8ef41f59aea
[INFO] running `Command { std: "docker" "start" "-a" "3dd5fc9f25bd1828e98799115face07a0b2bb49143be4e22cc67c8ef41f59aea", kill_on_drop: false }`
[INFO] [stderr]    Compiling version_check v0.9.4
[INFO] [stderr]    Compiling typenum v1.15.0
[INFO] [stderr]    Compiling libc v0.2.126
[INFO] [stderr]    Compiling cfg-if v1.0.0
[INFO] [stderr]    Compiling proc-macro2 v1.0.39
[INFO] [stderr]    Compiling unicode-ident v1.0.0
[INFO] [stderr]    Compiling syn v1.0.96
[INFO] [stderr]    Compiling subtle v2.4.1
[INFO] [stderr]    Compiling zeroize v1.5.5
[INFO] [stderr]    Compiling const-oid v0.7.1
[INFO] [stderr]    Compiling serde_derive v1.0.137
[INFO] [stderr]    Compiling base64ct v1.5.0
[INFO] [stderr]    Compiling serde v1.0.137
[INFO] [stderr]    Compiling getrandom v0.1.16
[INFO] [stderr]    Compiling base16ct v0.1.1
[INFO] [stderr]    Compiling cpufeatures v0.2.2
[INFO] [stderr] LLVM ERROR: IO failure on output stream: No space left on device
[INFO] [stdout] error: couldn't create a temp dir: No space left on device (os error 28) at path "/opt/rustwide/target/debug/build/proc-macro2-f9dd8cbf9687ca7b/rmetaQG7Qis"
[INFO] [stdout] 
[INFO] [stdout] 
[INFO] [stdout] error: aborting due to previous error
[INFO] [stdout] 
[INFO] [stdout] 
[INFO] [stderr] error: could not compile `unicode-ident` (lib)
[INFO] [stderr] warning: build failed, waiting for other jobs to finish...
[INFO] [stderr] error: could not compile `proc-macro2` (build script) due to 2 previous errors
[INFO] [stdout] error: couldn't create a temp dir: No space left on device (os error 28) at path "/opt/rustwide/target/debug/deps/rmetaKaRByW"
[INFO] [stdout] 
[INFO] [stdout] 
[INFO] [stdout] error: aborting due to previous error
[INFO] [stdout] 
[INFO] [stdout] 
[INFO] [stderr] LLVM ERROR: IO failure on output stream: No space left on device
[INFO] [stderr] error: could not compile `zeroize` (lib) due to 2 previous errors
[INFO] [stderr] error: could not compile `serde_derive` (build script)
[INFO] [stderr] LLVM ERROR: IO failure on output stream: No space left on device
[INFO] [stderr] error: could not compile `const-oid` (lib)
[INFO] [stderr] LLVM ERROR: IO failure on output stream: No space left on device
[INFO] [stderr] LLVM ERROR: IO failure on output stream: No space left on device
[INFO] [stderr] error: could not compile `subtle` (lib)
[INFO] [stderr] error: could not compile `libc` (build script)
[INFO] [stderr] LLVM ERROR: IO failure on output stream: No space left on device
[INFO] [stderr] LLVM ERROR: IO failure on output stream: No space left on device
[INFO] [stderr] LLVM ERROR: IO failure on output stream: No space left on device
[INFO] [stderr] error: could not compile `base16ct` (lib)
[INFO] [stderr] error: could not compile `version_check` (lib)
[INFO] [stderr] error: could not compile `typenum` (build script)
[INFO] [stdout] error: couldn't create a temp dir: No space left on device (os error 28) at path "/opt/rustwide/target/debug/deps/rmetaGN0L1O"
[INFO] [stdout] 
[INFO] [stdout] 
[INFO] [stderr] error: could not compile `base64ct` (lib) due to previous error
[INFO] [stdout] error: linking with `cc` failed: exit status: 1
[INFO] [stdout]   |
[INFO] [stdout]   = note: LC_ALL="C" PATH="/opt/rustwide/rustup-home/toolchains/beta-2023-04-20-x86_64-unknown-linux-gnu/lib/rustlib/x86_64-unknown-linux-gnu/bin:/opt/rustwide/cargo-home/bin:/usr/local/sbin:/usr/local/bin:/usr/sbin:/usr/bin:/sbin:/bin" VSLANG="1033" "cc" "-m64" "/tmp/rustcwBNnYO/symbols.o" "/opt/rustwide/target/debug/build/serde-2f343d852f8c8603/build_script_build-2f343d852f8c8603.build_script_build.25968864-cgu.0.rcgu.o" "/opt/rustwide/target/debug/build/serde-2f343d852f8c8603/build_script_build-2f343d852f8c8603.build_script_build.25968864-cgu.1.rcgu.o" "/opt/rustwide/target/debug/build/serde-2f343d852f8c8603/build_script_build-2f343d852f8c8603.build_script_build.25968864-cgu.10.rcgu.o" "/opt/rustwide/target/debug/build/serde-2f343d852f8c8603/build_script_build-2f343d852f8c8603.build_script_build.25968864-cgu.11.rcgu.o" "/opt/rustwide/target/debug/build/serde-2f343d852f8c8603/build_script_build-2f343d852f8c8603.build_script_build.25968864-cgu.12.rcgu.o" "/opt/rustwide/target/debug/build/serde-2f343d852f8c8603/build_script_build-2f343d852f8c8603.build_script_build.25968864-cgu.13.rcgu.o" "/opt/rustwide/target/debug/build/serde-2f343d852f8c8603/build_script_build-2f343d852f8c8603.build_script_build.25968864-cgu.14.rcgu.o" "/opt/rustwide/target/debug/build/serde-2f343d852f8c8603/build_script_build-2f343d852f8c8603.build_script_build.25968864-cgu.15.rcgu.o" "/opt/rustwide/target/debug/build/serde-2f343d852f8c8603/build_script_build-2f343d852f8c8603.build_script_build.25968864-cgu.2.rcgu.o" "/opt/rustwide/target/debug/build/serde-2f343d852f8c8603/build_script_build-2f343d852f8c8603.build_script_build.25968864-cgu.3.rcgu.o" "/opt/rustwide/target/debug/build/serde-2f343d852f8c8603/build_script_build-2f343d852f8c8603.build_script_build.25968864-cgu.4.rcgu.o" "/opt/rustwide/target/debug/build/serde-2f343d852f8c8603/build_script_build-2f343d852f8c8603.build_script_build.25968864-cgu.5.rcgu.o" "/opt/rustwide/target/debug/build/serde-2f343d852f8c8603/build_script_build-2f343d852f8c8603.build_script_build.25968864-cgu.6.rcgu.o" "/opt/rustwide/target/debug/build/serde-2f343d852f8c8603/build_script_build-2f343d852f8c8603.build_script_build.25968864-cgu.7.rcgu.o" "/opt/rustwide/target/debug/build/serde-2f343d852f8c8603/build_script_build-2f343d852f8c8603.build_script_build.25968864-cgu.8.rcgu.o" "/opt/rustwide/target/debug/build/serde-2f343d852f8c8603/build_script_build-2f343d852f8c8603.build_script_build.25968864-cgu.9.rcgu.o" "/opt/rustwide/target/debug/build/serde-2f343d852f8c8603/build_script_build-2f343d852f8c8603.1cxsrkf718glmczu.rcgu.o" "-Wl,--as-needed" "-L" "/opt/rustwide/target/debug/deps" "-L" "/opt/rustwide/rustup-home/toolchains/beta-2023-04-20-x86_64-unknown-linux-gnu/lib/rustlib/x86_64-unknown-linux-gnu/lib" "-Wl,-Bstatic" "/opt/rustwide/rustup-home/toolchains/beta-2023-04-20-x86_64-unknown-linux-gnu/lib/rustlib/x86_64-unknown-linux-gnu/lib/libstd-0e29cc23c5e02021.rlib" "/opt/rustwide/rustup-home/toolchains/beta-2023-04-20-x86_64-unknown-linux-gnu/lib/rustlib/x86_64-unknown-linux-gnu/lib/libpanic_unwind-d903621768a861d9.rlib" "/opt/rustwide/rustup-home/toolchains/beta-2023-04-20-x86_64-unknown-linux-gnu/lib/rustlib/x86_64-unknown-linux-gnu/lib/libobject-6d0225e655f31c13.rlib" "/opt/rustwide/rustup-home/toolchains/beta-2023-04-20-x86_64-unknown-linux-gnu/lib/rustlib/x86_64-unknown-linux-gnu/lib/libmemchr-9dbaf4eac7eaa079.rlib" "/opt/rustwide/rustup-home/toolchains/beta-2023-04-20-x86_64-unknown-linux-gnu/lib/rustlib/x86_64-unknown-linux-gnu/lib/libaddr2line-27f05b3d42a66dd0.rlib" "/opt/rustwide/rustup-home/toolchains/beta-2023-04-20-x86_64-unknown-linux-gnu/lib/rustlib/x86_64-unknown-linux-gnu/lib/libgimli-4d73f1030321c9a2.rlib" "/opt/rustwide/rustup-home/toolchains/beta-2023-04-20-x86_64-unknown-linux-gnu/lib/rustlib/x86_64-unknown-linux-gnu/lib/librustc_demangle-2846c9e58abd0acb.rlib" "/opt/rustwide/rustup-home/toolchains/beta-2023-04-20-x86_64-unknown-linux-gnu/lib/rustlib/x86_64-unknown-linux-gnu/lib/libstd_detect-a53d0f50415947be.rlib" "/opt/rustwide/rustup-home/toolchains/beta-2023-04-20-x86_64-unknown-linux-gnu/lib/rustlib/x86_64-unknown-linux-gnu/lib/libhashbrown-d48e4b6abc25b9dc.rlib" "/opt/rustwide/rustup-home/toolchains/beta-2023-04-20-x86_64-unknown-linux-gnu/lib/rustlib/x86_64-unknown-linux-gnu/lib/libminiz_oxide-2991859439ef1207.rlib" "/opt/rustwide/rustup-home/toolchains/beta-2023-04-20-x86_64-unknown-linux-gnu/lib/rustlib/x86_64-unknown-linux-gnu/lib/libadler-8a687517e4221bae.rlib" "/opt/rustwide/rustup-home/toolchains/beta-2023-04-20-x86_64-unknown-linux-gnu/lib/rustlib/x86_64-unknown-linux-gnu/lib/librustc_std_workspace_alloc-e07b554f6a67f5b3.rlib" "/opt/rustwide/rustup-home/toolchains/beta-2023-04-20-x86_64-unknown-linux-gnu/lib/rustlib/x86_64-unknown-linux-gnu/lib/libunwind-b68238b7c3c619dd.rlib" "/opt/rustwide/rustup-home/toolchains/beta-2023-04-20-x86_64-unknown-linux-gnu/lib/rustlib/x86_64-unknown-linux-gnu/lib/libcfg_if-d5e213e896c017e4.rlib" "/opt/rustwide/rustup-home/toolchains/beta-2023-04-20-x86_64-unknown-linux-gnu/lib/rustlib/x86_64-unknown-linux-gnu/lib/liblibc-0211a3b2e61d8689.rlib" "/opt/rustwide/rustup-home/toolchains/beta-2023-04-20-x86_64-unknown-linux-gnu/lib/rustlib/x86_64-unknown-linux-gnu/lib/liballoc-b371f055239ba51f.rlib" "/opt/rustwide/rustup-home/toolchains/beta-2023-04-20-x86_64-unknown-linux-gnu/lib/rustlib/x86_64-unknown-linux-gnu/lib/librustc_std_workspace_core-e60518d2760eb01e.rlib" "/opt/rustwide/rustup-home/toolchains/beta-2023-04-20-x86_64-unknown-linux-gnu/lib/rustlib/x86_64-unknown-linux-gnu/lib/libcore-1ad943f92a4b1081.rlib" "/opt/rustwide/rustup-home/toolchains/beta-2023-04-20-x86_64-unknown-linux-gnu/lib/rustlib/x86_64-unknown-linux-gnu/lib/libcompiler_builtins-f0d6e4d0fc1e80b4.rlib" "-Wl,-Bdynamic" "-lgcc_s" "-lutil" "-lrt" "-lpthread" "-lm" "-ldl" "-lc" "-Wl,--eh-frame-hdr" "-Wl,-z,noexecstack" "-L" "/opt/rustwide/rustup-home/toolchains/beta-2023-04-20-x86_64-unknown-linux-gnu/lib/rustlib/x86_64-unknown-linux-gnu/lib" "-o" "/opt/rustwide/target/debug/build/serde-2f343d852f8c8603/build_script_build-2f343d852f8c8603" "-Wl,--gc-sections" "-pie" "-Wl,-z,relro,-z,now" "-nodefaultlibs"
[INFO] [stdout]   = note: /usr/bin/ld: final link failed: No space left on device
[INFO] [stdout]           collect2: error: ld returned 1 exit status
[INFO] [stdout]           
[INFO] [stdout] 
[INFO] [stdout] 
[INFO] [stderr] error: could not compile `serde` (build script) due to previous error
[INFO] [stdout] error: linking with `cc` failed: exit status: 1
[INFO] [stdout]   |
[INFO] [stdout]   = note: LC_ALL="C" PATH="/opt/rustwide/rustup-home/toolchains/beta-2023-04-20-x86_64-unknown-linux-gnu/lib/rustlib/x86_64-unknown-linux-gnu/bin:/opt/rustwide/cargo-home/bin:/usr/local/sbin:/usr/local/bin:/usr/sbin:/usr/bin:/sbin:/bin" VSLANG="1033" "cc" "-m64" "/tmp/rustcTAzpzs/symbols.o" "/opt/rustwide/target/debug/build/getrandom-9ae2fb28d3d293fe/build_script_build-9ae2fb28d3d293fe.build_script_build.7c6ccad9-cgu.0.rcgu.o" "/opt/rustwide/target/debug/build/getrandom-9ae2fb28d3d293fe/build_script_build-9ae2fb28d3d293fe.build_script_build.7c6ccad9-cgu.1.rcgu.o" "/opt/rustwide/target/debug/build/getrandom-9ae2fb28d3d293fe/build_script_build-9ae2fb28d3d293fe.build_script_build.7c6ccad9-cgu.10.rcgu.o" "/opt/rustwide/target/debug/build/getrandom-9ae2fb28d3d293fe/build_script_build-9ae2fb28d3d293fe.build_script_build.7c6ccad9-cgu.11.rcgu.o" "/opt/rustwide/target/debug/build/getrandom-9ae2fb28d3d293fe/build_script_build-9ae2fb28d3d293fe.build_script_build.7c6ccad9-cgu.12.rcgu.o" "/opt/rustwide/target/debug/build/getrandom-9ae2fb28d3d293fe/build_script_build-9ae2fb28d3d293fe.build_script_build.7c6ccad9-cgu.13.rcgu.o" "/opt/rustwide/target/debug/build/getrandom-9ae2fb28d3d293fe/build_script_build-9ae2fb28d3d293fe.build_script_build.7c6ccad9-cgu.14.rcgu.o" "/opt/rustwide/target/debug/build/getrandom-9ae2fb28d3d293fe/build_script_build-9ae2fb28d3d293fe.build_script_build.7c6ccad9-cgu.15.rcgu.o" "/opt/rustwide/target/debug/build/getrandom-9ae2fb28d3d293fe/build_script_build-9ae2fb28d3d293fe.build_script_build.7c6ccad9-cgu.2.rcgu.o" "/opt/rustwide/target/debug/build/getrandom-9ae2fb28d3d293fe/build_script_build-9ae2fb28d3d293fe.build_script_build.7c6ccad9-cgu.3.rcgu.o" "/opt/rustwide/target/debug/build/getrandom-9ae2fb28d3d293fe/build_script_build-9ae2fb28d3d293fe.build_script_build.7c6ccad9-cgu.4.rcgu.o" "/opt/rustwide/target/debug/build/getrandom-9ae2fb28d3d293fe/build_script_build-9ae2fb28d3d293fe.build_script_build.7c6ccad9-cgu.5.rcgu.o" "/opt/rustwide/target/debug/build/getrandom-9ae2fb28d3d293fe/build_script_build-9ae2fb28d3d293fe.build_script_build.7c6ccad9-cgu.6.rcgu.o" "/opt/rustwide/target/debug/build/getrandom-9ae2fb28d3d293fe/build_script_build-9ae2fb28d3d293fe.build_script_build.7c6ccad9-cgu.7.rcgu.o" "/opt/rustwide/target/debug/build/getrandom-9ae2fb28d3d293fe/build_script_build-9ae2fb28d3d293fe.build_script_build.7c6ccad9-cgu.8.rcgu.o" "/opt/rustwide/target/debug/build/getrandom-9ae2fb28d3d293fe/build_script_build-9ae2fb28d3d293fe.build_script_build.7c6ccad9-cgu.9.rcgu.o" "/opt/rustwide/target/debug/build/getrandom-9ae2fb28d3d293fe/build_script_build-9ae2fb28d3d293fe.2g8ztta2z2yfnqw3.rcgu.o" "-Wl,--as-needed" "-L" "/opt/rustwide/target/debug/deps" "-L" "/opt/rustwide/rustup-home/toolchains/beta-2023-04-20-x86_64-unknown-linux-gnu/lib/rustlib/x86_64-unknown-linux-gnu/lib" "-Wl,-Bstatic" "/opt/rustwide/rustup-home/toolchains/beta-2023-04-20-x86_64-unknown-linux-gnu/lib/rustlib/x86_64-unknown-linux-gnu/lib/libstd-0e29cc23c5e02021.rlib" "/opt/rustwide/rustup-home/toolchains/beta-2023-04-20-x86_64-unknown-linux-gnu/lib/rustlib/x86_64-unknown-linux-gnu/lib/libpanic_unwind-d903621768a861d9.rlib" "/opt/rustwide/rustup-home/toolchains/beta-2023-04-20-x86_64-unknown-linux-gnu/lib/rustlib/x86_64-unknown-linux-gnu/lib/libobject-6d0225e655f31c13.rlib" "/opt/rustwide/rustup-home/toolchains/beta-2023-04-20-x86_64-unknown-linux-gnu/lib/rustlib/x86_64-unknown-linux-gnu/lib/libmemchr-9dbaf4eac7eaa079.rlib" "/opt/rustwide/rustup-home/toolchains/beta-2023-04-20-x86_64-unknown-linux-gnu/lib/rustlib/x86_64-unknown-linux-gnu/lib/libaddr2line-27f05b3d42a66dd0.rlib" "/opt/rustwide/rustup-home/toolchains/beta-2023-04-20-x86_64-unknown-linux-gnu/lib/rustlib/x86_64-unknown-linux-gnu/lib/libgimli-4d73f1030321c9a2.rlib" "/opt/rustwide/rustup-home/toolchains/beta-2023-04-20-x86_64-unknown-linux-gnu/lib/rustlib/x86_64-unknown-linux-gnu/lib/librustc_demangle-2846c9e58abd0acb.rlib" "/opt/rustwide/rustup-home/toolchains/beta-2023-04-20-x86_64-unknown-linux-gnu/lib/rustlib/x86_64-unknown-linux-gnu/lib/libstd_detect-a53d0f50415947be.rlib" "/opt/rustwide/rustup-home/toolchains/beta-2023-04-20-x86_64-unknown-linux-gnu/lib/rustlib/x86_64-unknown-linux-gnu/lib/libhashbrown-d48e4b6abc25b9dc.rlib" "/opt/rustwide/rustup-home/toolchains/beta-2023-04-20-x86_64-unknown-linux-gnu/lib/rustlib/x86_64-unknown-linux-gnu/lib/libminiz_oxide-2991859439ef1207.rlib" "/opt/rustwide/rustup-home/toolchains/beta-2023-04-20-x86_64-unknown-linux-gnu/lib/rustlib/x86_64-unknown-linux-gnu/lib/libadler-8a687517e4221bae.rlib" "/opt/rustwide/rustup-home/toolchains/beta-2023-04-20-x86_64-unknown-linux-gnu/lib/rustlib/x86_64-unknown-linux-gnu/lib/librustc_std_workspace_alloc-e07b554f6a67f5b3.rlib" "/opt/rustwide/rustup-home/toolchains/beta-2023-04-20-x86_64-unknown-linux-gnu/lib/rustlib/x86_64-unknown-linux-gnu/lib/libunwind-b68238b7c3c619dd.rlib" "/opt/rustwide/rustup-home/toolchains/beta-2023-04-20-x86_64-unknown-linux-gnu/lib/rustlib/x86_64-unknown-linux-gnu/lib/libcfg_if-d5e213e896c017e4.rlib" "/opt/rustwide/rustup-home/toolchains/beta-2023-04-20-x86_64-unknown-linux-gnu/lib/rustlib/x86_64-unknown-linux-gnu/lib/liblibc-0211a3b2e61d8689.rlib" "/opt/rustwide/rustup-home/toolchains/beta-2023-04-20-x86_64-unknown-linux-gnu/lib/rustlib/x86_64-unknown-linux-gnu/lib/liballoc-b371f055239ba51f.rlib" "/opt/rustwide/rustup-home/toolchains/beta-2023-04-20-x86_64-unknown-linux-gnu/lib/rustlib/x86_64-unknown-linux-gnu/lib/librustc_std_workspace_core-e60518d2760eb01e.rlib" "/opt/rustwide/rustup-home/toolchains/beta-2023-04-20-x86_64-unknown-linux-gnu/lib/rustlib/x86_64-unknown-linux-gnu/lib/libcore-1ad943f92a4b1081.rlib" "/opt/rustwide/rustup-home/toolchains/beta-2023-04-20-x86_64-unknown-linux-gnu/lib/rustlib/x86_64-unknown-linux-gnu/lib/libcompiler_builtins-f0d6e4d0fc1e80b4.rlib" "-Wl,-Bdynamic" "-lgcc_s" "-lutil" "-lrt" "-lpthread" "-lm" "-ldl" "-lc" "-Wl,--eh-frame-hdr" "-Wl,-z,noexecstack" "-L" "/opt/rustwide/rustup-home/toolchains/beta-2023-04-20-x86_64-unknown-linux-gnu/lib/rustlib/x86_64-unknown-linux-gnu/lib" "-o" "/opt/rustwide/target/debug/build/getrandom-9ae2fb28d3d293fe/build_script_build-9ae2fb28d3d293fe" "-Wl,--gc-sections" "-pie" "-Wl,-z,relro,-z,now" "-nodefaultlibs"
[INFO] [stdout]   = note: /usr/bin/ld: final link failed: No space left on device
[INFO] [stdout]           collect2: error: ld returned 1 exit status
[INFO] [stdout]           
[INFO] [stdout] 
[INFO] [stdout] 
[INFO] [stderr] error: could not compile `getrandom` (build script) due to previous error
[INFO] [stdout] error: linking with `cc` failed: exit status: 1
[INFO] [stdout]   |
[INFO] [stdout]   = note: LC_ALL="C" PATH="/opt/rustwide/rustup-home/toolchains/beta-2023-04-20-x86_64-unknown-linux-gnu/lib/rustlib/x86_64-unknown-linux-gnu/bin:/opt/rustwide/cargo-home/bin:/usr/local/sbin:/usr/local/bin:/usr/sbin:/usr/bin:/sbin:/bin" VSLANG="1033" "cc" "-m64" "/tmp/rustcr1Md0B/symbols.o" "/opt/rustwide/target/debug/build/syn-9a1306c101c8c3d2/build_script_build-9a1306c101c8c3d2.build_script_build.1a4e1964-cgu.0.rcgu.o" "/opt/rustwide/target/debug/build/syn-9a1306c101c8c3d2/build_script_build-9a1306c101c8c3d2.build_script_build.1a4e1964-cgu.1.rcgu.o" "/opt/rustwide/target/debug/build/syn-9a1306c101c8c3d2/build_script_build-9a1306c101c8c3d2.build_script_build.1a4e1964-cgu.10.rcgu.o" "/opt/rustwide/target/debug/build/syn-9a1306c101c8c3d2/build_script_build-9a1306c101c8c3d2.build_script_build.1a4e1964-cgu.11.rcgu.o" "/opt/rustwide/target/debug/build/syn-9a1306c101c8c3d2/build_script_build-9a1306c101c8c3d2.build_script_build.1a4e1964-cgu.12.rcgu.o" "/opt/rustwide/target/debug/build/syn-9a1306c101c8c3d2/build_script_build-9a1306c101c8c3d2.build_script_build.1a4e1964-cgu.13.rcgu.o" "/opt/rustwide/target/debug/build/syn-9a1306c101c8c3d2/build_script_build-9a1306c101c8c3d2.build_script_build.1a4e1964-cgu.14.rcgu.o" "/opt/rustwide/target/debug/build/syn-9a1306c101c8c3d2/build_script_build-9a1306c101c8c3d2.build_script_build.1a4e1964-cgu.15.rcgu.o" "/opt/rustwide/target/debug/build/syn-9a1306c101c8c3d2/build_script_build-9a1306c101c8c3d2.build_script_build.1a4e1964-cgu.2.rcgu.o" "/opt/rustwide/target/debug/build/syn-9a1306c101c8c3d2/build_script_build-9a1306c101c8c3d2.build_script_build.1a4e1964-cgu.3.rcgu.o" "/opt/rustwide/target/debug/build/syn-9a1306c101c8c3d2/build_script_build-9a1306c101c8c3d2.build_script_build.1a4e1964-cgu.4.rcgu.o" "/opt/rustwide/target/debug/build/syn-9a1306c101c8c3d2/build_script_build-9a1306c101c8c3d2.build_script_build.1a4e1964-cgu.5.rcgu.o" "/opt/rustwide/target/debug/build/syn-9a1306c101c8c3d2/build_script_build-9a1306c101c8c3d2.build_script_build.1a4e1964-cgu.6.rcgu.o" "/opt/rustwide/target/debug/build/syn-9a1306c101c8c3d2/build_script_build-9a1306c101c8c3d2.build_script_build.1a4e1964-cgu.7.rcgu.o" "/opt/rustwide/target/debug/build/syn-9a1306c101c8c3d2/build_script_build-9a1306c101c8c3d2.build_script_build.1a4e1964-cgu.8.rcgu.o" "/opt/rustwide/target/debug/build/syn-9a1306c101c8c3d2/build_script_build-9a1306c101c8c3d2.build_script_build.1a4e1964-cgu.9.rcgu.o" "/opt/rustwide/target/debug/build/syn-9a1306c101c8c3d2/build_script_build-9a1306c101c8c3d2.583juxen994dvltj.rcgu.o" "-Wl,--as-needed" "-L" "/opt/rustwide/target/debug/deps" "-L" "/opt/rustwide/rustup-home/toolchains/beta-2023-04-20-x86_64-unknown-linux-gnu/lib/rustlib/x86_64-unknown-linux-gnu/lib" "-Wl,-Bstatic" "/opt/rustwide/rustup-home/toolchains/beta-2023-04-20-x86_64-unknown-linux-gnu/lib/rustlib/x86_64-unknown-linux-gnu/lib/libstd-0e29cc23c5e02021.rlib" "/opt/rustwide/rustup-home/toolchains/beta-2023-04-20-x86_64-unknown-linux-gnu/lib/rustlib/x86_64-unknown-linux-gnu/lib/libpanic_unwind-d903621768a861d9.rlib" "/opt/rustwide/rustup-home/toolchains/beta-2023-04-20-x86_64-unknown-linux-gnu/lib/rustlib/x86_64-unknown-linux-gnu/lib/libobject-6d0225e655f31c13.rlib" "/opt/rustwide/rustup-home/toolchains/beta-2023-04-20-x86_64-unknown-linux-gnu/lib/rustlib/x86_64-unknown-linux-gnu/lib/libmemchr-9dbaf4eac7eaa079.rlib" "/opt/rustwide/rustup-home/toolchains/beta-2023-04-20-x86_64-unknown-linux-gnu/lib/rustlib/x86_64-unknown-linux-gnu/lib/libaddr2line-27f05b3d42a66dd0.rlib" "/opt/rustwide/rustup-home/toolchains/beta-2023-04-20-x86_64-unknown-linux-gnu/lib/rustlib/x86_64-unknown-linux-gnu/lib/libgimli-4d73f1030321c9a2.rlib" "/opt/rustwide/rustup-home/toolchains/beta-2023-04-20-x86_64-unknown-linux-gnu/lib/rustlib/x86_64-unknown-linux-gnu/lib/librustc_demangle-2846c9e58abd0acb.rlib" "/opt/rustwide/rustup-home/toolchains/beta-2023-04-20-x86_64-unknown-linux-gnu/lib/rustlib/x86_64-unknown-linux-gnu/lib/libstd_detect-a53d0f50415947be.rlib" "/opt/rustwide/rustup-home/toolchains/beta-2023-04-20-x86_64-unknown-linux-gnu/lib/rustlib/x86_64-unknown-linux-gnu/lib/libhashbrown-d48e4b6abc25b9dc.rlib" "/opt/rustwide/rustup-home/toolchains/beta-2023-04-20-x86_64-unknown-linux-gnu/lib/rustlib/x86_64-unknown-linux-gnu/lib/libminiz_oxide-2991859439ef1207.rlib" "/opt/rustwide/rustup-home/toolchains/beta-2023-04-20-x86_64-unknown-linux-gnu/lib/rustlib/x86_64-unknown-linux-gnu/lib/libadler-8a687517e4221bae.rlib" "/opt/rustwide/rustup-home/toolchains/beta-2023-04-20-x86_64-unknown-linux-gnu/lib/rustlib/x86_64-unknown-linux-gnu/lib/librustc_std_workspace_alloc-e07b554f6a67f5b3.rlib" "/opt/rustwide/rustup-home/toolchains/beta-2023-04-20-x86_64-unknown-linux-gnu/lib/rustlib/x86_64-unknown-linux-gnu/lib/libunwind-b68238b7c3c619dd.rlib" "/opt/rustwide/rustup-home/toolchains/beta-2023-04-20-x86_64-unknown-linux-gnu/lib/rustlib/x86_64-unknown-linux-gnu/lib/libcfg_if-d5e213e896c017e4.rlib" "/opt/rustwide/rustup-home/toolchains/beta-2023-04-20-x86_64-unknown-linux-gnu/lib/rustlib/x86_64-unknown-linux-gnu/lib/liblibc-0211a3b2e61d8689.rlib" "/opt/rustwide/rustup-home/toolchains/beta-2023-04-20-x86_64-unknown-linux-gnu/lib/rustlib/x86_64-unknown-linux-gnu/lib/liballoc-b371f055239ba51f.rlib" "/opt/rustwide/rustup-home/toolchains/beta-2023-04-20-x86_64-unknown-linux-gnu/lib/rustlib/x86_64-unknown-linux-gnu/lib/librustc_std_workspace_core-e60518d2760eb01e.rlib" "/opt/rustwide/rustup-home/toolchains/beta-2023-04-20-x86_64-unknown-linux-gnu/lib/rustlib/x86_64-unknown-linux-gnu/lib/libcore-1ad943f92a4b1081.rlib" "/opt/rustwide/rustup-home/toolchains/beta-2023-04-20-x86_64-unknown-linux-gnu/lib/rustlib/x86_64-unknown-linux-gnu/lib/libcompiler_builtins-f0d6e4d0fc1e80b4.rlib" "-Wl,-Bdynamic" "-lgcc_s" "-lutil" "-lrt" "-lpthread" "-lm" "-ldl" "-lc" "-Wl,--eh-frame-hdr" "-Wl,-z,noexecstack" "-L" "/opt/rustwide/rustup-home/toolchains/beta-2023-04-20-x86_64-unknown-linux-gnu/lib/rustlib/x86_64-unknown-linux-gnu/lib" "-o" "/opt/rustwide/target/debug/build/syn-9a1306c101c8c3d2/build_script_build-9a1306c101c8c3d2" "-Wl,--gc-sections" "-pie" "-Wl,-z,relro,-z,now" "-nodefaultlibs"
[INFO] [stdout]   = note: /usr/bin/ld: final link failed: No space left on device
[INFO] [stdout]           collect2: error: ld returned 1 exit status
[INFO] [stdout]           
[INFO] [stdout] 
[INFO] [stdout] 
[INFO] [stderr] error: could not compile `syn` (build script) due to previous error
[INFO] running `Command { std: "docker" "inspect" "3dd5fc9f25bd1828e98799115face07a0b2bb49143be4e22cc67c8ef41f59aea", kill_on_drop: false }`
[INFO] running `Command { std: "docker" "rm" "-f" "3dd5fc9f25bd1828e98799115face07a0b2bb49143be4e22cc67c8ef41f59aea", kill_on_drop: false }`
[INFO] [stdout] 3dd5fc9f25bd1828e98799115face07a0b2bb49143be4e22cc67c8ef41f59aea
