[INFO] cloning repository https://github.com/Perlmint/eueoeo-counter
[INFO] running `Command { std: "git" "-c" "credential.helper=" "-c" "credential.helper=/workspace/cargo-home/bin/git-credential-null" "clone" "--bare" "https://github.com/Perlmint/eueoeo-counter" "/workspace/cache/git-repos/https%3A%2F%2Fgithub.com%2FPerlmint%2Feueoeo-counter", kill_on_drop: false }`
[INFO] [stderr] Cloning into bare repository '/workspace/cache/git-repos/https%3A%2F%2Fgithub.com%2FPerlmint%2Feueoeo-counter'...
[INFO] running `Command { std: "git" "rev-parse" "HEAD", kill_on_drop: false }`
[INFO] [stdout] 19b29f8955973ace9b2063f8d98439d8fee983b8
[INFO] testing Perlmint/eueoeo-counter against 1.69.0 for beta-1.70-1
[INFO] running `Command { std: "git" "clone" "/workspace/cache/git-repos/https%3A%2F%2Fgithub.com%2FPerlmint%2Feueoeo-counter" "/workspace/builds/worker-3-tc1/source", kill_on_drop: false }`
[INFO] [stderr] Cloning into '/workspace/builds/worker-3-tc1/source'...
[INFO] [stderr] done.
[INFO] validating manifest of git repo https://github.com/Perlmint/eueoeo-counter on toolchain 1.69.0
[INFO] running `Command { std: CARGO_HOME="/workspace/cargo-home" RUSTUP_HOME="/workspace/rustup-home" "/workspace/cargo-home/bin/cargo" "+1.69.0" "metadata" "--manifest-path" "Cargo.toml" "--no-deps", kill_on_drop: false }`
[INFO] started tweaking git repo https://github.com/Perlmint/eueoeo-counter
[INFO] finished tweaking git repo https://github.com/Perlmint/eueoeo-counter
[INFO] tweaked toml for git repo https://github.com/Perlmint/eueoeo-counter written to /workspace/builds/worker-3-tc1/source/Cargo.toml
[INFO] crate git repo https://github.com/Perlmint/eueoeo-counter already has a lockfile, it will not be regenerated
[INFO] running `Command { std: CARGO_HOME="/workspace/cargo-home" RUSTUP_HOME="/workspace/rustup-home" "/workspace/cargo-home/bin/cargo" "+1.69.0" "fetch" "--manifest-path" "Cargo.toml", kill_on_drop: false }`
[INFO] [stderr]  Downloading crates ...
[INFO] [stderr]   Downloaded tracing-attributes v0.1.13
[INFO] [stderr]   Downloaded typemap_rev v0.1.4
[INFO] [stderr]   Downloaded ics v0.5.8
[INFO] [stderr]   Downloaded sqlx-core v0.6.0
[INFO] [stderr]   Downloaded axum v0.6.8
[INFO] [stderr]   Downloaded sqlx-rt v0.6.0
[INFO] [stderr]   Downloaded serenity v0.11.4
[INFO] [stderr]   Downloaded sqlx-macros v0.6.0
[INFO] [stderr]   Downloaded sqlx v0.6.0
[INFO] running `Command { std: "docker" "create" "-v" "/var/lib/crater-agent-workspace/builds/worker-3-tc1/target:/opt/rustwide/target:rw,Z" "-v" "/var/lib/crater-agent-workspace/builds/worker-3-tc1/source:/opt/rustwide/workdir:ro,Z" "-v" "/var/lib/crater-agent-workspace/cargo-home:/opt/rustwide/cargo-home:ro,Z" "-v" "/var/lib/crater-agent-workspace/rustup-home:/opt/rustwide/rustup-home:ro,Z" "-e" "SOURCE_DIR=/opt/rustwide/workdir" "-e" "CARGO_TARGET_DIR=/opt/rustwide/target" "-e" "CARGO_HOME=/opt/rustwide/cargo-home" "-e" "RUSTUP_HOME=/opt/rustwide/rustup-home" "-w" "/opt/rustwide/workdir" "-m" "1610612736" "--user" "0:0" "--network" "none" "ghcr.io/rust-lang/crates-build-env/linux@sha256:5ff2268d62e97bff2cde7d5815dd6ed5b47097566f13b8d0ca110b04b60e07ed" "/opt/rustwide/cargo-home/bin/cargo" "+1.69.0" "metadata" "--no-deps" "--format-version=1", kill_on_drop: false }`
[INFO] [stdout] 48cd33fa7e7a5da8771f5e42f378158fa9260a41086b28f4736b4f9b64a9c1ea
[INFO] running `Command { std: "docker" "start" "-a" "48cd33fa7e7a5da8771f5e42f378158fa9260a41086b28f4736b4f9b64a9c1ea", kill_on_drop: false }`
[INFO] running `Command { std: "docker" "inspect" "48cd33fa7e7a5da8771f5e42f378158fa9260a41086b28f4736b4f9b64a9c1ea", kill_on_drop: false }`
[INFO] running `Command { std: "docker" "rm" "-f" "48cd33fa7e7a5da8771f5e42f378158fa9260a41086b28f4736b4f9b64a9c1ea", kill_on_drop: false }`
[INFO] [stdout] 48cd33fa7e7a5da8771f5e42f378158fa9260a41086b28f4736b4f9b64a9c1ea
[INFO] running `Command { std: "docker" "create" "-v" "/var/lib/crater-agent-workspace/builds/worker-3-tc1/target:/opt/rustwide/target:rw,Z" "-v" "/var/lib/crater-agent-workspace/builds/worker-3-tc1/source:/opt/rustwide/workdir:ro,Z" "-v" "/var/lib/crater-agent-workspace/cargo-home:/opt/rustwide/cargo-home:ro,Z" "-v" "/var/lib/crater-agent-workspace/rustup-home:/opt/rustwide/rustup-home:ro,Z" "-e" "SOURCE_DIR=/opt/rustwide/workdir" "-e" "CARGO_TARGET_DIR=/opt/rustwide/target" "-e" "CARGO_INCREMENTAL=0" "-e" "RUST_BACKTRACE=full" "-e" "RUSTFLAGS=--cap-lints=warn" "-e" "RUSTDOCFLAGS=--cap-lints=warn" "-e" "CARGO_HOME=/opt/rustwide/cargo-home" "-e" "RUSTUP_HOME=/opt/rustwide/rustup-home" "-w" "/opt/rustwide/workdir" "-m" "1610612736" "--user" "0:0" "--network" "none" "ghcr.io/rust-lang/crates-build-env/linux@sha256:5ff2268d62e97bff2cde7d5815dd6ed5b47097566f13b8d0ca110b04b60e07ed" "/opt/rustwide/cargo-home/bin/cargo" "+1.69.0" "build" "--frozen" "--message-format=json", kill_on_drop: false }`
[INFO] [stdout] 3f3c7c267b75eefbea41090be172593968cedc842d7708436d71b40d60cb552c
[INFO] running `Command { std: "docker" "start" "-a" "3f3c7c267b75eefbea41090be172593968cedc842d7708436d71b40d60cb552c", kill_on_drop: false }`
[INFO] [stderr]    Compiling libc v0.2.126
[INFO] [stderr]    Compiling proc-macro2 v1.0.51
[INFO] [stderr]    Compiling quote v1.0.20
[INFO] [stderr]    Compiling unicode-ident v1.0.2
[INFO] [stderr]    Compiling cfg-if v1.0.0
[INFO] [stderr]    Compiling syn v1.0.109
[INFO] [stderr]    Compiling autocfg v1.1.0
[INFO] [stderr]    Compiling version_check v0.9.2
[INFO] [stderr]    Compiling once_cell v1.13.0
[INFO] [stderr]    Compiling memchr v2.5.0
[INFO] [stderr]    Compiling log v0.4.14
[INFO] [stderr]    Compiling pin-project-lite v0.2.9
[INFO] [stderr]    Compiling serde_derive v1.0.152
[INFO] [stderr]    Compiling futures-core v0.3.21
[INFO] [stderr]    Compiling serde v1.0.152
[INFO] [stderr]    Compiling bytes v1.2.0
[INFO] [stderr]    Compiling cc v1.0.67
[INFO] [stderr]    Compiling futures-sink v0.3.21
[INFO] [stderr]    Compiling futures-channel v0.3.21
[INFO] [stderr]    Compiling itoa v1.0.5
[INFO] [stderr]    Compiling futures-task v0.3.21
[INFO] [stderr]    Compiling futures-util v0.3.21
[INFO] [stderr]    Compiling slab v0.4.2
[INFO] [stderr]    Compiling ahash v0.7.6
[INFO] [stderr]    Compiling futures-io v0.3.21
[INFO] [stderr]    Compiling pin-utils v0.1.0
[INFO] [stderr]    Compiling tokio v1.25.0
[INFO] [stderr]    Compiling spin v0.5.2
[INFO] [stderr]    Compiling untrusted v0.7.1
[INFO] [stderr]    Compiling matches v0.1.8
[INFO] [stderr]    Compiling typenum v1.15.0
[INFO] [stderr]    Compiling indexmap v1.9.2
[INFO] [stderr]    Compiling generic-array v0.14.4
[INFO] [stderr]    Compiling lock_api v0.4.7
[INFO] [stderr]    Compiling rustls v0.20.6
[INFO] [stderr]    Compiling fnv v1.0.7
[INFO] [stderr]    Compiling tinyvec_macros v0.1.0
[INFO] [stderr]    Compiling num-traits v0.2.14
[INFO] [stderr]    Compiling tinyvec v1.1.1
[INFO] [stderr]    Compiling http v0.2.9
[INFO] [stderr]    Compiling percent-encoding v2.1.0
[INFO] [stderr]    Compiling lazy_static v1.4.0
[INFO] [stderr]    Compiling scopeguard v1.1.0
[INFO] [stderr]    Compiling unicode-bidi v0.3.4
[INFO] [stderr]    Compiling tracing-core v0.1.17
[INFO] [stderr]    Compiling smallvec v1.9.0
[INFO] [stderr]    Compiling httparse v1.8.0
[INFO] [stderr]    Compiling base64 v0.13.0
[INFO] [stderr]    Compiling form_urlencoded v1.0.1
[INFO] [stderr]    Compiling getrandom v0.2.7
[INFO] [stderr]    Compiling num_cpus v1.13.0
[INFO] [stderr]    Compiling signal-hook-registry v1.3.0
[INFO] [stderr]    Compiling socket2 v0.4.7
[INFO] [stderr]    Compiling mio v0.8.4
[INFO] [stderr]    Compiling rustversion v1.0.11
[INFO] [stderr]    Compiling cpufeatures v0.2.2
[INFO] [stderr]    Compiling ring v0.16.20
[INFO] [stderr]    Compiling tower-service v0.3.1
[INFO] [stderr]    Compiling num-integer v0.1.44
[INFO] [stderr]    Compiling hashbrown v0.12.3
[INFO] [stderr]    Compiling unicode-normalization v0.1.17
[INFO] [stderr]    Compiling http-body v0.4.5
[INFO] [stderr]    Compiling unicase v2.6.0
[INFO] [stderr]    Compiling ryu v1.0.5
[INFO] [stderr]    Compiling instant v0.1.9
[INFO] [stderr]    Compiling bitflags v1.3.2
[INFO] [stderr]    Compiling byteorder v1.4.3
[INFO] [stderr]    Compiling try-lock v0.2.3
[INFO] [stderr]    Compiling pkg-config v0.3.19
[INFO] [stderr]    Compiling vcpkg v0.2.11
[INFO] [stderr]    Compiling crossbeam-utils v0.8.10
[INFO] [stderr]    Compiling want v0.3.0
[INFO] [stderr]    Compiling parking_lot_core v0.8.3
[INFO] [stderr]    Compiling rand_core v0.6.3
[INFO] [stderr]    Compiling rustls-pemfile v1.0.0
[INFO] [stderr]    Compiling time v0.1.44
[INFO] [stderr]    Compiling crossbeam-queue v0.3.5
[INFO] [stderr]    Compiling either v1.6.1
[INFO] [stderr]    Compiling idna v0.2.2
[INFO] [stderr]    Compiling serde_json v1.0.82
[INFO] [stderr]    Compiling httpdate v1.0.2
[INFO] [stderr]    Compiling minimal-lexical v0.2.1
[INFO] [stderr]    Compiling ppv-lite86 v0.2.10
[INFO] [stderr]    Compiling parking_lot_core v0.9.3
[INFO] [stderr]    Compiling async-trait v0.1.64
[INFO] [stderr]    Compiling mime v0.3.16
[INFO] [stderr]    Compiling itertools v0.10.3
[INFO] [stderr]    Compiling mime_guess v2.0.3
[INFO] [stderr]    Compiling block-buffer v0.10.2
[INFO] [stderr]    Compiling crypto-common v0.1.6
[INFO] [stderr]    Compiling nom v7.1.1
[INFO] [stderr]    Compiling parking_lot v0.11.1
[INFO] [stderr]    Compiling libsqlite3-sys v0.24.2
[INFO] [stderr]    Compiling spin v0.9.4
[INFO] [stderr]    Compiling miniz_oxide v0.4.3
[INFO] [stderr]    Compiling encoding_rs v0.8.28
[INFO] [stderr]    Compiling digest v0.10.3
[INFO] [stderr]    Compiling rand_chacha v0.3.1
[INFO] [stderr]    Compiling crc32fast v1.2.1
[INFO] [stderr]    Compiling unicode_categories v0.1.1
[INFO] [stderr]    Compiling crc-catalog v2.1.0
[INFO] [stderr]    Compiling tower-layer v0.3.2
[INFO] [stderr]    Compiling sha2 v0.10.2
[INFO] [stderr]    Compiling crc v3.0.0
[INFO] [stderr]    Compiling rand v0.8.5
[INFO] [stderr]    Compiling sha-1 v0.10.0
[INFO] [stderr]    Compiling futures-intrusive v0.4.0
[INFO] [stderr]    Compiling axum-core v0.3.2
[INFO] [stderr]    Compiling stringprep v0.1.2
[INFO] [stderr]    Compiling hashlink v0.8.0
[INFO] [stderr]    Compiling atoi v1.0.0
[INFO] [stderr]    Compiling aho-corasick v0.7.15
[INFO] [stderr]    Compiling thread_local v1.1.3
[INFO] [stderr]    Compiling unicode-segmentation v1.7.1
[INFO] [stderr]    Compiling event-listener v2.5.2
[INFO] [stderr]    Compiling paste v1.0.7
[INFO] [stderr]    Compiling hex v0.4.3
[INFO] [stderr]    Compiling adler v0.2.3
[INFO] [stderr]    Compiling regex-syntax v0.6.22
[INFO] [stderr]    Compiling utf-8 v0.7.5
[INFO] [stderr]    Compiling quick-error v1.2.3
[INFO] [stderr]    Compiling heck v0.4.0
[INFO] [stderr]    Compiling humantime v1.3.0
[INFO] [stderr]    Compiling axum v0.6.8
[INFO] [stderr]    Compiling ordered-float v2.10.0
[INFO] [stderr]    Compiling atty v0.2.14
[INFO] [stderr]    Compiling num_threads v0.1.6
[INFO] [stderr]    Compiling winnow v0.3.3
[INFO] [stderr]    Compiling anyhow v1.0.38
[INFO] [stderr]    Compiling dotenv v0.15.0
[INFO] [stderr]    Compiling termcolor v1.1.2
[INFO] [stderr]    Compiling ipnet v2.3.0
[INFO] [stderr]    Compiling serenity v0.11.4
[INFO] [stderr]    Compiling http-range-header v0.3.0
[INFO] [stderr]    Compiling flate2 v1.0.20
[INFO] [stderr]    Compiling parking_lot v0.12.1
[INFO] [stderr]    Compiling webpki v0.22.0
[INFO] [stderr]    Compiling sct v0.7.0
[INFO] [stderr]    Compiling sqlformat v0.1.8
[INFO] [stderr]    Compiling typemap_rev v0.1.4
[INFO] [stderr]    Compiling matchit v0.7.0
[INFO] [stderr]    Compiling sync_wrapper v0.1.2
[INFO] [stderr]    Compiling webpki-roots v0.22.4
[INFO] [stderr]    Compiling ics v0.5.8
[INFO] [stderr]    Compiling regex v1.4.3
[INFO] [stderr]    Compiling tokio-macros v1.8.0
[INFO] [stderr]    Compiling futures-macro v0.3.21
[INFO] [stderr]    Compiling tracing-attributes v0.1.13
[INFO] [stderr]    Compiling pin-project-internal v1.0.5
[INFO] [stderr]    Compiling thiserror-impl v1.0.31
[INFO] [stderr]    Compiling serde_repr v0.1.7
[INFO] [stderr]    Compiling env_logger v0.7.1
[INFO] [stderr]    Compiling pretty_env_logger v0.4.0
[INFO] [stderr]    Compiling tracing v0.1.25
[INFO] [stderr]    Compiling pin-project v1.0.5
[INFO] [stderr]    Compiling thiserror v1.0.31
[INFO] [stderr]    Compiling flume v0.10.14
[INFO] [stderr]    Compiling futures-executor v0.3.21
[INFO] [stderr]    Compiling futures v0.3.13
[INFO] [stderr]    Compiling tokio-rustls v0.23.4
[INFO] [stderr]    Compiling tokio-util v0.7.3
[INFO] [stderr]    Compiling tokio-stream v0.1.9
[INFO] [stderr]    Compiling tower v0.4.13
[INFO] [stderr]    Compiling sqlx-rt v0.6.0
[INFO] [stderr]    Compiling tower-http v0.3.5
[INFO] [stderr]    Compiling h2 v0.3.13
[INFO] [stderr]    Compiling url v2.2.2
[INFO] [stderr]    Compiling chrono v0.4.19
[INFO] [stderr]    Compiling serde_urlencoded v0.7.1
[INFO] [stderr]    Compiling serde_spanned v0.6.1
[INFO] [stderr]    Compiling toml_datetime v0.6.1
[INFO] [stderr]    Compiling serde_path_to_error v0.1.9
[INFO] [stderr]    Compiling time v0.3.11
[INFO] [stderr]    Compiling dashmap v5.3.4
[INFO] [stderr]    Compiling serde-value v0.7.0
[INFO] [stderr]    Compiling toml_edit v0.19.4
[INFO] [stderr]    Compiling tungstenite v0.17.3
[INFO] [stderr]    Compiling sqlx-core v0.6.0
[INFO] [stderr]    Compiling async-tungstenite v0.17.2
[INFO] [stderr]    Compiling toml v0.7.2
[INFO] [stderr]    Compiling hyper v0.14.24
[INFO] [stderr]    Compiling sqlx-macros v0.6.0
[INFO] [stderr]    Compiling hyper-rustls v0.23.0
[INFO] [stderr]    Compiling reqwest v0.11.11
[INFO] [stderr]    Compiling sqlx v0.6.0
[INFO] [stderr]    Compiling futaba v0.3.0 (/opt/rustwide/workdir)
[INFO] [stdout] error: error returned from database: unable to open database file
[INFO] [stdout]   --> src/eueoeo.rs:45:19
[INFO] [stdout]    |
[INFO] [stdout] 45 |               match sqlx::query!(
[INFO] [stdout]    |  ___________________^
[INFO] [stdout] 46 | |                 "SELECT message_id as `message_id:i64` FROM history order by message_id desc limit 1"
[INFO] [stdout] 47 | |             )
[INFO] [stdout]    | |_____________^
[INFO] [stdout]    |
[INFO] [stdout]    = note: this error originates in the macro `$crate::sqlx_macros::expand_query` which comes from the expansion of the macro `sqlx::query` (in Nightly builds, run with -Z macro-backtrace for more info)
[INFO] [stdout] 
[INFO] [stdout] 
[INFO] [stdout] error: error returned from database: unable to open database file
[INFO] [stdout]    --> src/eueoeo.rs:271:30
[INFO] [stdout]     |
[INFO] [stdout] 271 |           let affected = match sqlx::query!(
[INFO] [stdout]     |  ______________________________^
[INFO] [stdout] 272 | |             "INSERT INTO history (message_id, user_id, date) VALUES (?, ?, ?)",
[INFO] [stdout] 273 | |             message_id,
[INFO] [stdout] 274 | |             author_id,
[INFO] [stdout] 275 | |             message_date
[INFO] [stdout] 276 | |         )
[INFO] [stdout]     | |_________^
[INFO] [stdout]     |
[INFO] [stdout]     = note: this error originates in the macro `$crate::sqlx_macros::expand_query` which comes from the expansion of the macro `sqlx::query` (in Nightly builds, run with -Z macro-backtrace for more info)
[INFO] [stdout] 
[INFO] [stdout] 
[INFO] [stdout] error: error returned from database: unable to open database file
[INFO] [stdout]    --> src/eueoeo.rs:296:24
[INFO] [stdout]     |
[INFO] [stdout] 296 |               let data = sqlx::query!(
[INFO] [stdout]     |  ________________________^
[INFO] [stdout] 297 | |                 "SELECT longest_streaks, current_streaks, last_date FROM users WHERE user_id = ?",
[INFO] [stdout] 298 | |                 author_id
[INFO] [stdout] 299 | |             )
[INFO] [stdout]     | |_____________^
[INFO] [stdout]     |
[INFO] [stdout]     = note: this error originates in the macro `$crate::sqlx_macros::expand_query` which comes from the expansion of the macro `sqlx::query` (in Nightly builds, run with -Z macro-backtrace for more info)
[INFO] [stdout] 
[INFO] [stdout] 
[INFO] [stdout] error: error returned from database: unable to open database file
[INFO] [stdout]    --> src/eueoeo.rs:322:13
[INFO] [stdout]     |
[INFO] [stdout] 322 | /             sqlx::query!(
[INFO] [stdout] 323 | |                 r#"UPDATE users SET 
[INFO] [stdout] 324 | |                     count = count + 1, 
[INFO] [stdout] 325 | |                     longest_streaks = ?, 
[INFO] [stdout] ...   |
[INFO] [stdout] 332 | |                 author_id
[INFO] [stdout] 333 | |             )
[INFO] [stdout]     | |_____________^
[INFO] [stdout]     |
[INFO] [stdout]     = note: this error originates in the macro `$crate::sqlx_macros::expand_query` which comes from the expansion of the macro `sqlx::query` (in Nightly builds, run with -Z macro-backtrace for more info)
[INFO] [stdout] 
[INFO] [stdout] 
[INFO] [stdout] error: error returned from database: unable to open database file
[INFO] [stdout]    --> src/eueoeo.rs:345:13
[INFO] [stdout]     |
[INFO] [stdout] 345 |             sqlx::query!("SELECT name, count from users WHERE count > 0 ORDER BY count desc")
[INFO] [stdout]     |             ^^^^^^^^^^^^^^^^^^^^^^^^^^^^^^^^^^^^^^^^^^^^^^^^^^^^^^^^^^^^^^^^^^^^^^^^^^^^^^^^^
[INFO] [stdout]     |
[INFO] [stdout]     = note: this error originates in the macro `$crate::sqlx_macros::expand_query` which comes from the expansion of the macro `sqlx::query` (in Nightly builds, run with -Z macro-backtrace for more info)
[INFO] [stdout] 
[INFO] [stdout] 
[INFO] [stdout] error: error returned from database: unable to open database file
[INFO] [stdout]    --> src/eueoeo.rs:397:21
[INFO] [stdout]     |
[INFO] [stdout] 397 |           let stats = sqlx::query!(
[INFO] [stdout]     |  _____________________^
[INFO] [stdout] 398 | |             r#"SELECT
[INFO] [stdout] 399 | |                 users.name,
[INFO] [stdout] 400 | |                 count(history.message_id) AS "count: i64"
[INFO] [stdout] ...   |
[INFO] [stdout] 412 | |             end_date_snowflakes
[INFO] [stdout] 413 | |         )
[INFO] [stdout]     | |_________^
[INFO] [stdout]     |
[INFO] [stdout]     = note: this error originates in the macro `$crate::sqlx_macros::expand_query` which comes from the expansion of the macro `sqlx::query` (in Nightly builds, run with -Z macro-backtrace for more info)
[INFO] [stdout] 
[INFO] [stdout] 
[INFO] [stdout] error: error returned from database: unable to open database file
[INFO] [stdout]    --> src/eueoeo.rs:451:13
[INFO] [stdout]     |
[INFO] [stdout] 451 | /             fetch_streaks!(
[INFO] [stdout] 452 | |                 r#"SELECT
[INFO] [stdout] 453 | |                     name,
[INFO] [stdout] 454 | |                     longest_streaks as streaks
[INFO] [stdout] ...   |
[INFO] [stdout] 459 | |                 "#
[INFO] [stdout] 460 | |             )
[INFO] [stdout]     | |_____________^
[INFO] [stdout]     |
[INFO] [stdout]     = note: this error originates in the macro `$crate::sqlx_macros::expand_query` which comes from the expansion of the macro `fetch_streaks` (in Nightly builds, run with -Z macro-backtrace for more info)
[INFO] [stdout] 
[INFO] [stdout] 
[INFO] [stdout] error: error returned from database: unable to open database file
[INFO] [stdout]    --> src/eueoeo.rs:463:13
[INFO] [stdout]     |
[INFO] [stdout] 463 | /             fetch_streaks!(
[INFO] [stdout] 464 | |                 r#"SELECT
[INFO] [stdout] 465 | |                     name,
[INFO] [stdout] 466 | |                     current_streaks as streaks
[INFO] [stdout] ...   |
[INFO] [stdout] 475 | |                 end
[INFO] [stdout] 476 | |             )
[INFO] [stdout]     | |_____________^
[INFO] [stdout]     |
[INFO] [stdout]     = note: this error originates in the macro `$crate::sqlx_macros::expand_query` which comes from the expansion of the macro `fetch_streaks` (in Nightly builds, run with -Z macro-backtrace for more info)
[INFO] [stdout] 
[INFO] [stdout] 
[INFO] [stdout] error: error returned from database: unable to open database file
[INFO] [stdout]    --> src/eueoeo.rs:481:19
[INFO] [stdout]     |
[INFO] [stdout] 481 |           let ret = sqlx::query!(
[INFO] [stdout]     |  ___________________^
[INFO] [stdout] 482 | |             r#"SELECT
[INFO] [stdout] 483 | |                 name,
[INFO] [stdout] 484 | |                 longest_streaks,
[INFO] [stdout] ...   |
[INFO] [stdout] 490 | |             user_id
[INFO] [stdout] 491 | |         )
[INFO] [stdout]     | |_________^
[INFO] [stdout]     |
[INFO] [stdout]     = note: this error originates in the macro `$crate::sqlx_macros::expand_query` which comes from the expansion of the macro `sqlx::query` (in Nightly builds, run with -Z macro-backtrace for more info)
[INFO] [stdout] 
[INFO] [stdout] 
[INFO] [stdout] error: error returned from database: unable to open database file
[INFO] [stdout]    --> src/eueoeo.rs:498:23
[INFO] [stdout]     |
[INFO] [stdout] 498 |           let history = sqlx::query!(
[INFO] [stdout]     |  _______________________^
[INFO] [stdout] 499 | |             r#"SELECT
[INFO] [stdout] 500 | |                 history.message_id as message_id
[INFO] [stdout] 501 | |             FROM
[INFO] [stdout] ...   |
[INFO] [stdout] 512 | |             end_date_snowflakes
[INFO] [stdout] 513 | |         )
[INFO] [stdout]     | |_________^
[INFO] [stdout]     |
[INFO] [stdout]     = note: this error originates in the macro `$crate::sqlx_macros::expand_query` which comes from the expansion of the macro `sqlx::query` (in Nightly builds, run with -Z macro-backtrace for more info)
[INFO] [stdout] 
[INFO] [stdout] 
[INFO] [stdout] error: error returned from database: unable to open database file
[INFO] [stdout]    --> src/eueoeo.rs:543:27
[INFO] [stdout]     |
[INFO] [stdout] 543 |           let total_count = sqlx::query!(
[INFO] [stdout]     |  ___________________________^
[INFO] [stdout] 544 | |             r#"
[INFO] [stdout] 545 | |             SELECT
[INFO] [stdout] 546 | |                 count(*) AS "count: i64"
[INFO] [stdout] ...   |
[INFO] [stdout] 552 | |             user_id
[INFO] [stdout] 553 | |         )
[INFO] [stdout]     | |_________^
[INFO] [stdout]     |
[INFO] [stdout]     = note: this error originates in the macro `$crate::sqlx_macros::expand_query` which comes from the expansion of the macro `sqlx::query` (in Nightly builds, run with -Z macro-backtrace for more info)
[INFO] [stdout] 
[INFO] [stdout] 
[INFO] [stdout] error: error returned from database: unable to open database file
[INFO] [stdout]    --> src/eueoeo.rs:608:39
[INFO] [stdout]     |
[INFO] [stdout] 608 |                   if let Some(record) = sqlx::query!(
[INFO] [stdout]     |  _______________________________________^
[INFO] [stdout] 609 | |                     "SELECT message_id as `message_id:i64` FROM history order by message_id desc limit 1"
[INFO] [stdout] 610 | |                 )
[INFO] [stdout]     | |_________________^
[INFO] [stdout]     |
[INFO] [stdout]     = note: this error originates in the macro `$crate::sqlx_macros::expand_query` which comes from the expansion of the macro `sqlx::query` (in Nightly builds, run with -Z macro-backtrace for more info)
[INFO] [stdout] 
[INFO] [stdout] 
[INFO] [stdout] error: error returned from database: unable to open database file
[INFO] [stdout]    --> src/eueoeo.rs:792:9
[INFO] [stdout]     |
[INFO] [stdout] 792 | /         sqlx::query!(
[INFO] [stdout] 793 | |             "INSERT INTO users (user_id, name) VALUES (?, ?) ON CONFLICT (user_id) DO UPDATE SET name = ?",
[INFO] [stdout] 794 | |             user_id,
[INFO] [stdout] 795 | |             name,
[INFO] [stdout] 796 | |             name
[INFO] [stdout] 797 | |         )
[INFO] [stdout]     | |_________^
[INFO] [stdout]     |
[INFO] [stdout]     = note: this error originates in the macro `$crate::sqlx_macros::expand_query` which comes from the expansion of the macro `sqlx::query` (in Nightly builds, run with -Z macro-backtrace for more info)
[INFO] [stdout] 
[INFO] [stdout] 
[INFO] [stdout] error: error returned from database: unable to open database file
[INFO] [stdout]    --> src/events.rs:119:15
[INFO] [stdout]     |
[INFO] [stdout] 119 |           match sqlx::query!(
[INFO] [stdout]     |  _______________^
[INFO] [stdout] 120 | |             r#"INSERT INTO events
[INFO] [stdout] 121 | |             (channel, name, created_at, modified_at, description, begin_date, begin_time, end_date, end_time)
[INFO] [stdout] 122 | |             VALUES
[INFO] [stdout] ...   |
[INFO] [stdout] 132 | |             end_time
[INFO] [stdout] 133 | |         )
[INFO] [stdout]     | |_________^
[INFO] [stdout]     |
[INFO] [stdout]     = note: this error originates in the macro `$crate::sqlx_macros::expand_query` which comes from the expansion of the macro `sqlx::query` (in Nightly builds, run with -Z macro-backtrace for more info)
[INFO] [stdout] 
[INFO] [stdout] 
[INFO] [stdout] error: error returned from database: unable to open database file
[INFO] [stdout]    --> src/events.rs:239:25
[INFO] [stdout]     |
[INFO] [stdout] 239 |           if let Err(e) = query!(
[INFO] [stdout]     |  _________________________^
[INFO] [stdout] 240 | |             "DELETE FROM events WHERE rowid = ? AND channel = ?",
[INFO] [stdout] 241 | |             id,
[INFO] [stdout] 242 | |             channel_id
[INFO] [stdout] 243 | |         )
[INFO] [stdout]     | |_________^
[INFO] [stdout]     |
[INFO] [stdout]     = note: this error originates in the macro `$crate::sqlx_macros::expand_query` which comes from the expansion of the macro `query` (in Nightly builds, run with -Z macro-backtrace for more info)
[INFO] [stdout] 
[INFO] [stdout] 
[INFO] [stdout] error: error returned from database: unable to open database file
[INFO] [stdout]    --> src/events.rs:272:15
[INFO] [stdout]     |
[INFO] [stdout] 272 |           match sqlx::query!(
[INFO] [stdout]     |  _______________^
[INFO] [stdout] 273 | |             "SELECT rowid, name FROM events WHERE channel = ? AND name LIKE ?",
[INFO] [stdout] 274 | |             channel_id,
[INFO] [stdout] 275 | |             name_pattern
[INFO] [stdout] 276 | |         )
[INFO] [stdout]     | |_________^
[INFO] [stdout]     |
[INFO] [stdout]     = note: this error originates in the macro `$crate::sqlx_macros::expand_query` which comes from the expansion of the macro `sqlx::query` (in Nightly builds, run with -Z macro-backtrace for more info)
[INFO] [stdout] 
[INFO] [stdout] 
[INFO] [stdout] error: aborting due to 16 previous errors
[INFO] [stdout] 
[INFO] [stdout] 
[INFO] [stderr] error: could not compile `futaba` due to 17 previous errors
[INFO] running `Command { std: "docker" "inspect" "3f3c7c267b75eefbea41090be172593968cedc842d7708436d71b40d60cb552c", kill_on_drop: false }`
[INFO] running `Command { std: "docker" "rm" "-f" "3f3c7c267b75eefbea41090be172593968cedc842d7708436d71b40d60cb552c", kill_on_drop: false }`
[INFO] [stdout] 3f3c7c267b75eefbea41090be172593968cedc842d7708436d71b40d60cb552c
