[INFO] cloning repository https://github.com/PartyLich/rs-hexmicro
[INFO] running `Command { std: "git" "-c" "credential.helper=" "-c" "credential.helper=/workspace/cargo-home/bin/git-credential-null" "clone" "--bare" "https://github.com/PartyLich/rs-hexmicro" "/workspace/cache/git-repos/https%3A%2F%2Fgithub.com%2FPartyLich%2Frs-hexmicro", kill_on_drop: false }`
[INFO] [stderr] Cloning into bare repository '/workspace/cache/git-repos/https%3A%2F%2Fgithub.com%2FPartyLich%2Frs-hexmicro'...
[INFO] running `Command { std: "git" "rev-parse" "HEAD", kill_on_drop: false }`
[INFO] [stdout] 3f8c2868e0d622461f4bf525d507e9a1aecf5df8
[INFO] testing PartyLich/rs-hexmicro against 1.69.0 for beta-1.70-1
[INFO] running `Command { std: "git" "clone" "/workspace/cache/git-repos/https%3A%2F%2Fgithub.com%2FPartyLich%2Frs-hexmicro" "/workspace/builds/worker-6-tc1/source", kill_on_drop: false }`
[INFO] [stderr] Cloning into '/workspace/builds/worker-6-tc1/source'...
[INFO] [stderr] done.
[INFO] validating manifest of git repo https://github.com/PartyLich/rs-hexmicro on toolchain 1.69.0
[INFO] running `Command { std: CARGO_HOME="/workspace/cargo-home" RUSTUP_HOME="/workspace/rustup-home" "/workspace/cargo-home/bin/cargo" "+1.69.0" "metadata" "--manifest-path" "Cargo.toml" "--no-deps", kill_on_drop: false }`
[INFO] started tweaking git repo https://github.com/PartyLich/rs-hexmicro
[INFO] finished tweaking git repo https://github.com/PartyLich/rs-hexmicro
[INFO] tweaked toml for git repo https://github.com/PartyLich/rs-hexmicro written to /workspace/builds/worker-6-tc1/source/Cargo.toml
[INFO] crate git repo https://github.com/PartyLich/rs-hexmicro already has a lockfile, it will not be regenerated
[INFO] running `Command { std: CARGO_HOME="/workspace/cargo-home" RUSTUP_HOME="/workspace/rustup-home" "/workspace/cargo-home/bin/cargo" "+1.69.0" "fetch" "--manifest-path" "Cargo.toml", kill_on_drop: false }`
[INFO] [stderr]     Blocking waiting for file lock on package cache
[INFO] [stderr]  Downloading crates ...
[INFO] [stderr]   Downloaded webpki v0.21.0
[INFO] [stderr]   Downloaded rmp-serde v0.14.3
[INFO] [stderr]   Downloaded redis v0.15.1
[INFO] [stderr]   Downloaded mongodb v0.9.0
[INFO] [stderr]   Downloaded trust-dns-proto v0.8.0
[INFO] [stderr]   Downloaded derivative v1.0.3
[INFO] [stderr]   Downloaded err-derive v0.2.2
[INFO] [stderr]   Downloaded bson v0.14.0
[INFO] [stderr]   Downloaded proc-macro-error-attr v0.4.5
[INFO] [stderr]   Downloaded tokio-executor v0.1.9
[INFO] [stderr]   Downloaded tokio-threadpool v0.1.17
[INFO] [stderr]   Downloaded trust-dns-resolver v0.12.0
[INFO] [stderr]   Downloaded tokio-timer v0.2.12
[INFO] [stderr]   Downloaded tokio-reactor v0.1.11
[INFO] [stderr]   Downloaded warp v0.2.2
[INFO] [stderr]   Downloaded proc-macro-error v0.4.5
[INFO] [stderr]   Downloaded ring v0.16.9
[INFO] [stderr]   Downloaded shortid v1.0.6
[INFO] running `Command { std: "docker" "create" "-v" "/var/lib/crater-agent-workspace/builds/worker-6-tc1/target:/opt/rustwide/target:rw,Z" "-v" "/var/lib/crater-agent-workspace/builds/worker-6-tc1/source:/opt/rustwide/workdir:ro,Z" "-v" "/var/lib/crater-agent-workspace/cargo-home:/opt/rustwide/cargo-home:ro,Z" "-v" "/var/lib/crater-agent-workspace/rustup-home:/opt/rustwide/rustup-home:ro,Z" "-e" "SOURCE_DIR=/opt/rustwide/workdir" "-e" "CARGO_TARGET_DIR=/opt/rustwide/target" "-e" "CARGO_HOME=/opt/rustwide/cargo-home" "-e" "RUSTUP_HOME=/opt/rustwide/rustup-home" "-w" "/opt/rustwide/workdir" "-m" "1610612736" "--user" "0:0" "--network" "none" "ghcr.io/rust-lang/crates-build-env/linux@sha256:97d61d7686bf65f8ecb15491ab51835e82dc9176a96a831f143a431b191fc501" "/opt/rustwide/cargo-home/bin/cargo" "+1.69.0" "metadata" "--no-deps" "--format-version=1", kill_on_drop: false }`
[INFO] [stdout] 6605daf43b2f9115c174c57f8a68870cfd427f44b7967217858db757a9ee5661
[INFO] running `Command { std: "docker" "start" "-a" "6605daf43b2f9115c174c57f8a68870cfd427f44b7967217858db757a9ee5661", kill_on_drop: false }`
[INFO] running `Command { std: "docker" "inspect" "6605daf43b2f9115c174c57f8a68870cfd427f44b7967217858db757a9ee5661", kill_on_drop: false }`
[INFO] running `Command { std: "docker" "rm" "-f" "6605daf43b2f9115c174c57f8a68870cfd427f44b7967217858db757a9ee5661", kill_on_drop: false }`
[INFO] [stdout] 6605daf43b2f9115c174c57f8a68870cfd427f44b7967217858db757a9ee5661
[INFO] running `Command { std: "docker" "create" "-v" "/var/lib/crater-agent-workspace/builds/worker-6-tc1/target:/opt/rustwide/target:rw,Z" "-v" "/var/lib/crater-agent-workspace/builds/worker-6-tc1/source:/opt/rustwide/workdir:ro,Z" "-v" "/var/lib/crater-agent-workspace/cargo-home:/opt/rustwide/cargo-home:ro,Z" "-v" "/var/lib/crater-agent-workspace/rustup-home:/opt/rustwide/rustup-home:ro,Z" "-e" "SOURCE_DIR=/opt/rustwide/workdir" "-e" "CARGO_TARGET_DIR=/opt/rustwide/target" "-e" "CARGO_INCREMENTAL=0" "-e" "RUST_BACKTRACE=full" "-e" "RUSTFLAGS=--cap-lints=warn" "-e" "RUSTDOCFLAGS=--cap-lints=warn" "-e" "CARGO_HOME=/opt/rustwide/cargo-home" "-e" "RUSTUP_HOME=/opt/rustwide/rustup-home" "-w" "/opt/rustwide/workdir" "-m" "1610612736" "--user" "0:0" "--network" "none" "ghcr.io/rust-lang/crates-build-env/linux@sha256:97d61d7686bf65f8ecb15491ab51835e82dc9176a96a831f143a431b191fc501" "/opt/rustwide/cargo-home/bin/cargo" "+1.69.0" "build" "--frozen" "--message-format=json", kill_on_drop: false }`
[INFO] [stdout] 1ebd5f26dcbd28aad18742244f5d48c325d014564d4d5504273cf2980ee5fd0e
[INFO] running `Command { std: "docker" "start" "-a" "1ebd5f26dcbd28aad18742244f5d48c325d014564d4d5504273cf2980ee5fd0e", kill_on_drop: false }`
[INFO] [stderr]    Compiling libc v0.2.66
[INFO] [stderr]    Compiling cfg-if v0.1.10
[INFO] [stderr]    Compiling proc-macro2 v1.0.8
[INFO] [stderr]    Compiling unicode-xid v0.2.0
[INFO] [stderr]    Compiling syn v1.0.14
[INFO] [stderr]    Compiling lazy_static v1.4.0
[INFO] [stderr]    Compiling log v0.4.8
[INFO] [stderr]    Compiling byteorder v1.3.2
[INFO] [stderr]    Compiling autocfg v0.1.7
[INFO] [stderr]    Compiling slab v0.4.2
[INFO] [stderr]    Compiling memchr v2.3.0
[INFO] [stderr]    Compiling semver-parser v0.7.0
[INFO] [stderr]    Compiling fnv v1.0.6
[INFO] [stderr]    Compiling rand_core v0.4.2
[INFO] [stderr]    Compiling autocfg v1.0.0
[INFO] [stderr]    Compiling futures v0.1.29
[INFO] [stderr]    Compiling typenum v1.11.2
[INFO] [stderr]    Compiling cc v1.0.50
[INFO] [stderr]    Compiling crossbeam-utils v0.6.6
[INFO] [stderr]    Compiling itoa v0.4.5
[INFO] [stderr]    Compiling bytes v0.5.4
[INFO] [stderr]    Compiling semver v0.9.0
[INFO] [stderr]    Compiling rand_core v0.3.1
[INFO] [stderr]    Compiling getrandom v0.1.14
[INFO] [stderr]    Compiling scopeguard v1.0.0
[INFO] [stderr]    Compiling maybe-uninit v2.0.0
[INFO] [stderr]    Compiling smallvec v1.1.0
[INFO] [stderr]    Compiling version_check v0.1.5
[INFO] [stderr]    Compiling ppv-lite86 v0.2.6
[INFO] [stderr]    Compiling rustc_version v0.2.3
[INFO] [stderr]    Compiling futures-core v0.3.1
[INFO] [stderr]    Compiling matches v0.1.8
[INFO] [stderr]    Compiling unicode-normalization v0.1.12
[INFO] [stderr]    Compiling unicode-bidi v0.3.4
[INFO] [stderr]    Compiling byte-tools v0.3.1
[INFO] [stderr]    Compiling unicase v1.4.2
[INFO] [stderr]    Compiling futures-sink v0.3.1
[INFO] [stderr]    Compiling rand_pcg v0.1.2
[INFO] [stderr]    Compiling rand_chacha v0.1.1
[INFO] [stderr]    Compiling rustversion v1.0.2
[INFO] [stderr]    Compiling block-padding v0.1.5
[INFO] [stderr]    Compiling quote v1.0.2
[INFO] [stderr]    Compiling parking_lot_core v0.6.2
[INFO] [stderr]    Compiling c2-chacha v0.2.3
[INFO] [stderr]    Compiling smallvec v0.6.13
[INFO] [stderr]    Compiling iovec v0.1.4
[INFO] [stderr]    Compiling net2 v0.2.33
[INFO] [stderr]    Compiling num_cpus v1.12.0
[INFO] [stderr]    Compiling bytes v0.4.12
[INFO] [stderr]    Compiling rand_core v0.5.1
[INFO] [stderr]    Compiling parking_lot v0.9.0
[INFO] [stderr]    Compiling proc-macro-nested v0.1.4
[INFO] [stderr]    Compiling generic-array v0.12.3
[INFO] [stderr]    Compiling mio v0.6.21
[INFO] [stderr]    Compiling proc-macro2 v0.4.30
[INFO] [stderr]    Compiling serde v1.0.104
[INFO] [stderr]    Compiling tokio-executor v0.1.9
[INFO] [stderr]    Compiling rand_chacha v0.2.1
[INFO] [stderr]    Compiling idna v0.2.0
[INFO] [stderr]    Compiling digest v0.8.1
[INFO] [stderr]    Compiling block-buffer v0.7.3
[INFO] [stderr]    Compiling tokio-io v0.1.12
[INFO] [stderr]    Compiling rand v0.7.3
[INFO] [stderr]    Compiling memoffset v0.5.3
[INFO] [stderr]    Compiling lock_api v0.3.3
[INFO] [stderr]    Compiling crossbeam-utils v0.7.0
[INFO] [stderr]    Compiling rand v0.6.5
[INFO] [stderr]    Compiling unicode-xid v0.1.0
[INFO] [stderr]    Compiling opaque-debug v0.2.3
[INFO] [stderr]    Compiling siphasher v0.2.3
[INFO] [stderr]    Compiling proc-macro-hack v0.5.15
[INFO] [stderr]    Compiling percent-encoding v2.1.0
[INFO] [stderr]    Compiling tokio-sync v0.1.7
[INFO] [stderr]    Compiling mio-uds v0.6.7
[INFO] [stderr]    Compiling url v2.1.1
[INFO] [stderr]    Compiling phf_shared v0.7.24
[INFO] [stderr]    Compiling rand_os v0.1.3
[INFO] [stderr]    Compiling futures-channel v0.3.1
[INFO] [stderr]    Compiling http v0.2.1
[INFO] [stderr]    Compiling crossbeam-epoch v0.8.0
[INFO] [stderr]    Compiling num-traits v0.2.11
[INFO] [stderr]    Compiling indexmap v1.3.1
[INFO] [stderr]    Compiling rand_hc v0.1.0
[INFO] [stderr]    Compiling rand_xorshift v0.1.1
[INFO] [stderr]    Compiling rand_isaac v0.1.1
[INFO] [stderr]    Compiling rand_jitter v0.1.4
[INFO] [stderr]    Compiling quick-error v1.2.3
[INFO] [stderr]    Compiling fake-simd v0.1.2
[INFO] [stderr]    Compiling version_check v0.9.1
[INFO] [stderr]    Compiling syn v0.15.44
[INFO] [stderr]    Compiling pin-project-lite v0.1.4
[INFO] [stderr]    Compiling futures-task v0.3.1
[INFO] [stderr]    Compiling pin-utils v0.1.0-alpha.4
[INFO] [stderr]    Compiling futures-io v0.3.4
[INFO] [stderr]    Compiling tokio-reactor v0.1.11
[INFO] [stderr]    Compiling quote v0.6.13
[INFO] [stderr]    Compiling backtrace-sys v0.1.32
[INFO] [stderr]    Compiling ring v0.16.9
[INFO] [stderr]    Compiling httparse v1.3.4
[INFO] [stderr]    Compiling tokio-codec v0.1.1
[INFO] [stderr]    Compiling time v0.1.42
[INFO] [stderr]    Compiling failure_derive v0.1.6
[INFO] [stderr]    Compiling unicase v2.6.0
[INFO] [stderr]    Compiling spin v0.5.2
[INFO] [stderr]    Compiling ryu v1.0.2
[INFO] [stderr]    Compiling safemem v0.3.3
[INFO] [stderr]    Compiling untrusted v0.7.0
[INFO] [stderr]    Compiling crossbeam-deque v0.7.2
[INFO] [stderr]    Compiling phf_generator v0.7.24
[INFO] [stderr]    Compiling sha-1 v0.8.2
[INFO] [stderr]    Compiling phf v0.7.24
[INFO] [stderr]    Compiling aho-corasick v0.7.6
[INFO] [stderr]    Compiling phf_codegen v0.7.24
[INFO] [stderr]    Compiling crossbeam-queue v0.1.2
[INFO] [stderr]    Compiling num-integer v0.1.42
[INFO] [stderr]    Compiling thread_local v1.0.1
[INFO] [stderr]    Compiling bitflags v1.2.1
[INFO] [stderr]    Compiling rustc-demangle v0.1.16
[INFO] [stderr]    Compiling regex-syntax v0.6.13
[INFO] [stderr]    Compiling tokio-threadpool v0.1.17
[INFO] [stderr]    Compiling tokio-udp v0.1.5
[INFO] [stderr]    Compiling mime_guess v1.8.8
[INFO] [stderr]    Compiling tokio-tcp v0.1.3
[INFO] [stderr]    Compiling backtrace v0.3.42
[INFO] [stderr]    Compiling tokio-timer v0.2.12
[INFO] [stderr]    Compiling log v0.3.9
[INFO] [stderr]    Compiling base64 v0.11.0
[INFO] [stderr]    Compiling subtle v1.0.0
[INFO] [stderr]    Compiling linked-hash-map v0.5.2
[INFO] [stderr]    Compiling tokio-fs v0.1.6
[INFO] [stderr]    Compiling mime v0.2.6
[INFO] [stderr]    Compiling crypto-mac v0.7.0
[INFO] [stderr]    Compiling mime_guess v2.0.3
[INFO] [stderr]    Compiling tokio-uds v0.2.5
[INFO] [stderr]    Compiling tokio-current-thread v0.1.6
[INFO] [stderr]    Compiling hostname v0.1.5
[INFO] [stderr]    Compiling socket2 v0.3.11
[INFO] [stderr]    Compiling input_buffer v0.3.1
[INFO] [stderr]    Compiling try-lock v0.2.2
[INFO] [stderr]    Compiling mime v0.3.16
[INFO] [stdout] error[E0512]: cannot transmute between types of different sizes, or dependently-sized types
[INFO] [stdout]    --> /opt/rustwide/cargo-home/registry/src/github.com-1ecc6299db9ec823/socket2-0.3.11/src/sockaddr.rs:156:9
[INFO] [stdout]     |
[INFO] [stdout] 156 |         mem::transmute::<SocketAddrV4, sockaddr_in>(v4);
[INFO] [stdout]     |         ^^^^^^^^^^^^^^^^^^^^^^^^^^^^^^^^^^^^^^^^^^^
[INFO] [stdout]     |
[INFO] [stdout]     = note: source type: `SocketAddrV4` (48 bits)
[INFO] [stdout]     = note: target type: `sockaddr_in` (128 bits)
[INFO] [stdout] 
[INFO] [stdout] 
[INFO] [stderr]    Compiling dtoa v0.4.5
[INFO] [stdout] error: aborting due to previous error
[INFO] [stdout] 
[INFO] [stdout] 
[INFO] [stdout] For more information about this error, try `rustc --explain E0512`.
[INFO] [stdout] 
[INFO] [stderr] error: could not compile `socket2` due to 2 previous errors
[INFO] [stderr] warning: build failed, waiting for other jobs to finish...
[INFO] [stderr] LLVM ERROR: IO failure on output stream: No space left on device
[INFO] [stderr] LLVM ERROR: IO failure on output stream: No space left on device
[INFO] [stderr] LLVM ERROR: IO failure on output stream: No space left on device
[INFO] [stderr] LLVM ERROR: IO failure on output stream: No space left on device
[INFO] [stderr] error: could not compile `dtoa`
[INFO] [stderr] error: could not compile `tokio-threadpool`
[INFO] [stderr] error: could not compile `mime`
[INFO] [stderr] error: could not compile `aho-corasick`
[INFO] [stdout] error: linking with `cc` failed: exit status: 1
[INFO] [stdout]   |
[INFO] [stdout]   = note: LC_ALL="C" PATH="/opt/rustwide/rustup-home/toolchains/1.69.0-x86_64-unknown-linux-gnu/lib/rustlib/x86_64-unknown-linux-gnu/bin:/opt/rustwide/cargo-home/bin:/usr/local/sbin:/usr/local/bin:/usr/sbin:/usr/bin:/sbin:/bin" VSLANG="1033" "cc" "-m64" "/tmp/rustcccTRjk/symbols.o" "/opt/rustwide/target/debug/build/mime_guess-772ed01f4a2c55af/build_script_build-772ed01f4a2c55af.build_script_build.c7d81201-cgu.0.rcgu.o" "/opt/rustwide/target/debug/build/mime_guess-772ed01f4a2c55af/build_script_build-772ed01f4a2c55af.build_script_build.c7d81201-cgu.1.rcgu.o" "/opt/rustwide/target/debug/build/mime_guess-772ed01f4a2c55af/build_script_build-772ed01f4a2c55af.build_script_build.c7d81201-cgu.10.rcgu.o" "/opt/rustwide/target/debug/build/mime_guess-772ed01f4a2c55af/build_script_build-772ed01f4a2c55af.build_script_build.c7d81201-cgu.11.rcgu.o" "/opt/rustwide/target/debug/build/mime_guess-772ed01f4a2c55af/build_script_build-772ed01f4a2c55af.build_script_build.c7d81201-cgu.12.rcgu.o" "/opt/rustwide/target/debug/build/mime_guess-772ed01f4a2c55af/build_script_build-772ed01f4a2c55af.build_script_build.c7d81201-cgu.13.rcgu.o" "/opt/rustwide/target/debug/build/mime_guess-772ed01f4a2c55af/build_script_build-772ed01f4a2c55af.build_script_build.c7d81201-cgu.14.rcgu.o" "/opt/rustwide/target/debug/build/mime_guess-772ed01f4a2c55af/build_script_build-772ed01f4a2c55af.build_script_build.c7d81201-cgu.15.rcgu.o" "/opt/rustwide/target/debug/build/mime_guess-772ed01f4a2c55af/build_script_build-772ed01f4a2c55af.build_script_build.c7d81201-cgu.2.rcgu.o" "/opt/rustwide/target/debug/build/mime_guess-772ed01f4a2c55af/build_script_build-772ed01f4a2c55af.build_script_build.c7d81201-cgu.3.rcgu.o" "/opt/rustwide/target/debug/build/mime_guess-772ed01f4a2c55af/build_script_build-772ed01f4a2c55af.build_script_build.c7d81201-cgu.4.rcgu.o" "/opt/rustwide/target/debug/build/mime_guess-772ed01f4a2c55af/build_script_build-772ed01f4a2c55af.build_script_build.c7d81201-cgu.5.rcgu.o" "/opt/rustwide/target/debug/build/mime_guess-772ed01f4a2c55af/build_script_build-772ed01f4a2c55af.build_script_build.c7d81201-cgu.6.rcgu.o" "/opt/rustwide/target/debug/build/mime_guess-772ed01f4a2c55af/build_script_build-772ed01f4a2c55af.build_script_build.c7d81201-cgu.7.rcgu.o" "/opt/rustwide/target/debug/build/mime_guess-772ed01f4a2c55af/build_script_build-772ed01f4a2c55af.build_script_build.c7d81201-cgu.8.rcgu.o" "/opt/rustwide/target/debug/build/mime_guess-772ed01f4a2c55af/build_script_build-772ed01f4a2c55af.build_script_build.c7d81201-cgu.9.rcgu.o" "/opt/rustwide/target/debug/build/mime_guess-772ed01f4a2c55af/build_script_build-772ed01f4a2c55af.4bvot5egfs7nlwod.rcgu.o" "-Wl,--as-needed" "-L" "/opt/rustwide/target/debug/deps" "-L" "/opt/rustwide/rustup-home/toolchains/1.69.0-x86_64-unknown-linux-gnu/lib/rustlib/x86_64-unknown-linux-gnu/lib" "-Wl,-Bstatic" "/opt/rustwide/target/debug/deps/libunicase-ea82450730a91437.rlib" "/opt/rustwide/rustup-home/toolchains/1.69.0-x86_64-unknown-linux-gnu/lib/rustlib/x86_64-unknown-linux-gnu/lib/libstd-89bc084783fdc439.rlib" "/opt/rustwide/rustup-home/toolchains/1.69.0-x86_64-unknown-linux-gnu/lib/rustlib/x86_64-unknown-linux-gnu/lib/libpanic_unwind-8bee4b287d4367c1.rlib" "/opt/rustwide/rustup-home/toolchains/1.69.0-x86_64-unknown-linux-gnu/lib/rustlib/x86_64-unknown-linux-gnu/lib/libobject-d61707aed80694c0.rlib" "/opt/rustwide/rustup-home/toolchains/1.69.0-x86_64-unknown-linux-gnu/lib/rustlib/x86_64-unknown-linux-gnu/lib/libmemchr-d85366256f22345b.rlib" "/opt/rustwide/rustup-home/toolchains/1.69.0-x86_64-unknown-linux-gnu/lib/rustlib/x86_64-unknown-linux-gnu/lib/libaddr2line-96069b86b8a8cae9.rlib" "/opt/rustwide/rustup-home/toolchains/1.69.0-x86_64-unknown-linux-gnu/lib/rustlib/x86_64-unknown-linux-gnu/lib/libgimli-d19d53abf68dfa6c.rlib" "/opt/rustwide/rustup-home/toolchains/1.69.0-x86_64-unknown-linux-gnu/lib/rustlib/x86_64-unknown-linux-gnu/lib/librustc_demangle-787cbccd19d64ac6.rlib" "/opt/rustwide/rustup-home/toolchains/1.69.0-x86_64-unknown-linux-gnu/lib/rustlib/x86_64-unknown-linux-gnu/lib/libstd_detect-b3837a36b830e0d0.rlib" "/opt/rustwide/rustup-home/toolchains/1.69.0-x86_64-unknown-linux-gnu/lib/rustlib/x86_64-unknown-linux-gnu/lib/libhashbrown-e3deb0e7e3f04966.rlib" "/opt/rustwide/rustup-home/toolchains/1.69.0-x86_64-unknown-linux-gnu/lib/rustlib/x86_64-unknown-linux-gnu/lib/libminiz_oxide-dabbb79c9815def4.rlib" "/opt/rustwide/rustup-home/toolchains/1.69.0-x86_64-unknown-linux-gnu/lib/rustlib/x86_64-unknown-linux-gnu/lib/libadler-305b01f34c9409f2.rlib" "/opt/rustwide/rustup-home/toolchains/1.69.0-x86_64-unknown-linux-gnu/lib/rustlib/x86_64-unknown-linux-gnu/lib/librustc_std_workspace_alloc-f833521df6074e73.rlib" "/opt/rustwide/rustup-home/toolchains/1.69.0-x86_64-unknown-linux-gnu/lib/rustlib/x86_64-unknown-linux-gnu/lib/libunwind-9ac333113350d171.rlib" "/opt/rustwide/rustup-home/toolchains/1.69.0-x86_64-unknown-linux-gnu/lib/rustlib/x86_64-unknown-linux-gnu/lib/libcfg_if-1c126114322d0eee.rlib" "/opt/rustwide/rustup-home/toolchains/1.69.0-x86_64-unknown-linux-gnu/lib/rustlib/x86_64-unknown-linux-gnu/lib/liblibc-bad9164fdeeecf92.rlib" "/opt/rustwide/rustup-home/toolchains/1.69.0-x86_64-unknown-linux-gnu/lib/rustlib/x86_64-unknown-linux-gnu/lib/liballoc-f9374b1e480fa681.rlib" "/opt/rustwide/rustup-home/toolchains/1.69.0-x86_64-unknown-linux-gnu/lib/rustlib/x86_64-unknown-linux-gnu/lib/librustc_std_workspace_core-207f06e41d9603af.rlib" "/opt/rustwide/rustup-home/toolchains/1.69.0-x86_64-unknown-linux-gnu/lib/rustlib/x86_64-unknown-linux-gnu/lib/libcore-7e2768e66e984e85.rlib" "/opt/rustwide/rustup-home/toolchains/1.69.0-x86_64-unknown-linux-gnu/lib/rustlib/x86_64-unknown-linux-gnu/lib/libcompiler_builtins-957b4aff41f8cd46.rlib" "-Wl,-Bdynamic" "-lgcc_s" "-lutil" "-lrt" "-lpthread" "-lm" "-ldl" "-lc" "-Wl,--eh-frame-hdr" "-Wl,-z,noexecstack" "-L" "/opt/rustwide/rustup-home/toolchains/1.69.0-x86_64-unknown-linux-gnu/lib/rustlib/x86_64-unknown-linux-gnu/lib" "-o" "/opt/rustwide/target/debug/build/mime_guess-772ed01f4a2c55af/build_script_build-772ed01f4a2c55af" "-Wl,--gc-sections" "-pie" "-Wl,-z,relro,-z,now" "-nodefaultlibs"
[INFO] [stdout]   = note: /usr/bin/ld: final link failed: No space left on device
[INFO] [stdout]           collect2: error: ld returned 1 exit status
[INFO] [stdout]           
[INFO] [stdout] 
[INFO] [stdout] 
[INFO] [stdout] error: aborting due to previous error
[INFO] [stdout] 
[INFO] [stdout] 
[INFO] [stderr] error: could not compile `mime_guess` due to 2 previous errors
[INFO] [stderr] thread 'rustc' panicked at 'assertion failed: pos.get() <= self.position()', compiler/rustc_metadata/src/rmeta/encoder.rs:435:9
[INFO] [stderr] error: could not compile `syn`
[INFO] running `Command { std: "docker" "inspect" "1ebd5f26dcbd28aad18742244f5d48c325d014564d4d5504273cf2980ee5fd0e", kill_on_drop: false }`
[INFO] running `Command { std: "docker" "rm" "-f" "1ebd5f26dcbd28aad18742244f5d48c325d014564d4d5504273cf2980ee5fd0e", kill_on_drop: false }`
[INFO] [stdout] 1ebd5f26dcbd28aad18742244f5d48c325d014564d4d5504273cf2980ee5fd0e
