[INFO] cloning repository https://github.com/PROMETHIA-27/bevy_mod_lua
[INFO] running `Command { std: "git" "-c" "credential.helper=" "-c" "credential.helper=/workspace/cargo-home/bin/git-credential-null" "clone" "--bare" "https://github.com/PROMETHIA-27/bevy_mod_lua" "/workspace/cache/git-repos/https%3A%2F%2Fgithub.com%2FPROMETHIA-27%2Fbevy_mod_lua", kill_on_drop: false }`
[INFO] [stderr] Cloning into bare repository '/workspace/cache/git-repos/https%3A%2F%2Fgithub.com%2FPROMETHIA-27%2Fbevy_mod_lua'...
[INFO] running `Command { std: "git" "rev-parse" "HEAD", kill_on_drop: false }`
[INFO] [stdout] cd2129962c42d22fa3ad0044f1e10af2f14c7d5d
[INFO] testing PROMETHIA-27/bevy_mod_lua against beta-2023-04-20 for beta-1.70-1
[INFO] running `Command { std: "git" "clone" "/workspace/cache/git-repos/https%3A%2F%2Fgithub.com%2FPROMETHIA-27%2Fbevy_mod_lua" "/workspace/builds/worker-1-tc2/source", kill_on_drop: false }`
[INFO] [stderr] Cloning into '/workspace/builds/worker-1-tc2/source'...
[INFO] [stderr] done.
[INFO] validating manifest of git repo https://github.com/PROMETHIA-27/bevy_mod_lua on toolchain beta-2023-04-20
[INFO] running `Command { std: CARGO_HOME="/workspace/cargo-home" RUSTUP_HOME="/workspace/rustup-home" "/workspace/cargo-home/bin/cargo" "+beta-2023-04-20" "metadata" "--manifest-path" "Cargo.toml" "--no-deps", kill_on_drop: false }`
[INFO] started tweaking git repo https://github.com/PROMETHIA-27/bevy_mod_lua
[INFO] finished tweaking git repo https://github.com/PROMETHIA-27/bevy_mod_lua
[INFO] tweaked toml for git repo https://github.com/PROMETHIA-27/bevy_mod_lua written to /workspace/builds/worker-1-tc2/source/Cargo.toml
[INFO] crate git repo https://github.com/PROMETHIA-27/bevy_mod_lua already has a lockfile, it will not be regenerated
[INFO] running `Command { std: CARGO_HOME="/workspace/cargo-home" RUSTUP_HOME="/workspace/rustup-home" "/workspace/cargo-home/bin/cargo" "+beta-2023-04-20" "fetch" "--manifest-path" "Cargo.toml", kill_on_drop: false }`
[INFO] [stderr]     Blocking waiting for file lock on package cache
[INFO] [stderr]  Downloading crates ...
[INFO] [stderr]   Downloaded glam v0.20.3
[INFO] [stderr]   Downloaded erased-serde v0.3.20
[INFO] [stderr]   Downloaded mlua v0.7.4
[INFO] [stderr]   Downloaded lua-src v544.0.0
[INFO] [stderr]   Downloaded luajit-src v210.3.3+resty673aaad
[INFO] running `Command { std: "docker" "create" "-v" "/var/lib/crater-agent-workspace/builds/worker-1-tc2/target:/opt/rustwide/target:rw,Z" "-v" "/var/lib/crater-agent-workspace/builds/worker-1-tc2/source:/opt/rustwide/workdir:ro,Z" "-v" "/var/lib/crater-agent-workspace/cargo-home:/opt/rustwide/cargo-home:ro,Z" "-v" "/var/lib/crater-agent-workspace/rustup-home:/opt/rustwide/rustup-home:ro,Z" "-e" "SOURCE_DIR=/opt/rustwide/workdir" "-e" "CARGO_TARGET_DIR=/opt/rustwide/target" "-e" "CARGO_HOME=/opt/rustwide/cargo-home" "-e" "RUSTUP_HOME=/opt/rustwide/rustup-home" "-w" "/opt/rustwide/workdir" "-m" "1610612736" "--user" "0:0" "--network" "none" "ghcr.io/rust-lang/crates-build-env/linux@sha256:5ff2268d62e97bff2cde7d5815dd6ed5b47097566f13b8d0ca110b04b60e07ed" "/opt/rustwide/cargo-home/bin/cargo" "+beta-2023-04-20" "metadata" "--no-deps" "--format-version=1", kill_on_drop: false }`
[INFO] [stdout] 91489b69be5fc1a54fcf41acf25e9557e2737b5f763baa67997a234617f7e317
[INFO] running `Command { std: "docker" "start" "-a" "91489b69be5fc1a54fcf41acf25e9557e2737b5f763baa67997a234617f7e317", kill_on_drop: false }`
[INFO] running `Command { std: "docker" "inspect" "91489b69be5fc1a54fcf41acf25e9557e2737b5f763baa67997a234617f7e317", kill_on_drop: false }`
[INFO] running `Command { std: "docker" "rm" "-f" "91489b69be5fc1a54fcf41acf25e9557e2737b5f763baa67997a234617f7e317", kill_on_drop: false }`
[INFO] [stdout] 91489b69be5fc1a54fcf41acf25e9557e2737b5f763baa67997a234617f7e317
[INFO] running `Command { std: "docker" "create" "-v" "/var/lib/crater-agent-workspace/builds/worker-1-tc2/target:/opt/rustwide/target:rw,Z" "-v" "/var/lib/crater-agent-workspace/builds/worker-1-tc2/source:/opt/rustwide/workdir:ro,Z" "-v" "/var/lib/crater-agent-workspace/cargo-home:/opt/rustwide/cargo-home:ro,Z" "-v" "/var/lib/crater-agent-workspace/rustup-home:/opt/rustwide/rustup-home:ro,Z" "-e" "SOURCE_DIR=/opt/rustwide/workdir" "-e" "CARGO_TARGET_DIR=/opt/rustwide/target" "-e" "CARGO_INCREMENTAL=0" "-e" "RUST_BACKTRACE=full" "-e" "RUSTFLAGS=--cap-lints=warn" "-e" "RUSTDOCFLAGS=--cap-lints=warn" "-e" "CARGO_HOME=/opt/rustwide/cargo-home" "-e" "RUSTUP_HOME=/opt/rustwide/rustup-home" "-w" "/opt/rustwide/workdir" "-m" "1610612736" "--user" "0:0" "--network" "none" "ghcr.io/rust-lang/crates-build-env/linux@sha256:5ff2268d62e97bff2cde7d5815dd6ed5b47097566f13b8d0ca110b04b60e07ed" "/opt/rustwide/cargo-home/bin/cargo" "+beta-2023-04-20" "build" "--frozen" "--message-format=json", kill_on_drop: false }`
[INFO] [stdout] 98eb9f446f05c974ed548267eededf620ab22a299a589b3bd8a07cacb10fed55
[INFO] running `Command { std: "docker" "start" "-a" "98eb9f446f05c974ed548267eededf620ab22a299a589b3bd8a07cacb10fed55", kill_on_drop: false }`
[INFO] [stderr]    Compiling autocfg v1.1.0
[INFO] [stderr]    Compiling cfg-if v1.0.0
[INFO] [stderr]    Compiling proc-macro2 v1.0.36
[INFO] [stderr]    Compiling unicode-xid v0.2.2
[INFO] [stderr]    Compiling syn v1.0.90
[INFO] [stderr]    Compiling libc v0.2.121
[INFO] [stderr]    Compiling serde_derive v1.0.136
[INFO] [stderr]    Compiling serde v1.0.136
[INFO] [stderr]    Compiling lazy_static v1.4.0
[INFO] [stderr]    Compiling once_cell v1.10.0
[INFO] [stderr]    Compiling scopeguard v1.1.0
[INFO] [stderr]    Compiling bitflags v1.3.2
[INFO] [stderr]    Compiling version_check v0.9.4
[INFO] [stderr]    Compiling hashbrown v0.11.2
[INFO] [stderr]    Compiling parking_lot_core v0.8.5
[INFO] [stderr]    Compiling instant v0.1.12
[INFO] [stderr]    Compiling byteorder v1.4.3
[INFO] [stderr]    Compiling memchr v2.4.1
[INFO] [stderr]    Compiling log v0.4.16
[INFO] [stderr]    Compiling pin-project-lite v0.2.8
[INFO] [stderr]    Compiling tracing-core v0.1.23
[INFO] [stderr]    Compiling futures-core v0.3.21
[INFO] [stderr]    Compiling fixedbitset v0.4.1
[INFO] [stderr]    Compiling mint v0.5.9
[INFO] [stderr]    Compiling erased-serde v0.3.20
[INFO] [stderr]    Compiling ahash v0.7.6
[INFO] [stderr]    Compiling cache-padded v1.2.0
[INFO] [stderr]    Compiling indexmap v1.8.1
[INFO] [stderr]    Compiling lock_api v0.4.7
[INFO] [stderr]    Compiling num-traits v0.2.14
[INFO] [stderr]    Compiling concurrent-queue v1.2.2
[INFO] [stderr]    Compiling fxhash v0.2.1
[INFO] [stderr]    Compiling waker-fn v1.1.0
[INFO] [stderr]    Compiling futures-io v0.3.21
[INFO] [stderr]    Compiling parking v2.0.0
[INFO] [stderr]    Compiling fastrand v1.7.0
[INFO] [stderr]    Compiling async-task v4.2.0
[INFO] [stderr]    Compiling event-listener v2.5.2
[INFO] [stderr]    Compiling slab v0.4.5
[INFO] [stderr]    Compiling downcast-rs v1.2.0
[INFO] [stderr]    Compiling pkg-config v0.3.24
[INFO] [stderr]    Compiling quote v1.0.17
[INFO] [stderr]    Compiling async-channel v1.6.1
[INFO] [stderr]    Compiling crossbeam-utils v0.8.8
[INFO] [stderr]    Compiling regex-syntax v0.6.25
[INFO] [stderr]    Compiling memoffset v0.6.5
[INFO] [stderr]    Compiling cty v0.2.2
[INFO] [stderr]    Compiling futures-lite v1.12.0
[INFO] [stderr]    Compiling aho-corasick v0.7.18
[INFO] [stderr]    Compiling tracing-log v0.1.2
[INFO] [stderr]    Compiling getrandom v0.2.6
[INFO] [stderr]    Compiling raw-window-handle v0.4.3
[INFO] [stderr]    Compiling thread_local v1.1.4
[INFO] [stderr]    Compiling sharded-slab v0.1.4
[INFO] [stderr]    Compiling ansi_term v0.12.1
[INFO] [stderr]    Compiling num-integer v0.1.44
[INFO] [stderr]    Compiling libloading v0.7.3
[INFO] [stderr]    Compiling bit-vec v0.6.3
[INFO] [stderr]    Compiling crossbeam-channel v0.5.4
[INFO] [stderr]    Compiling ash v0.34.0+1.2.203
[INFO] [stderr]    Compiling khronos-egl v4.1.0
[INFO] [stderr]    Compiling same-file v1.0.6
[INFO] [stderr]    Compiling num_cpus v1.13.1
[INFO] [stderr]    Compiling async-executor v1.4.1
[INFO] [stderr]    Compiling inotify-sys v0.1.5
[INFO] [stderr]    Compiling rand_core v0.6.3
[INFO] [stderr]    Compiling termcolor v1.1.3
[INFO] [stderr]    Compiling ppv-lite86 v0.2.16
[INFO] [stderr]    Compiling anyhow v1.0.56
[INFO] [stderr]    Compiling unicode-width v0.1.9
[INFO] [stderr]    Compiling rustc-hash v1.1.0
[INFO] [stderr]    Compiling bevy_tasks v0.6.0
[INFO] [stderr]    Compiling inotify v0.9.6
[INFO] [stderr]    Compiling codespan-reporting v0.11.1
[INFO] [stderr]    Compiling walkdir v2.3.2
[INFO] [stderr]    Compiling spirv v0.2.0+1.5.4
[INFO] [stderr]    Compiling rand_chacha v0.3.1
[INFO] [stderr]    Compiling bit-set v0.5.2
[INFO] [stderr]    Compiling mio v0.7.14
[INFO] [stderr]    Compiling filetime v0.2.15
[INFO] [stderr]    Compiling gpu-descriptor-types v0.1.1
[INFO] [stderr]    Compiling gpu-alloc-types v0.2.0
[INFO] [stderr]    Compiling pp-rs v0.2.1
[INFO] [stderr]    Compiling adler32 v1.2.0
[INFO] [stderr]    Compiling cfg_aliases v0.1.1
[INFO] [stderr]    Compiling crc32fast v1.3.2
[INFO] [stderr]    Compiling regex-automata v0.1.10
[INFO] [stderr]    Compiling regex v1.5.5
[INFO] [stderr]    Compiling hexf-parse v0.2.1
[INFO] [stderr]    Compiling wgpu-core v0.12.2
[INFO] [stderr]    Compiling gpu-descriptor v0.2.2
[INFO] [stderr]    Compiling notify v5.0.0-pre.11
[INFO] [stderr]    Compiling gpu-alloc v0.5.3
[INFO] [stderr]    Compiling rand v0.8.5
[INFO] [stderr]    Compiling toml v0.5.8
[INFO] [stderr]    Compiling uuid v0.8.2
[INFO] [stderr]    Compiling petgraph v0.6.0
[INFO] [stderr]    Compiling num-iter v0.1.42
[INFO] [stderr]    Compiling num-rational v0.3.2
[INFO] [stderr]    Compiling matchers v0.1.0
[INFO] [stderr]    Compiling wgpu-types v0.12.0
[INFO] [stderr]    Compiling inplace_it v0.3.3
[INFO] [stderr]    Compiling renderdoc-sys v0.7.1
[INFO] [stderr]    Compiling profiling v1.0.5
[INFO] [stderr]    Compiling arrayvec v0.7.2
[INFO] [stderr]    Compiling glow v0.11.2
[INFO] [stderr]    Compiling deflate v0.8.6
[INFO] [stderr]    Compiling miniz_oxide v0.3.7
[INFO] [stderr]    Compiling copyless v0.1.5
[INFO] [stderr]    Compiling color_quant v1.1.0
[INFO] [stderr]    Compiling scoped_threadpool v0.1.9
[INFO] [stderr]    Compiling nix v0.23.1
[INFO] [stderr]    Compiling png v0.16.8
[INFO] [stderr]    Compiling hex v0.4.3
[INFO] [stderr]    Compiling alsa-sys v0.3.1
[INFO] [stderr]    Compiling libudev-sys v0.1.4
[INFO] [stderr]    Compiling serde_json v1.0.79
[INFO] [stderr]    Compiling ttf-parser v0.15.0
[INFO] [stderr]    Compiling approx v0.5.1
[INFO] [stderr]    Compiling euclid v0.22.6
[INFO] [stderr]    Compiling x11-dl v2.19.1
[INFO] [stderr]    Compiling libm v0.1.4
[INFO] [stderr]    Compiling itoa v1.0.1
[INFO] [stderr]    Compiling inflections v1.1.1
[INFO] [stderr]    Compiling ryu v1.0.9
[INFO] [stderr]    Compiling cpal v0.13.5
[INFO] [stderr]    Compiling tinyvec_macros v0.1.0
[INFO] [stderr]    Compiling svg_fmt v0.4.1
[INFO] [stderr]    Compiling ab_glyph_rasterizer v0.1.5
[INFO] [stderr]    Compiling tinyvec v1.5.1
[INFO] [stderr]    Compiling crossbeam-epoch v0.9.8
[INFO] [stderr]    Compiling ogg v0.8.0
[INFO] [stderr]    Compiling rectangle-pack v0.4.2
[INFO] [stderr]    Compiling percent-encoding v2.1.0
[INFO] [stderr]    Compiling cc v1.0.73
[INFO] [stderr]    Compiling base64 v0.13.0
[INFO] [stderr]    Compiling xi-unicode v0.3.0
[INFO] [stderr]    Compiling vec_map v0.8.2
[INFO] [stderr]    Compiling guillotiere v0.6.2
[INFO] [stderr]    Compiling winit v0.26.1
[INFO] [stderr]    Compiling mio v0.8.2
[INFO] [stderr]    Compiling rayon-core v1.9.1
[INFO] [stderr]    Compiling fnv v1.0.7
[INFO] [stderr]    Compiling luajit-src v210.3.3+resty673aaad
[INFO] [stderr]    Compiling lua-src v544.0.0
[INFO] [stderr]    Compiling lewton v0.10.2
[INFO] [stderr]    Compiling rayon v1.5.1
[INFO] [stderr]    Compiling bstr v0.2.17
[INFO] [stderr]    Compiling either v1.6.1
[INFO] [stderr]    Compiling paste v1.0.7
[INFO] [stderr]    Compiling owned_ttf_parser v0.15.0
[INFO] [stderr]    Compiling crossbeam-deque v0.8.1
[INFO] [stderr]    Compiling ab_glyph v0.2.15
[INFO] [stderr]    Compiling stretch v0.3.2
[INFO] [stderr]    Compiling mlua v0.7.4
[INFO] [stderr]    Compiling glyph_brush_layout v0.2.3
[INFO] [stderr]    Compiling thiserror-impl v1.0.30
[INFO] [stderr]    Compiling bytemuck_derive v1.1.0
[INFO] [stderr]    Compiling tracing-attributes v0.1.20
[INFO] [stderr]    Compiling gltf-derive v0.16.0
[INFO] [stderr]    Compiling alsa v0.6.0
[INFO] [stderr]    Compiling bytemuck v1.9.0
[INFO] [stderr]    Compiling image v0.23.14
[INFO] [stderr]    Compiling thiserror v1.0.30
[INFO] [stderr]    Compiling naga v0.8.5
[INFO] [stderr]    Compiling tracing v0.1.32
[INFO] [stderr]    Compiling cargo-manifest v0.2.6
[INFO] [stderr]    Compiling bevy_macro_utils v0.6.0
[INFO] [stderr]    Compiling bevy_derive v0.6.0
[INFO] [stderr]    Compiling bevy_reflect_derive v0.6.0
[INFO] [stderr]    Compiling bevy_ecs_macros v0.6.0
[INFO] [stderr]    Compiling bevy-crevice-derive v0.6.0
[INFO] [stderr]    Compiling smallvec v1.8.0
[INFO] [stderr]    Compiling glam v0.20.3
[INFO] [stderr]    Compiling ron v0.7.0
[INFO] [stderr]    Compiling tracing-subscriber v0.3.9
[INFO] [stderr]    Compiling bevy_utils v0.6.0
[INFO] [stderr]    Compiling gilrs-core v0.3.2
[INFO] [stderr]    Compiling parking_lot v0.11.2
[INFO] [stderr]    Compiling gilrs v0.8.2
[INFO] [stderr]    Compiling wgpu-hal v0.12.4
[INFO] [stderr]    Compiling gltf-json v0.16.0
[INFO] [stderr]    Compiling rodio v0.14.0
[INFO] [stderr]    Compiling bevy_reflect v0.6.0
[INFO] [stderr]    Compiling hexasphere v6.1.0
[INFO] [stderr]    Compiling bevy_crevice v0.6.1
[INFO] [stderr]    Compiling gltf v0.16.0
[INFO] [stderr]    Compiling bevy_ecs v0.6.1
[INFO] [stderr]    Compiling bevy_math v0.6.0
[INFO] [stderr]    Compiling wgpu v0.12.0
[INFO] [stderr]    Compiling bevy_app v0.6.0
[INFO] [stderr]    Compiling bevy_log v0.6.0
[INFO] [stderr]    Compiling bevy_core v0.6.0
[INFO] [stderr]    Compiling bevy_transform v0.6.0
[INFO] [stderr]    Compiling bevy_window v0.6.0
[INFO] [stderr]    Compiling bevy_input v0.6.0
[INFO] [stderr]    Compiling bevy_diagnostic v0.6.0
[INFO] [stderr]    Compiling bevy_gilrs v0.6.0
[INFO] [stderr]    Compiling bevy_winit v0.6.1
[INFO] [stderr]    Compiling bevy_asset v0.6.0
[INFO] [stderr]    Compiling bevy_render v0.6.1
[INFO] [stderr]    Compiling bevy_scene v0.6.0
[INFO] [stderr]    Compiling bevy_audio v0.6.0
[INFO] [stderr]    Compiling bevy_core_pipeline v0.6.0
[INFO] [stderr]    Compiling bevy_sprite v0.6.0
[INFO] [stderr]    Compiling bevy_pbr v0.6.1
[INFO] [stderr]    Compiling bevy_gltf v0.6.0
[INFO] [stderr]    Compiling bevy_text v0.6.0
[INFO] [stderr]    Compiling bevy_ui v0.6.1
[INFO] [stderr]    Compiling bevy_internal v0.6.0
[INFO] [stderr]    Compiling bevy v0.6.1
[INFO] [stderr]    Compiling wasm_hosting_tests v0.1.0 (/opt/rustwide/workdir)
[INFO] [stdout] error: unexpected token: `}`
[INFO] [stdout]    --> src/main.rs:776:13
[INFO] [stdout]     |
[INFO] [stdout] 776 |             }
[INFO] [stdout]     |             ^
[INFO] [stdout] 
[INFO] [stdout] 
[INFO] [stdout] error[E0425]: cannot find value `lvalue` in this scope
[INFO] [stdout]    --> src/main.rs:664:28
[INFO] [stdout]     |
[INFO] [stdout] 664 |                 match &mut lvalue {
[INFO] [stdout]     |                            ^^^^^^ help: a local variable with a similar name exists: `rvalue`
[INFO] [stdout] 
[INFO] [stdout] 
[INFO] [stdout] error[E0425]: cannot find value `lvalue` in this scope
[INFO] [stdout]    --> src/main.rs:679:150
[INFO] [stdout]     |
[INFO] [stdout] 679 | ...pe_name(), reflect_mut_type_name(&lvalue))))?;
[INFO] [stdout]     |                                      ^^^^^^ help: a local variable with a similar name exists: `rvalue`
[INFO] [stdout] 
[INFO] [stdout] 
[INFO] [stdout] error[E0308]: mismatched types
[INFO] [stdout]    --> src/main.rs:716:48
[INFO] [stdout]     |
[INFO] [stdout] 716 |                       } else if val.is::<Vec3>() {
[INFO] [stdout]     |  ________________________________________________^
[INFO] [stdout] 717 | |
[INFO] [stdout] 718 | |                     } else {
[INFO] [stdout]     | |_____________________^ expected `Result<Value<'_>, Error>`, found `()`
[INFO] [stdout]     |
[INFO] [stdout]     = note:   expected enum `std::result::Result<LuaValue<'_>, LuaError>`
[INFO] [stdout]             found unit type `()`
[INFO] [stdout] 
[INFO] [stdout] 
[INFO] [stdout] error[E0308]: mismatched types
[INFO] [stdout]    --> src/main.rs:773:51
[INFO] [stdout]     |
[INFO] [stdout] 771 |     fn eval(&mut self) -> &mut dyn Reflect {
[INFO] [stdout]     |                           ---------------- expected `&mut (dyn bevy::prelude::Reflect + 'static)` because of return type
[INFO] [stdout] 772 |         match self.reference {
[INFO] [stdout] 773 |             ReferenceBase::Component(comp_ref) => comp_ref.eval(),
[INFO] [stdout]     |                                                   ^^^^^^^^^^^^^^^ expected `&mut dyn Reflect`, found `Result<LuaValueRef, Error>`
[INFO] [stdout]     |
[INFO] [stdout]     = note: expected mutable reference `&mut (dyn bevy::prelude::Reflect + 'static)`
[INFO] [stdout]                             found enum `std::result::Result<LuaValueRef, LuaError>`
[INFO] [stdout] 
[INFO] [stdout] 
[INFO] [stdout] error[E0308]: mismatched types
[INFO] [stdout]    --> src/main.rs:775:17
[INFO] [stdout]     |
[INFO] [stdout] 771 |     fn eval(&mut self) -> &mut dyn Reflect {
[INFO] [stdout]     |                           ---------------- expected `&mut (dyn bevy::prelude::Reflect + 'static)` because of return type
[INFO] [stdout] ...
[INFO] [stdout] 775 |                 val_ref.
[INFO] [stdout]     |                 ^^^^^^^ expected `&mut dyn Reflect`, found `Arc<RwLock<dyn Reflect>>`
[INFO] [stdout]     |
[INFO] [stdout]     = note: expected mutable reference `&mut (dyn bevy::prelude::Reflect + 'static)`
[INFO] [stdout]                           found struct `Arc<RwLock<(dyn bevy::prelude::Reflect + 'static)>>`
[INFO] [stdout] 
[INFO] [stdout] 
[INFO] [stdout] error: aborting due to 6 previous errors
[INFO] [stdout] 
[INFO] [stdout] 
[INFO] [stdout] Some errors have detailed explanations: E0308, E0425.
[INFO] [stdout] 
[INFO] [stdout] For more information about an error, try `rustc --explain E0308`.
[INFO] [stdout] 
[INFO] [stderr] error: could not compile `wasm_hosting_tests` (bin "wasm_hosting_tests") due to 7 previous errors
[INFO] running `Command { std: "docker" "inspect" "98eb9f446f05c974ed548267eededf620ab22a299a589b3bd8a07cacb10fed55", kill_on_drop: false }`
[INFO] running `Command { std: "docker" "rm" "-f" "98eb9f446f05c974ed548267eededf620ab22a299a589b3bd8a07cacb10fed55", kill_on_drop: false }`
[INFO] [stdout] 98eb9f446f05c974ed548267eededf620ab22a299a589b3bd8a07cacb10fed55
