[INFO] cloning repository https://github.com/OverengineeredOne/oecli
[INFO] running `Command { std: "git" "-c" "credential.helper=" "-c" "credential.helper=/workspace/cargo-home/bin/git-credential-null" "clone" "--bare" "https://github.com/OverengineeredOne/oecli" "/workspace/cache/git-repos/https%3A%2F%2Fgithub.com%2FOverengineeredOne%2Foecli", kill_on_drop: false }`
[INFO] [stderr] Cloning into bare repository '/workspace/cache/git-repos/https%3A%2F%2Fgithub.com%2FOverengineeredOne%2Foecli'...
[INFO] running `Command { std: "git" "rev-parse" "HEAD", kill_on_drop: false }`
[INFO] [stdout] 1f2403cec3b27c57365a58fdfbc05dab1b61fb12
[INFO] testing OverengineeredOne/oecli against beta-2023-04-20 for beta-1.70-1
[INFO] running `Command { std: "git" "clone" "/workspace/cache/git-repos/https%3A%2F%2Fgithub.com%2FOverengineeredOne%2Foecli" "/workspace/builds/worker-3-tc2/source", kill_on_drop: false }`
[INFO] [stderr] Cloning into '/workspace/builds/worker-3-tc2/source'...
[INFO] [stderr] done.
[INFO] validating manifest of git repo https://github.com/OverengineeredOne/oecli on toolchain beta-2023-04-20
[INFO] running `Command { std: CARGO_HOME="/workspace/cargo-home" RUSTUP_HOME="/workspace/rustup-home" "/workspace/cargo-home/bin/cargo" "+beta-2023-04-20" "metadata" "--manifest-path" "Cargo.toml" "--no-deps", kill_on_drop: false }`
[INFO] started tweaking git repo https://github.com/OverengineeredOne/oecli
[INFO] finished tweaking git repo https://github.com/OverengineeredOne/oecli
[INFO] tweaked toml for git repo https://github.com/OverengineeredOne/oecli written to /workspace/builds/worker-3-tc2/source/Cargo.toml
[INFO] crate git repo https://github.com/OverengineeredOne/oecli already has a lockfile, it will not be regenerated
[INFO] running `Command { std: CARGO_HOME="/workspace/cargo-home" RUSTUP_HOME="/workspace/rustup-home" "/workspace/cargo-home/bin/cargo" "+beta-2023-04-20" "fetch" "--manifest-path" "Cargo.toml", kill_on_drop: false }`
[INFO] running `Command { std: "docker" "create" "-v" "/var/lib/crater-agent-workspace/builds/worker-3-tc2/target:/opt/rustwide/target:rw,Z" "-v" "/var/lib/crater-agent-workspace/builds/worker-3-tc2/source:/opt/rustwide/workdir:ro,Z" "-v" "/var/lib/crater-agent-workspace/cargo-home:/opt/rustwide/cargo-home:ro,Z" "-v" "/var/lib/crater-agent-workspace/rustup-home:/opt/rustwide/rustup-home:ro,Z" "-e" "SOURCE_DIR=/opt/rustwide/workdir" "-e" "CARGO_TARGET_DIR=/opt/rustwide/target" "-e" "CARGO_HOME=/opt/rustwide/cargo-home" "-e" "RUSTUP_HOME=/opt/rustwide/rustup-home" "-w" "/opt/rustwide/workdir" "-m" "1610612736" "--user" "0:0" "--network" "none" "ghcr.io/rust-lang/crates-build-env/linux@sha256:5ff2268d62e97bff2cde7d5815dd6ed5b47097566f13b8d0ca110b04b60e07ed" "/opt/rustwide/cargo-home/bin/cargo" "+beta-2023-04-20" "metadata" "--no-deps" "--format-version=1", kill_on_drop: false }`
[INFO] [stdout] 63135bd10b2496eb29cd39a4e24e581fed822b810b75229cf3209c1c95b001b9
[INFO] running `Command { std: "docker" "start" "-a" "63135bd10b2496eb29cd39a4e24e581fed822b810b75229cf3209c1c95b001b9", kill_on_drop: false }`
[INFO] running `Command { std: "docker" "inspect" "63135bd10b2496eb29cd39a4e24e581fed822b810b75229cf3209c1c95b001b9", kill_on_drop: false }`
[INFO] running `Command { std: "docker" "rm" "-f" "63135bd10b2496eb29cd39a4e24e581fed822b810b75229cf3209c1c95b001b9", kill_on_drop: false }`
[INFO] [stdout] 63135bd10b2496eb29cd39a4e24e581fed822b810b75229cf3209c1c95b001b9
[INFO] running `Command { std: "docker" "create" "-v" "/var/lib/crater-agent-workspace/builds/worker-3-tc2/target:/opt/rustwide/target:rw,Z" "-v" "/var/lib/crater-agent-workspace/builds/worker-3-tc2/source:/opt/rustwide/workdir:ro,Z" "-v" "/var/lib/crater-agent-workspace/cargo-home:/opt/rustwide/cargo-home:ro,Z" "-v" "/var/lib/crater-agent-workspace/rustup-home:/opt/rustwide/rustup-home:ro,Z" "-e" "SOURCE_DIR=/opt/rustwide/workdir" "-e" "CARGO_TARGET_DIR=/opt/rustwide/target" "-e" "CARGO_INCREMENTAL=0" "-e" "RUST_BACKTRACE=full" "-e" "RUSTFLAGS=--cap-lints=warn" "-e" "RUSTDOCFLAGS=--cap-lints=warn" "-e" "CARGO_HOME=/opt/rustwide/cargo-home" "-e" "RUSTUP_HOME=/opt/rustwide/rustup-home" "-w" "/opt/rustwide/workdir" "-m" "1610612736" "--user" "0:0" "--network" "none" "ghcr.io/rust-lang/crates-build-env/linux@sha256:5ff2268d62e97bff2cde7d5815dd6ed5b47097566f13b8d0ca110b04b60e07ed" "/opt/rustwide/cargo-home/bin/cargo" "+beta-2023-04-20" "build" "--frozen" "--message-format=json", kill_on_drop: false }`
[INFO] [stdout] 67f9615c8a9e0c165a2d986c380e061cdf61a12d230af1dae250ec1daed92171
[INFO] running `Command { std: "docker" "start" "-a" "67f9615c8a9e0c165a2d986c380e061cdf61a12d230af1dae250ec1daed92171", kill_on_drop: false }`
[INFO] [stderr]    Compiling libc v0.2.126
[INFO] [stderr]    Compiling autocfg v1.1.0
[INFO] [stderr]    Compiling proc-macro2 v1.0.40
[INFO] [stderr]    Compiling unicode-ident v1.0.1
[INFO] [stderr]    Compiling quote v1.0.20
[INFO] [stderr]    Compiling syn v1.0.98
[INFO] [stderr]    Compiling memchr v2.5.0
[INFO] [stderr]    Compiling cfg-if v1.0.0
[INFO] [stderr]    Compiling version_check v0.9.4
[INFO] [stderr]    Compiling futures-core v0.3.21
[INFO] [stderr]    Compiling log v0.4.17
[INFO] [stderr]    Compiling slab v0.4.7
[INFO] [stderr]    Compiling lock_api v0.4.7
[INFO] [stderr]    Compiling proc-macro-error-attr v1.0.4
[INFO] [stderr]    Compiling parking_lot_core v0.9.3
[INFO] [stderr]    Compiling futures-task v0.3.21
[INFO] [stderr]    Compiling once_cell v1.12.0
[INFO] [stderr]    Compiling pin-project-lite v0.2.9
[INFO] [stderr]    Compiling futures-channel v0.3.21
[INFO] [stderr]    Compiling aho-corasick v0.7.18
[INFO] [stderr]    Compiling proc-macro-error v1.0.4
[INFO] [stderr]    Compiling regex-syntax v0.6.26
[INFO] [stderr]    Compiling getrandom v0.2.7
[INFO] [stderr]    Compiling smallvec v1.9.0
[INFO] [stderr]    Compiling futures-sink v0.3.21
[INFO] [stderr]    Compiling futures-util v0.3.21
[INFO] [stderr]    Compiling scopeguard v1.1.0
[INFO] [stderr]    Compiling indexmap v1.9.1
[INFO] [stderr]    Compiling tokio v1.20.0
[INFO] [stderr]    Compiling futures-io v0.3.21
[INFO] [stderr]    Compiling pin-utils v0.1.0
[INFO] [stderr]    Compiling parking_lot v0.12.1
[INFO] [stderr]    Compiling rand_core v0.6.3
[INFO] [stderr]    Compiling atty v0.2.14
[INFO] [stderr]    Compiling terminal_size v0.1.17
[INFO] [stderr]    Compiling num_cpus v1.13.1
[INFO] [stderr]    Compiling socket2 v0.4.4
[INFO] [stderr]    Compiling mio v0.8.4
[INFO] [stderr]    Compiling signal-hook-registry v1.4.0
[INFO] [stderr]    Compiling heck v0.4.0
[INFO] [stderr]    Compiling async-trait v0.1.56
[INFO] [stderr]    Compiling quick-error v1.2.3
[INFO] [stderr]    Compiling ppv-lite86 v0.2.16
[INFO] [stderr]    Compiling bytes v1.1.0
[INFO] [stderr]    Compiling termcolor v1.1.3
[INFO] [stderr]    Compiling os_str_bytes v6.1.0
[INFO] [stderr]    Compiling regex v1.5.6
[INFO] [stderr]    Compiling hashbrown v0.12.1
[INFO] [stderr]    Compiling unicode-width v0.1.9
[INFO] [stderr]    Compiling rand_chacha v0.3.1
[INFO] [stderr]    Compiling clap_lex v0.2.3
[INFO] [stderr]    Compiling humantime v1.3.0
[INFO] [stderr]    Compiling number_prefix v0.4.0
[INFO] [stderr]    Compiling textwrap v0.15.0
[INFO] [stderr]    Compiling strsim v0.10.0
[INFO] [stderr]    Compiling bitflags v1.3.2
[INFO] [stderr]    Compiling console v0.15.0
[INFO] [stderr]    Compiling env_logger v0.7.1
[INFO] [stderr]    Compiling rand v0.8.5
[INFO] [stderr]    Compiling indicatif v0.17.0
[INFO] [stderr]    Compiling uuid v1.1.2
[INFO] [stderr]    Compiling futures-macro v0.3.21
[INFO] [stderr]    Compiling tokio-macros v1.8.0
[INFO] [stderr]    Compiling clap_derive v3.2.6
[INFO] [stderr]    Compiling clap v3.2.6
[INFO] [stderr]    Compiling futures-executor v0.3.21
[INFO] [stderr]    Compiling futures v0.3.21
[INFO] [stderr]    Compiling tokio-stream v0.1.9
[INFO] [stderr]    Compiling oecli v0.1.2 (/opt/rustwide/workdir)
[INFO] [stdout] error[E0432]: unresolved import `sequence::NextSequenceStep`
[INFO] [stdout]   --> src/step.rs:18:20
[INFO] [stdout]    |
[INFO] [stdout] 18 | pub use sequence::{NextSequenceStep, StepSequence};
[INFO] [stdout]    |                    ^^^^^^^^^^^^^^^^ no `NextSequenceStep` in `step::sequence`
[INFO] [stdout] 
[INFO] [stdout] 
[INFO] [stdout] error[E0407]: method `title` is not a member of trait `StepItem`
[INFO] [stdout]   --> src/subcommands/age.rs:23:5
[INFO] [stdout]    |
[INFO] [stdout] 23 | /     fn title(&self) -> String {
[INFO] [stdout] 24 | |         "Set up age key for repo.".to_string()
[INFO] [stdout] 25 | |     }
[INFO] [stdout]    | |_____^ not a member of trait `StepItem`
[INFO] [stdout] 
[INFO] [stdout] 
[INFO] [stdout] error[E0407]: method `description` is not a member of trait `StepItem`
[INFO] [stdout]   --> src/subcommands/age.rs:27:5
[INFO] [stdout]    |
[INFO] [stdout] 27 | /     fn description(&self) -> String {
[INFO] [stdout] 28 | |         "Sets up the age key and installs it to the home directory.".to_string()
[INFO] [stdout] 29 | |     }
[INFO] [stdout]    | |_____^ not a member of trait `StepItem`
[INFO] [stdout] 
[INFO] [stdout] 
[INFO] [stdout] error[E0407]: method `title` is not a member of trait `StepItem`
[INFO] [stdout]   --> src/subcommands/filesystem.rs:20:5
[INFO] [stdout]    |
[INFO] [stdout] 20 | /     fn title(&self) -> String {
[INFO] [stdout] 21 | |         format!("Creating File {}", self.file_path)
[INFO] [stdout] 22 | |     }
[INFO] [stdout]    | |_____^ not a member of trait `StepItem`
[INFO] [stdout] 
[INFO] [stdout] 
[INFO] [stdout] error[E0407]: method `description` is not a member of trait `StepItem`
[INFO] [stdout]   --> src/subcommands/filesystem.rs:24:5
[INFO] [stdout]    |
[INFO] [stdout] 24 | /     fn description(&self) -> String {
[INFO] [stdout] 25 | |         "Creates a new file at the destination path.".to_string()
[INFO] [stdout] 26 | |     }
[INFO] [stdout]    | |_____^ not a member of trait `StepItem`
[INFO] [stdout] 
[INFO] [stdout] 
[INFO] [stdout] error[E0407]: method `title` is not a member of trait `StepItem`
[INFO] [stdout]   --> src/subcommands/filesystem.rs:64:5
[INFO] [stdout]    |
[INFO] [stdout] 64 | /     fn title(&self) -> String {
[INFO] [stdout] 65 | |         format!(
[INFO] [stdout] 66 | |             "Copying File {} to {}",
[INFO] [stdout] 67 | |             self.src_file_path, self.dst_file_path,
[INFO] [stdout] 68 | |         )
[INFO] [stdout] 69 | |     }
[INFO] [stdout]    | |_____^ not a member of trait `StepItem`
[INFO] [stdout] 
[INFO] [stdout] 
[INFO] [stdout] error[E0407]: method `description` is not a member of trait `StepItem`
[INFO] [stdout]   --> src/subcommands/filesystem.rs:71:5
[INFO] [stdout]    |
[INFO] [stdout] 71 | /     fn description(&self) -> String {
[INFO] [stdout] 72 | |         format!(
[INFO] [stdout] 73 | |             "Copies the source file {} and creates the copy at {}.",
[INFO] [stdout] 74 | |             self.src_file_path, self.dst_file_path,
[INFO] [stdout] 75 | |         )
[INFO] [stdout] 76 | |     }
[INFO] [stdout]    | |_____^ not a member of trait `StepItem`
[INFO] [stdout] 
[INFO] [stdout] 
[INFO] [stdout] error[E0407]: method `title` is not a member of trait `StepItem`
[INFO] [stdout]   --> src/subcommands/github.rs:34:5
[INFO] [stdout]    |
[INFO] [stdout] 34 | /     fn title(&self) -> String {
[INFO] [stdout] 35 | |         format!("Cloning repo {}", self.repo_name)
[INFO] [stdout] 36 | |     }
[INFO] [stdout]    | |_____^ not a member of trait `StepItem`
[INFO] [stdout] 
[INFO] [stdout] 
[INFO] [stdout] error[E0407]: method `description` is not a member of trait `StepItem`
[INFO] [stdout]   --> src/subcommands/github.rs:38:5
[INFO] [stdout]    |
[INFO] [stdout] 38 | /     fn description(&self) -> String {
[INFO] [stdout] 39 | |         "Will clone the repo from the current logged in user.".to_string()
[INFO] [stdout] 40 | |     }
[INFO] [stdout]    | |_____^ not a member of trait `StepItem`
[INFO] [stdout] 
[INFO] [stdout] 
[INFO] [stdout] error[E0407]: method `title` is not a member of trait `StepItem`
[INFO] [stdout]    --> src/subcommands/github.rs:100:5
[INFO] [stdout]     |
[INFO] [stdout] 100 | /     fn title(&self) -> String {
[INFO] [stdout] 101 | |         format!("Creating template from {}", self.repo)
[INFO] [stdout] 102 | |     }
[INFO] [stdout]     | |_____^ not a member of trait `StepItem`
[INFO] [stdout] 
[INFO] [stdout] 
[INFO] [stdout] error[E0407]: method `description` is not a member of trait `StepItem`
[INFO] [stdout]    --> src/subcommands/github.rs:104:5
[INFO] [stdout]     |
[INFO] [stdout] 104 | /     fn description(&self) -> String {
[INFO] [stdout] 105 | |         "Will check if the repo already exists, if it doesn't; Will clone it.".to_string()
[INFO] [stdout] 106 | |     }
[INFO] [stdout]     | |_____^ not a member of trait `StepItem`
[INFO] [stdout] 
[INFO] [stdout] 
[INFO] [stdout] error[E0407]: method `title` is not a member of trait `StepItem`
[INFO] [stdout]   --> src/subcommands/node.rs:22:5
[INFO] [stdout]    |
[INFO] [stdout] 22 | /     fn title(&self) -> String {
[INFO] [stdout] 23 | |         "Running npm install".to_string()
[INFO] [stdout] 24 | |     }
[INFO] [stdout]    | |_____^ not a member of trait `StepItem`
[INFO] [stdout] 
[INFO] [stdout] 
[INFO] [stdout] error[E0407]: method `description` is not a member of trait `StepItem`
[INFO] [stdout]   --> src/subcommands/node.rs:26:5
[INFO] [stdout]    |
[INFO] [stdout] 26 | /     fn description(&self) -> String {
[INFO] [stdout] 27 | |         "Will run 'npm install' in the newly provided directory".to_string()
[INFO] [stdout] 28 | |     }
[INFO] [stdout]    | |_____^ not a member of trait `StepItem`
[INFO] [stdout] 
[INFO] [stdout] 
[INFO] [stdout] error[E0407]: method `title` is not a member of trait `StepItem`
[INFO] [stdout]   --> src/subcommands/precommit.rs:37:5
[INFO] [stdout]    |
[INFO] [stdout] 37 | /     fn title(&self) -> String {
[INFO] [stdout] 38 | |         format!("Running task {}", self.command.precommit_subcommand())
[INFO] [stdout] 39 | |     }
[INFO] [stdout]    | |_____^ not a member of trait `StepItem`
[INFO] [stdout] 
[INFO] [stdout] 
[INFO] [stdout] error[E0407]: method `description` is not a member of trait `StepItem`
[INFO] [stdout]   --> src/subcommands/precommit.rs:41:5
[INFO] [stdout]    |
[INFO] [stdout] 41 | /     fn description(&self) -> String {
[INFO] [stdout] 42 | |         format!(
[INFO] [stdout] 43 | |             "Runs the pre-commit {} command",
[INFO] [stdout] 44 | |             self.command.precommit_subcommand()
[INFO] [stdout] 45 | |         )
[INFO] [stdout] 46 | |     }
[INFO] [stdout]    | |_____^ not a member of trait `StepItem`
[INFO] [stdout] 
[INFO] [stdout] 
[INFO] [stdout] error[E0407]: method `title` is not a member of trait `StepItem`
[INFO] [stdout]   --> src/test.rs:57:5
[INFO] [stdout]    |
[INFO] [stdout] 57 | /     fn title(&self) -> String {
[INFO] [stdout] 58 | |         format!("Test Step ({})", self.num)
[INFO] [stdout] 59 | |     }
[INFO] [stdout]    | |_____^ not a member of trait `StepItem`
[INFO] [stdout] 
[INFO] [stdout] 
[INFO] [stdout] error[E0407]: method `description` is not a member of trait `StepItem`
[INFO] [stdout]   --> src/test.rs:61:5
[INFO] [stdout]    |
[INFO] [stdout] 61 | /     fn description(&self) -> String {
[INFO] [stdout] 62 | |         format!("Will sleep for {}ms", self.delay)
[INFO] [stdout] 63 | |     }
[INFO] [stdout]    | |_____^ not a member of trait `StepItem`
[INFO] [stdout] 
[INFO] [stdout] 
[INFO] [stdout] error[E0407]: method `title` is not a member of trait `StepItem`
[INFO] [stdout]   --> src/test.rs:88:5
[INFO] [stdout]    |
[INFO] [stdout] 88 | /     fn title(&self) -> String {
[INFO] [stdout] 89 | |         format!("Step Step 2 ({})", self.num)
[INFO] [stdout] 90 | |     }
[INFO] [stdout]    | |_____^ not a member of trait `StepItem`
[INFO] [stdout] 
[INFO] [stdout] 
[INFO] [stdout] error[E0407]: method `description` is not a member of trait `StepItem`
[INFO] [stdout]   --> src/test.rs:92:5
[INFO] [stdout]    |
[INFO] [stdout] 92 | /     fn description(&self) -> String {
[INFO] [stdout] 93 | |         format!("Will sleep for {}ms", self.delay)
[INFO] [stdout] 94 | |     }
[INFO] [stdout]    | |_____^ not a member of trait `StepItem`
[INFO] [stdout] 
[INFO] [stdout] 
[INFO] [stdout] warning: unused imports: `BoxedStepItem`, `Step`
[INFO] [stdout]  --> src/step/sequence.rs:3:19
[INFO] [stdout]   |
[INFO] [stdout] 3 | use crate::step::{BoxedStepItem, Step, StepId};
[INFO] [stdout]   |                   ^^^^^^^^^^^^^  ^^^^
[INFO] [stdout]   |
[INFO] [stdout]   = note: `#[warn(unused_imports)]` on by default
[INFO] [stdout] 
[INFO] [stdout] 
[INFO] [stdout] warning: unused import: `std::collections::VecDeque`
[INFO] [stdout]  --> src/step/sequence.rs:4:5
[INFO] [stdout]   |
[INFO] [stdout] 4 | use std::collections::VecDeque;
[INFO] [stdout]   |     ^^^^^^^^^^^^^^^^^^^^^^^^^^
[INFO] [stdout] 
[INFO] [stdout] 
[INFO] [stdout] error[E0599]: no method named `get_id` found for mutable reference `&mut Box<(dyn StepItem + std::marker::Send + Sync + 'static)>` in the current scope
[INFO] [stdout]    --> src/step.rs:49:28
[INFO] [stdout]     |
[INFO] [stdout] 49  |                 vec![(step.get_id(), should_run)]
[INFO] [stdout]     |                            ^^^^^^ method not found in `&mut Box<dyn StepItem + Send + Sync>`
[INFO] [stdout]     |
[INFO] [stdout]     = help: items from traits can only be used if the trait is implemented and in scope
[INFO] [stdout] note: `StepWithId` defines an item `get_id`, perhaps you need to implement it
[INFO] [stdout]    --> src/step.rs:173:1
[INFO] [stdout]     |
[INFO] [stdout] 173 | pub trait StepWithId {
[INFO] [stdout]     | ^^^^^^^^^^^^^^^^^^^^
[INFO] [stdout] 
[INFO] [stdout] 
[INFO] [stdout] error[E0599]: no method named `get_next_sequence_steps` found for struct `StepSequence` in the current scope
[INFO] [stdout]    --> src/step/executor.rs:133:39
[INFO] [stdout]     |
[INFO] [stdout] 133 |             let next_steps = sequence.get_next_sequence_steps();
[INFO] [stdout]     |                                       ^^^^^^^^^^^^^^^^^^^^^^^ method not found in `StepSequence`
[INFO] [stdout]     |
[INFO] [stdout]    ::: src/step/sequence.rs:26:1
[INFO] [stdout]     |
[INFO] [stdout] 26  | pub struct StepSequence {
[INFO] [stdout]     | ----------------------- method `get_next_sequence_steps` not found for this struct
[INFO] [stdout] 
[INFO] [stdout] 
[INFO] [stdout] error[E0599]: no method named `num_steps` found for struct `StepSequence` in the current scope
[INFO] [stdout]    --> src/step/executor.rs:141:50
[INFO] [stdout]     |
[INFO] [stdout] 141 |                         let num_steps = sequence.num_steps();
[INFO] [stdout]     |                                                  ^^^^^^^^^ help: there is a method with a similar name: `set_steps`
[INFO] [stdout]     |
[INFO] [stdout]    ::: src/step/sequence.rs:26:1
[INFO] [stdout]     |
[INFO] [stdout] 26  | pub struct StepSequence {
[INFO] [stdout]     | ----------------------- method `num_steps` not found for this struct
[INFO] [stdout] 
[INFO] [stdout] 
[INFO] [stdout] error[E0599]: no method named `get_step_details` found for struct `Box<dyn StepItem + std::marker::Send + Sync>` in the current scope
[INFO] [stdout]    --> src/step/executor.rs:199:34
[INFO] [stdout]     |
[INFO] [stdout] 199 |     let step_details = step_item.get_step_details();
[INFO] [stdout]     |                                  ^^^^^^^^^^^^^^^^ method not found in `Box<dyn StepItem + Send + Sync>`
[INFO] [stdout] 
[INFO] [stdout] 
[INFO] [stdout] error[E0308]: mismatched types
[INFO] [stdout]    --> src/step/executor.rs:247:24
[INFO] [stdout]     |
[INFO] [stdout] 247 |             return Err(e);
[INFO] [stdout]     |                    --- ^- help: try using a conversion method: `.to_string()`
[INFO] [stdout]     |                    |   |
[INFO] [stdout]     |                    |   expected `String`, found `StepProcessError`
[INFO] [stdout]     |                    arguments to this enum variant are incorrect
[INFO] [stdout]     |
[INFO] [stdout] help: the type constructed contains `StepProcessError` due to the type of the argument passed
[INFO] [stdout]    --> src/step/executor.rs:247:20
[INFO] [stdout]     |
[INFO] [stdout] 247 |             return Err(e);
[INFO] [stdout]     |                    ^^^^-^
[INFO] [stdout]     |                        |
[INFO] [stdout]     |                        this argument influences the type of `Err`
[INFO] [stdout] note: tuple variant defined here
[INFO] [stdout]    --> /rustc/1b7dd2252b99671ce5d1cb9664c5f8636329436d/library/core/src/result.rs:512:5
[INFO] [stdout] 
[INFO] [stdout] 
[INFO] [stdout] error[E0308]: mismatched types
[INFO] [stdout]    --> src/step/executor.rs:287:50
[INFO] [stdout]     |
[INFO] [stdout] 287 |       pub async fn run(self) -> Result<(), String> {
[INFO] [stdout]     |  __________________________________________________^
[INFO] [stdout] 288 | |         // Create a queue of steps to be processed.
[INFO] [stdout] 289 | |     }
[INFO] [stdout]     | |_____^ expected `Result<(), String>`, found `()`
[INFO] [stdout]     |
[INFO] [stdout]     = note:   expected enum `Result<(), std::string::String>`
[INFO] [stdout]             found unit type `()`
[INFO] [stdout] 
[INFO] [stdout] 
[INFO] [stdout] error[E0382]: use of partially moved value: `self`
[INFO] [stdout]    --> src/step/executor.rs:349:9
[INFO] [stdout]     |
[INFO] [stdout] 330 |                 let result = self.step.should_run().await;
[INFO] [stdout]     |                                        ------------ `self.step` partially moved due to this method call
[INFO] [stdout] ...
[INFO] [stdout] 349 |         self
[INFO] [stdout]     |         ^^^^ value used here after partial move
[INFO] [stdout]     |
[INFO] [stdout] note: `StepItem::should_run` takes ownership of the receiver `self`, which moves `self.step`
[INFO] [stdout]    --> src/step.rs:96:25
[INFO] [stdout]     |
[INFO] [stdout] 96  |     async fn should_run(self: Box<Self>) -> ShouldRunResult;
[INFO] [stdout]     |                         ^^^^
[INFO] [stdout]     = note: partial move occurs because `self.step` has type `Box<dyn StepItem + std::marker::Send + Sync>`, which does not implement the `Copy` trait
[INFO] [stdout] 
[INFO] [stdout] 
[INFO] [stdout] error[E0195]: lifetime parameters or bounds on method `should_run` do not match the trait declaration
[INFO] [stdout]   --> src/subcommands/age.rs:31:14
[INFO] [stdout]    |
[INFO] [stdout] 31 |     async fn should_run(&self) -> ShouldRunResult {
[INFO] [stdout]    |              ^^^^^^^^^^^^^^^^^ lifetimes do not match method in trait
[INFO] [stdout]    |
[INFO] [stdout]   ::: src/step.rs:96:14
[INFO] [stdout]    |
[INFO] [stdout] 96 |     async fn should_run(self: Box<Self>) -> ShouldRunResult;
[INFO] [stdout]    |              --------------------------- lifetimes in impl do not match this method in trait
[INFO] [stdout] 
[INFO] [stdout] 
[INFO] [stdout] error[E0195]: lifetime parameters or bounds on method `should_run` do not match the trait declaration
[INFO] [stdout]   --> src/subcommands/filesystem.rs:28:14
[INFO] [stdout]    |
[INFO] [stdout] 28 |     async fn should_run(&self) -> ShouldRunResult {
[INFO] [stdout]    |              ^^^^^^^^^^^^^^^^^ lifetimes do not match method in trait
[INFO] [stdout]    |
[INFO] [stdout]   ::: src/step.rs:96:14
[INFO] [stdout]    |
[INFO] [stdout] 96 |     async fn should_run(self: Box<Self>) -> ShouldRunResult;
[INFO] [stdout]    |              --------------------------- lifetimes in impl do not match this method in trait
[INFO] [stdout] 
[INFO] [stdout] 
[INFO] [stdout] error[E0195]: lifetime parameters or bounds on method `should_run` do not match the trait declaration
[INFO] [stdout]   --> src/subcommands/filesystem.rs:78:14
[INFO] [stdout]    |
[INFO] [stdout] 78 |     async fn should_run(&self) -> ShouldRunResult {
[INFO] [stdout]    |              ^^^^^^^^^^^^^^^^^ lifetimes do not match method in trait
[INFO] [stdout]    |
[INFO] [stdout]   ::: src/step.rs:96:14
[INFO] [stdout]    |
[INFO] [stdout] 96 |     async fn should_run(self: Box<Self>) -> ShouldRunResult;
[INFO] [stdout]    |              --------------------------- lifetimes in impl do not match this method in trait
[INFO] [stdout] 
[INFO] [stdout] 
[INFO] [stdout] error[E0195]: lifetime parameters or bounds on method `should_run` do not match the trait declaration
[INFO] [stdout]   --> src/subcommands/github.rs:43:14
[INFO] [stdout]    |
[INFO] [stdout] 43 |     async fn should_run(&self) -> ShouldRunResult {
[INFO] [stdout]    |              ^^^^^^^^^^^^^^^^^ lifetimes do not match method in trait
[INFO] [stdout]    |
[INFO] [stdout]   ::: src/step.rs:96:14
[INFO] [stdout]    |
[INFO] [stdout] 96 |     async fn should_run(self: Box<Self>) -> ShouldRunResult;
[INFO] [stdout]    |              --------------------------- lifetimes in impl do not match this method in trait
[INFO] [stdout] 
[INFO] [stdout] 
[INFO] [stdout] error[E0195]: lifetime parameters or bounds on method `should_run` do not match the trait declaration
[INFO] [stdout]    --> src/subcommands/github.rs:113:14
[INFO] [stdout]     |
[INFO] [stdout] 113 |     async fn should_run(&self) -> ShouldRunResult {
[INFO] [stdout]     |              ^^^^^^^^^^^^^^^^^ lifetimes do not match method in trait
[INFO] [stdout]     |
[INFO] [stdout]    ::: src/step.rs:96:14
[INFO] [stdout]     |
[INFO] [stdout] 96  |     async fn should_run(self: Box<Self>) -> ShouldRunResult;
[INFO] [stdout]     |              --------------------------- lifetimes in impl do not match this method in trait
[INFO] [stdout] 
[INFO] [stdout] 
[INFO] [stdout] error[E0195]: lifetime parameters or bounds on method `should_run` do not match the trait declaration
[INFO] [stdout]   --> src/subcommands/node.rs:30:14
[INFO] [stdout]    |
[INFO] [stdout] 30 |     async fn should_run(&self) -> ShouldRunResult {
[INFO] [stdout]    |              ^^^^^^^^^^^^^^^^^ lifetimes do not match method in trait
[INFO] [stdout]    |
[INFO] [stdout]   ::: src/step.rs:96:14
[INFO] [stdout]    |
[INFO] [stdout] 96 |     async fn should_run(self: Box<Self>) -> ShouldRunResult;
[INFO] [stdout]    |              --------------------------- lifetimes in impl do not match this method in trait
[INFO] [stdout] 
[INFO] [stdout] 
[INFO] [stdout] error[E0195]: lifetime parameters or bounds on method `should_run` do not match the trait declaration
[INFO] [stdout]   --> src/subcommands/precommit.rs:48:14
[INFO] [stdout]    |
[INFO] [stdout] 48 |     async fn should_run(&self) -> ShouldRunResult {
[INFO] [stdout]    |              ^^^^^^^^^^^^^^^^^ lifetimes do not match method in trait
[INFO] [stdout]    |
[INFO] [stdout]   ::: src/step.rs:96:14
[INFO] [stdout]    |
[INFO] [stdout] 96 |     async fn should_run(self: Box<Self>) -> ShouldRunResult;
[INFO] [stdout]    |              --------------------------- lifetimes in impl do not match this method in trait
[INFO] [stdout] 
[INFO] [stdout] 
[INFO] [stdout] error[E0195]: lifetime parameters or bounds on method `should_run` do not match the trait declaration
[INFO] [stdout]   --> src/test.rs:65:14
[INFO] [stdout]    |
[INFO] [stdout] 65 |     async fn should_run(&self) -> ShouldRunResult {
[INFO] [stdout]    |              ^^^^^^^^^^^^^^^^^ lifetimes do not match method in trait
[INFO] [stdout]    |
[INFO] [stdout]   ::: src/step.rs:96:14
[INFO] [stdout]    |
[INFO] [stdout] 96 |     async fn should_run(self: Box<Self>) -> ShouldRunResult;
[INFO] [stdout]    |              --------------------------- lifetimes in impl do not match this method in trait
[INFO] [stdout] 
[INFO] [stdout] 
[INFO] [stdout] error[E0195]: lifetime parameters or bounds on method `should_run` do not match the trait declaration
[INFO] [stdout]   --> src/test.rs:96:14
[INFO] [stdout]    |
[INFO] [stdout] 96 |     async fn should_run(&self) -> ShouldRunResult {
[INFO] [stdout]    |              ^^^^^^^^^^^^^^^^^ lifetimes do not match method in trait
[INFO] [stdout]    |
[INFO] [stdout]   ::: src/step.rs:96:14
[INFO] [stdout]    |
[INFO] [stdout] 96 |     async fn should_run(self: Box<Self>) -> ShouldRunResult;
[INFO] [stdout]    |              --------------------------- lifetimes in impl do not match this method in trait
[INFO] [stdout] 
[INFO] [stdout] 
[INFO] [stdout] error[E0609]: no field `description` on type `StepDetails`
[INFO] [stdout]   --> src/step/msg_handler/console.rs:28:59
[INFO] [stdout]    |
[INFO] [stdout] 28 |                 println!("{}\n{}\n{}", &step.title, &step.description, data.msg);
[INFO] [stdout]    |                                                           ^^^^^^^^^^^ unknown field
[INFO] [stdout]    |
[INFO] [stdout]    = note: available fields are: `title`
[INFO] [stdout] 
[INFO] [stdout] 
[INFO] [stdout] error[E0609]: no field `description` on type `StepDetails`
[INFO] [stdout]   --> src/step/msg_handler/console.rs:31:62
[INFO] [stdout]    |
[INFO] [stdout] 31 |                 println!("Begin: {}\n{}", &step.title, &step.description);
[INFO] [stdout]    |                                                              ^^^^^^^^^^^ unknown field
[INFO] [stdout]    |
[INFO] [stdout]    = note: available fields are: `title`
[INFO] [stdout] 
[INFO] [stdout] 
[INFO] [stdout] error[E0599]: no method named `get_id` found for reference `&Box<(dyn StepItem + std::marker::Send + Sync + 'static)>` in the current scope
[INFO] [stdout]    --> src/step.rs:37:38
[INFO] [stdout]     |
[INFO] [stdout] 37  |             Step::Step(step) => step.get_id(),
[INFO] [stdout]     |                                      ^^^^^^ method not found in `&Box<dyn StepItem + Send + Sync>`
[INFO] [stdout]     |
[INFO] [stdout]     = help: items from traits can only be used if the trait is implemented and in scope
[INFO] [stdout] note: `StepWithId` defines an item `get_id`, perhaps you need to implement it
[INFO] [stdout]    --> src/step.rs:173:1
[INFO] [stdout]     |
[INFO] [stdout] 173 | pub trait StepWithId {
[INFO] [stdout]     | ^^^^^^^^^^^^^^^^^^^^
[INFO] [stdout] 
[INFO] [stdout] 
[INFO] [stdout] error[E0308]: mismatched types
[INFO] [stdout]   --> src/subcommands/cloud_home/init.rs:43:33
[INFO] [stdout]    |
[INFO] [stdout] 43 |                 .set_steps(vec![Step::Step(Box::new(precommit_init))])
[INFO] [stdout]    |                                 ^^^^^^^^^^^^^^^^^^^^^^^^^^^^^^^^^^^^ expected `StepId`, found `Step`
[INFO] [stdout] 
[INFO] [stdout] 
[INFO] [stdout] error[E0308]: mismatched types
[INFO] [stdout]   --> src/subcommands/cloud_home/init.rs:44:27
[INFO] [stdout]    |
[INFO] [stdout] 44 |                 .then_run(Step::Step(Box::new(precommit_update)));
[INFO] [stdout]    |                  -------- ^^^^^^^^^^^^^^^^^^^^^^^^^^^^^^^^^^^^^^ expected `StepId`, found `Step`
[INFO] [stdout]    |                  |
[INFO] [stdout]    |                  arguments to this method are incorrect
[INFO] [stdout]    |
[INFO] [stdout] note: method defined here
[INFO] [stdout]   --> src/step/sequence.rs:71:12
[INFO] [stdout]    |
[INFO] [stdout] 71 |     pub fn then_run(mut self, step: StepId) -> StepSequence {
[INFO] [stdout]    |            ^^^^^^^^           ------------
[INFO] [stdout] 
[INFO] [stdout] 
[INFO] [stdout] error[E0308]: mismatched types
[INFO] [stdout]   --> src/subcommands/cloud_home/init.rs:49:23
[INFO] [stdout]    |
[INFO] [stdout] 49 |             .then_run(Step::Step(Box::new(create_template_repo)))
[INFO] [stdout]    |              -------- ^^^^^^^^^^^^^^^^^^^^^^^^^^^^^^^^^^^^^^^^^^ expected `StepId`, found `Step`
[INFO] [stdout]    |              |
[INFO] [stdout]    |              arguments to this method are incorrect
[INFO] [stdout]    |
[INFO] [stdout] note: method defined here
[INFO] [stdout]   --> src/step/sequence.rs:71:12
[INFO] [stdout]    |
[INFO] [stdout] 71 |     pub fn then_run(mut self, step: StepId) -> StepSequence {
[INFO] [stdout]    |            ^^^^^^^^           ------------
[INFO] [stdout] 
[INFO] [stdout] 
[INFO] [stdout] error[E0308]: mismatched types
[INFO] [stdout]   --> src/subcommands/cloud_home/init.rs:50:23
[INFO] [stdout]    |
[INFO] [stdout] 50 |             .then_run(Step::Step(Box::new(clone_repo)))
[INFO] [stdout]    |              -------- ^^^^^^^^^^^^^^^^^^^^^^^^^^^^^^^^ expected `StepId`, found `Step`
[INFO] [stdout]    |              |
[INFO] [stdout]    |              arguments to this method are incorrect
[INFO] [stdout]    |
[INFO] [stdout] note: method defined here
[INFO] [stdout]   --> src/step/sequence.rs:71:12
[INFO] [stdout]    |
[INFO] [stdout] 71 |     pub fn then_run(mut self, step: StepId) -> StepSequence {
[INFO] [stdout]    |            ^^^^^^^^           ------------
[INFO] [stdout] 
[INFO] [stdout] 
[INFO] [stdout] error[E0308]: mismatched types
[INFO] [stdout]   --> src/subcommands/cloud_home/init.rs:52:17
[INFO] [stdout]    |
[INFO] [stdout] 52 |                 Step::Step(Box::new(pwa_toml)),
[INFO] [stdout]    |                 ^^^^^^^^^^^^^^^^^^^^^^^^^^^^^^ expected `StepId`, found `Step`
[INFO] [stdout] 
[INFO] [stdout] 
[INFO] [stdout] error[E0308]: mismatched types
[INFO] [stdout]   --> src/subcommands/cloud_home/init.rs:56:23
[INFO] [stdout]    |
[INFO] [stdout] 56 |             .then_run(Step::Step(Box::new(Age::new(&name))));
[INFO] [stdout]    |              -------- ^^^^^^^^^^^^^^^^^^^^^^^^^^^^^^^^^^^^^ expected `StepId`, found `Step`
[INFO] [stdout]    |              |
[INFO] [stdout]    |              arguments to this method are incorrect
[INFO] [stdout]    |
[INFO] [stdout] note: method defined here
[INFO] [stdout]   --> src/step/sequence.rs:71:12
[INFO] [stdout]    |
[INFO] [stdout] 71 |     pub fn then_run(mut self, step: StepId) -> StepSequence {
[INFO] [stdout]    |            ^^^^^^^^           ------------
[INFO] [stdout] 
[INFO] [stdout] 
[INFO] [stdout] error[E0308]: mismatched types
[INFO] [stdout]    --> src/subcommands/github.rs:123:25
[INFO] [stdout]     |
[INFO] [stdout] 122 |                     return ShouldRunResult::Error(
[INFO] [stdout]     |                            ---------------------- arguments to this enum variant are incorrect
[INFO] [stdout] 123 |                         "GitHub CLI authentication failed. Make sure you are logged in.".to_owned(),
[INFO] [stdout]     |                         ^^^^^^^^^^^^^^^^^^^^^^^^^^^^^^^^^^^^^^^^^^^^^^^^^^^^^^^^^^^^^^^^^^^^^^^^^^^ expected `StepProcessError`, found `String`
[INFO] [stdout]     |
[INFO] [stdout] note: tuple variant defined here
[INFO] [stdout]    --> src/step.rs:113:5
[INFO] [stdout]     |
[INFO] [stdout] 113 |     Error(StepProcessError),
[INFO] [stdout]     |     ^^^^^
[INFO] [stdout] help: try wrapping the expression in `step::StepProcessError`
[INFO] [stdout]     |
[INFO] [stdout] 123 |                         step::StepProcessError { message: "GitHub CLI authentication failed. Make sure you are logged in.".to_owned() },
[INFO] [stdout]     |                         +++++++++++++++++++++++++++++++++                                                                             +
[INFO] [stdout] 
[INFO] [stdout] 
[INFO] [stdout] error[E0308]: mismatched types
[INFO] [stdout]    --> src/subcommands/github.rs:128:47
[INFO] [stdout]     |
[INFO] [stdout] 128 |                   return ShouldRunResult::Error(format!(
[INFO] [stdout]     |  _______________________________________________^
[INFO] [stdout] 129 | |                     "Github CLI had an unexpected failure.\n{}",
[INFO] [stdout] 130 | |                     e.to_string(),
[INFO] [stdout] 131 | |                 ));
[INFO] [stdout]     | |_________________^ expected `StepProcessError`, found `String`
[INFO] [stdout]     |
[INFO] [stdout] note: return type inferred to be `StepProcessError` here
[INFO] [stdout]    --> src/subcommands/github.rs:113:51
[INFO] [stdout]     |
[INFO] [stdout] 113 |       async fn should_run(&self) -> ShouldRunResult {
[INFO] [stdout]     |  ___________________________________________________^
[INFO] [stdout] 114 | |         let result = tokio::process::Command::new("gh")
[INFO] [stdout] 115 | |             .arg("auth")
[INFO] [stdout] 116 | |             .arg("status")
[INFO] [stdout] ...   |
[INFO] [stdout] 161 | |         ShouldRunResult::Ok
[INFO] [stdout] 162 | |     }
[INFO] [stdout]     | |_____^
[INFO] [stdout]     = note: this error originates in the macro `format` (in Nightly builds, run with -Z macro-backtrace for more info)
[INFO] [stdout] 
[INFO] [stdout] 
[INFO] [stdout] error[E0308]: mismatched types
[INFO] [stdout]    --> src/subcommands/github.rs:154:47
[INFO] [stdout]     |
[INFO] [stdout] 154 |                   return ShouldRunResult::Error(format!(
[INFO] [stdout]     |  _______________________________________________^
[INFO] [stdout] 155 | |                     "Failed to check if repo {} exists.\n{}",
[INFO] [stdout] 156 | |                     &self.name,
[INFO] [stdout] 157 | |                     e.to_string(),
[INFO] [stdout] 158 | |                 ));
[INFO] [stdout]     | |_________________^ expected `StepProcessError`, found `String`
[INFO] [stdout]     |
[INFO] [stdout] note: return type inferred to be `StepProcessError` here
[INFO] [stdout]    --> src/subcommands/github.rs:113:51
[INFO] [stdout]     |
[INFO] [stdout] 113 |       async fn should_run(&self) -> ShouldRunResult {
[INFO] [stdout]     |  ___________________________________________________^
[INFO] [stdout] 114 | |         let result = tokio::process::Command::new("gh")
[INFO] [stdout] 115 | |             .arg("auth")
[INFO] [stdout] 116 | |             .arg("status")
[INFO] [stdout] ...   |
[INFO] [stdout] 161 | |         ShouldRunResult::Ok
[INFO] [stdout] 162 | |     }
[INFO] [stdout]     | |_____^
[INFO] [stdout]     = note: this error originates in the macro `format` (in Nightly builds, run with -Z macro-backtrace for more info)
[INFO] [stdout] 
[INFO] [stdout] 
[INFO] [stdout] error[E0308]: mismatched types
[INFO] [stdout]   --> src/subcommands/pwa/create.rs:37:23
[INFO] [stdout]    |
[INFO] [stdout] 37 |             .then_run(Step::Step(Box::new(create_template_repo)))
[INFO] [stdout]    |              -------- ^^^^^^^^^^^^^^^^^^^^^^^^^^^^^^^^^^^^^^^^^^ expected `StepId`, found `Step`
[INFO] [stdout]    |              |
[INFO] [stdout]    |              arguments to this method are incorrect
[INFO] [stdout]    |
[INFO] [stdout] note: method defined here
[INFO] [stdout]   --> src/step/sequence.rs:71:12
[INFO] [stdout]    |
[INFO] [stdout] 71 |     pub fn then_run(mut self, step: StepId) -> StepSequence {
[INFO] [stdout]    |            ^^^^^^^^           ------------
[INFO] [stdout] 
[INFO] [stdout] 
[INFO] [stdout] error[E0308]: mismatched types
[INFO] [stdout]   --> src/subcommands/pwa/create.rs:38:23
[INFO] [stdout]    |
[INFO] [stdout] 38 |             .then_run(Step::Step(Box::new(clone_repo)))
[INFO] [stdout]    |              -------- ^^^^^^^^^^^^^^^^^^^^^^^^^^^^^^^^ expected `StepId`, found `Step`
[INFO] [stdout]    |              |
[INFO] [stdout]    |              arguments to this method are incorrect
[INFO] [stdout]    |
[INFO] [stdout] note: method defined here
[INFO] [stdout]   --> src/step/sequence.rs:71:12
[INFO] [stdout]    |
[INFO] [stdout] 71 |     pub fn then_run(mut self, step: StepId) -> StepSequence {
[INFO] [stdout]    |            ^^^^^^^^           ------------
[INFO] [stdout] 
[INFO] [stdout] 
[INFO] [stdout] error[E0308]: mismatched types
[INFO] [stdout]   --> src/subcommands/pwa/create.rs:39:23
[INFO] [stdout]    |
[INFO] [stdout] 39 |             .then_run(Step::Step(Box::new(npm_install)));
[INFO] [stdout]    |              -------- ^^^^^^^^^^^^^^^^^^^^^^^^^^^^^^^^^ expected `StepId`, found `Step`
[INFO] [stdout]    |              |
[INFO] [stdout]    |              arguments to this method are incorrect
[INFO] [stdout]    |
[INFO] [stdout] note: method defined here
[INFO] [stdout]   --> src/step/sequence.rs:71:12
[INFO] [stdout]    |
[INFO] [stdout] 71 |     pub fn then_run(mut self, step: StepId) -> StepSequence {
[INFO] [stdout]    |            ^^^^^^^^           ------------
[INFO] [stdout] 
[INFO] [stdout] 
[INFO] [stdout] error[E0308]: mismatched types
[INFO] [stdout]    --> src/test.rs:126:23
[INFO] [stdout]     |
[INFO] [stdout] 126 |             .then_run(Step::Step(Box::new(t5)))
[INFO] [stdout]     |              -------- ^^^^^^^^^^^^^^^^^^^^^^^^ expected `StepId`, found `Step`
[INFO] [stdout]     |              |
[INFO] [stdout]     |              arguments to this method are incorrect
[INFO] [stdout]     |
[INFO] [stdout] note: method defined here
[INFO] [stdout]    --> src/step/sequence.rs:71:12
[INFO] [stdout]     |
[INFO] [stdout] 71  |     pub fn then_run(mut self, step: StepId) -> StepSequence {
[INFO] [stdout]     |            ^^^^^^^^           ------------
[INFO] [stdout] 
[INFO] [stdout] 
[INFO] [stdout] error[E0308]: mismatched types
[INFO] [stdout]    --> src/test.rs:127:23
[INFO] [stdout]     |
[INFO] [stdout] 127 |             .then_run(Step::Step(Box::new(t6)))
[INFO] [stdout]     |              -------- ^^^^^^^^^^^^^^^^^^^^^^^^ expected `StepId`, found `Step`
[INFO] [stdout]     |              |
[INFO] [stdout]     |              arguments to this method are incorrect
[INFO] [stdout]     |
[INFO] [stdout] note: method defined here
[INFO] [stdout]    --> src/step/sequence.rs:71:12
[INFO] [stdout]     |
[INFO] [stdout] 71  |     pub fn then_run(mut self, step: StepId) -> StepSequence {
[INFO] [stdout]     |            ^^^^^^^^           ------------
[INFO] [stdout] 
[INFO] [stdout] 
[INFO] [stdout] error[E0308]: mismatched types
[INFO] [stdout]    --> src/test.rs:128:23
[INFO] [stdout]     |
[INFO] [stdout] 128 |             .then_run(Step::Step(Box::new(t7)))
[INFO] [stdout]     |              -------- ^^^^^^^^^^^^^^^^^^^^^^^^ expected `StepId`, found `Step`
[INFO] [stdout]     |              |
[INFO] [stdout]     |              arguments to this method are incorrect
[INFO] [stdout]     |
[INFO] [stdout] note: method defined here
[INFO] [stdout]    --> src/step/sequence.rs:71:12
[INFO] [stdout]     |
[INFO] [stdout] 71  |     pub fn then_run(mut self, step: StepId) -> StepSequence {
[INFO] [stdout]     |            ^^^^^^^^           ------------
[INFO] [stdout] 
[INFO] [stdout] 
[INFO] [stdout] error[E0308]: mismatched types
[INFO] [stdout]    --> src/test.rs:129:23
[INFO] [stdout]     |
[INFO] [stdout] 129 |             .then_run(Step::Step(Box::new(t8)));
[INFO] [stdout]     |              -------- ^^^^^^^^^^^^^^^^^^^^^^^^ expected `StepId`, found `Step`
[INFO] [stdout]     |              |
[INFO] [stdout]     |              arguments to this method are incorrect
[INFO] [stdout]     |
[INFO] [stdout] note: method defined here
[INFO] [stdout]    --> src/step/sequence.rs:71:12
[INFO] [stdout]     |
[INFO] [stdout] 71  |     pub fn then_run(mut self, step: StepId) -> StepSequence {
[INFO] [stdout]     |            ^^^^^^^^           ------------
[INFO] [stdout] 
[INFO] [stdout] 
[INFO] [stdout] error[E0308]: mismatched types
[INFO] [stdout]    --> src/test.rs:132:23
[INFO] [stdout]     |
[INFO] [stdout] 132 |             .then_run(Step::Step(Box::new(t3)))
[INFO] [stdout]     |              -------- ^^^^^^^^^^^^^^^^^^^^^^^^ expected `StepId`, found `Step`
[INFO] [stdout]     |              |
[INFO] [stdout]     |              arguments to this method are incorrect
[INFO] [stdout]     |
[INFO] [stdout] note: method defined here
[INFO] [stdout]    --> src/step/sequence.rs:71:12
[INFO] [stdout]     |
[INFO] [stdout] 71  |     pub fn then_run(mut self, step: StepId) -> StepSequence {
[INFO] [stdout]     |            ^^^^^^^^           ------------
[INFO] [stdout] 
[INFO] [stdout] 
[INFO] [stdout] error[E0308]: mismatched types
[INFO] [stdout]    --> src/test.rs:133:23
[INFO] [stdout]     |
[INFO] [stdout] 133 |             .then_run(Step::Step(Box::new(t4)))
[INFO] [stdout]     |              -------- ^^^^^^^^^^^^^^^^^^^^^^^^ expected `StepId`, found `Step`
[INFO] [stdout]     |              |
[INFO] [stdout]     |              arguments to this method are incorrect
[INFO] [stdout]     |
[INFO] [stdout] note: method defined here
[INFO] [stdout]    --> src/step/sequence.rs:71:12
[INFO] [stdout]     |
[INFO] [stdout] 71  |     pub fn then_run(mut self, step: StepId) -> StepSequence {
[INFO] [stdout]     |            ^^^^^^^^           ------------
[INFO] [stdout] 
[INFO] [stdout] 
[INFO] [stdout] error[E0308]: mismatched types
[INFO] [stdout]    --> src/test.rs:134:37
[INFO] [stdout]     |
[INFO] [stdout] 134 |             .then_run_parallel(vec![Step::Step(Box::new(t9)), Step::Sequence(seq_two)])
[INFO] [stdout]     |                                     ^^^^^^^^^^^^^^^^^^^^^^^^ expected `StepId`, found `Step`
[INFO] [stdout] 
[INFO] [stdout] 
[INFO] [stdout] error[E0308]: mismatched types
[INFO] [stdout]    --> src/test.rs:135:23
[INFO] [stdout]     |
[INFO] [stdout] 135 |             .then_run(Step::Step(Box::new(t10)))
[INFO] [stdout]     |              -------- ^^^^^^^^^^^^^^^^^^^^^^^^^ expected `StepId`, found `Step`
[INFO] [stdout]     |              |
[INFO] [stdout]     |              arguments to this method are incorrect
[INFO] [stdout]     |
[INFO] [stdout] note: method defined here
[INFO] [stdout]    --> src/step/sequence.rs:71:12
[INFO] [stdout]     |
[INFO] [stdout] 71  |     pub fn then_run(mut self, step: StepId) -> StepSequence {
[INFO] [stdout]     |            ^^^^^^^^           ------------
[INFO] [stdout] 
[INFO] [stdout] 
[INFO] [stdout] error[E0308]: mismatched types
[INFO] [stdout]    --> src/test.rs:136:23
[INFO] [stdout]     |
[INFO] [stdout] 136 |             .then_run(Step::Step(Box::new(t11)));
[INFO] [stdout]     |              -------- ^^^^^^^^^^^^^^^^^^^^^^^^^ expected `StepId`, found `Step`
[INFO] [stdout]     |              |
[INFO] [stdout]     |              arguments to this method are incorrect
[INFO] [stdout]     |
[INFO] [stdout] note: method defined here
[INFO] [stdout]    --> src/step/sequence.rs:71:12
[INFO] [stdout]     |
[INFO] [stdout] 71  |     pub fn then_run(mut self, step: StepId) -> StepSequence {
[INFO] [stdout]     |            ^^^^^^^^           ------------
[INFO] [stdout] 
[INFO] [stdout] 
[INFO] [stdout] error: aborting due to 59 previous errors; 2 warnings emitted
[INFO] [stdout] 
[INFO] [stdout] 
[INFO] [stdout] Some errors have detailed explanations: E0195, E0308, E0382, E0407, E0432, E0599, E0609.
[INFO] [stdout] 
[INFO] [stdout] For more information about an error, try `rustc --explain E0195`.
[INFO] [stdout] 
[INFO] [stderr] error: could not compile `oecli` (bin "oecli") due to 60 previous errors; 2 warnings emitted
[INFO] running `Command { std: "docker" "inspect" "67f9615c8a9e0c165a2d986c380e061cdf61a12d230af1dae250ec1daed92171", kill_on_drop: false }`
[INFO] running `Command { std: "docker" "rm" "-f" "67f9615c8a9e0c165a2d986c380e061cdf61a12d230af1dae250ec1daed92171", kill_on_drop: false }`
[INFO] [stdout] 67f9615c8a9e0c165a2d986c380e061cdf61a12d230af1dae250ec1daed92171
