[INFO] cloning repository https://github.com/Osspial/render_to_dxgi
[INFO] running `Command { std: "git" "-c" "credential.helper=" "-c" "credential.helper=/workspace/cargo-home/bin/git-credential-null" "clone" "--bare" "https://github.com/Osspial/render_to_dxgi" "/workspace/cache/git-repos/https%3A%2F%2Fgithub.com%2FOsspial%2Frender_to_dxgi", kill_on_drop: false }`
[INFO] [stderr] Cloning into bare repository '/workspace/cache/git-repos/https%3A%2F%2Fgithub.com%2FOsspial%2Frender_to_dxgi'...
[INFO] running `Command { std: "git" "rev-parse" "HEAD", kill_on_drop: false }`
[INFO] [stdout] 10b6ca7989746ca0e50d4e1b2599f1d945fa49d3
[INFO] testing Osspial/render_to_dxgi against beta-2023-04-20 for beta-1.70-1
[INFO] running `Command { std: "git" "clone" "/workspace/cache/git-repos/https%3A%2F%2Fgithub.com%2FOsspial%2Frender_to_dxgi" "/workspace/builds/worker-0-tc2/source", kill_on_drop: false }`
[INFO] [stderr] Cloning into '/workspace/builds/worker-0-tc2/source'...
[INFO] [stderr] done.
[INFO] validating manifest of git repo https://github.com/Osspial/render_to_dxgi on toolchain beta-2023-04-20
[INFO] running `Command { std: CARGO_HOME="/workspace/cargo-home" RUSTUP_HOME="/workspace/rustup-home" "/workspace/cargo-home/bin/cargo" "+beta-2023-04-20" "metadata" "--manifest-path" "Cargo.toml" "--no-deps", kill_on_drop: false }`
[INFO] started tweaking git repo https://github.com/Osspial/render_to_dxgi
[INFO] finished tweaking git repo https://github.com/Osspial/render_to_dxgi
[INFO] tweaked toml for git repo https://github.com/Osspial/render_to_dxgi written to /workspace/builds/worker-0-tc2/source/Cargo.toml
[INFO] crate git repo https://github.com/Osspial/render_to_dxgi already has a lockfile, it will not be regenerated
[INFO] running `Command { std: CARGO_HOME="/workspace/cargo-home" RUSTUP_HOME="/workspace/rustup-home" "/workspace/cargo-home/bin/cargo" "+beta-2023-04-20" "fetch" "--manifest-path" "Cargo.toml", kill_on_drop: false }`
[INFO] [stderr]  Downloading crates ...
[INFO] [stderr]   Downloaded wayland-sys v0.23.5
[INFO] [stderr]   Downloaded libloading v0.5.1
[INFO] [stderr]   Downloaded wayland-commons v0.23.5
[INFO] [stderr]   Downloaded wayland-protocols v0.23.5
[INFO] [stderr]   Downloaded objc_exception v0.1.1
[INFO] [stderr]   Downloaded core-video-sys v0.1.2
[INFO] [stderr]   Downloaded dispatch v0.1.4
[INFO] [stderr]   Downloaded wayland-scanner v0.23.5
[INFO] [stderr]   Downloaded smithay-client-toolkit v0.6.2
[INFO] [stderr]   Downloaded metal v0.14.0
[INFO] [stderr]   Downloaded gl v0.12.0
[INFO] [stderr]   Downloaded wayland-client v0.23.5
[INFO] [stderr]   Downloaded winit v0.20.0-alpha1
[INFO] running `Command { std: "docker" "create" "-v" "/var/lib/crater-agent-workspace/builds/worker-0-tc2/target:/opt/rustwide/target:rw,Z" "-v" "/var/lib/crater-agent-workspace/builds/worker-0-tc2/source:/opt/rustwide/workdir:ro,Z" "-v" "/var/lib/crater-agent-workspace/cargo-home:/opt/rustwide/cargo-home:ro,Z" "-v" "/var/lib/crater-agent-workspace/rustup-home:/opt/rustwide/rustup-home:ro,Z" "-e" "SOURCE_DIR=/opt/rustwide/workdir" "-e" "CARGO_TARGET_DIR=/opt/rustwide/target" "-e" "CARGO_HOME=/opt/rustwide/cargo-home" "-e" "RUSTUP_HOME=/opt/rustwide/rustup-home" "-w" "/opt/rustwide/workdir" "-m" "1610612736" "--user" "0:0" "--network" "none" "ghcr.io/rust-lang/crates-build-env/linux@sha256:5ff2268d62e97bff2cde7d5815dd6ed5b47097566f13b8d0ca110b04b60e07ed" "/opt/rustwide/cargo-home/bin/cargo" "+beta-2023-04-20" "metadata" "--no-deps" "--format-version=1", kill_on_drop: false }`
[INFO] [stdout] b657e1b10d34ba7b31cfb9edcd74ef282d998c636c34127998a871c6706f7d4e
[INFO] running `Command { std: "docker" "start" "-a" "b657e1b10d34ba7b31cfb9edcd74ef282d998c636c34127998a871c6706f7d4e", kill_on_drop: false }`
[INFO] running `Command { std: "docker" "inspect" "b657e1b10d34ba7b31cfb9edcd74ef282d998c636c34127998a871c6706f7d4e", kill_on_drop: false }`
[INFO] running `Command { std: "docker" "rm" "-f" "b657e1b10d34ba7b31cfb9edcd74ef282d998c636c34127998a871c6706f7d4e", kill_on_drop: false }`
[INFO] [stdout] b657e1b10d34ba7b31cfb9edcd74ef282d998c636c34127998a871c6706f7d4e
[INFO] running `Command { std: "docker" "create" "-v" "/var/lib/crater-agent-workspace/builds/worker-0-tc2/target:/opt/rustwide/target:rw,Z" "-v" "/var/lib/crater-agent-workspace/builds/worker-0-tc2/source:/opt/rustwide/workdir:ro,Z" "-v" "/var/lib/crater-agent-workspace/cargo-home:/opt/rustwide/cargo-home:ro,Z" "-v" "/var/lib/crater-agent-workspace/rustup-home:/opt/rustwide/rustup-home:ro,Z" "-e" "SOURCE_DIR=/opt/rustwide/workdir" "-e" "CARGO_TARGET_DIR=/opt/rustwide/target" "-e" "CARGO_INCREMENTAL=0" "-e" "RUST_BACKTRACE=full" "-e" "RUSTFLAGS=--cap-lints=warn" "-e" "RUSTDOCFLAGS=--cap-lints=warn" "-e" "CARGO_HOME=/opt/rustwide/cargo-home" "-e" "RUSTUP_HOME=/opt/rustwide/rustup-home" "-w" "/opt/rustwide/workdir" "-m" "1610612736" "--user" "0:0" "--network" "none" "ghcr.io/rust-lang/crates-build-env/linux@sha256:5ff2268d62e97bff2cde7d5815dd6ed5b47097566f13b8d0ca110b04b60e07ed" "/opt/rustwide/cargo-home/bin/cargo" "+beta-2023-04-20" "build" "--frozen" "--message-format=json", kill_on_drop: false }`
[INFO] [stdout] 2525ee6d3bb80c233c01b85bfe4797bc7eaf25b00efec1b85816149b1d78749e
[INFO] running `Command { std: "docker" "start" "-a" "2525ee6d3bb80c233c01b85bfe4797bc7eaf25b00efec1b85816149b1d78749e", kill_on_drop: false }`
[INFO] [stderr]    Compiling autocfg v0.1.4
[INFO] [stderr]    Compiling cfg-if v0.1.9
[INFO] [stderr]    Compiling libc v0.2.58
[INFO] [stderr]    Compiling xml-rs v0.8.0
[INFO] [stderr]    Compiling proc-macro2 v0.4.30
[INFO] [stderr]    Compiling unicode-xid v0.1.0
[INFO] [stderr]    Compiling rand_core v0.4.0
[INFO] [stderr]    Compiling bitflags v1.1.0
[INFO] [stderr]    Compiling log v0.4.6
[INFO] [stderr]    Compiling cc v1.0.37
[INFO] [stderr]    Compiling khronos_api v3.1.0
[INFO] [stderr]    Compiling num-traits v0.2.8
[INFO] [stderr]    Compiling semver-parser v0.7.0
[INFO] [stderr]    Compiling rand_core v0.3.1
[INFO] [stderr]    Compiling semver v0.9.0
[INFO] [stderr]    Compiling nix v0.14.1
[INFO] [stderr]    Compiling rustc_version v0.2.3
[INFO] [stderr]    Compiling lazy_static v1.3.0
[INFO] [stderr]    Compiling quote v0.6.12
[INFO] [stderr]    Compiling iovec v0.1.2
[INFO] [stderr]    Compiling net2 v0.2.33
[INFO] [stderr]    Compiling wayland-scanner v0.23.5
[INFO] [stderr]    Compiling slab v0.4.2
[INFO] [stderr]    Compiling libloading v0.5.1
[INFO] [stderr]    Compiling void v1.0.2
[INFO] [stderr]    Compiling byteorder v1.3.2
[INFO] [stderr]    Compiling mio v0.6.19
[INFO] [stderr]    Compiling gl_generator v0.11.0
[INFO] [stderr]    Compiling rand_pcg v0.1.2
[INFO] [stderr]    Compiling rand_chacha v0.1.1
[INFO] [stderr]    Compiling dlib v0.4.1
[INFO] [stderr]    Compiling arrayvec v0.4.10
[INFO] [stderr]    Compiling lazycell v1.2.1
[INFO] [stderr]    Compiling wayland-sys v0.23.5
[INFO] [stderr]    Compiling mio-extras v2.0.5
[INFO] [stderr]    Compiling rand v0.6.5
[INFO] [stderr]    Compiling nodrop v0.1.13
[INFO] [stderr]    Compiling stb_truetype v0.2.6
[INFO] [stderr]    Compiling approx v0.3.2
[INFO] [stderr]    Compiling ordered-float v1.0.2
[INFO] [stderr]    Compiling parking_lot_core v0.5.0
[INFO] [stderr]    Compiling rand_os v0.1.3
[INFO] [stderr]    Compiling rand_xorshift v0.1.1
[INFO] [stderr]    Compiling rand_hc v0.1.0
[INFO] [stderr]    Compiling rand_isaac v0.1.1
[INFO] [stderr]    Compiling rand_jitter v0.1.4
[INFO] [stderr]    Compiling pkg-config v0.3.14
[INFO] [stderr]    Compiling syn v0.15.37
[INFO] [stderr]    Compiling downcast-rs v1.0.4
[INFO] [stderr]    Compiling same-file v1.0.4
[INFO] [stderr]    Compiling rusttype v0.7.7
[INFO] [stderr]    Compiling wayland-client v0.23.5
[INFO] [stderr]    Compiling wayland-protocols v0.23.5
[INFO] [stderr]    Compiling walkdir v2.2.8
[INFO] [stderr]    Compiling x11-dl v2.18.3
[INFO] [stderr]    Compiling line_drawing v0.7.0
[INFO] [stderr]    Compiling parking_lot v0.8.0
[INFO] [stderr]    Compiling smallvec v0.6.10
[INFO] [stderr]    Compiling xdg v2.2.0
[INFO] [stderr]    Compiling scopeguard v1.0.0
[INFO] [stderr]    Compiling lock_api v0.2.0
[INFO] [stderr]    Compiling andrew v0.2.1
[INFO] [stderr]    Compiling gl v0.12.0
[INFO] [stderr]    Compiling calloop v0.4.4
[INFO] [stderr]    Compiling wayland-commons v0.23.5
[INFO] [stderr]    Compiling glutin_wgl_sys v0.1.3 (/opt/rustwide/workdir/glutin_wgl_sys)
[INFO] [stderr]    Compiling memmap v0.7.0
[INFO] [stderr]    Compiling percent-encoding v1.0.1
[INFO] [stderr]    Compiling derivative v1.0.2
[INFO] [stderr]    Compiling smithay-client-toolkit v0.6.2
[INFO] [stderr]    Compiling winit v0.20.0-alpha1
[INFO] [stderr]    Compiling render_to_dxgi v0.1.0 (/opt/rustwide/workdir)
[INFO] [stdout] error[E0432]: unresolved imports `glutin_wgl_sys::wgl`, `glutin_wgl_sys::wgl_extra`
[INFO] [stdout]  --> src/main.rs:1:22
[INFO] [stdout]   |
[INFO] [stdout] 1 | use glutin_wgl_sys::{wgl, wgl_extra};
[INFO] [stdout]   |                      ^^^  ^^^^^^^^^ no `wgl_extra` in the root
[INFO] [stdout]   |                      |
[INFO] [stdout]   |                      no `wgl` in the root
[INFO] [stdout] 
[INFO] [stdout] 
[INFO] [stdout] error[E0433]: failed to resolve: use of undeclared crate or module `winapi`
[INFO] [stdout]  --> src/main.rs:9:5
[INFO] [stdout]   |
[INFO] [stdout] 9 | use winapi::{
[INFO] [stdout]   |     ^^^^^^ use of undeclared crate or module `winapi`
[INFO] [stdout] 
[INFO] [stdout] 
[INFO] [stdout] error[E0433]: failed to resolve: could not find `wgl` in `glutin_wgl_sys`
[INFO] [stdout]    --> src/main.rs:117:29
[INFO] [stdout]     |
[INFO] [stdout] 117 |         use glutin_wgl_sys::wgl::types::*;
[INFO] [stdout]     |                             ^^^ could not find `wgl` in `glutin_wgl_sys`
[INFO] [stdout] 
[INFO] [stdout] 
[INFO] [stdout] error[E0432]: unresolved import `winit::platform::windows`
[INFO] [stdout]  --> src/main.rs:7:15
[INFO] [stdout]   |
[INFO] [stdout] 7 |     platform::windows::WindowExtWindows,
[INFO] [stdout]   |               ^^^^^^^ could not find `windows` in `platform`
[INFO] [stdout] 
[INFO] [stdout] 
[INFO] [stdout] error[E0412]: cannot find type `GLenum` in this scope
[INFO] [stdout]    --> src/main.rs:120:25
[INFO] [stdout]     |
[INFO] [stdout] 120 |                 source: GLenum,
[INFO] [stdout]     |                         ^^^^^^ not found in this scope
[INFO] [stdout]     |
[INFO] [stdout] help: consider importing this type alias
[INFO] [stdout]     |
[INFO] [stdout] 1   + use gl::types::GLenum;
[INFO] [stdout]     |
[INFO] [stdout] 
[INFO] [stdout] 
[INFO] [stdout] error[E0412]: cannot find type `GLenum` in this scope
[INFO] [stdout]    --> src/main.rs:121:25
[INFO] [stdout]     |
[INFO] [stdout] 121 |                 gltype: GLenum,
[INFO] [stdout]     |                         ^^^^^^ not found in this scope
[INFO] [stdout]     |
[INFO] [stdout] help: consider importing this type alias
[INFO] [stdout]     |
[INFO] [stdout] 1   + use gl::types::GLenum;
[INFO] [stdout]     |
[INFO] [stdout] 
[INFO] [stdout] 
[INFO] [stdout] error[E0412]: cannot find type `GLuint` in this scope
[INFO] [stdout]    --> src/main.rs:122:21
[INFO] [stdout]     |
[INFO] [stdout] 122 |                 id: GLuint,
[INFO] [stdout]     |                     ^^^^^^ not found in this scope
[INFO] [stdout]     |
[INFO] [stdout] help: consider importing this type alias
[INFO] [stdout]     |
[INFO] [stdout] 1   + use gl::types::GLuint;
[INFO] [stdout]     |
[INFO] [stdout] 
[INFO] [stdout] 
[INFO] [stdout] error[E0412]: cannot find type `GLenum` in this scope
[INFO] [stdout]    --> src/main.rs:123:27
[INFO] [stdout]     |
[INFO] [stdout] 123 |                 severity: GLenum,
[INFO] [stdout]     |                           ^^^^^^ not found in this scope
[INFO] [stdout]     |
[INFO] [stdout] help: consider importing this type alias
[INFO] [stdout]     |
[INFO] [stdout] 1   + use gl::types::GLenum;
[INFO] [stdout]     |
[INFO] [stdout] 
[INFO] [stdout] 
[INFO] [stdout] error[E0412]: cannot find type `GLsizei` in this scope
[INFO] [stdout]    --> src/main.rs:124:25
[INFO] [stdout]     |
[INFO] [stdout] 124 |                 length: GLsizei,
[INFO] [stdout]     |                         ^^^^^^^ not found in this scope
[INFO] [stdout]     |
[INFO] [stdout] help: consider importing this type alias
[INFO] [stdout]     |
[INFO] [stdout] 1   + use gl::types::GLsizei;
[INFO] [stdout]     |
[INFO] [stdout] 
[INFO] [stdout] 
[INFO] [stdout] error[E0412]: cannot find type `GLchar` in this scope
[INFO] [stdout]    --> src/main.rs:125:33
[INFO] [stdout]     |
[INFO] [stdout] 125 |                 message: *const GLchar,
[INFO] [stdout]     |                                 ^^^^^^
[INFO] [stdout]     |
[INFO] [stdout] help: a builtin type with a similar name exists
[INFO] [stdout]     |
[INFO] [stdout] 125 |                 message: *const char,
[INFO] [stdout]     |                                 ~~~~
[INFO] [stdout] help: consider importing this type alias
[INFO] [stdout]     |
[INFO] [stdout] 1   + use gl::types::GLchar;
[INFO] [stdout]     |
[INFO] [stdout] 
[INFO] [stdout] 
[INFO] [stdout] error[E0599]: no method named `hwnd` found for struct `winit::window::Window` in the current scope
[INFO] [stdout]    --> src/main.rs:213:20
[INFO] [stdout]     |
[INFO] [stdout] 213 |             window.hwnd() as _,
[INFO] [stdout]     |                    ^^^^ method not found in `Window`
[INFO] [stdout] 
[INFO] [stdout] 
[INFO] [stdout] error: aborting due to 11 previous errors
[INFO] [stdout] 
[INFO] [stdout] 
[INFO] [stdout] Some errors have detailed explanations: E0412, E0432, E0433, E0599.
[INFO] [stdout] 
[INFO] [stdout] For more information about an error, try `rustc --explain E0412`.
[INFO] [stdout] 
[INFO] [stderr] error: could not compile `render_to_dxgi` (bin "render_to_dxgi") due to 12 previous errors
[INFO] running `Command { std: "docker" "inspect" "2525ee6d3bb80c233c01b85bfe4797bc7eaf25b00efec1b85816149b1d78749e", kill_on_drop: false }`
[INFO] running `Command { std: "docker" "rm" "-f" "2525ee6d3bb80c233c01b85bfe4797bc7eaf25b00efec1b85816149b1d78749e", kill_on_drop: false }`
[INFO] [stdout] 2525ee6d3bb80c233c01b85bfe4797bc7eaf25b00efec1b85816149b1d78749e
