[INFO] cloning repository https://github.com/OlivierLemoine/raspberry-pi-4-hal
[INFO] running `Command { std: "git" "-c" "credential.helper=" "-c" "credential.helper=/workspace/cargo-home/bin/git-credential-null" "clone" "--bare" "https://github.com/OlivierLemoine/raspberry-pi-4-hal" "/workspace/cache/git-repos/https%3A%2F%2Fgithub.com%2FOlivierLemoine%2Fraspberry-pi-4-hal", kill_on_drop: false }`
[INFO] [stderr] Cloning into bare repository '/workspace/cache/git-repos/https%3A%2F%2Fgithub.com%2FOlivierLemoine%2Fraspberry-pi-4-hal'...
[INFO] running `Command { std: "git" "rev-parse" "HEAD", kill_on_drop: false }`
[INFO] [stdout] 0c7a04cd7ebf33e886d43915f368694130899626
[INFO] testing OlivierLemoine/raspberry-pi-4-hal against beta-2023-04-20 for beta-1.70-1
[INFO] running `Command { std: "git" "clone" "/workspace/cache/git-repos/https%3A%2F%2Fgithub.com%2FOlivierLemoine%2Fraspberry-pi-4-hal" "/workspace/builds/worker-3-tc2/source", kill_on_drop: false }`
[INFO] [stderr] Cloning into '/workspace/builds/worker-3-tc2/source'...
[INFO] [stderr] done.
[INFO] validating manifest of git repo https://github.com/OlivierLemoine/raspberry-pi-4-hal on toolchain beta-2023-04-20
[INFO] running `Command { std: CARGO_HOME="/workspace/cargo-home" RUSTUP_HOME="/workspace/rustup-home" "/workspace/cargo-home/bin/cargo" "+beta-2023-04-20" "metadata" "--manifest-path" "Cargo.toml" "--no-deps", kill_on_drop: false }`
[INFO] removed /workspace/builds/worker-3-tc2/source/.cargo/config
[INFO] removed /workspace/builds/worker-3-tc2/source/rust-toolchain
[INFO] started tweaking git repo https://github.com/OlivierLemoine/raspberry-pi-4-hal
[INFO] finished tweaking git repo https://github.com/OlivierLemoine/raspberry-pi-4-hal
[INFO] tweaked toml for git repo https://github.com/OlivierLemoine/raspberry-pi-4-hal written to /workspace/builds/worker-3-tc2/source/Cargo.toml
[INFO] crate git repo https://github.com/OlivierLemoine/raspberry-pi-4-hal already has a lockfile, it will not be regenerated
[INFO] running `Command { std: CARGO_HOME="/workspace/cargo-home" RUSTUP_HOME="/workspace/rustup-home" "/workspace/cargo-home/bin/cargo" "+beta-2023-04-20" "fetch" "--manifest-path" "Cargo.toml", kill_on_drop: false }`
[INFO] running `Command { std: "docker" "create" "-v" "/var/lib/crater-agent-workspace/builds/worker-3-tc2/target:/opt/rustwide/target:rw,Z" "-v" "/var/lib/crater-agent-workspace/builds/worker-3-tc2/source:/opt/rustwide/workdir:ro,Z" "-v" "/var/lib/crater-agent-workspace/cargo-home:/opt/rustwide/cargo-home:ro,Z" "-v" "/var/lib/crater-agent-workspace/rustup-home:/opt/rustwide/rustup-home:ro,Z" "-e" "SOURCE_DIR=/opt/rustwide/workdir" "-e" "CARGO_TARGET_DIR=/opt/rustwide/target" "-e" "CARGO_HOME=/opt/rustwide/cargo-home" "-e" "RUSTUP_HOME=/opt/rustwide/rustup-home" "-w" "/opt/rustwide/workdir" "-m" "1610612736" "--user" "0:0" "--network" "none" "ghcr.io/rust-lang/crates-build-env/linux@sha256:5ff2268d62e97bff2cde7d5815dd6ed5b47097566f13b8d0ca110b04b60e07ed" "/opt/rustwide/cargo-home/bin/cargo" "+beta-2023-04-20" "metadata" "--no-deps" "--format-version=1", kill_on_drop: false }`
[INFO] [stdout] 621b7ee7723b3c35a9768151ab2733dfd356526845ec43df29cee694871f423b
[INFO] running `Command { std: "docker" "start" "-a" "621b7ee7723b3c35a9768151ab2733dfd356526845ec43df29cee694871f423b", kill_on_drop: false }`
[INFO] running `Command { std: "docker" "inspect" "621b7ee7723b3c35a9768151ab2733dfd356526845ec43df29cee694871f423b", kill_on_drop: false }`
[INFO] running `Command { std: "docker" "rm" "-f" "621b7ee7723b3c35a9768151ab2733dfd356526845ec43df29cee694871f423b", kill_on_drop: false }`
[INFO] [stdout] 621b7ee7723b3c35a9768151ab2733dfd356526845ec43df29cee694871f423b
[INFO] running `Command { std: "docker" "create" "-v" "/var/lib/crater-agent-workspace/builds/worker-3-tc2/target:/opt/rustwide/target:rw,Z" "-v" "/var/lib/crater-agent-workspace/builds/worker-3-tc2/source:/opt/rustwide/workdir:ro,Z" "-v" "/var/lib/crater-agent-workspace/cargo-home:/opt/rustwide/cargo-home:ro,Z" "-v" "/var/lib/crater-agent-workspace/rustup-home:/opt/rustwide/rustup-home:ro,Z" "-e" "SOURCE_DIR=/opt/rustwide/workdir" "-e" "CARGO_TARGET_DIR=/opt/rustwide/target" "-e" "CARGO_INCREMENTAL=0" "-e" "RUST_BACKTRACE=full" "-e" "RUSTFLAGS=--cap-lints=warn" "-e" "RUSTDOCFLAGS=--cap-lints=warn" "-e" "CARGO_HOME=/opt/rustwide/cargo-home" "-e" "RUSTUP_HOME=/opt/rustwide/rustup-home" "-w" "/opt/rustwide/workdir" "-m" "1610612736" "--user" "0:0" "--network" "none" "ghcr.io/rust-lang/crates-build-env/linux@sha256:5ff2268d62e97bff2cde7d5815dd6ed5b47097566f13b8d0ca110b04b60e07ed" "/opt/rustwide/cargo-home/bin/cargo" "+beta-2023-04-20" "build" "--frozen" "--message-format=json", kill_on_drop: false }`
[INFO] [stdout] 164f6c894fffa8a72d6c2f80bddfdca6698cc81e574a809d1322bb8f22c09ea7
[INFO] running `Command { std: "docker" "start" "-a" "164f6c894fffa8a72d6c2f80bddfdca6698cc81e574a809d1322bb8f22c09ea7", kill_on_drop: false }`
[INFO] [stderr]    Compiling register v0.1.0 (/opt/rustwide/workdir/register)
[INFO] [stderr]    Compiling hal v0.1.2 (/opt/rustwide/workdir)
[INFO] [stdout] error[E0557]: feature has been removed
[INFO] [stdout]  --> src/lib.rs:3:12
[INFO] [stdout]   |
[INFO] [stdout] 3 | #![feature(const_generics)]
[INFO] [stdout]   |            ^^^^^^^^^^^^^^ feature has been removed
[INFO] [stdout]   |
[INFO] [stdout]   = note: removed in favor of `#![feature(adt_const_params)]` and `#![feature(generic_const_exprs)]`
[INFO] [stdout] 
[INFO] [stdout] 
[INFO] [stdout] error[E0557]: feature has been removed
[INFO] [stdout]  --> src/lib.rs:4:12
[INFO] [stdout]   |
[INFO] [stdout] 4 | #![feature(const_fn)]
[INFO] [stdout]   |            ^^^^^^^^ feature has been removed
[INFO] [stdout]   |
[INFO] [stdout]   = note: split into finer-grained feature gates
[INFO] [stdout] 
[INFO] [stdout] 
[INFO] [stdout] error[E0557]: feature has been removed
[INFO] [stdout]  --> src/lib.rs:5:12
[INFO] [stdout]   |
[INFO] [stdout] 5 | #![feature(const_evaluatable_checked)]
[INFO] [stdout]   |            ^^^^^^^^^^^^^^^^^^^^^^^^^ feature has been removed
[INFO] [stdout]   |
[INFO] [stdout]   = note: renamed to `generic_const_exprs`
[INFO] [stdout] 
[INFO] [stdout] 
[INFO] [stdout] error: cannot find macro `asm` in this scope
[INFO] [stdout]   --> src/lib.rs:36:14
[INFO] [stdout]    |
[INFO] [stdout] 36 |     unsafe { asm!("mrs {}, CurrentEL", out(reg) res) }
[INFO] [stdout]    |              ^^^
[INFO] [stdout]    |
[INFO] [stdout]    = help: consider importing this macro:
[INFO] [stdout]            core::arch::asm
[INFO] [stdout] 
[INFO] [stdout] 
[INFO] [stdout] error: cannot find macro `asm` in this scope
[INFO] [stdout]  --> src/time.rs:4:5
[INFO] [stdout]   |
[INFO] [stdout] 4 |     asm!(
[INFO] [stdout]   |     ^^^
[INFO] [stdout]   |
[INFO] [stdout]   = help: consider importing this macro:
[INFO] [stdout]           core::arch::asm
[INFO] [stdout] 
[INFO] [stdout] 
[INFO] [stdout] error: cannot find macro `asm` in this scope
[INFO] [stdout]   --> src/time.rs:14:9
[INFO] [stdout]    |
[INFO] [stdout] 14 |         asm!("mrs {}, cntpct_el0", out(reg) count);
[INFO] [stdout]    |         ^^^
[INFO] [stdout]    |
[INFO] [stdout]    = help: consider importing this macro:
[INFO] [stdout]            core::arch::asm
[INFO] [stdout] 
[INFO] [stdout] 
[INFO] [stdout] error: cannot find macro `asm` in this scope
[INFO] [stdout]   --> src/time.rs:25:13
[INFO] [stdout]    |
[INFO] [stdout] 25 |             asm!("nop");
[INFO] [stdout]    |             ^^^
[INFO] [stdout]    |
[INFO] [stdout]    = help: consider importing this macro:
[INFO] [stdout]            core::arch::asm
[INFO] [stdout] 
[INFO] [stdout] 
[INFO] [stdout] error: cannot find macro `asm` in this scope
[INFO] [stdout]   --> src/lib.rs:24:9
[INFO] [stdout]    |
[INFO] [stdout] 24 |         asm!(
[INFO] [stdout]    |         ^^^
[INFO] [stdout]    |
[INFO] [stdout]    = help: consider importing this macro:
[INFO] [stdout]            core::arch::asm
[INFO] [stdout] 
[INFO] [stdout] 
[INFO] [stdout] error: generic parameters may not be used in const operations
[INFO] [stdout]    --> src/mailbox.rs:372:22
[INFO] [stdout]     |
[INFO] [stdout] 372 |         [u32; Tags::<O1, O2>::LEN + 3]: Sized,
[INFO] [stdout]     |                      ^^ cannot perform const operation using `O1`
[INFO] [stdout]     |
[INFO] [stdout]     = note: type parameters may not be used in const expressions
[INFO] [stdout] 
[INFO] [stdout] 
[INFO] [stdout] error: generic parameters may not be used in const operations
[INFO] [stdout]    --> src/mailbox.rs:372:26
[INFO] [stdout]     |
[INFO] [stdout] 372 |         [u32; Tags::<O1, O2>::LEN + 3]: Sized,
[INFO] [stdout]     |                          ^^ cannot perform const operation using `O2`
[INFO] [stdout]     |
[INFO] [stdout]     = note: type parameters may not be used in const expressions
[INFO] [stdout] 
[INFO] [stdout] 
[INFO] [stdout] error[E0554]: `#![feature]` may not be used on the beta release channel
[INFO] [stdout]  --> src/lib.rs:2:12
[INFO] [stdout]   |
[INFO] [stdout] 2 | #![feature(asm)]
[INFO] [stdout]   |            ^^^
[INFO] [stdout] 
[INFO] [stdout] 
[INFO] [stdout] warning: the feature `asm` has been stable since 1.59.0 and no longer requires an attribute to enable
[INFO] [stdout]  --> src/lib.rs:2:12
[INFO] [stdout]   |
[INFO] [stdout] 2 | #![feature(asm)]
[INFO] [stdout]   |            ^^^
[INFO] [stdout]   |
[INFO] [stdout]   = note: `#[warn(stable_features)]` on by default
[INFO] [stdout] 
[INFO] [stdout] 
[INFO] [stdout] error: constant expression depends on a generic parameter
[INFO] [stdout]    --> src/mailbox.rs:375:47
[INFO] [stdout]     |
[INFO] [stdout] 375 |         let mut buffer = Align16Buffer([0u32; Tags::<O1, O2>::LEN + 3]); // size + request code + tags + zero terminated
[INFO] [stdout]     |                                               ^^^^^^^^^^^^^^^^^^^^^^^
[INFO] [stdout]     |
[INFO] [stdout]     = note: this may fail depending on what value the parameter takes
[INFO] [stdout] 
[INFO] [stdout] 
[INFO] [stdout] error: constant expression depends on a generic parameter
[INFO] [stdout]    --> src/mailbox.rs:375:26
[INFO] [stdout]     |
[INFO] [stdout] 375 |         let mut buffer = Align16Buffer([0u32; Tags::<O1, O2>::LEN + 3]); // size + request code + tags + zero terminated
[INFO] [stdout]     |                          ^^^^^^^^^^^^^
[INFO] [stdout]     |
[INFO] [stdout]     = note: this may fail depending on what value the parameter takes
[INFO] [stdout] 
[INFO] [stdout] 
[INFO] [stdout] error: constant expression depends on a generic parameter
[INFO] [stdout]    --> src/mailbox.rs:375:26
[INFO] [stdout]     |
[INFO] [stdout] 375 |         let mut buffer = Align16Buffer([0u32; Tags::<O1, O2>::LEN + 3]); // size + request code + tags + zero terminated
[INFO] [stdout]     |                          ^^^^^^^^^^^^^^^^^^^^^^^^^^^^^^^^^^^^^^^^^^^^^^
[INFO] [stdout]     |
[INFO] [stdout]     = note: this may fail depending on what value the parameter takes
[INFO] [stdout] 
[INFO] [stdout] 
[INFO] [stdout] error: constant expression depends on a generic parameter
[INFO] [stdout]    --> src/mailbox.rs:376:9
[INFO] [stdout]     |
[INFO] [stdout] 376 |         buffer.0[0] = (buffer.0.len() << 2) as u32; // Size
[INFO] [stdout]     |         ^^^^^^^^^^^
[INFO] [stdout]     |
[INFO] [stdout]     = note: this may fail depending on what value the parameter takes
[INFO] [stdout] 
[INFO] [stdout] 
[INFO] [stdout] error: constant expression depends on a generic parameter
[INFO] [stdout]    --> src/mailbox.rs:380:34
[INFO] [stdout]     |
[INFO] [stdout] 380 |         self.tags.serialize(&mut buffer.0[2..buffer_len - 1]);
[INFO] [stdout]     |                                  ^^^^^^^^^^^^^^^^^^^^^^^^^^^
[INFO] [stdout]     |
[INFO] [stdout]     = note: this may fail depending on what value the parameter takes
[INFO] [stdout] 
[INFO] [stdout] 
[INFO] [stdout] error: constant expression depends on a generic parameter
[INFO] [stdout]    --> src/mailbox.rs:389:12
[INFO] [stdout]     |
[INFO] [stdout] 389 |         if buffer.0[1] != 0x80000000 {
[INFO] [stdout]     |            ^^^^^^^^^^^
[INFO] [stdout]     |
[INFO] [stdout]     = note: this may fail depending on what value the parameter takes
[INFO] [stdout] 
[INFO] [stdout] 
[INFO] [stdout] error: constant expression depends on a generic parameter
[INFO] [stdout]    --> src/mailbox.rs:393:48
[INFO] [stdout]     |
[INFO] [stdout] 393 |         let res = Tags::<O1, O2>::deserialize(&buffer.0[2..buffer_len - 1]);
[INFO] [stdout]     |                                                ^^^^^^^^^^^^^^^^^^^^^^^^^^^
[INFO] [stdout]     |
[INFO] [stdout]     = note: this may fail depending on what value the parameter takes
[INFO] [stdout] 
[INFO] [stdout] 
[INFO] [stdout] error: aborting due to 18 previous errors; 1 warning emitted
[INFO] [stdout] 
[INFO] [stdout] 
[INFO] [stdout] Some errors have detailed explanations: E0554, E0557.
[INFO] [stdout] 
[INFO] [stdout] For more information about an error, try `rustc --explain E0554`.
[INFO] [stdout] 
[INFO] [stderr] error: could not compile `hal` (lib) due to 19 previous errors; 1 warning emitted
[INFO] running `Command { std: "docker" "inspect" "164f6c894fffa8a72d6c2f80bddfdca6698cc81e574a809d1322bb8f22c09ea7", kill_on_drop: false }`
[INFO] running `Command { std: "docker" "rm" "-f" "164f6c894fffa8a72d6c2f80bddfdca6698cc81e574a809d1322bb8f22c09ea7", kill_on_drop: false }`
[INFO] [stdout] 164f6c894fffa8a72d6c2f80bddfdca6698cc81e574a809d1322bb8f22c09ea7
