[INFO] cloning repository https://github.com/OTrime/otrime-backend
[INFO] running `Command { std: "git" "-c" "credential.helper=" "-c" "credential.helper=/workspace/cargo-home/bin/git-credential-null" "clone" "--bare" "https://github.com/OTrime/otrime-backend" "/workspace/cache/git-repos/https%3A%2F%2Fgithub.com%2FOTrime%2Fotrime-backend", kill_on_drop: false }`
[INFO] [stderr] Cloning into bare repository '/workspace/cache/git-repos/https%3A%2F%2Fgithub.com%2FOTrime%2Fotrime-backend'...
[INFO] running `Command { std: "git" "rev-parse" "HEAD", kill_on_drop: false }`
[INFO] [stdout] 15d67791ad4e6d6e7309299ee098d2cd5eab833b
[INFO] testing OTrime/otrime-backend against beta-2023-04-20 for beta-1.70-1
[INFO] running `Command { std: "git" "clone" "/workspace/cache/git-repos/https%3A%2F%2Fgithub.com%2FOTrime%2Fotrime-backend" "/workspace/builds/worker-4-tc2/source", kill_on_drop: false }`
[INFO] [stderr] Cloning into '/workspace/builds/worker-4-tc2/source'...
[INFO] [stderr] done.
[INFO] validating manifest of git repo https://github.com/OTrime/otrime-backend on toolchain beta-2023-04-20
[INFO] running `Command { std: CARGO_HOME="/workspace/cargo-home" RUSTUP_HOME="/workspace/rustup-home" "/workspace/cargo-home/bin/cargo" "+beta-2023-04-20" "metadata" "--manifest-path" "Cargo.toml" "--no-deps", kill_on_drop: false }`
[INFO] started tweaking git repo https://github.com/OTrime/otrime-backend
[INFO] finished tweaking git repo https://github.com/OTrime/otrime-backend
[INFO] tweaked toml for git repo https://github.com/OTrime/otrime-backend written to /workspace/builds/worker-4-tc2/source/Cargo.toml
[INFO] crate git repo https://github.com/OTrime/otrime-backend already has a lockfile, it will not be regenerated
[INFO] running `Command { std: CARGO_HOME="/workspace/cargo-home" RUSTUP_HOME="/workspace/rustup-home" "/workspace/cargo-home/bin/cargo" "+beta-2023-04-20" "fetch" "--manifest-path" "Cargo.toml", kill_on_drop: false }`
[INFO] [stderr]     Updating crates.io index
[INFO] [stderr]  Downloading crates ...
[INFO] [stderr]   Downloaded tower-http v0.2.5
[INFO] [stderr]   Downloaded lettre v0.9.6
[INFO] [stderr]   Downloaded axum-core v0.2.2
[INFO] [stderr]   Downloaded tower-cookies v0.6.0
[INFO] [stderr]   Downloaded lettre v0.10.0-rc.5
[INFO] [stderr]   Downloaded axum v0.5.3
[INFO] [stderr]   Downloaded redis v0.17.0
[INFO] [stderr]   Downloaded easy_file_system v0.1.2
[INFO] [stderr]   Downloaded bcrypt v0.11.0
[INFO] running `Command { std: "docker" "create" "-v" "/var/lib/crater-agent-workspace/builds/worker-4-tc2/target:/opt/rustwide/target:rw,Z" "-v" "/var/lib/crater-agent-workspace/builds/worker-4-tc2/source:/opt/rustwide/workdir:ro,Z" "-v" "/var/lib/crater-agent-workspace/cargo-home:/opt/rustwide/cargo-home:ro,Z" "-v" "/var/lib/crater-agent-workspace/rustup-home:/opt/rustwide/rustup-home:ro,Z" "-e" "SOURCE_DIR=/opt/rustwide/workdir" "-e" "CARGO_TARGET_DIR=/opt/rustwide/target" "-e" "CARGO_HOME=/opt/rustwide/cargo-home" "-e" "RUSTUP_HOME=/opt/rustwide/rustup-home" "-w" "/opt/rustwide/workdir" "-m" "1610612736" "--user" "0:0" "--network" "none" "ghcr.io/rust-lang/crates-build-env/linux@sha256:5ff2268d62e97bff2cde7d5815dd6ed5b47097566f13b8d0ca110b04b60e07ed" "/opt/rustwide/cargo-home/bin/cargo" "+beta-2023-04-20" "metadata" "--no-deps" "--format-version=1", kill_on_drop: false }`
[INFO] [stdout] 8cc5f2be28d60e1148f2350c037c912a212b0071d246aefc00d6f5e3755a18cb
[INFO] running `Command { std: "docker" "start" "-a" "8cc5f2be28d60e1148f2350c037c912a212b0071d246aefc00d6f5e3755a18cb", kill_on_drop: false }`
[INFO] running `Command { std: "docker" "inspect" "8cc5f2be28d60e1148f2350c037c912a212b0071d246aefc00d6f5e3755a18cb", kill_on_drop: false }`
[INFO] running `Command { std: "docker" "rm" "-f" "8cc5f2be28d60e1148f2350c037c912a212b0071d246aefc00d6f5e3755a18cb", kill_on_drop: false }`
[INFO] [stdout] 8cc5f2be28d60e1148f2350c037c912a212b0071d246aefc00d6f5e3755a18cb
[INFO] running `Command { std: "docker" "create" "-v" "/var/lib/crater-agent-workspace/builds/worker-4-tc2/target:/opt/rustwide/target:rw,Z" "-v" "/var/lib/crater-agent-workspace/builds/worker-4-tc2/source:/opt/rustwide/workdir:ro,Z" "-v" "/var/lib/crater-agent-workspace/cargo-home:/opt/rustwide/cargo-home:ro,Z" "-v" "/var/lib/crater-agent-workspace/rustup-home:/opt/rustwide/rustup-home:ro,Z" "-e" "SOURCE_DIR=/opt/rustwide/workdir" "-e" "CARGO_TARGET_DIR=/opt/rustwide/target" "-e" "CARGO_INCREMENTAL=0" "-e" "RUST_BACKTRACE=full" "-e" "RUSTFLAGS=--cap-lints=warn" "-e" "RUSTDOCFLAGS=--cap-lints=warn" "-e" "CARGO_HOME=/opt/rustwide/cargo-home" "-e" "RUSTUP_HOME=/opt/rustwide/rustup-home" "-w" "/opt/rustwide/workdir" "-m" "1610612736" "--user" "0:0" "--network" "none" "ghcr.io/rust-lang/crates-build-env/linux@sha256:5ff2268d62e97bff2cde7d5815dd6ed5b47097566f13b8d0ca110b04b60e07ed" "/opt/rustwide/cargo-home/bin/cargo" "+beta-2023-04-20" "build" "--frozen" "--message-format=json", kill_on_drop: false }`
[INFO] [stdout] 0e8a896cd1d8d65f24100c87bd4948f38afab500ea36b4fe12ec2d2a8321662d
[INFO] running `Command { std: "docker" "start" "-a" "0e8a896cd1d8d65f24100c87bd4948f38afab500ea36b4fe12ec2d2a8321662d", kill_on_drop: false }`
[INFO] [stderr]    Compiling libc v0.2.124
[INFO] [stderr]    Compiling version_check v0.9.4
[INFO] [stderr]    Compiling proc-macro2 v1.0.37
[INFO] [stderr]    Compiling unicode-xid v0.2.2
[INFO] [stderr]    Compiling syn v1.0.91
[INFO] [stderr]    Compiling autocfg v1.1.0
[INFO] [stderr]    Compiling log v0.4.16
[INFO] [stderr]    Compiling memchr v2.4.1
[INFO] [stderr]    Compiling pin-project-lite v0.2.8
[INFO] [stderr]    Compiling futures-core v0.3.21
[INFO] [stderr]    Compiling once_cell v1.10.0
[INFO] [stderr]    Compiling cc v1.0.73
[INFO] [stderr]    Compiling bytes v1.1.0
[INFO] [stderr]    Compiling typenum v1.15.0
[INFO] [stderr]    Compiling slab v0.4.6
[INFO] [stderr]    Compiling futures-io v0.3.21
[INFO] [stderr]    Compiling itoa v1.0.1
[INFO] [stderr]    Compiling futures-sink v0.3.21
[INFO] [stderr]    Compiling serde_derive v1.0.136
[INFO] [stderr]    Compiling futures-task v0.3.21
[INFO] [stderr]    Compiling subtle v2.4.1
[INFO] [stderr]    Compiling futures-util v0.3.21
[INFO] [stderr]    Compiling serde v1.0.136
[INFO] [stderr]    Compiling untrusted v0.7.1
[INFO] [stderr]    Compiling base64 v0.13.0
[INFO] [stderr]    Compiling value-bag v1.0.0-alpha.8
[INFO] [stderr]    Compiling generic-array v0.14.5
[INFO] [stderr]    Compiling ahash v0.7.6
[INFO] [stderr]    Compiling spin v0.5.2
[INFO] [stderr]    Compiling fnv v1.0.7
[INFO] [stderr]    Compiling num-traits v0.2.14
[INFO] [stderr]    Compiling tinyvec_macros v0.1.0
[INFO] [stderr]    Compiling matches v0.1.9
[INFO] [stderr]    Compiling autocfg v0.1.8
[INFO] [stderr]    Compiling rand_core v0.4.2
[INFO] [stderr]    Compiling tinyvec v1.5.1
[INFO] [stderr]    Compiling pkg-config v0.3.25
[INFO] [stderr]    Compiling event-listener v2.5.2
[INFO] [stderr]    Compiling lock_api v0.4.7
[INFO] [stderr]    Compiling num-integer v0.1.44
[INFO] [stderr]    Compiling unicode-bidi v0.3.7
[INFO] [stderr]    Compiling smallvec v1.8.0
[INFO] [stderr]    Compiling quote v1.0.18
[INFO] [stderr]    Compiling bitflags v1.3.2
[INFO] [stderr]    Compiling socket2 v0.4.4
[INFO] [stderr]    Compiling num_cpus v1.13.1
[INFO] [stderr]    Compiling getrandom v0.2.6
[INFO] [stderr]    Compiling ring v0.16.20
[INFO] [stderr]    Compiling form_urlencoded v1.0.1
[INFO] [stderr]    Compiling http v0.2.6
[INFO] [stderr]    Compiling indexmap v1.8.1
[INFO] [stderr]    Compiling openssl-sys v0.9.72
[INFO] [stderr]    Compiling tracing-core v0.1.26
[INFO] [stderr]    Compiling serde_json v1.0.79
[INFO] [stderr]    Compiling hashbrown v0.11.2
[INFO] [stderr]    Compiling unicode-normalization v0.1.19
[INFO] [stderr]    Compiling minimal-lexical v0.2.1
[INFO] [stderr]    Compiling scopeguard v1.1.0
[INFO] [stderr]    Compiling ryu v1.0.9
[INFO] [stderr]    Compiling mime v0.3.16
[INFO] [stderr]    Compiling encoding_index_tests v0.1.4
[INFO] [stderr]    Compiling block-buffer v0.10.2
[INFO] [stderr]    Compiling crypto-common v0.1.3
[INFO] [stderr]    Compiling futures-channel v0.3.21
[INFO] [stderr]    Compiling cache-padded v1.2.0
[INFO] [stderr]    Compiling parking_lot_core v0.8.5
[INFO] [stderr]    Compiling fastrand v1.7.0
[INFO] [stderr]    Compiling cpufeatures v0.2.2
[INFO] [stderr]    Compiling mio v0.8.2
[INFO] [stderr]    Compiling concurrent-queue v1.2.2
[INFO] [stderr]    Compiling digest v0.10.3
[INFO] [stderr]    Compiling rand_core v0.3.1
[INFO] [stderr]    Compiling unicase v2.6.0
[INFO] [stderr]    Compiling instant v0.1.12
[INFO] [stderr]    Compiling parking v2.0.0
[INFO] [stderr]    Compiling openssl v0.10.38
[INFO] [stderr]    Compiling cfg-if v0.1.10
[INFO] [stderr]    Compiling foreign-types-shared v0.1.1
[INFO] [stderr]    Compiling waker-fn v1.1.0
[INFO] [stderr]    Compiling crossbeam-utils v0.8.8
[INFO] [stderr]    Compiling idna v0.2.3
[INFO] [stderr]    Compiling tower-service v0.3.1
[INFO] [stderr]    Compiling crossbeam-queue v0.3.5
[INFO] [stderr]    Compiling either v1.6.1
[INFO] [stderr]    Compiling futures-lite v1.12.0
[INFO] [stderr]    Compiling tokio v1.17.0
[INFO] [stderr]    Compiling net2 v0.2.37
[INFO] [stderr]    Compiling itertools v0.10.3
[INFO] [stderr]    Compiling foreign-types v0.3.2
[INFO] [stderr]    Compiling rand_core v0.6.3
[INFO] [stderr]    Compiling iovec v0.1.4
[INFO] [stderr]    Compiling async-trait v0.1.53
[INFO] [stderr]    Compiling httpdate v1.0.2
[INFO] [stderr]    Compiling url v2.2.2
[INFO] [stderr]    Compiling httparse v1.7.0
[INFO] [stderr]    Compiling ppv-lite86 v0.2.16
[INFO] [stderr]    Compiling unicode_categories v0.1.1
[INFO] [stderr]    Compiling native-tls v0.2.10
[INFO] [stderr]    Compiling http-body v0.4.4
[INFO] [stderr]    Compiling parking_lot v0.11.2
[INFO] [stderr]    Compiling rand_chacha v0.3.1
[INFO] [stderr]    Compiling dirs-sys v0.3.7
[INFO] [stderr]    Compiling time v0.1.44
[INFO] [stderr]    Compiling rand_chacha v0.1.1
[INFO] [stderr]    Compiling rand_pcg v0.1.2
[INFO] [stderr]    Compiling crc-catalog v1.1.1
[INFO] [stderr]    Compiling async-task v4.2.0
[INFO] [stderr]    Compiling try-lock v0.2.3
[INFO] [stderr]    Compiling openssl-probe v0.1.5
[INFO] [stderr]    Compiling crc v2.1.0
[INFO] [stderr]    Compiling rand v0.8.5
[INFO] [stderr]    Compiling mime_guess v2.0.4
[INFO] [stderr]    Compiling dirs v4.0.0
[INFO] [stderr]    Compiling futures-intrusive v0.4.0
[INFO] [stderr]    Compiling stringprep v0.1.2
[INFO] [stderr]    Compiling hmac v0.12.1
[INFO] [stderr]    Compiling async-channel v1.6.1
[INFO] [stderr]    Compiling hashlink v0.7.0
[INFO] [stderr]    Compiling atoi v0.4.0
[INFO] [stderr]    Compiling nom v7.1.1
[INFO] [stderr]    Compiling rand v0.6.5
[INFO] [stderr]    Compiling whoami v1.2.1
[INFO] [stderr]    Compiling tower-layer v0.3.1
[INFO] [stderr]    Compiling parking_lot_core v0.9.2
[INFO] [stderr]    Compiling atomic-waker v1.0.0
[INFO] [stderr]    Compiling bytes v0.5.6
[INFO] [stderr]    Compiling paste v1.0.7
[INFO] [stderr]    Compiling version_check v0.1.5
[INFO] [stderr]    Compiling pin-project-lite v0.1.12
[INFO] [stderr]    Compiling hex v0.4.3
[INFO] [stderr]    Compiling blocking v1.2.0
[INFO] [stderr]    Compiling hkdf v0.12.3
[INFO] [stderr]    Compiling webpki v0.21.4
[INFO] [stderr]    Compiling sct v0.6.1
[INFO] [stderr]    Compiling email v0.0.20
[INFO] [stderr]    Compiling async-executor v1.4.1
[INFO] [stderr]    Compiling rustls v0.19.1
[INFO] [stderr]    Compiling webpki-roots v0.21.1
[INFO] [stderr]    Compiling sha2 v0.10.2
[INFO] [stderr]    Compiling sha-1 v0.10.0
[INFO] [stderr]    Compiling md-5 v0.10.1
[INFO] [stderr]    Compiling rand_isaac v0.1.1
[INFO] [stderr]    Compiling rand_hc v0.1.0
[INFO] [stderr]    Compiling rand_xorshift v0.1.1
[INFO] [stderr]    Compiling chrono v0.4.19
[INFO] [stderr]    Compiling encoding-index-tradchinese v1.20141219.5
[INFO] [stderr]    Compiling encoding-index-korean v1.20141219.5
[INFO] [stderr]    Compiling tokio-stream v0.1.8
[INFO] [stderr]    Compiling encoding-index-japanese v1.20141219.5
[INFO] [stderr]    Compiling encoding-index-simpchinese v1.20141219.5
[INFO] [stderr]    Compiling encoding-index-singlebyte v1.20141219.5
[INFO] [stderr]    Compiling inout v0.1.3
[INFO] [stderr]    Compiling rand_os v0.1.3
[INFO] [stderr]    Compiling aho-corasick v0.7.18
[INFO] [stderr]    Compiling async-mutex v1.4.0
[INFO] [stderr]    Compiling rand_jitter v0.1.4
[INFO] [stderr]    Compiling cookie v0.16.0
[INFO] [stderr]    Compiling sqlformat v0.1.8
[INFO] [stderr]    Compiling byteorder v1.4.3
[INFO] [stderr]    Compiling safemem v0.3.3
[INFO] [stderr]    Compiling num_threads v0.1.5
[INFO] [stderr]    Compiling regex-syntax v0.6.25
[INFO] [stderr]    Compiling unicode-segmentation v1.9.0
[INFO] [stderr]    Compiling encoding_rs v0.8.31
[INFO] [stderr]    Compiling uuid v0.8.2
[INFO] [stderr]    Compiling ascii_utils v0.9.3
[INFO] [stderr]    Compiling time-macros v0.2.4
[INFO] [stderr]    Compiling base64 v0.9.3
[INFO] [stderr]    Compiling fast_chemail v0.9.6
[INFO] [stderr]    Compiling heck v0.4.0
[INFO] [stderr]    Compiling encoding v0.2.33
[INFO] [stderr]    Compiling cipher v0.4.3
[INFO] [stderr]    Compiling rand v0.4.6
[INFO] [stderr]    Compiling tokio-rustls v0.22.0
[INFO] [stderr]    Compiling async-lock v2.5.0
[INFO] [stderr]    Compiling dotenv v0.15.0
[INFO] [stderr]    Compiling sha1_smol v1.0.0
[INFO] [stderr]    Compiling http-range-header v0.3.0
[INFO] [stderr]    Compiling sqlx-rt v0.5.13
[INFO] [stderr]    Compiling match_cfg v0.1.0
[INFO] [stderr]    Compiling uuid v0.7.4
[INFO] [stderr]    Compiling sha1 v0.6.1
[INFO] [stderr]    Compiling parking_lot v0.12.0
[INFO] [stderr]    Compiling hostname v0.3.1
[INFO] [stderr]    Compiling blowfish v0.9.1
[INFO] [stderr]    Compiling base64 v0.10.1
[INFO] [stderr]    Compiling atty v0.2.14
[INFO] [stderr]    Compiling email-encoding v0.1.0
[INFO] [stderr]    Compiling itoa v0.4.8
[INFO] [stderr]    Compiling quoted_printable v0.4.5
[INFO] [stderr]    Compiling ctor v0.1.22
[INFO] [stderr]    Compiling tokio-macros v1.7.0
[INFO] [stderr]    Compiling futures-macro v0.3.21
[INFO] [stderr]    Compiling tracing-attributes v0.1.20
[INFO] [stderr]    Compiling thiserror-impl v1.0.30
[INFO] [stderr]    Compiling pin-project-internal v1.0.10
[INFO] [stderr]    Compiling regex v1.5.5
[INFO] [stderr]    Compiling time v0.3.9
[INFO] [stderr]    Compiling humantime v2.1.0
[INFO] [stderr]    Compiling matchit v0.5.0
[INFO] [stderr]    Compiling ipnet v2.5.0
[INFO] [stderr]    Compiling dtoa v0.4.8
[INFO] [stderr]    Compiling sync_wrapper v0.1.1
[INFO] [stderr]    Compiling termcolor v1.1.3
[INFO] [stderr]    Compiling bcrypt v0.11.0
[INFO] [stderr]    Compiling easy_file_system v0.1.2
[INFO] [stderr]    Compiling mio v0.6.23
[INFO] [stderr]    Compiling want v0.3.0
[INFO] [stderr]    Compiling tracing v0.1.34
[INFO] [stderr]    Compiling polling v2.2.0
[INFO] [stderr]    Compiling pin-project v1.0.10
[INFO] [stderr]    Compiling thiserror v1.0.30
[INFO] [stderr]    Compiling kv-log-macro v1.0.7
[INFO] [stderr]    Compiling async-io v1.6.0
[INFO] [stderr]    Compiling lettre v0.9.6
[INFO] [stderr]    Compiling env_logger v0.9.0
[INFO] [stderr]    Compiling mio-uds v0.6.8
[INFO] [stderr]    Compiling tokio v0.2.25
[INFO] [stderr]    Compiling async-global-executor v2.0.4
[INFO] [stderr]    Compiling async-std v1.11.0
[INFO] [stderr]    Compiling axum-core v0.2.2
[INFO] [stderr]    Compiling lettre v0.10.0-rc.5
[INFO] [stderr]    Compiling combine v4.6.3
[INFO] [stderr]    Compiling tokio-util v0.3.1
[INFO] [stderr]    Compiling tower-cookies v0.6.0
[INFO] [stderr]    Compiling tokio-util v0.7.1
[INFO] [stderr]    Compiling tokio-native-tls v0.3.0
[INFO] [stderr]    Compiling h2 v0.3.13
[INFO] [stderr]    Compiling tower v0.4.12
[INFO] [stderr]    Compiling serde_urlencoded v0.7.1
[INFO] [stderr]    Compiling tower-http v0.2.5
[INFO] [stderr]    Compiling sqlx-core v0.5.13
[INFO] [stderr]    Compiling tinytemplate v1.2.1
[INFO] [stderr]    Compiling lettre_email v0.9.4
[INFO] [stderr]    Compiling hyper v0.14.18
[INFO] [stderr]    Compiling redis v0.17.0
[INFO] [stderr]    Compiling sqlx-macros v0.5.13
[INFO] [stderr]    Compiling hyper-tls v0.5.0
[INFO] [stderr]    Compiling axum v0.5.3
[INFO] [stderr]    Compiling reqwest v0.11.10
[INFO] [stderr]    Compiling sqlx v0.5.13
[INFO] [stderr]    Compiling rust-helping-network v0.1.0 (/opt/rustwide/workdir)
[INFO] [stdout] error: error communicating with database: Cannot assign requested address (os error 99)
[INFO] [stdout]   --> src/lib/database/actions.rs:11:17
[INFO] [stdout]    |
[INFO] [stdout] 11 |     let users = sqlx::query_as!(DBUser, "SELECT name, id, joined, email from users")
[INFO] [stdout]    |                 ^^^^^^^^^^^^^^^^^^^^^^^^^^^^^^^^^^^^^^^^^^^^^^^^^^^^^^^^^^^^^^^^^^^^
[INFO] [stdout]    |
[INFO] [stdout]    = note: this error originates in the macro `$crate::sqlx_macros::expand_query` which comes from the expansion of the macro `sqlx::query_as` (in Nightly builds, run with -Z macro-backtrace for more info)
[INFO] [stdout] 
[INFO] [stdout] 
[INFO] [stdout] error: error communicating with database: Cannot assign requested address (os error 99)
[INFO] [stdout]   --> src/lib/database/actions.rs:30:5
[INFO] [stdout]    |
[INFO] [stdout] 30 | /     sqlx::query!(
[INFO] [stdout] 31 | |         "INSERT INTO users (name, id, joined, password, email) VALUES ($1, $2, $3, $4, $5);",
[INFO] [stdout] 32 | |         user.name,
[INFO] [stdout] 33 | |         user.id.reveal(),
[INFO] [stdout] ...  |
[INFO] [stdout] 36 | |         user.email.reveal()
[INFO] [stdout] 37 | |     )
[INFO] [stdout]    | |_____^
[INFO] [stdout]    |
[INFO] [stdout]    = note: this error originates in the macro `$crate::sqlx_macros::expand_query` which comes from the expansion of the macro `sqlx::query` (in Nightly builds, run with -Z macro-backtrace for more info)
[INFO] [stdout] 
[INFO] [stdout] 
[INFO] [stdout] error: error communicating with database: Cannot assign requested address (os error 99)
[INFO] [stdout]   --> src/lib/database/actions.rs:40:16
[INFO] [stdout]    |
[INFO] [stdout] 40 |       let user = sqlx::query_as!(
[INFO] [stdout]    |  ________________^
[INFO] [stdout] 41 | |         DBUser,
[INFO] [stdout] 42 | |         "SELECT name, joined, id, email from users where id = $1",
[INFO] [stdout] 43 | |         user.id.reveal()
[INFO] [stdout] 44 | |     )
[INFO] [stdout]    | |_____^
[INFO] [stdout]    |
[INFO] [stdout]    = note: this error originates in the macro `$crate::sqlx_macros::expand_query` which comes from the expansion of the macro `sqlx::query_as` (in Nightly builds, run with -Z macro-backtrace for more info)
[INFO] [stdout] 
[INFO] [stdout] 
[INFO] [stdout] error: error communicating with database: Cannot assign requested address (os error 99)
[INFO] [stdout]   --> src/lib/database/actions.rs:56:5
[INFO] [stdout]    |
[INFO] [stdout] 56 | /     sqlx::query!(
[INFO] [stdout] 57 | |         "INSERT INTO questions (title, question, id, by, asked_on) VALUES ($1, $2, $3, $4, $5)",
[INFO] [stdout] 58 | |         question.title.clone(),
[INFO] [stdout] 59 | |         question.question,
[INFO] [stdout] ...  |
[INFO] [stdout] 62 | |         question.asked_on.naive_utc(),
[INFO] [stdout] 63 | |     )
[INFO] [stdout]    | |_____^
[INFO] [stdout]    |
[INFO] [stdout]    = note: this error originates in the macro `$crate::sqlx_macros::expand_query` which comes from the expansion of the macro `sqlx::query` (in Nightly builds, run with -Z macro-backtrace for more info)
[INFO] [stdout] 
[INFO] [stdout] 
[INFO] [stdout] error: error communicating with database: Cannot assign requested address (os error 99)
[INFO] [stdout]   --> src/lib/database/actions.rs:74:18
[INFO] [stdout]    |
[INFO] [stdout] 74 |       let record = sqlx::query_as!(
[INFO] [stdout]    |  __________________^
[INFO] [stdout] 75 | |         crate::database::DBQuestion,
[INFO] [stdout] 76 | |         "SELECT * FROM questions WHERE by = $1",
[INFO] [stdout] 77 | |         user_id.reveal()
[INFO] [stdout] 78 | |     )
[INFO] [stdout]    | |_____^
[INFO] [stdout]    |
[INFO] [stdout]    = note: this error originates in the macro `$crate::sqlx_macros::expand_query` which comes from the expansion of the macro `sqlx::query_as` (in Nightly builds, run with -Z macro-backtrace for more info)
[INFO] [stdout] 
[INFO] [stdout] 
[INFO] [stdout] error: error communicating with database: Cannot assign requested address (os error 99)
[INFO] [stdout]   --> src/lib/database/actions.rs:84:23
[INFO] [stdout]    |
[INFO] [stdout] 84 |           let answers = sqlx::query_as!(
[INFO] [stdout]    |  _______________________^
[INFO] [stdout] 85 | |             DBAnswer,
[INFO] [stdout] 86 | |             "SELECT * FROM answers where for_question = $1",
[INFO] [stdout] 87 | |             question.id
[INFO] [stdout] 88 | |         )
[INFO] [stdout]    | |_________^
[INFO] [stdout]    |
[INFO] [stdout]    = note: this error originates in the macro `$crate::sqlx_macros::expand_query` which comes from the expansion of the macro `sqlx::query_as` (in Nightly builds, run with -Z macro-backtrace for more info)
[INFO] [stdout] 
[INFO] [stdout] 
[INFO] [stdout] error: error communicating with database: Cannot assign requested address (os error 99)
[INFO] [stdout]    --> src/lib/database/actions.rs:109:16
[INFO] [stdout]     |
[INFO] [stdout] 109 |       let user = sqlx::query_as!(
[INFO] [stdout]     |  ________________^
[INFO] [stdout] 110 | |         DBUser,
[INFO] [stdout] 111 | |         "SELECT name, joined, id, email from users where id = $1;",
[INFO] [stdout] 112 | |         user.reveal()
[INFO] [stdout] 113 | |     )
[INFO] [stdout]     | |_____^
[INFO] [stdout]     |
[INFO] [stdout]     = note: this error originates in the macro `$crate::sqlx_macros::expand_query` which comes from the expansion of the macro `sqlx::query_as` (in Nightly builds, run with -Z macro-backtrace for more info)
[INFO] [stdout] 
[INFO] [stdout] 
[INFO] [stdout] error: error communicating with database: Cannot assign requested address (os error 99)
[INFO] [stdout]    --> src/lib/database/actions.rs:136:16
[INFO] [stdout]     |
[INFO] [stdout] 136 |       let user = sqlx::query_as!(
[INFO] [stdout]     |  ________________^
[INFO] [stdout] 137 | |         DBUser,
[INFO] [stdout] 138 | |         "SELECT name, joined, id, email from users where email = $1;",
[INFO] [stdout] 139 | |         user
[INFO] [stdout] 140 | |     )
[INFO] [stdout]     | |_____^
[INFO] [stdout]     |
[INFO] [stdout]     = note: this error originates in the macro `$crate::sqlx_macros::expand_query` which comes from the expansion of the macro `sqlx::query_as` (in Nightly builds, run with -Z macro-backtrace for more info)
[INFO] [stdout] 
[INFO] [stdout] 
[INFO] [stdout] error: error communicating with database: Cannot assign requested address (os error 99)
[INFO] [stdout]    --> src/lib/database/actions.rs:159:18
[INFO] [stdout]     |
[INFO] [stdout] 159 |       let answer = sqlx::query_as!(
[INFO] [stdout]     |  __________________^
[INFO] [stdout] 160 | |         DBAnswer,
[INFO] [stdout] 161 | |         "SELECT * FROM answers where for_question = $1",
[INFO] [stdout] 162 | |         question_id.reveal()
[INFO] [stdout] 163 | |     )
[INFO] [stdout]     | |_____^
[INFO] [stdout]     |
[INFO] [stdout]     = note: this error originates in the macro `$crate::sqlx_macros::expand_query` which comes from the expansion of the macro `sqlx::query_as` (in Nightly builds, run with -Z macro-backtrace for more info)
[INFO] [stdout] 
[INFO] [stdout] 
[INFO] [stdout] error: error communicating with database: Cannot assign requested address (os error 99)
[INFO] [stdout]    --> src/lib/database/actions.rs:181:5
[INFO] [stdout]     |
[INFO] [stdout] 181 | /     sqlx::query!(
[INFO] [stdout] 182 | |         "
[INFO] [stdout] 183 | |     INSERT INTO answers(answer, id, for_question, by, answered_on) VALUES ($1, $2, $3, $4, $5);
[INFO] [stdout] 184 | |     ",
[INFO] [stdout] ...   |
[INFO] [stdout] 189 | |         answer.answered_on.naive_utc()
[INFO] [stdout] 190 | |     )
[INFO] [stdout]     | |_____^
[INFO] [stdout]     |
[INFO] [stdout]     = note: this error originates in the macro `$crate::sqlx_macros::expand_query` which comes from the expansion of the macro `sqlx::query` (in Nightly builds, run with -Z macro-backtrace for more info)
[INFO] [stdout] 
[INFO] [stdout] 
[INFO] [stdout] error: error communicating with database: Cannot assign requested address (os error 99)
[INFO] [stdout]    --> src/lib/database/actions.rs:202:25
[INFO] [stdout]     |
[INFO] [stdout] 202 |     let password_hash = sqlx::query!("SELECT password from users where email = $1", email)
[INFO] [stdout]     |                         ^^^^^^^^^^^^^^^^^^^^^^^^^^^^^^^^^^^^^^^^^^^^^^^^^^^^^^^^^^^^^^^^^^
[INFO] [stdout]     |
[INFO] [stdout]     = note: this error originates in the macro `$crate::sqlx_macros::expand_query` which comes from the expansion of the macro `sqlx::query` (in Nightly builds, run with -Z macro-backtrace for more info)
[INFO] [stdout] 
[INFO] [stdout] 
[INFO] [stdout] error: error communicating with database: Cannot assign requested address (os error 99)
[INFO] [stdout]    --> src/lib/database/actions.rs:214:19
[INFO] [stdout]     |
[INFO] [stdout] 214 |       let answers = sqlx::query_as!(
[INFO] [stdout]     |  ___________________^
[INFO] [stdout] 215 | |         DBAnswer,
[INFO] [stdout] 216 | |         "SELECT * from answers where by = $1",
[INFO] [stdout] 217 | |         user.reveal()
[INFO] [stdout] 218 | |     )
[INFO] [stdout]     | |_____^
[INFO] [stdout]     |
[INFO] [stdout]     = note: this error originates in the macro `$crate::sqlx_macros::expand_query` which comes from the expansion of the macro `sqlx::query_as` (in Nightly builds, run with -Z macro-backtrace for more info)
[INFO] [stdout] 
[INFO] [stdout] 
[INFO] [stdout] error: error communicating with database: Cannot assign requested address (os error 99)
[INFO] [stdout]    --> src/lib/database/actions.rs:232:16
[INFO] [stdout]     |
[INFO] [stdout] 232 |     let name = sqlx::query!("SELECT name FROM users where id = $1", user.reveal())
[INFO] [stdout]     |                ^^^^^^^^^^^^^^^^^^^^^^^^^^^^^^^^^^^^^^^^^^^^^^^^^^^^^^^^^^^^^^^^^^^
[INFO] [stdout]     |
[INFO] [stdout]     = note: this error originates in the macro `$crate::sqlx_macros::expand_query` which comes from the expansion of the macro `sqlx::query` (in Nightly builds, run with -Z macro-backtrace for more info)
[INFO] [stdout] 
[INFO] [stdout] 
[INFO] [stdout] error: error communicating with database: Cannot assign requested address (os error 99)
[INFO] [stdout]    --> src/lib/database/actions.rs:243:19
[INFO] [stdout]     |
[INFO] [stdout] 243 |       let answers = sqlx::query_as!(
[INFO] [stdout]     |  ___________________^
[INFO] [stdout] 244 | |         DBAnswer,
[INFO] [stdout] 245 | |         "SELECT * FROM answers where for_question = $1",
[INFO] [stdout] 246 | |         question_id.reveal()
[INFO] [stdout] 247 | |     )
[INFO] [stdout]     | |_____^
[INFO] [stdout]     |
[INFO] [stdout]     = note: this error originates in the macro `$crate::sqlx_macros::expand_query` which comes from the expansion of the macro `sqlx::query_as` (in Nightly builds, run with -Z macro-backtrace for more info)
[INFO] [stdout] 
[INFO] [stdout] 
[INFO] [stdout] error: error communicating with database: Cannot assign requested address (os error 99)
[INFO] [stdout]    --> src/lib/database/actions.rs:254:20
[INFO] [stdout]     |
[INFO] [stdout] 254 |         let name = sqlx::query!("SELECT name from users where id = $1", answer.by)
[INFO] [stdout]     |                    ^^^^^^^^^^^^^^^^^^^^^^^^^^^^^^^^^^^^^^^^^^^^^^^^^^^^^^^^^^^^^^^
[INFO] [stdout]     |
[INFO] [stdout]     = note: this error originates in the macro `$crate::sqlx_macros::expand_query` which comes from the expansion of the macro `sqlx::query` (in Nightly builds, run with -Z macro-backtrace for more info)
[INFO] [stdout] 
[INFO] [stdout] 
[INFO] [stdout] error: error communicating with database: Cannot assign requested address (os error 99)
[INFO] [stdout]    --> src/lib/database/actions.rs:269:21
[INFO] [stdout]     |
[INFO] [stdout] 269 |     let questions = sqlx::query_as!(crate::database::DBQuestion, "SELECT * FROM questions")
[INFO] [stdout]     |                     ^^^^^^^^^^^^^^^^^^^^^^^^^^^^^^^^^^^^^^^^^^^^^^^^^^^^^^^^^^^^^^^^^^^^^^^
[INFO] [stdout]     |
[INFO] [stdout]     = note: this error originates in the macro `$crate::sqlx_macros::expand_query` which comes from the expansion of the macro `sqlx::query_as` (in Nightly builds, run with -Z macro-backtrace for more info)
[INFO] [stdout] 
[INFO] [stdout] 
[INFO] [stdout] error: error communicating with database: Cannot assign requested address (os error 99)
[INFO] [stdout]    --> src/lib/database/actions.rs:279:20
[INFO] [stdout]     |
[INFO] [stdout] 279 |           let name = sqlx::query_as!(
[INFO] [stdout]     |  ____________________^
[INFO] [stdout] 280 | |             Name,
[INFO] [stdout] 281 | |             "SELECT name from users where id = $1",
[INFO] [stdout] 282 | |             question.by.reveal()
[INFO] [stdout] 283 | |         )
[INFO] [stdout]     | |_________^
[INFO] [stdout]     |
[INFO] [stdout]     = note: this error originates in the macro `$crate::sqlx_macros::expand_query` which comes from the expansion of the macro `sqlx::query_as` (in Nightly builds, run with -Z macro-backtrace for more info)
[INFO] [stdout] 
[INFO] [stdout] 
[INFO] [stdout] error: error communicating with database: Cannot assign requested address (os error 99)
[INFO] [stdout]    --> src/lib/database/actions.rs:297:20
[INFO] [stdout]     |
[INFO] [stdout] 297 |       let question = sqlx::query_as!(
[INFO] [stdout]     |  ____________________^
[INFO] [stdout] 298 | |         crate::database::DBQuestion,
[INFO] [stdout] 299 | |         "SELECT * from questions where id = $1",
[INFO] [stdout] 300 | |         question_id.reveal()
[INFO] [stdout] 301 | |     )
[INFO] [stdout]     | |_____^
[INFO] [stdout]     |
[INFO] [stdout]     = note: this error originates in the macro `$crate::sqlx_macros::expand_query` which comes from the expansion of the macro `sqlx::query_as` (in Nightly builds, run with -Z macro-backtrace for more info)
[INFO] [stdout] 
[INFO] [stdout] 
[INFO] [stdout] error: error communicating with database: Cannot assign requested address (os error 99)
[INFO] [stdout]    --> src/lib/database/actions.rs:308:16
[INFO] [stdout]     |
[INFO] [stdout] 308 |       let name = sqlx::query_as!(
[INFO] [stdout]     |  ________________^
[INFO] [stdout] 309 | |         Name,
[INFO] [stdout] 310 | |         "SELECT name from users where id = $1",
[INFO] [stdout] 311 | |         question.by.reveal()
[INFO] [stdout] 312 | |     )
[INFO] [stdout]     | |_____^
[INFO] [stdout]     |
[INFO] [stdout]     = note: this error originates in the macro `$crate::sqlx_macros::expand_query` which comes from the expansion of the macro `sqlx::query_as` (in Nightly builds, run with -Z macro-backtrace for more info)
[INFO] [stdout] 
[INFO] [stdout] 
[INFO] [stdout] error: error communicating with database: Cannot assign requested address (os error 99)
[INFO] [stdout]    --> src/lib/database/actions.rs:318:19
[INFO] [stdout]     |
[INFO] [stdout] 318 |       let answers = sqlx::query_as!(
[INFO] [stdout]     |  ___________________^
[INFO] [stdout] 319 | |         DBAnswer,
[INFO] [stdout] 320 | |         "SELECT * from answers where for_question = $1",
[INFO] [stdout] 321 | |         question.id.reveal()
[INFO] [stdout] 322 | |     )
[INFO] [stdout]     | |_____^
[INFO] [stdout]     |
[INFO] [stdout]     = note: this error originates in the macro `$crate::sqlx_macros::expand_query` which comes from the expansion of the macro `sqlx::query_as` (in Nightly builds, run with -Z macro-backtrace for more info)
[INFO] [stdout] 
[INFO] [stdout] 
[INFO] [stdout] error: error communicating with database: Cannot assign requested address (os error 99)
[INFO] [stdout]    --> src/lib/database/actions.rs:340:15
[INFO] [stdout]     |
[INFO] [stdout] 340 |     let _id = sqlx::query!("SELECT id from users where id = $1", user.reveal())
[INFO] [stdout]     |               ^^^^^^^^^^^^^^^^^^^^^^^^^^^^^^^^^^^^^^^^^^^^^^^^^^^^^^^^^^^^^^^^^
[INFO] [stdout]     |
[INFO] [stdout]     = note: this error originates in the macro `$crate::sqlx_macros::expand_query` which comes from the expansion of the macro `sqlx::query` (in Nightly builds, run with -Z macro-backtrace for more info)
[INFO] [stdout] 
[INFO] [stdout] 
[INFO] [stdout] warning: unused imports: `DBAnswer`, `DBUser`, `Name`
[INFO] [stdout]  --> src/lib/database/actions.rs:1:23
[INFO] [stdout]   |
[INFO] [stdout] 1 | use crate::database::{DBAnswer, DBUser, Name};
[INFO] [stdout]   |                       ^^^^^^^^  ^^^^^^  ^^^^
[INFO] [stdout]   |
[INFO] [stdout]   = note: `#[warn(unused_imports)]` on by default
[INFO] [stdout] 
[INFO] [stdout] 
[INFO] [stdout] warning: unused import: `Reveal`
[INFO] [stdout]  --> src/lib/database/actions.rs:2:29
[INFO] [stdout]   |
[INFO] [stdout] 2 | use crate::http::{Password, Reveal};
[INFO] [stdout]   |                             ^^^^^^
[INFO] [stdout] 
[INFO] [stdout] 
[INFO] [stdout] error: aborting due to 21 previous errors; 2 warnings emitted
[INFO] [stdout] 
[INFO] [stdout] 
[INFO] [stderr] error: could not compile `rust-helping-network` (lib) due to 22 previous errors; 2 warnings emitted
[INFO] running `Command { std: "docker" "inspect" "0e8a896cd1d8d65f24100c87bd4948f38afab500ea36b4fe12ec2d2a8321662d", kill_on_drop: false }`
[INFO] running `Command { std: "docker" "rm" "-f" "0e8a896cd1d8d65f24100c87bd4948f38afab500ea36b4fe12ec2d2a8321662d", kill_on_drop: false }`
[INFO] [stdout] 0e8a896cd1d8d65f24100c87bd4948f38afab500ea36b4fe12ec2d2a8321662d
