[INFO] cloning repository https://github.com/Noah2610/sandpiles-yew
[INFO] running `Command { std: "git" "-c" "credential.helper=" "-c" "credential.helper=/workspace/cargo-home/bin/git-credential-null" "clone" "--bare" "https://github.com/Noah2610/sandpiles-yew" "/workspace/cache/git-repos/https%3A%2F%2Fgithub.com%2FNoah2610%2Fsandpiles-yew", kill_on_drop: false }`
[INFO] [stderr] Cloning into bare repository '/workspace/cache/git-repos/https%3A%2F%2Fgithub.com%2FNoah2610%2Fsandpiles-yew'...
[INFO] running `Command { std: "git" "rev-parse" "HEAD", kill_on_drop: false }`
[INFO] [stdout] a5ac51742f83f195a53f72cf968d94f08ecbf400
[INFO] testing Noah2610/sandpiles-yew against beta-2023-04-20 for beta-1.70-1
[INFO] running `Command { std: "git" "clone" "/workspace/cache/git-repos/https%3A%2F%2Fgithub.com%2FNoah2610%2Fsandpiles-yew" "/workspace/builds/worker-1-tc2/source", kill_on_drop: false }`
[INFO] [stderr] Cloning into '/workspace/builds/worker-1-tc2/source'...
[INFO] [stderr] done.
[INFO] validating manifest of git repo https://github.com/Noah2610/sandpiles-yew on toolchain beta-2023-04-20
[INFO] running `Command { std: CARGO_HOME="/workspace/cargo-home" RUSTUP_HOME="/workspace/rustup-home" "/workspace/cargo-home/bin/cargo" "+beta-2023-04-20" "metadata" "--manifest-path" "Cargo.toml" "--no-deps", kill_on_drop: false }`
[INFO] started tweaking git repo https://github.com/Noah2610/sandpiles-yew
[INFO] finished tweaking git repo https://github.com/Noah2610/sandpiles-yew
[INFO] tweaked toml for git repo https://github.com/Noah2610/sandpiles-yew written to /workspace/builds/worker-1-tc2/source/Cargo.toml
[INFO] crate git repo https://github.com/Noah2610/sandpiles-yew already has a lockfile, it will not be regenerated
[INFO] running `Command { std: CARGO_HOME="/workspace/cargo-home" RUSTUP_HOME="/workspace/rustup-home" "/workspace/cargo-home/bin/cargo" "+beta-2023-04-20" "fetch" "--manifest-path" "Cargo.toml", kill_on_drop: false }`
[INFO] [stderr] warning: skipping duplicate package `todomvc` found at `/workspace/cargo-home/git/checkouts/yew-ddbc368052bd195e/98ed332/examples/todomvc`
[INFO] [stderr] warning: skipping duplicate package `js_callback` found at `/workspace/cargo-home/git/checkouts/yew-ddbc368052bd195e/98ed332/examples/js_callback`
[INFO] [stderr] warning: skipping duplicate package `mount_point` found at `/workspace/cargo-home/git/checkouts/yew-ddbc368052bd195e/98ed332/examples/mount_point`
[INFO] [stderr] warning: skipping duplicate package `node_refs` found at `/workspace/cargo-home/git/checkouts/yew-ddbc368052bd195e/98ed332/examples/node_refs`
[INFO] [stderr] warning: skipping duplicate package `file_upload` found at `/workspace/cargo-home/git/checkouts/yew-ddbc368052bd195e/98ed332/examples/file_upload`
[INFO] [stderr] warning: skipping duplicate package `two_apps` found at `/workspace/cargo-home/git/checkouts/yew-ddbc368052bd195e/98ed332/examples/two_apps`
[INFO] [stderr] warning: skipping duplicate package `counter` found at `/workspace/cargo-home/git/checkouts/yew-ddbc368052bd195e/98ed332/examples/counter`
[INFO] [stderr] warning: skipping duplicate package `npm_and_rest` found at `/workspace/cargo-home/git/checkouts/yew-ddbc368052bd195e/98ed332/examples/npm_and_rest`
[INFO] [stderr] warning: skipping duplicate package `multi_thread` found at `/workspace/cargo-home/git/checkouts/yew-ddbc368052bd195e/98ed332/examples/multi_thread`
[INFO] [stderr] warning: skipping duplicate package `inner_html` found at `/workspace/cargo-home/git/checkouts/yew-ddbc368052bd195e/98ed332/examples/inner_html`
[INFO] [stderr] warning: skipping duplicate package `webgl` found at `/workspace/cargo-home/git/checkouts/yew-ddbc368052bd195e/98ed332/examples/webgl`
[INFO] [stderr]     Updating crates.io index
[INFO] [stderr]  Downloading crates ...
[INFO] [stderr]   Downloaded human-panic v1.0.3
[INFO] [stderr]   Downloaded binary-install v0.0.2
[INFO] [stderr]   Downloaded podio v0.1.7
[INFO] [stderr]   Downloaded curl v0.4.31
[INFO] [stderr]   Downloaded os_type v2.2.0
[INFO] [stderr]   Downloaded gloo v0.2.1
[INFO] [stderr]   Downloaded is_executable v0.1.2
[INFO] [stderr]   Downloaded wasm-bindgen-futures v0.4.17
[INFO] [stderr]   Downloaded tar v0.4.29
[INFO] [stderr]   Downloaded bzip2-sys v0.1.9+1.0.8
[INFO] [stderr]   Downloaded cargo_metadata v0.8.2
[INFO] [stderr]   Downloaded wasm-pack v0.9.1
[INFO] [stderr]   Downloaded curl-sys v0.4.34+curl-7.71.1
[INFO] [stderr]   Downloaded cfg-match v0.2.1
[INFO] [stderr]   Downloaded gloo-console-timer v0.1.0
[INFO] [stderr]   Downloaded zip v0.5.6
[INFO] [stderr]   Downloaded dialoguer v0.3.0
[INFO] running `Command { std: "docker" "create" "-v" "/var/lib/crater-agent-workspace/builds/worker-1-tc2/target:/opt/rustwide/target:rw,Z" "-v" "/var/lib/crater-agent-workspace/builds/worker-1-tc2/source:/opt/rustwide/workdir:ro,Z" "-v" "/var/lib/crater-agent-workspace/cargo-home:/opt/rustwide/cargo-home:ro,Z" "-v" "/var/lib/crater-agent-workspace/rustup-home:/opt/rustwide/rustup-home:ro,Z" "-e" "SOURCE_DIR=/opt/rustwide/workdir" "-e" "CARGO_TARGET_DIR=/opt/rustwide/target" "-e" "CARGO_HOME=/opt/rustwide/cargo-home" "-e" "RUSTUP_HOME=/opt/rustwide/rustup-home" "-w" "/opt/rustwide/workdir" "-m" "1610612736" "--user" "0:0" "--network" "none" "ghcr.io/rust-lang/crates-build-env/linux@sha256:5ff2268d62e97bff2cde7d5815dd6ed5b47097566f13b8d0ca110b04b60e07ed" "/opt/rustwide/cargo-home/bin/cargo" "+beta-2023-04-20" "metadata" "--no-deps" "--format-version=1", kill_on_drop: false }`
[INFO] [stdout] 80211b4b2d464c20d50491059db1a25d3fa7a3f6e8f6c402b68a146ecddc40f4
[INFO] running `Command { std: "docker" "start" "-a" "80211b4b2d464c20d50491059db1a25d3fa7a3f6e8f6c402b68a146ecddc40f4", kill_on_drop: false }`
[INFO] running `Command { std: "docker" "inspect" "80211b4b2d464c20d50491059db1a25d3fa7a3f6e8f6c402b68a146ecddc40f4", kill_on_drop: false }`
[INFO] running `Command { std: "docker" "rm" "-f" "80211b4b2d464c20d50491059db1a25d3fa7a3f6e8f6c402b68a146ecddc40f4", kill_on_drop: false }`
[INFO] [stdout] 80211b4b2d464c20d50491059db1a25d3fa7a3f6e8f6c402b68a146ecddc40f4
[INFO] running `Command { std: "docker" "create" "-v" "/var/lib/crater-agent-workspace/builds/worker-1-tc2/target:/opt/rustwide/target:rw,Z" "-v" "/var/lib/crater-agent-workspace/builds/worker-1-tc2/source:/opt/rustwide/workdir:ro,Z" "-v" "/var/lib/crater-agent-workspace/cargo-home:/opt/rustwide/cargo-home:ro,Z" "-v" "/var/lib/crater-agent-workspace/rustup-home:/opt/rustwide/rustup-home:ro,Z" "-e" "SOURCE_DIR=/opt/rustwide/workdir" "-e" "CARGO_TARGET_DIR=/opt/rustwide/target" "-e" "CARGO_INCREMENTAL=0" "-e" "RUST_BACKTRACE=full" "-e" "RUSTFLAGS=--cap-lints=warn" "-e" "RUSTDOCFLAGS=--cap-lints=warn" "-e" "CARGO_HOME=/opt/rustwide/cargo-home" "-e" "RUSTUP_HOME=/opt/rustwide/rustup-home" "-w" "/opt/rustwide/workdir" "-m" "1610612736" "--user" "0:0" "--network" "none" "ghcr.io/rust-lang/crates-build-env/linux@sha256:5ff2268d62e97bff2cde7d5815dd6ed5b47097566f13b8d0ca110b04b60e07ed" "/opt/rustwide/cargo-home/bin/cargo" "+beta-2023-04-20" "build" "--frozen" "--message-format=json", kill_on_drop: false }`
[INFO] [stdout] 6c16462bb6c5bacb498fcb3c47a9f5a85106601f927346df7b31961b1d97a755
[INFO] running `Command { std: "docker" "start" "-a" "6c16462bb6c5bacb498fcb3c47a9f5a85106601f927346df7b31961b1d97a755", kill_on_drop: false }`
[INFO] [stderr] warning: skipping duplicate package `todomvc` found at `/opt/rustwide/cargo-home/git/checkouts/yew-ddbc368052bd195e/98ed332/examples/todomvc`
[INFO] [stderr] warning: skipping duplicate package `js_callback` found at `/opt/rustwide/cargo-home/git/checkouts/yew-ddbc368052bd195e/98ed332/examples/js_callback`
[INFO] [stderr] warning: skipping duplicate package `mount_point` found at `/opt/rustwide/cargo-home/git/checkouts/yew-ddbc368052bd195e/98ed332/examples/mount_point`
[INFO] [stderr] warning: skipping duplicate package `node_refs` found at `/opt/rustwide/cargo-home/git/checkouts/yew-ddbc368052bd195e/98ed332/examples/node_refs`
[INFO] [stderr] warning: skipping duplicate package `file_upload` found at `/opt/rustwide/cargo-home/git/checkouts/yew-ddbc368052bd195e/98ed332/examples/file_upload`
[INFO] [stderr] warning: skipping duplicate package `two_apps` found at `/opt/rustwide/cargo-home/git/checkouts/yew-ddbc368052bd195e/98ed332/examples/two_apps`
[INFO] [stderr] warning: skipping duplicate package `counter` found at `/opt/rustwide/cargo-home/git/checkouts/yew-ddbc368052bd195e/98ed332/examples/counter`
[INFO] [stderr] warning: skipping duplicate package `npm_and_rest` found at `/opt/rustwide/cargo-home/git/checkouts/yew-ddbc368052bd195e/98ed332/examples/npm_and_rest`
[INFO] [stderr] warning: skipping duplicate package `multi_thread` found at `/opt/rustwide/cargo-home/git/checkouts/yew-ddbc368052bd195e/98ed332/examples/multi_thread`
[INFO] [stderr] warning: skipping duplicate package `inner_html` found at `/opt/rustwide/cargo-home/git/checkouts/yew-ddbc368052bd195e/98ed332/examples/inner_html`
[INFO] [stderr] warning: skipping duplicate package `webgl` found at `/opt/rustwide/cargo-home/git/checkouts/yew-ddbc368052bd195e/98ed332/examples/webgl`
[INFO] [stderr]    Compiling syn v1.0.38
[INFO] [stderr]    Compiling log v0.4.11
[INFO] [stderr]    Compiling wasm-bindgen-shared v0.2.67
[INFO] [stderr]    Compiling lazy_static v1.4.0
[INFO] [stderr]    Compiling bumpalo v3.4.0
[INFO] [stderr]    Compiling wasm-bindgen v0.2.67
[INFO] [stderr]    Compiling pin-project-internal v0.4.23
[INFO] [stderr]    Compiling memchr v2.3.3
[INFO] [stderr]    Compiling proc-macro-hack v0.5.18
[INFO] [stderr]    Compiling serde_derive v1.0.115
[INFO] [stderr]    Compiling proc-macro-nested v0.1.6
[INFO] [stderr]    Compiling futures-sink v0.3.5
[INFO] [stderr]    Compiling serde v1.0.115
[INFO] [stderr]    Compiling once_cell v1.4.0
[INFO] [stderr]    Compiling futures-core v0.3.5
[INFO] [stderr]    Compiling futures-task v0.3.5
[INFO] [stderr]    Compiling hashbrown v0.8.2
[INFO] [stderr]    Compiling futures-channel v0.3.5
[INFO] [stderr]    Compiling futures-io v0.3.5
[INFO] [stderr]    Compiling slab v0.4.2
[INFO] [stderr]    Compiling ryu v1.0.5
[INFO] [stderr]    Compiling byteorder v1.3.4
[INFO] [stderr]    Compiling indexmap v1.5.1
[INFO] [stderr]    Compiling serde_json v1.0.57
[INFO] [stderr]    Compiling anyhow v1.0.32
[INFO] [stderr]    Compiling itoa v0.4.6
[INFO] [stderr]    Compiling yew v0.17.2 (https://github.com/Noah2610/yew?branch=custom#98ed3326)
[INFO] [stderr]    Compiling bytes v0.5.6
[INFO] [stderr]    Compiling boolinator v2.4.0
[INFO] [stderr]    Compiling cfg-match v0.2.1
[INFO] [stderr]    Compiling anymap v0.12.1
[INFO] [stderr]    Compiling http v0.2.1
[INFO] [stderr]    Compiling wasm-bindgen-backend v0.2.67
[INFO] [stderr]    Compiling wasm-bindgen-macro-support v0.2.67
[INFO] [stderr]    Compiling futures-macro v0.3.5
[INFO] [stderr]    Compiling thiserror-impl v1.0.20
[INFO] [stderr]    Compiling yew-macro v0.17.0 (https://github.com/Noah2610/yew?branch=custom#98ed3326)
[INFO] [stderr]    Compiling wasm-bindgen-macro v0.2.67
[INFO] [stderr]    Compiling thiserror v1.0.20
[INFO] [stderr]    Compiling pin-project v0.4.23
[INFO] [stderr]    Compiling futures-util v0.3.5
[INFO] [stderr]    Compiling js-sys v0.3.44
[INFO] [stderr]    Compiling console_error_panic_hook v0.1.6
[INFO] [stderr]    Compiling web-sys v0.3.44
[INFO] [stderr]    Compiling wasm-bindgen-futures v0.4.17
[INFO] [stderr]    Compiling futures-executor v0.3.5
[INFO] [stderr]    Compiling futures v0.3.5
[INFO] [stderr]    Compiling bincode v1.3.1
[INFO] [stderr]    Compiling gloo-events v0.1.1
[INFO] [stderr]    Compiling gloo-timers v0.2.1
[INFO] [stderr]    Compiling gloo-console-timer v0.1.0
[INFO] [stderr]    Compiling gloo-file v0.1.0
[INFO] [stderr]    Compiling gloo v0.2.1
[INFO] [stderr]    Compiling hello-yew-v0_17 v0.0.0 (/opt/rustwide/workdir)
[INFO] [stdout] warning: unused imports: `TryFrom`, `TryInto`
[INFO] [stdout]  --> src/components/sandpiles/mod.rs:6:20
[INFO] [stdout]   |
[INFO] [stdout] 6 | use std::convert::{TryFrom, TryInto};
[INFO] [stdout]   |                    ^^^^^^^  ^^^^^^^
[INFO] [stdout]   |
[INFO] [stdout]   = note: `#[warn(unused_imports)]` on by default
[INFO] [stdout] 
[INFO] [stdout] 
[INFO] [stdout] warning: unused import: `JsValue`
[INFO] [stdout]  --> src/components/sandpiles/mod.rs:8:28
[INFO] [stdout]   |
[INFO] [stdout] 8 | use wasm_bindgen::{JsCast, JsValue};
[INFO] [stdout]   |                            ^^^^^^^
[INFO] [stdout] 
[INFO] [stdout] 
[INFO] [stdout] warning: unused import: `console`
[INFO] [stdout]   --> src/components/sandpiles/mod.rs:11:20
[INFO] [stdout]    |
[INFO] [stdout] 11 | use yew::web_sys::{console, CanvasRenderingContext2d, HtmlCanvasElement};
[INFO] [stdout]    |                    ^^^^^^^
[INFO] [stdout] 
[INFO] [stdout] 
[INFO] [stdout] warning: fields `link`, `canvas_ref`, `tick_job`, and `render_job` are never read
[INFO] [stdout]   --> src/components/sandpiles/mod.rs:15:5
[INFO] [stdout]    |
[INFO] [stdout] 13 | pub struct Sandpiles {
[INFO] [stdout]    |            --------- fields in this struct
[INFO] [stdout] 14 |     props:      Props,
[INFO] [stdout] 15 |     link:       ComponentLink<Self>,
[INFO] [stdout]    |     ^^^^
[INFO] [stdout] 16 |     canvas_ref: NodeRef,
[INFO] [stdout]    |     ^^^^^^^^^^
[INFO] [stdout] 17 |     tick_job:   Box<dyn Task>,
[INFO] [stdout]    |     ^^^^^^^^
[INFO] [stdout] 18 |     render_job: Box<dyn Task>,
[INFO] [stdout]    |     ^^^^^^^^^^
[INFO] [stdout]    |
[INFO] [stdout]    = note: `#[warn(dead_code)]` on by default
[INFO] [stdout] 
[INFO] [stdout] 
[INFO] [stdout] warning: method `get_context` is never used
[INFO] [stdout]   --> src/components/sandpiles/mod.rs:43:8
[INFO] [stdout]    |
[INFO] [stdout] 42 | impl Sandpiles {
[INFO] [stdout]    | -------------- method in this implementation
[INFO] [stdout] 43 |     fn get_context(&self) -> Option<CanvasRenderingContext2d> {
[INFO] [stdout]    |        ^^^^^^^^^^^
[INFO] [stdout] 
[INFO] [stdout] 
[INFO] [stdout] warning: constant `CORNERS` is never used
[INFO] [stdout]   --> src/components/sandpiles/sim/mod.rs:43:11
[INFO] [stdout]    |
[INFO] [stdout] 43 |     const CORNERS: [(i32, i32); 4] = [(-1, -1), (-1, 1), (1, -1), (1, 1)];
[INFO] [stdout]    |           ^^^^^^^
[INFO] [stdout] 
[INFO] [stdout] 
[INFO] [stdout] warning: constant `ADJACENT_8` is never used
[INFO] [stdout]   --> src/components/sandpiles/sim/mod.rs:45:11
[INFO] [stdout]    |
[INFO] [stdout] 45 |     const ADJACENT_8: [(i32, i32); 8] = [
[INFO] [stdout]    |           ^^^^^^^^^^
[INFO] [stdout] 
[INFO] [stdout] 
[INFO] [stdout] warning: constant `ALTERNATING_2` is never used
[INFO] [stdout]   --> src/components/sandpiles/sim/mod.rs:55:11
[INFO] [stdout]    |
[INFO] [stdout] 55 |     const ALTERNATING_2: [[(i32, i32); 2]; 2] =
[INFO] [stdout]    |           ^^^^^^^^^^^^^
[INFO] [stdout] 
[INFO] [stdout] 
[INFO] [stdout] warning: constant `ALTERNATING_4` is never used
[INFO] [stdout]   --> src/components/sandpiles/sim/mod.rs:57:11
[INFO] [stdout]    |
[INFO] [stdout] 57 |     const ALTERNATING_4: [[(i32, i32); 1]; 4] =
[INFO] [stdout]    |           ^^^^^^^^^^^^^
[INFO] [stdout] 
[INFO] [stdout] 
[INFO] [stdout] warning: multiple variants are never constructed
[INFO] [stdout]   --> src/props.rs:14:5
[INFO] [stdout]    |
[INFO] [stdout] 13 | pub enum Size {
[INFO] [stdout]    |          ---- variants in this enum
[INFO] [stdout] 14 |     Xs,
[INFO] [stdout]    |     ^^
[INFO] [stdout] 15 |     Sm,
[INFO] [stdout]    |     ^^
[INFO] [stdout] 16 |     Base,
[INFO] [stdout]    |     ^^^^
[INFO] [stdout] ...
[INFO] [stdout] 19 |     Xl2,
[INFO] [stdout]    |     ^^^
[INFO] [stdout] 20 |     Xl3,
[INFO] [stdout]    |     ^^^
[INFO] [stdout] 21 |     Xl4,
[INFO] [stdout]    |     ^^^
[INFO] [stdout] 22 |     Xl5,
[INFO] [stdout]    |     ^^^
[INFO] [stdout] 23 |     Xl6,
[INFO] [stdout]    |     ^^^
[INFO] [stdout]    |
[INFO] [stdout]    = note: `Size` has a derived impl for the trait `Clone`, but this is intentionally ignored during dead code analysis
[INFO] [stdout] 
[INFO] [stdout] 
[INFO] [stdout] warning: this method call resolves to `<&[T; N] as IntoIterator>::into_iter` (due to backwards compatibility), but will resolve to <[T; N] as IntoIterator>::into_iter in Rust 2021
[INFO] [stdout]   --> src/components/sandpiles/sim/mod.rs:64:10
[INFO] [stdout]    |
[INFO] [stdout] 64 |         .into_iter()
[INFO] [stdout]    |          ^^^^^^^^^
[INFO] [stdout]    |
[INFO] [stdout]    = warning: this changes meaning in Rust 2021
[INFO] [stdout]    = note: for more information, see <https://doc.rust-lang.org/nightly/edition-guide/rust-2021/IntoIterator-for-arrays.html>
[INFO] [stdout]    = note: `#[warn(array_into_iter)]` on by default
[INFO] [stdout] help: use `.iter()` instead of `.into_iter()` to avoid ambiguity
[INFO] [stdout]    |
[INFO] [stdout] 64 |         .iter()
[INFO] [stdout]    |          ~~~~
[INFO] [stdout] help: or use `IntoIterator::into_iter(..)` instead of `.into_iter()` to explicitly iterate by value
[INFO] [stdout]    |
[INFO] [stdout] 63 |     IntoIterator::into_iter(ADJACENT_4)
[INFO] [stdout]    |     ++++++++++++++++++++++++          ~
[INFO] [stdout] 
[INFO] [stdout] 
[INFO] [stdout] warning: 11 warnings emitted
[INFO] [stdout] 
[INFO] [stdout] 
[INFO] [stderr]     Finished dev [unoptimized + debuginfo] target(s) in 25.69s
[INFO] running `Command { std: "docker" "inspect" "6c16462bb6c5bacb498fcb3c47a9f5a85106601f927346df7b31961b1d97a755", kill_on_drop: false }`
[INFO] running `Command { std: "docker" "rm" "-f" "6c16462bb6c5bacb498fcb3c47a9f5a85106601f927346df7b31961b1d97a755", kill_on_drop: false }`
[INFO] [stdout] 6c16462bb6c5bacb498fcb3c47a9f5a85106601f927346df7b31961b1d97a755
[INFO] running `Command { std: "docker" "create" "-v" "/var/lib/crater-agent-workspace/builds/worker-1-tc2/target:/opt/rustwide/target:rw,Z" "-v" "/var/lib/crater-agent-workspace/builds/worker-1-tc2/source:/opt/rustwide/workdir:ro,Z" "-v" "/var/lib/crater-agent-workspace/cargo-home:/opt/rustwide/cargo-home:ro,Z" "-v" "/var/lib/crater-agent-workspace/rustup-home:/opt/rustwide/rustup-home:ro,Z" "-e" "SOURCE_DIR=/opt/rustwide/workdir" "-e" "CARGO_TARGET_DIR=/opt/rustwide/target" "-e" "CARGO_INCREMENTAL=0" "-e" "RUST_BACKTRACE=full" "-e" "RUSTFLAGS=--cap-lints=warn" "-e" "RUSTDOCFLAGS=--cap-lints=warn" "-e" "CARGO_HOME=/opt/rustwide/cargo-home" "-e" "RUSTUP_HOME=/opt/rustwide/rustup-home" "-w" "/opt/rustwide/workdir" "-m" "1610612736" "--user" "0:0" "--network" "none" "ghcr.io/rust-lang/crates-build-env/linux@sha256:5ff2268d62e97bff2cde7d5815dd6ed5b47097566f13b8d0ca110b04b60e07ed" "/opt/rustwide/cargo-home/bin/cargo" "+beta-2023-04-20" "test" "--frozen" "--no-run" "--message-format=json", kill_on_drop: false }`
[INFO] [stdout] 7208c00bb7170ec14a58263f2c626da474af3baf12294627f141fed38c09d4de
[INFO] running `Command { std: "docker" "start" "-a" "7208c00bb7170ec14a58263f2c626da474af3baf12294627f141fed38c09d4de", kill_on_drop: false }`
[INFO] [stderr] warning: skipping duplicate package `todomvc` found at `/opt/rustwide/cargo-home/git/checkouts/yew-ddbc368052bd195e/98ed332/examples/todomvc`
[INFO] [stderr] warning: skipping duplicate package `js_callback` found at `/opt/rustwide/cargo-home/git/checkouts/yew-ddbc368052bd195e/98ed332/examples/js_callback`
[INFO] [stderr] warning: skipping duplicate package `mount_point` found at `/opt/rustwide/cargo-home/git/checkouts/yew-ddbc368052bd195e/98ed332/examples/mount_point`
[INFO] [stderr] warning: skipping duplicate package `node_refs` found at `/opt/rustwide/cargo-home/git/checkouts/yew-ddbc368052bd195e/98ed332/examples/node_refs`
[INFO] [stderr] warning: skipping duplicate package `file_upload` found at `/opt/rustwide/cargo-home/git/checkouts/yew-ddbc368052bd195e/98ed332/examples/file_upload`
[INFO] [stderr] warning: skipping duplicate package `two_apps` found at `/opt/rustwide/cargo-home/git/checkouts/yew-ddbc368052bd195e/98ed332/examples/two_apps`
[INFO] [stderr] warning: skipping duplicate package `counter` found at `/opt/rustwide/cargo-home/git/checkouts/yew-ddbc368052bd195e/98ed332/examples/counter`
[INFO] [stderr] warning: skipping duplicate package `npm_and_rest` found at `/opt/rustwide/cargo-home/git/checkouts/yew-ddbc368052bd195e/98ed332/examples/npm_and_rest`
[INFO] [stderr] warning: skipping duplicate package `multi_thread` found at `/opt/rustwide/cargo-home/git/checkouts/yew-ddbc368052bd195e/98ed332/examples/multi_thread`
[INFO] [stderr] warning: skipping duplicate package `inner_html` found at `/opt/rustwide/cargo-home/git/checkouts/yew-ddbc368052bd195e/98ed332/examples/inner_html`
[INFO] [stderr] warning: skipping duplicate package `webgl` found at `/opt/rustwide/cargo-home/git/checkouts/yew-ddbc368052bd195e/98ed332/examples/webgl`
[INFO] [stderr]    Compiling libc v0.2.74
[INFO] [stderr]    Compiling cc v1.0.58
[INFO] [stderr]    Compiling pkg-config v0.3.18
[INFO] [stderr]    Compiling semver-parser v0.7.0
[INFO] [stderr]    Compiling maybe-uninit v2.0.0
[INFO] [stderr]    Compiling futures v0.1.29
[INFO] [stderr]    Compiling crossbeam-utils v0.7.2
[INFO] [stderr]    Compiling rand_core v0.4.2
[INFO] [stderr]    Compiling semver v0.9.0
[INFO] [stderr]    Compiling either v1.6.0
[INFO] [stderr]    Compiling wasm-bindgen-backend v0.2.67
[INFO] [stderr]    Compiling rustc_version v0.2.3
[INFO] [stderr]    Compiling version_check v0.9.2
[INFO] [stderr]    Compiling iovec v0.1.4
[INFO] [stderr]    Compiling autocfg v0.1.7
[INFO] [stderr]    Compiling bytes v0.4.12
[INFO] [stderr]    Compiling smallvec v0.6.13
[INFO] [stderr]    Compiling openssl-sys v0.9.58
[INFO] [stderr]    Compiling rand_core v0.3.1
[INFO] [stderr]    Compiling matches v0.1.8
[INFO] [stderr]    Compiling tinyvec v0.3.3
[INFO] [stderr]    Compiling adler v0.2.3
[INFO] [stderr]    Compiling unicode-bidi v0.3.4
[INFO] [stderr]    Compiling unicode-normalization v0.1.13
[INFO] [stderr]    Compiling miniz_oxide v0.4.0
[INFO] [stderr]    Compiling tokio-executor v0.1.10
[INFO] [stderr]    Compiling wasm-bindgen-macro-support v0.2.67
[INFO] [stderr]    Compiling parking_lot_core v0.6.2
[INFO] [stderr]    Compiling aho-corasick v0.7.13
[INFO] [stderr] The following warnings were emitted during compilation:
[INFO] [stderr] 
[INFO] [stderr] warning: build/expando.c:4:24: error: pasting "RUST_VERSION_OPENSSL_" and "(" does not give a valid preprocessing token
[INFO] [stderr] warning:     4 | #define VERSION2(n, v) RUST_VERSION_##n##_##v
[INFO] [stderr] warning:       |                        ^~~~~~~~~~~~~
[INFO] [stderr] warning: build/expando.c:5:23: note: in expansion of macro 'VERSION2'
[INFO] [stderr] warning:     5 | #define VERSION(n, v) VERSION2(n, v)
[INFO] [stderr] warning:       |                       ^~~~~~~~
[INFO] [stderr] warning: build/expando.c:10:1: note: in expansion of macro 'VERSION'
[INFO] [stderr] warning:    10 | VERSION(OPENSSL, OPENSSL_VERSION_NUMBER)
[INFO] [stderr] warning:       | ^~~~~~~
[INFO] [stderr] 
[INFO] [stderr] error: failed to run custom build command for `openssl-sys v0.9.58`
[INFO] [stderr] note: To improve backtraces for build dependencies, set the CARGO_PROFILE_TEST_BUILD_OVERRIDE_DEBUG=true environment variable to enable debug information generation.
[INFO] [stderr] 
[INFO] [stderr] Caused by:
[INFO] [stderr]   process didn't exit successfully: `/opt/rustwide/target/debug/build/openssl-sys-c296814f15039650/build-script-main` (exit status: 101)
[INFO] [stderr]   --- stdout
[INFO] [stderr]   cargo:rustc-cfg=const_fn
[INFO] [stderr]   cargo:rerun-if-env-changed=X86_64_UNKNOWN_LINUX_GNU_OPENSSL_LIB_DIR
[INFO] [stderr]   X86_64_UNKNOWN_LINUX_GNU_OPENSSL_LIB_DIR unset
[INFO] [stderr]   cargo:rerun-if-env-changed=OPENSSL_LIB_DIR
[INFO] [stderr]   OPENSSL_LIB_DIR unset
[INFO] [stderr]   cargo:rerun-if-env-changed=X86_64_UNKNOWN_LINUX_GNU_OPENSSL_INCLUDE_DIR
[INFO] [stderr]   X86_64_UNKNOWN_LINUX_GNU_OPENSSL_INCLUDE_DIR unset
[INFO] [stderr]   cargo:rerun-if-env-changed=OPENSSL_INCLUDE_DIR
[INFO] [stderr]   OPENSSL_INCLUDE_DIR unset
[INFO] [stderr]   cargo:rerun-if-env-changed=X86_64_UNKNOWN_LINUX_GNU_OPENSSL_DIR
[INFO] [stderr]   X86_64_UNKNOWN_LINUX_GNU_OPENSSL_DIR unset
[INFO] [stderr]   cargo:rerun-if-env-changed=OPENSSL_DIR
[INFO] [stderr]   OPENSSL_DIR unset
[INFO] [stderr]   cargo:rerun-if-env-changed=OPENSSL_NO_PKG_CONFIG
[INFO] [stderr]   cargo:rerun-if-env-changed=PKG_CONFIG
[INFO] [stderr]   cargo:rerun-if-env-changed=OPENSSL_STATIC
[INFO] [stderr]   cargo:rerun-if-env-changed=OPENSSL_DYNAMIC
[INFO] [stderr]   cargo:rerun-if-env-changed=PKG_CONFIG_ALL_STATIC
[INFO] [stderr]   cargo:rerun-if-env-changed=PKG_CONFIG_ALL_DYNAMIC
[INFO] [stderr]   cargo:rerun-if-env-changed=PKG_CONFIG_PATH_x86_64-unknown-linux-gnu
[INFO] [stderr]   cargo:rerun-if-env-changed=PKG_CONFIG_PATH_x86_64_unknown_linux_gnu
[INFO] [stderr]   cargo:rerun-if-env-changed=HOST_PKG_CONFIG_PATH
[INFO] [stderr]   cargo:rerun-if-env-changed=PKG_CONFIG_PATH
[INFO] [stderr]   cargo:rerun-if-env-changed=PKG_CONFIG_LIBDIR_x86_64-unknown-linux-gnu
[INFO] [stderr]   cargo:rerun-if-env-changed=PKG_CONFIG_LIBDIR_x86_64_unknown_linux_gnu
[INFO] [stderr]   cargo:rerun-if-env-changed=HOST_PKG_CONFIG_LIBDIR
[INFO] [stderr]   cargo:rerun-if-env-changed=PKG_CONFIG_LIBDIR
[INFO] [stderr]   cargo:rerun-if-env-changed=PKG_CONFIG_SYSROOT_DIR_x86_64-unknown-linux-gnu
[INFO] [stderr]   cargo:rerun-if-env-changed=PKG_CONFIG_SYSROOT_DIR_x86_64_unknown_linux_gnu
[INFO] [stderr]   cargo:rerun-if-env-changed=HOST_PKG_CONFIG_SYSROOT_DIR
[INFO] [stderr]   cargo:rerun-if-env-changed=PKG_CONFIG_SYSROOT_DIR
[INFO] [stderr]   cargo:rerun-if-env-changed=OPENSSL_STATIC
[INFO] [stderr]   cargo:rerun-if-env-changed=OPENSSL_DYNAMIC
[INFO] [stderr]   cargo:rerun-if-env-changed=PKG_CONFIG_ALL_STATIC
[INFO] [stderr]   cargo:rerun-if-env-changed=PKG_CONFIG_ALL_DYNAMIC
[INFO] [stderr]   cargo:rustc-link-lib=ssl
[INFO] [stderr]   cargo:rustc-link-lib=crypto
[INFO] [stderr]   cargo:rerun-if-env-changed=PKG_CONFIG
[INFO] [stderr]   cargo:rerun-if-env-changed=OPENSSL_STATIC
[INFO] [stderr]   cargo:rerun-if-env-changed=OPENSSL_DYNAMIC
[INFO] [stderr]   cargo:rerun-if-env-changed=PKG_CONFIG_ALL_STATIC
[INFO] [stderr]   cargo:rerun-if-env-changed=PKG_CONFIG_ALL_DYNAMIC
[INFO] [stderr]   cargo:rerun-if-env-changed=PKG_CONFIG_PATH_x86_64-unknown-linux-gnu
[INFO] [stderr]   cargo:rerun-if-env-changed=PKG_CONFIG_PATH_x86_64_unknown_linux_gnu
[INFO] [stderr]   cargo:rerun-if-env-changed=HOST_PKG_CONFIG_PATH
[INFO] [stderr]   cargo:rerun-if-env-changed=PKG_CONFIG_PATH
[INFO] [stderr]   cargo:rerun-if-env-changed=PKG_CONFIG_LIBDIR_x86_64-unknown-linux-gnu
[INFO] [stderr]   cargo:rerun-if-env-changed=PKG_CONFIG_LIBDIR_x86_64_unknown_linux_gnu
[INFO] [stderr]   cargo:rerun-if-env-changed=HOST_PKG_CONFIG_LIBDIR
[INFO] [stderr]   cargo:rerun-if-env-changed=PKG_CONFIG_LIBDIR
[INFO] [stderr]   cargo:rerun-if-env-changed=PKG_CONFIG_SYSROOT_DIR_x86_64-unknown-linux-gnu
[INFO] [stderr]   cargo:rerun-if-env-changed=PKG_CONFIG_SYSROOT_DIR_x86_64_unknown_linux_gnu
[INFO] [stderr]   cargo:rerun-if-env-changed=HOST_PKG_CONFIG_SYSROOT_DIR
[INFO] [stderr]   cargo:rerun-if-env-changed=PKG_CONFIG_SYSROOT_DIR
[INFO] [stderr]   OPT_LEVEL = Some("0")
[INFO] [stderr]   TARGET = Some("x86_64-unknown-linux-gnu")
[INFO] [stderr]   HOST = Some("x86_64-unknown-linux-gnu")
[INFO] [stderr]   CC_x86_64-unknown-linux-gnu = None
[INFO] [stderr]   CC_x86_64_unknown_linux_gnu = None
[INFO] [stderr]   HOST_CC = None
[INFO] [stderr]   CC = None
[INFO] [stderr]   CFLAGS_x86_64-unknown-linux-gnu = None
[INFO] [stderr]   CFLAGS_x86_64_unknown_linux_gnu = None
[INFO] [stderr]   HOST_CFLAGS = None
[INFO] [stderr]   CFLAGS = None
[INFO] [stderr]   CRATE_CC_NO_DEFAULTS = None
[INFO] [stderr]   DEBUG = Some("true")
[INFO] [stderr]   CARGO_CFG_TARGET_FEATURE = Some("fxsr,sse,sse2")
[INFO] [stderr]   running: "cc" "-O0" "-ffunction-sections" "-fdata-sections" "-fPIC" "-g" "-fno-omit-frame-pointer" "-m64" "-I" "/usr/include" "-Wall" "-Wextra" "-E" "build/expando.c"
[INFO] [stderr]   cargo:warning=build/expando.c:4:24: error: pasting "RUST_VERSION_OPENSSL_" and "(" does not give a valid preprocessing token
[INFO] [stderr]   cargo:warning=    4 | #define VERSION2(n, v) RUST_VERSION_##n##_##v
[INFO] [stderr]   cargo:warning=      |                        ^~~~~~~~~~~~~
[INFO] [stderr]   cargo:warning=build/expando.c:5:23: note: in expansion of macro 'VERSION2'
[INFO] [stderr]   cargo:warning=    5 | #define VERSION(n, v) VERSION2(n, v)
[INFO] [stderr]   cargo:warning=      |                       ^~~~~~~~
[INFO] [stderr]   cargo:warning=build/expando.c:10:1: note: in expansion of macro 'VERSION'
[INFO] [stderr]   cargo:warning=   10 | VERSION(OPENSSL, OPENSSL_VERSION_NUMBER)
[INFO] [stderr]   cargo:warning=      | ^~~~~~~
[INFO] [stderr]   exit status: 1
[INFO] [stderr] 
[INFO] [stderr]   --- stderr
[INFO] [stderr]   thread 'main' panicked at '
[INFO] [stderr]   Header expansion error:
[INFO] [stderr]   Error { kind: ToolExecError, message: "Command \"cc\" \"-O0\" \"-ffunction-sections\" \"-fdata-sections\" \"-fPIC\" \"-g\" \"-fno-omit-frame-pointer\" \"-m64\" \"-I\" \"/usr/include\" \"-Wall\" \"-Wextra\" \"-E\" \"build/expando.c\" with args \"cc\" did not execute successfully (status code exit status: 1)." }
[INFO] [stderr] 
[INFO] [stderr]   Failed to find OpenSSL development headers.
[INFO] [stderr] 
[INFO] [stderr]   You can try fixing this setting the `OPENSSL_DIR` environment variable
[INFO] [stderr]   pointing to your OpenSSL installation or installing OpenSSL headers package
[INFO] [stderr]   specific to your distribution:
[INFO] [stderr] 
[INFO] [stderr]       # On Ubuntu
[INFO] [stderr]       sudo apt-get install libssl-dev
[INFO] [stderr]       # On Arch Linux
[INFO] [stderr]       sudo pacman -S openssl
[INFO] [stderr]       # On Fedora
[INFO] [stderr]       sudo dnf install openssl-devel
[INFO] [stderr] 
[INFO] [stderr]   See rust-openssl README for more information:
[INFO] [stderr] 
[INFO] [stderr]       https://github.com/sfackler/rust-openssl#linux
[INFO] [stderr]   ', /opt/rustwide/cargo-home/registry/src/index.crates.io-6f17d22bba15001f/openssl-sys-0.9.58/build/main.rs:140:13
[INFO] [stderr]   stack backtrace:
[INFO] [stderr]      0:     0x556a02ec5e9a - std::backtrace_rs::backtrace::libunwind::trace::h2f05d0192276a8f6
[INFO] [stderr]                                  at /rustc/1b7dd2252b99671ce5d1cb9664c5f8636329436d/library/std/src/../../backtrace/src/backtrace/libunwind.rs:93:5
[INFO] [stderr]      1:     0x556a02ec5e9a - std::backtrace_rs::backtrace::trace_unsynchronized::hedc23dff7a1af150
[INFO] [stderr]                                  at /rustc/1b7dd2252b99671ce5d1cb9664c5f8636329436d/library/std/src/../../backtrace/src/backtrace/mod.rs:66:5
[INFO] [stderr]      2:     0x556a02ec5e9a - std::sys_common::backtrace::_print_fmt::h17541ef7592f3ce2
[INFO] [stderr]                                  at /rustc/1b7dd2252b99671ce5d1cb9664c5f8636329436d/library/std/src/sys_common/backtrace.rs:65:5
[INFO] [stderr]      3:     0x556a02ec5e9a - <std::sys_common::backtrace::_print::DisplayBacktrace as core::fmt::Display>::fmt::h20f75df5ab0c0792
[INFO] [stderr]                                  at /rustc/1b7dd2252b99671ce5d1cb9664c5f8636329436d/library/std/src/sys_common/backtrace.rs:44:22
[INFO] [stderr]      4:     0x556a02ee666f - core::fmt::write::h78109e6f466b3af6
[INFO] [stderr]                                  at /rustc/1b7dd2252b99671ce5d1cb9664c5f8636329436d/library/core/src/fmt/mod.rs:1254:17
[INFO] [stderr]      5:     0x556a02ec30b5 - std::io::Write::write_fmt::hc59e1b02dd273c8a
[INFO] [stderr]                                  at /rustc/1b7dd2252b99671ce5d1cb9664c5f8636329436d/library/std/src/io/mod.rs:1698:15
[INFO] [stderr]      6:     0x556a02ec5c65 - std::sys_common::backtrace::_print::h8dac57a9f8fbf9a5
[INFO] [stderr]                                  at /rustc/1b7dd2252b99671ce5d1cb9664c5f8636329436d/library/std/src/sys_common/backtrace.rs:47:5
[INFO] [stderr]      7:     0x556a02ec5c65 - std::sys_common::backtrace::print::hf9ecbf41d1aa712f
[INFO] [stderr]                                  at /rustc/1b7dd2252b99671ce5d1cb9664c5f8636329436d/library/std/src/sys_common/backtrace.rs:34:9
[INFO] [stderr]      8:     0x556a02ec752e - std::panicking::default_hook::{{closure}}::h04c07acfc84ca028
[INFO] [stderr]                                  at /rustc/1b7dd2252b99671ce5d1cb9664c5f8636329436d/library/std/src/panicking.rs:269:22
[INFO] [stderr]      9:     0x556a02ec72d5 - std::panicking::default_hook::h01f6bb23e1eceb2c
[INFO] [stderr]                                  at /rustc/1b7dd2252b99671ce5d1cb9664c5f8636329436d/library/std/src/panicking.rs:288:9
[INFO] [stderr]     10:     0x556a02ec7a8e - std::panicking::rust_panic_with_hook::h2bb3722bbaf2f6df
[INFO] [stderr]                                  at /rustc/1b7dd2252b99671ce5d1cb9664c5f8636329436d/library/std/src/panicking.rs:691:13
[INFO] [stderr]     11:     0x556a02ec7989 - std::panicking::begin_panic_handler::{{closure}}::h91bc7f36a4be011b
[INFO] [stderr]                                  at /rustc/1b7dd2252b99671ce5d1cb9664c5f8636329436d/library/std/src/panicking.rs:582:13
[INFO] [stderr]     12:     0x556a02ec6306 - std::sys_common::backtrace::__rust_end_short_backtrace::h8b3d3717114f9e59
[INFO] [stderr]                                  at /rustc/1b7dd2252b99671ce5d1cb9664c5f8636329436d/library/std/src/sys_common/backtrace.rs:150:18
[INFO] [stderr]     13:     0x556a02ec76e2 - rust_begin_unwind
[INFO] [stderr]                                  at /rustc/1b7dd2252b99671ce5d1cb9664c5f8636329436d/library/std/src/panicking.rs:578:5
[INFO] [stderr]     14:     0x556a02e367f3 - core::panicking::panic_fmt::hfd368e3fbdabea26
[INFO] [stderr]                                  at /rustc/1b7dd2252b99671ce5d1cb9664c5f8636329436d/library/core/src/panicking.rs:67:14
[INFO] [stderr]     15:     0x556a02e39a28 - build_script_main::validate_headers::h109895dffdac7391
[INFO] [stderr]     16:     0x556a02e40a36 - build_script_main::find_normal::try_pkg_config::hd9c3d51e9e817993
[INFO] [stderr]     17:     0x556a02e3fa36 - build_script_main::find_normal::find_openssl_dir::hd86e31b81507b2bc
[INFO] [stderr]     18:     0x556a02e3f882 - build_script_main::find_normal::get_openssl::{{closure}}::h3b5463a6b8e3c2e8
[INFO] [stderr]     19:     0x556a02e40f2a - core::option::Option<T>::unwrap_or_else::h6cb8d75952e06cc7
[INFO] [stderr]     20:     0x556a02e3f63e - build_script_main::find_normal::get_openssl::h0c7fc40d4cb30237
[INFO] [stderr]     21:     0x556a02e3874d - build_script_main::find_openssl::h8f2339499a4ab802
[INFO] [stderr]     22:     0x556a02e3882d - build_script_main::main::h7893a7e8ac0695d4
[INFO] [stderr]     23:     0x556a02e41ac3 - core::ops::function::FnOnce::call_once::h07a75a99e62f1781
[INFO] [stderr]     24:     0x556a02e419d6 - std::sys_common::backtrace::__rust_begin_short_backtrace::h196cd2ef545f8aeb
[INFO] [stderr]     25:     0x556a02e3cea9 - std::rt::lang_start::{{closure}}::he6ed6f444de20c49
[INFO] [stderr]     26:     0x556a02ebfc5e - core::ops::function::impls::<impl core::ops::function::FnOnce<A> for &F>::call_once::h2eb19b8ce4148df4
[INFO] [stderr]                                  at /rustc/1b7dd2252b99671ce5d1cb9664c5f8636329436d/library/core/src/ops/function.rs:287:13
[INFO] [stderr]     27:     0x556a02ebfc5e - std::panicking::try::do_call::h2e900feff5d504c5
[INFO] [stderr]                                  at /rustc/1b7dd2252b99671ce5d1cb9664c5f8636329436d/library/std/src/panicking.rs:485:40
[INFO] [stderr]     28:     0x556a02ebfc5e - std::panicking::try::h8854836cb85aa9f2
[INFO] [stderr]                                  at /rustc/1b7dd2252b99671ce5d1cb9664c5f8636329436d/library/std/src/panicking.rs:449:19
[INFO] [stderr]     29:     0x556a02ebfc5e - std::panic::catch_unwind::h706025dd4c48f64b
[INFO] [stderr]                                  at /rustc/1b7dd2252b99671ce5d1cb9664c5f8636329436d/library/std/src/panic.rs:140:14
[INFO] [stderr]     30:     0x556a02ebfc5e - std::rt::lang_start_internal::{{closure}}::h7be5b97f4a07a91a
[INFO] [stderr]                                  at /rustc/1b7dd2252b99671ce5d1cb9664c5f8636329436d/library/std/src/rt.rs:148:48
[INFO] [stderr]     31:     0x556a02ebfc5e - std::panicking::try::do_call::h59847e9d0a176965
[INFO] [stderr]                                  at /rustc/1b7dd2252b99671ce5d1cb9664c5f8636329436d/library/std/src/panicking.rs:485:40
[INFO] [stderr]     32:     0x556a02ebfc5e - std::panicking::try::h399a918ba8522823
[INFO] [stderr]                                  at /rustc/1b7dd2252b99671ce5d1cb9664c5f8636329436d/library/std/src/panicking.rs:449:19
[INFO] [stderr]     33:     0x556a02ebfc5e - std::panic::catch_unwind::hca7ca6c55b2a2e26
[INFO] [stderr]                                  at /rustc/1b7dd2252b99671ce5d1cb9664c5f8636329436d/library/std/src/panic.rs:140:14
[INFO] [stderr]     34:     0x556a02ebfc5e - std::rt::lang_start_internal::h2c807a81560459eb
[INFO] [stderr]                                  at /rustc/1b7dd2252b99671ce5d1cb9664c5f8636329436d/library/std/src/rt.rs:148:20
[INFO] [stderr]     35:     0x556a02e3ce87 - std::rt::lang_start::h119b3efba06a95bc
[INFO] [stderr]     36:     0x556a02e3b8a5 - main
[INFO] [stderr]     37:     0x7fafbf282d90 - <unknown>
[INFO] [stderr]     38:     0x7fafbf282e40 - __libc_start_main
[INFO] [stderr]     39:     0x556a02e36e65 - _start
[INFO] [stderr]     40:                0x0 - <unknown>
[INFO] [stderr] warning: build failed, waiting for other jobs to finish...
[INFO] running `Command { std: "docker" "inspect" "7208c00bb7170ec14a58263f2c626da474af3baf12294627f141fed38c09d4de", kill_on_drop: false }`
[INFO] running `Command { std: "docker" "rm" "-f" "7208c00bb7170ec14a58263f2c626da474af3baf12294627f141fed38c09d4de", kill_on_drop: false }`
[INFO] [stdout] 7208c00bb7170ec14a58263f2c626da474af3baf12294627f141fed38c09d4de
