[INFO] cloning repository https://github.com/NoSequel/musify-rs
[INFO] running `Command { std: "git" "-c" "credential.helper=" "-c" "credential.helper=/workspace/cargo-home/bin/git-credential-null" "clone" "--bare" "https://github.com/NoSequel/musify-rs" "/workspace/cache/git-repos/https%3A%2F%2Fgithub.com%2FNoSequel%2Fmusify-rs", kill_on_drop: false }`
[INFO] [stderr] Cloning into bare repository '/workspace/cache/git-repos/https%3A%2F%2Fgithub.com%2FNoSequel%2Fmusify-rs'...
[INFO] running `Command { std: "git" "rev-parse" "HEAD", kill_on_drop: false }`
[INFO] [stdout] 2215881c007a7e74003fdb002e87cc828459caf7
[INFO] testing NoSequel/musify-rs against 1.69.0 for beta-1.70-1
[INFO] running `Command { std: "git" "clone" "/workspace/cache/git-repos/https%3A%2F%2Fgithub.com%2FNoSequel%2Fmusify-rs" "/workspace/builds/worker-5-tc1/source", kill_on_drop: false }`
[INFO] [stderr] Cloning into '/workspace/builds/worker-5-tc1/source'...
[INFO] [stderr] done.
[INFO] validating manifest of git repo https://github.com/NoSequel/musify-rs on toolchain 1.69.0
[INFO] running `Command { std: CARGO_HOME="/workspace/cargo-home" RUSTUP_HOME="/workspace/rustup-home" "/workspace/cargo-home/bin/cargo" "+1.69.0" "metadata" "--manifest-path" "Cargo.toml" "--no-deps", kill_on_drop: false }`
[INFO] started tweaking git repo https://github.com/NoSequel/musify-rs
[INFO] finished tweaking git repo https://github.com/NoSequel/musify-rs
[INFO] tweaked toml for git repo https://github.com/NoSequel/musify-rs written to /workspace/builds/worker-5-tc1/source/Cargo.toml
[INFO] crate git repo https://github.com/NoSequel/musify-rs already has a lockfile, it will not be regenerated
[INFO] running `Command { std: CARGO_HOME="/workspace/cargo-home" RUSTUP_HOME="/workspace/rustup-home" "/workspace/cargo-home/bin/cargo" "+1.69.0" "fetch" "--manifest-path" "Cargo.toml", kill_on_drop: false }`
[INFO] [stderr]  Downloading crates ...
[INFO] [stderr]   Downloaded xsalsa20poly1305 v0.7.2
[INFO] [stderr]   Downloaded audiopus v0.2.0
[INFO] [stderr]   Downloaded async-tungstenite v0.14.0
[INFO] [stderr]   Downloaded serde_with_macros v1.5.0
[INFO] [stderr]   Downloaded serde_with v1.10.0
[INFO] [stderr]   Downloaded log-derive v0.4.1
[INFO] [stderr]   Downloaded pnet_macros v0.28.0
[INFO] [stderr]   Downloaded pnet_base v0.28.0
[INFO] [stderr]   Downloaded uwl v0.6.0
[INFO] [stderr]   Downloaded pnet_macros_support v0.28.0
[INFO] [stderr]   Downloaded discortp v0.4.0
[INFO] [stderr]   Downloaded songbird v0.2.0
[INFO] [stderr]   Downloaded serenity v0.10.9
[INFO] [stderr]   Downloaded audiopus_sys v0.1.8
[INFO] [stderr]   Downloaded flume v0.10.9
[INFO] [stderr]   Downloaded command_attr v0.3.7
[INFO] [stderr]   Downloaded async-compression v0.3.8
[INFO] [stderr]   Downloaded serenity-voice-model v0.1.0
[INFO] [stderr]   Downloaded generator v0.6.25
[INFO] [stderr]   Downloaded streamcatcher v0.1.1
[INFO] [stderr]   Downloaded symphonia-core v0.2.0
[INFO] [stderr]   Downloaded serde_qs v0.8.4
[INFO] [stderr]   Downloaded rustube v0.3.5
[INFO] running `Command { std: "docker" "create" "-v" "/var/lib/crater-agent-workspace/builds/worker-5-tc1/target:/opt/rustwide/target:rw,Z" "-v" "/var/lib/crater-agent-workspace/builds/worker-5-tc1/source:/opt/rustwide/workdir:ro,Z" "-v" "/var/lib/crater-agent-workspace/cargo-home:/opt/rustwide/cargo-home:ro,Z" "-v" "/var/lib/crater-agent-workspace/rustup-home:/opt/rustwide/rustup-home:ro,Z" "-e" "SOURCE_DIR=/opt/rustwide/workdir" "-e" "CARGO_TARGET_DIR=/opt/rustwide/target" "-e" "CARGO_HOME=/opt/rustwide/cargo-home" "-e" "RUSTUP_HOME=/opt/rustwide/rustup-home" "-w" "/opt/rustwide/workdir" "-m" "1610612736" "--user" "0:0" "--network" "none" "ghcr.io/rust-lang/crates-build-env/linux@sha256:5ff2268d62e97bff2cde7d5815dd6ed5b47097566f13b8d0ca110b04b60e07ed" "/opt/rustwide/cargo-home/bin/cargo" "+1.69.0" "metadata" "--no-deps" "--format-version=1", kill_on_drop: false }`
[INFO] [stdout] be8dad4d96c02bf8038f7f7e631262884fe781cd64b9b2a424e6453ec491ad9d
[INFO] running `Command { std: "docker" "start" "-a" "be8dad4d96c02bf8038f7f7e631262884fe781cd64b9b2a424e6453ec491ad9d", kill_on_drop: false }`
[INFO] running `Command { std: "docker" "inspect" "be8dad4d96c02bf8038f7f7e631262884fe781cd64b9b2a424e6453ec491ad9d", kill_on_drop: false }`
[INFO] running `Command { std: "docker" "rm" "-f" "be8dad4d96c02bf8038f7f7e631262884fe781cd64b9b2a424e6453ec491ad9d", kill_on_drop: false }`
[INFO] [stdout] be8dad4d96c02bf8038f7f7e631262884fe781cd64b9b2a424e6453ec491ad9d
[INFO] running `Command { std: "docker" "create" "-v" "/var/lib/crater-agent-workspace/builds/worker-5-tc1/target:/opt/rustwide/target:rw,Z" "-v" "/var/lib/crater-agent-workspace/builds/worker-5-tc1/source:/opt/rustwide/workdir:ro,Z" "-v" "/var/lib/crater-agent-workspace/cargo-home:/opt/rustwide/cargo-home:ro,Z" "-v" "/var/lib/crater-agent-workspace/rustup-home:/opt/rustwide/rustup-home:ro,Z" "-e" "SOURCE_DIR=/opt/rustwide/workdir" "-e" "CARGO_TARGET_DIR=/opt/rustwide/target" "-e" "CARGO_INCREMENTAL=0" "-e" "RUST_BACKTRACE=full" "-e" "RUSTFLAGS=--cap-lints=warn" "-e" "RUSTDOCFLAGS=--cap-lints=warn" "-e" "CARGO_HOME=/opt/rustwide/cargo-home" "-e" "RUSTUP_HOME=/opt/rustwide/rustup-home" "-w" "/opt/rustwide/workdir" "-m" "1610612736" "--user" "0:0" "--network" "none" "ghcr.io/rust-lang/crates-build-env/linux@sha256:5ff2268d62e97bff2cde7d5815dd6ed5b47097566f13b8d0ca110b04b60e07ed" "/opt/rustwide/cargo-home/bin/cargo" "+1.69.0" "build" "--frozen" "--message-format=json", kill_on_drop: false }`
[INFO] [stdout] f6efce4ad75ee45e2ce904d4ebb0d8525b936d65b305320f090a782cfbcbf01e
[INFO] running `Command { std: "docker" "start" "-a" "f6efce4ad75ee45e2ce904d4ebb0d8525b936d65b305320f090a782cfbcbf01e", kill_on_drop: false }`
[INFO] [stderr]     Blocking waiting for file lock on package cache
[INFO] [stderr]    Compiling proc-macro2 v1.0.29
[INFO] [stderr]    Compiling unicode-xid v0.2.2
[INFO] [stderr]    Compiling syn v1.0.77
[INFO] [stderr]    Compiling cfg-if v1.0.0
[INFO] [stderr]    Compiling libc v0.2.102
[INFO] [stderr]    Compiling autocfg v1.0.1
[INFO] [stderr]    Compiling version_check v0.9.3
[INFO] [stderr]    Compiling log v0.4.14
[INFO] [stderr]    Compiling cc v1.0.70
[INFO] [stderr]    Compiling memchr v2.4.1
[INFO] [stderr]    Compiling once_cell v1.8.0
[INFO] [stderr]    Compiling fnv v1.0.7
[INFO] [stderr]    Compiling pin-project-lite v0.2.7
[INFO] [stderr]    Compiling proc-macro-hack v0.5.19
[INFO] [stderr]    Compiling futures-core v0.3.17
[INFO] [stderr]    Compiling bytes v1.1.0
[INFO] [stderr]    Compiling serde_derive v1.0.130
[INFO] [stderr]    Compiling quote v1.0.9
[INFO] [stderr]    Compiling lock_api v0.4.5
[INFO] [stderr]    Compiling serde v1.0.130
[INFO] [stderr]    Compiling parking_lot_core v0.8.5
[INFO] [stderr]    Compiling itoa v0.4.8
[INFO] [stderr]    Compiling instant v0.1.11
[INFO] [stderr]    Compiling typenum v1.14.0
[INFO] [stderr]    Compiling smallvec v1.6.1
[INFO] [stderr]    Compiling num_cpus v1.13.0
[INFO] [stderr]    Compiling generic-array v0.14.4
[INFO] [stderr]    Compiling tokio v1.12.0
[INFO] [stderr]    Compiling futures-sink v0.3.17
[INFO] [stderr]    Compiling pkg-config v0.3.20
[INFO] [stderr]    Compiling parking_lot v0.11.2
[INFO] [stderr]    Compiling ring v0.16.20
[INFO] [stderr]    Compiling mio v0.7.13
[INFO] [stderr]    Compiling signal-hook-registry v1.4.0
[INFO] [stderr]    Compiling futures-macro v0.3.17
[INFO] [stderr]    Compiling futures-channel v0.3.17
[INFO] [stderr]    Compiling proc-macro-nested v0.1.7
[INFO] [stderr]    Compiling futures-task v0.3.17
[INFO] [stderr]    Compiling futures-util v0.3.17
[INFO] [stderr]    Compiling untrusted v0.7.1
[INFO] [stderr]    Compiling spin v0.5.2
[INFO] [stderr]    Compiling tinyvec_macros v0.1.0
[INFO] [stderr]    Compiling futures-io v0.3.17
[INFO] [stderr]    Compiling matches v0.1.9
[INFO] [stderr]    Compiling pin-utils v0.1.0
[INFO] [stderr]    Compiling slab v0.4.4
[INFO] [stderr]    Compiling tinyvec v1.5.0
[INFO] [stderr]    Compiling http v0.2.5
[INFO] [stderr]    Compiling httparse v1.5.1
[INFO] [stderr]    Compiling form_urlencoded v1.0.1
[INFO] [stderr]    Compiling openssl-sys v0.9.67
[INFO] [stderr]    Compiling unicode-bidi v0.3.6
[INFO] [stderr]    Compiling getrandom v0.2.3
[INFO] [stderr]    Compiling standback v0.2.17
[INFO] [stderr]    Compiling ryu v1.0.5
[INFO] [stderr]    Compiling tracing-core v0.1.20
[INFO] [stderr]    Compiling num-traits v0.2.14
[INFO] [stderr]    Compiling indexmap v1.7.0
[INFO] [stderr]    Compiling unicode-normalization v0.1.19
[INFO] [stderr]    Compiling base64 v0.13.0
[INFO] [stderr]    Compiling bitflags v1.3.2
[INFO] [stderr]    Compiling ppv-lite86 v0.2.10
[INFO] [stderr]    Compiling ident_case v1.0.1
[INFO] [stderr]    Compiling unicase v2.6.0
[INFO] [stderr]    Compiling getrandom v0.1.16
[INFO] [stderr]    Compiling serde_json v1.0.68
[INFO] [stderr]    Compiling const_fn v0.4.8
[INFO] [stderr]    Compiling hashbrown v0.11.2
[INFO] [stderr]    Compiling idna v0.2.3
[INFO] [stderr]    Compiling opaque-debug v0.3.0
[INFO] [stderr]    Compiling openssl v0.10.36
[INFO] [stderr]    Compiling cpufeatures v0.2.1
[INFO] [stderr]    Compiling foreign-types-shared v0.1.1
[INFO] [stderr]    Compiling foreign-types v0.3.2
[INFO] [stderr]    Compiling webpki v0.21.4
[INFO] [stderr]    Compiling sct v0.6.1
[INFO] [stderr]    Compiling rustls v0.19.1
[INFO] [stderr]    Compiling time v0.2.27
[INFO] [stderr]    Compiling miniz_oxide v0.4.4
[INFO] [stderr]    Compiling native-tls v0.2.8
[INFO] [stderr]    Compiling crc32fast v1.2.1
[INFO] [stderr]    Compiling try-lock v0.2.3
[INFO] [stderr]    Compiling want v0.3.0
[INFO] [stderr]    Compiling http-body v0.4.3
[INFO] [stderr]    Compiling rand_core v0.6.3
[INFO] [stderr]    Compiling block-buffer v0.9.0
[INFO] [stderr]    Compiling digest v0.9.0
[INFO] [stderr]    Compiling socket2 v0.4.2
[INFO] [stderr]    Compiling cookie v0.14.4
[INFO] [stderr]    Compiling openssl-probe v0.1.4
[INFO] [stderr]    Compiling adler v1.0.2
[INFO] [stderr]    Compiling byteorder v1.4.3
[INFO] [stderr]    Compiling httpdate v1.0.1
[INFO] [stderr]    Compiling tower-service v0.3.1
[INFO] [stderr]    Compiling sha-1 v0.9.8
[INFO] [stderr]    Compiling mime_guess v2.0.3
[INFO] [stderr]    Compiling rand_core v0.5.1
[INFO] [stderr]    Compiling webpki-roots v0.21.1
[INFO] [stderr]    Compiling num-integer v0.1.44
[INFO] [stderr]    Compiling encoding_rs v0.8.28
[INFO] [stderr]    Compiling utf-8 v0.7.6
[INFO] [stderr]    Compiling strsim v0.10.0
[INFO] [stderr]    Compiling flate2 v1.0.22
[INFO] [stderr]    Compiling rand_chacha v0.2.2
[INFO] [stderr]    Compiling darling_core v0.13.0
[INFO] [stderr]    Compiling aho-corasick v0.7.18
[INFO] [stderr]    Compiling regex-syntax v0.6.25
[INFO] [stderr]    Compiling bytes v0.5.6
[INFO] [stderr]    Compiling tokio-macros v1.3.0
[INFO] [stderr]    Compiling tracing-attributes v0.1.16
[INFO] [stderr]    Compiling time-macros-impl v0.1.2
[INFO] [stderr]    Compiling time-macros v0.1.1
[INFO] [stderr]    Compiling thiserror-impl v1.0.29
[INFO] [stderr]    Compiling pin-project-internal v1.0.8
[INFO] [stderr]    Compiling tracing v0.1.28
[INFO] [stderr]    Compiling mime v0.3.16
[INFO] [stderr]    Compiling strsim v0.9.3
[INFO] [stderr]    Compiling darling_macro v0.13.0
[INFO] [stderr]    Compiling darling_core v0.10.2
[INFO] [stderr]    Compiling regex v1.5.4
[INFO] [stderr]    Compiling thiserror v1.0.29
[INFO] [stderr]    Compiling input_buffer v0.3.1
[INFO] [stderr]    Compiling pin-project v1.0.8
[INFO] [stderr]    Compiling rand v0.7.3
[INFO] [stderr]    Compiling rand_chacha v0.3.1
[INFO] [stderr]    Compiling tokio-util v0.6.8
[INFO] [stderr]    Compiling h2 v0.3.4
[INFO] [stderr]    Compiling tokio-rustls v0.22.0
[INFO] [stderr]    Compiling tokio-native-tls v0.3.0
[INFO] [stderr]    Compiling async-compression v0.3.8
[INFO] [stderr]    Compiling audiopus_sys v0.1.8
[INFO] [stderr]    Compiling time v0.1.44
[INFO] [stderr]    Compiling crossbeam-utils v0.8.5
[INFO] [stderr]    Compiling async-trait v0.1.51
[INFO] [stderr]    Compiling subtle v2.4.1
[INFO] [stderr]    Compiling arrayvec v0.4.12
[INFO] [stderr]    Compiling base64 v0.12.3
[INFO] [stderr]    Compiling ipnet v2.3.1
[INFO] [stderr]    Compiling rustversion v1.0.5
[INFO] [stderr]    Compiling universal-hash v0.4.1
[INFO] [stderr]    Compiling darling_macro v0.10.2
[INFO] [stderr]    Compiling rand v0.8.4
[INFO] [stderr]    Compiling darling v0.13.0
[INFO] [stderr]    Compiling url v2.2.2
[INFO] [stderr]    Compiling serde_urlencoded v0.7.0
[INFO] [stderr]    Compiling chrono v0.4.19
[INFO] [stderr]    Compiling futures-executor v0.3.17
[INFO] [stderr]    Compiling num-traits v0.1.43
[INFO] [stderr]    Compiling webpki-roots v0.20.0
[INFO] [stderr]    Compiling publicsuffix v1.5.6
[INFO] [stderr]    Compiling tungstenite v0.11.1
[INFO] [stderr]    Compiling cipher v0.3.0
[INFO] [stderr]    Compiling input_buffer v0.4.0
[INFO] [stderr]    Compiling nodrop v0.1.14
[INFO] [stderr]    Compiling serenity v0.10.9
[INFO] [stderr]    Compiling cookie_store v0.12.0
[INFO] [stderr]    Compiling zeroize v1.3.0
[INFO] [stderr]    Compiling pnet_base v0.28.0
[INFO] [stderr]    Compiling async-tungstenite v0.11.0
[INFO] [stderr]    Compiling salsa20 v0.8.1
[INFO] [stderr]    Compiling pnet_macros_support v0.28.0
[INFO] [stderr]    Compiling tungstenite v0.13.0
[INFO] [stderr]    Compiling futures v0.3.17
[INFO] [stderr]    Compiling enum_primitive v0.1.1
[INFO] [stderr]    Compiling darling v0.10.2
[INFO] [stderr]    Compiling pnet_macros v0.28.0
[INFO] [stderr]    Compiling serde_with_macros v1.5.0
[INFO] [stderr]    Compiling poly1305 v0.7.2
[INFO] [stderr]    Compiling serde_repr v0.1.7
[INFO] [stderr]    Compiling command_attr v0.3.7
[INFO] [stderr]    Compiling aead v0.4.3
[INFO] [stderr]    Compiling nanorand v0.6.1
[INFO] [stderr]    Compiling spin v0.9.2
[INFO] [stderr]    Compiling convert_case v0.4.0
[INFO] [stderr]    Compiling static_assertions v1.1.0
[INFO] [stderr]    Compiling songbird v0.2.0
[INFO] [stderr]    Compiling hyper v0.14.13
[INFO] [stderr]    Compiling uwl v0.6.0
[INFO] [stderr]    Compiling typemap_rev v0.1.5
[INFO] [stderr]    Compiling discortp v0.4.0
[INFO] [stderr]    Compiling serde_with v1.10.0
[INFO] [stderr]    Compiling flume v0.10.9
[INFO] [stderr]    Compiling serenity-voice-model v0.1.0
[INFO] [stderr]    Compiling derive_more v0.99.16
[INFO] [stderr]    Compiling xsalsa20poly1305 v0.7.2
[INFO] [stderr]    Compiling async-tungstenite v0.14.0
[INFO] [stderr]    Compiling streamcatcher v0.1.1
[INFO] [stderr]    Compiling audiopus v0.2.0
[INFO] [stderr]    Compiling symphonia-core v0.2.0
[INFO] [stderr]    Compiling log-derive v0.4.1
[INFO] [stderr]    Compiling serde_qs v0.8.4
[INFO] [stderr]    Compiling tokio-stream v0.1.7
[INFO] [stderr]    Compiling tracing-futures v0.2.5
[INFO] [stderr]    Compiling derivative v2.2.0
[INFO] [stderr]    Compiling uuid v0.8.2
[INFO] [stderr]    Compiling dashmap v4.0.2
[INFO] [stderr]    Compiling spin_sleep v1.0.0
[INFO] [stderr]    Compiling hyper-rustls v0.22.1
[INFO] [stderr]    Compiling hyper-tls v0.5.0
[INFO] [stderr]    Compiling reqwest v0.11.4
[INFO] [stderr]    Compiling rustube v0.3.5
[INFO] [stdout] error[E0432]: unresolved import `std::lazy`
[INFO] [stdout]  --> /opt/rustwide/cargo-home/registry/src/github.com-1ecc6299db9ec823/rustube-0.3.5/src/fetcher.rs:1:10
[INFO] [stdout]   |
[INFO] [stdout] 1 | use std::lazy::SyncLazy;
[INFO] [stdout]   |          ^^^^ could not find `lazy` in `std`
[INFO] [stdout] 
[INFO] [stdout] 
[INFO] [stdout] error[E0432]: unresolved import `std::lazy`
[INFO] [stdout]  --> /opt/rustwide/cargo-home/registry/src/github.com-1ecc6299db9ec823/rustube-0.3.5/src/descrambler/cipher.rs:2:10
[INFO] [stdout]   |
[INFO] [stdout] 2 | use std::lazy::SyncLazy;
[INFO] [stdout]   |          ^^^^ could not find `lazy` in `std`
[INFO] [stdout] 
[INFO] [stdout] 
[INFO] [stdout] error[E0432]: unresolved import `std::lazy`
[INFO] [stdout]  --> /opt/rustwide/cargo-home/registry/src/github.com-1ecc6299db9ec823/rustube-0.3.5/src/serde_impl/mime_type.rs:1:10
[INFO] [stdout]   |
[INFO] [stdout] 1 | use std::lazy::SyncLazy;
[INFO] [stdout]   |          ^^^^ could not find `lazy` in `std`
[INFO] [stdout] 
[INFO] [stdout] 
[INFO] [stdout] error[E0433]: failed to resolve: could not find `lazy` in `std`
[INFO] [stdout]   --> /opt/rustwide/cargo-home/registry/src/github.com-1ecc6299db9ec823/rustube-0.3.5/src/id.rs:27:32
[INFO] [stdout]    |
[INFO] [stdout] 27 | pub static ID_PATTERNS: [&std::lazy::SyncLazy<Regex>; 4] = [
[INFO] [stdout]    |                                ^^^^ could not find `lazy` in `std`
[INFO] [stdout] 
[INFO] [stdout] 
[INFO] [stdout] error[E0433]: failed to resolve: could not find `lazy` in `std`
[INFO] [stdout]   --> /opt/rustwide/cargo-home/registry/src/github.com-1ecc6299db9ec823/rustube-0.3.5/src/id.rs:36:36
[INFO] [stdout]    |
[INFO] [stdout] 36 | pub static WATCH_URL_PATTERN: std::lazy::SyncLazy<Regex> = std::lazy::SyncLazy::new(||
[INFO] [stdout]    |                                    ^^^^ could not find `lazy` in `std`
[INFO] [stdout] 
[INFO] [stdout] 
[INFO] [stdout] error[E0433]: failed to resolve: could not find `lazy` in `std`
[INFO] [stdout]   --> /opt/rustwide/cargo-home/registry/src/github.com-1ecc6299db9ec823/rustube-0.3.5/src/id.rs:36:65
[INFO] [stdout]    |
[INFO] [stdout] 36 | pub static WATCH_URL_PATTERN: std::lazy::SyncLazy<Regex> = std::lazy::SyncLazy::new(||
[INFO] [stdout]    |                                                                 ^^^^ could not find `lazy` in `std`
[INFO] [stdout] 
[INFO] [stdout] 
[INFO] [stdout] error[E0433]: failed to resolve: could not find `lazy` in `std`
[INFO] [stdout]   --> /opt/rustwide/cargo-home/registry/src/github.com-1ecc6299db9ec823/rustube-0.3.5/src/id.rs:43:36
[INFO] [stdout]    |
[INFO] [stdout] 43 | pub static EMBED_URL_PATTERN: std::lazy::SyncLazy<Regex> = std::lazy::SyncLazy::new(||
[INFO] [stdout]    |                                    ^^^^ could not find `lazy` in `std`
[INFO] [stdout] 
[INFO] [stdout] 
[INFO] [stdout] error[E0433]: failed to resolve: could not find `lazy` in `std`
[INFO] [stdout]   --> /opt/rustwide/cargo-home/registry/src/github.com-1ecc6299db9ec823/rustube-0.3.5/src/id.rs:43:65
[INFO] [stdout]    |
[INFO] [stdout] 43 | pub static EMBED_URL_PATTERN: std::lazy::SyncLazy<Regex> = std::lazy::SyncLazy::new(||
[INFO] [stdout]    |                                                                 ^^^^ could not find `lazy` in `std`
[INFO] [stdout] 
[INFO] [stdout] 
[INFO] [stdout] error[E0433]: failed to resolve: could not find `lazy` in `std`
[INFO] [stdout]   --> /opt/rustwide/cargo-home/registry/src/github.com-1ecc6299db9ec823/rustube-0.3.5/src/id.rs:50:36
[INFO] [stdout]    |
[INFO] [stdout] 50 | pub static SHARE_URL_PATTERN: std::lazy::SyncLazy<Regex> = std::lazy::SyncLazy::new(||
[INFO] [stdout]    |                                    ^^^^ could not find `lazy` in `std`
[INFO] [stdout] 
[INFO] [stdout] 
[INFO] [stdout] error[E0433]: failed to resolve: could not find `lazy` in `std`
[INFO] [stdout]   --> /opt/rustwide/cargo-home/registry/src/github.com-1ecc6299db9ec823/rustube-0.3.5/src/id.rs:50:65
[INFO] [stdout]    |
[INFO] [stdout] 50 | pub static SHARE_URL_PATTERN: std::lazy::SyncLazy<Regex> = std::lazy::SyncLazy::new(||
[INFO] [stdout]    |                                                                 ^^^^ could not find `lazy` in `std`
[INFO] [stdout] 
[INFO] [stdout] 
[INFO] [stdout] error[E0433]: failed to resolve: could not find `lazy` in `std`
[INFO] [stdout]   --> /opt/rustwide/cargo-home/registry/src/github.com-1ecc6299db9ec823/rustube-0.3.5/src/id.rs:57:29
[INFO] [stdout]    |
[INFO] [stdout] 57 | pub static ID_PATTERN: std::lazy::SyncLazy<Regex> = std::lazy::SyncLazy::new(||
[INFO] [stdout]    |                             ^^^^ could not find `lazy` in `std`
[INFO] [stdout] 
[INFO] [stdout] 
[INFO] [stdout] error[E0433]: failed to resolve: could not find `lazy` in `std`
[INFO] [stdout]   --> /opt/rustwide/cargo-home/registry/src/github.com-1ecc6299db9ec823/rustube-0.3.5/src/id.rs:57:58
[INFO] [stdout]    |
[INFO] [stdout] 57 | pub static ID_PATTERN: std::lazy::SyncLazy<Regex> = std::lazy::SyncLazy::new(||
[INFO] [stdout]    |                                                          ^^^^ could not find `lazy` in `std`
[INFO] [stdout] 
[INFO] [stdout] 
[INFO] [stdout] error[E0554]: `#![feature]` may not be used on the stable release channel
[INFO] [stdout]  --> /opt/rustwide/cargo-home/registry/src/github.com-1ecc6299db9ec823/rustube-0.3.5/src/lib.rs:1:1
[INFO] [stdout]   |
[INFO] [stdout] 1 | / #![feature(
[INFO] [stdout] 2 | | doc_cfg,
[INFO] [stdout] 3 | | async_closure, bool_to_option, cow_is_borrowed, once_cell, box_syntax,
[INFO] [stdout] 4 | | str_split_as_str, option_result_contains
[INFO] [stdout] 5 | | )]
[INFO] [stdout]   | |__^
[INFO] [stdout] 
[INFO] [stdout] 
[INFO] [stdout] error[E0554]: `#![feature]` may not be used on the stable release channel
[INFO] [stdout]  --> /opt/rustwide/cargo-home/registry/src/github.com-1ecc6299db9ec823/rustube-0.3.5/src/lib.rs:3:16
[INFO] [stdout]   |
[INFO] [stdout] 3 | async_closure, bool_to_option, cow_is_borrowed, once_cell, box_syntax,
[INFO] [stdout]   |                ^^^^^^^^^^^^^^
[INFO] [stdout] 
[INFO] [stdout] 
[INFO] [stdout] error[E0554]: `#![feature]` may not be used on the stable release channel
[INFO] [stdout]  --> /opt/rustwide/cargo-home/registry/src/github.com-1ecc6299db9ec823/rustube-0.3.5/src/lib.rs:3:32
[INFO] [stdout]   |
[INFO] [stdout] 3 | async_closure, bool_to_option, cow_is_borrowed, once_cell, box_syntax,
[INFO] [stdout]   |                                ^^^^^^^^^^^^^^^
[INFO] [stdout] 
[INFO] [stdout] 
[INFO] [stdout] error[E0554]: `#![feature]` may not be used on the stable release channel
[INFO] [stdout]  --> /opt/rustwide/cargo-home/registry/src/github.com-1ecc6299db9ec823/rustube-0.3.5/src/lib.rs:3:49
[INFO] [stdout]   |
[INFO] [stdout] 3 | async_closure, bool_to_option, cow_is_borrowed, once_cell, box_syntax,
[INFO] [stdout]   |                                                 ^^^^^^^^^
[INFO] [stdout] 
[INFO] [stdout] 
[INFO] [stdout] error[E0554]: `#![feature]` may not be used on the stable release channel
[INFO] [stdout]  --> /opt/rustwide/cargo-home/registry/src/github.com-1ecc6299db9ec823/rustube-0.3.5/src/lib.rs:4:1
[INFO] [stdout]   |
[INFO] [stdout] 4 | str_split_as_str, option_result_contains
[INFO] [stdout]   | ^^^^^^^^^^^^^^^^
[INFO] [stdout] 
[INFO] [stdout] 
[INFO] [stdout] error[E0554]: `#![feature]` may not be used on the stable release channel
[INFO] [stdout]  --> /opt/rustwide/cargo-home/registry/src/github.com-1ecc6299db9ec823/rustube-0.3.5/src/lib.rs:4:19
[INFO] [stdout]   |
[INFO] [stdout] 4 | str_split_as_str, option_result_contains
[INFO] [stdout]   |                   ^^^^^^^^^^^^^^^^^^^^^^
[INFO] [stdout] 
[INFO] [stdout] 
[INFO] [stdout] error[E0635]: unknown feature `str_split_as_str`
[INFO] [stdout]  --> /opt/rustwide/cargo-home/registry/src/github.com-1ecc6299db9ec823/rustube-0.3.5/src/lib.rs:4:1
[INFO] [stdout]   |
[INFO] [stdout] 4 | str_split_as_str, option_result_contains
[INFO] [stdout]   | ^^^^^^^^^^^^^^^^
[INFO] [stdout] 
[INFO] [stdout] 
[INFO] [stdout] error[E0308]: mismatched types
[INFO] [stdout]    --> /opt/rustwide/cargo-home/registry/src/github.com-1ecc6299db9ec823/rustube-0.3.5/src/descrambler/cipher.rs:204:58
[INFO] [stdout]     |
[INFO] [stdout] 204 |         (Regex::new(r"\{\w\.splice\(0,\w\)}").unwrap(), (splice, "splice")),
[INFO] [stdout]     |                                                          ^^^^^^ expected fn item, found a different fn item
[INFO] [stdout]     |
[INFO] [stdout]     = note: expected fn item `for<'a> fn(&'a mut Vec<u8>, std::option::Option<_>) {reverse}`
[INFO] [stdout]                found fn item `for<'a> fn(&'a mut Vec<u8>, std::option::Option<_>) {splice}`
[INFO] [stdout] 
[INFO] [stdout] 
[INFO] [stdout] error[E0308]: mismatched types
[INFO] [stdout]    --> /opt/rustwide/cargo-home/registry/src/github.com-1ecc6299db9ec823/rustube-0.3.5/src/descrambler/cipher.rs:206:100
[INFO] [stdout]     |
[INFO] [stdout] 206 |         (Regex::new(r"\{var\s\w=\w\[0];\w\[0]=\w\[\w%\w.length];\w\[\w%\w.length]=\w}").unwrap(), (swap, "swap")),
[INFO] [stdout]     |                                                                                                    ^^^^ expected fn item, found a different fn item
[INFO] [stdout]     |
[INFO] [stdout]     = note: expected fn item `for<'a> fn(&'a mut Vec<u8>, std::option::Option<_>) {reverse}`
[INFO] [stdout]                found fn item `for<'a> fn(&'a mut Vec<u8>, std::option::Option<_>) {map_functions::swap}`
[INFO] [stdout] 
[INFO] [stdout] 
[INFO] [stdout] error[E0308]: mismatched types
[INFO] [stdout]    --> /opt/rustwide/cargo-home/registry/src/github.com-1ecc6299db9ec823/rustube-0.3.5/src/descrambler/cipher.rs:208:90
[INFO] [stdout]     |
[INFO] [stdout] 208 |         (Regex::new(r"\{var\s\w=\w\[0];\w\[0]=\w\[\w%\w.length];\w\[\w]=\w}").unwrap(), (swap, "swap")),
[INFO] [stdout]     |                                                                                          ^^^^ expected fn item, found a different fn item
[INFO] [stdout]     |
[INFO] [stdout]     = note: expected fn item `for<'a> fn(&'a mut Vec<u8>, std::option::Option<_>) {reverse}`
[INFO] [stdout]                found fn item `for<'a> fn(&'a mut Vec<u8>, std::option::Option<_>) {map_functions::swap}`
[INFO] [stdout] 
[INFO] [stdout] 
[INFO] [stdout] error: aborting due to 22 previous errors
[INFO] [stdout] 
[INFO] [stdout] 
[INFO] [stdout] Some errors have detailed explanations: E0308, E0432, E0433, E0554, E0635.
[INFO] [stdout] 
[INFO] [stdout] For more information about an error, try `rustc --explain E0308`.
[INFO] [stdout] 
[INFO] [stderr] error: could not compile `rustube` due to 23 previous errors
[INFO] [stderr] warning: build failed, waiting for other jobs to finish...
[INFO] running `Command { std: "docker" "inspect" "f6efce4ad75ee45e2ce904d4ebb0d8525b936d65b305320f090a782cfbcbf01e", kill_on_drop: false }`
[INFO] running `Command { std: "docker" "rm" "-f" "f6efce4ad75ee45e2ce904d4ebb0d8525b936d65b305320f090a782cfbcbf01e", kill_on_drop: false }`
[INFO] [stdout] f6efce4ad75ee45e2ce904d4ebb0d8525b936d65b305320f090a782cfbcbf01e
