[INFO] cloning repository https://github.com/NilsHochschwender/elek_wider
[INFO] running `Command { std: "git" "-c" "credential.helper=" "-c" "credential.helper=/workspace/cargo-home/bin/git-credential-null" "clone" "--bare" "https://github.com/NilsHochschwender/elek_wider" "/workspace/cache/git-repos/https%3A%2F%2Fgithub.com%2FNilsHochschwender%2Felek_wider", kill_on_drop: false }`
[INFO] [stderr] Cloning into bare repository '/workspace/cache/git-repos/https%3A%2F%2Fgithub.com%2FNilsHochschwender%2Felek_wider'...
[INFO] running `Command { std: "git" "rev-parse" "HEAD", kill_on_drop: false }`
[INFO] [stdout] 94c23ac9385b52bca94169795f12daf4a38bb0fd
[INFO] testing NilsHochschwender/elek_wider against beta-2023-04-20 for beta-1.70-1
[INFO] running `Command { std: "git" "clone" "/workspace/cache/git-repos/https%3A%2F%2Fgithub.com%2FNilsHochschwender%2Felek_wider" "/workspace/builds/worker-7-tc2/source", kill_on_drop: false }`
[INFO] [stderr] Cloning into '/workspace/builds/worker-7-tc2/source'...
[INFO] [stderr] done.
[INFO] validating manifest of git repo https://github.com/NilsHochschwender/elek_wider on toolchain beta-2023-04-20
[INFO] running `Command { std: CARGO_HOME="/workspace/cargo-home" RUSTUP_HOME="/workspace/rustup-home" "/workspace/cargo-home/bin/cargo" "+beta-2023-04-20" "metadata" "--manifest-path" "Cargo.toml" "--no-deps", kill_on_drop: false }`
[INFO] started tweaking git repo https://github.com/NilsHochschwender/elek_wider
[INFO] finished tweaking git repo https://github.com/NilsHochschwender/elek_wider
[INFO] tweaked toml for git repo https://github.com/NilsHochschwender/elek_wider written to /workspace/builds/worker-7-tc2/source/Cargo.toml
[INFO] crate git repo https://github.com/NilsHochschwender/elek_wider already has a lockfile, it will not be regenerated
[INFO] running `Command { std: CARGO_HOME="/workspace/cargo-home" RUSTUP_HOME="/workspace/rustup-home" "/workspace/cargo-home/bin/cargo" "+beta-2023-04-20" "fetch" "--manifest-path" "Cargo.toml", kill_on_drop: false }`
[INFO] [stderr]  Downloading crates ...
[INFO] [stderr]   Downloaded text_io v0.1.7
[INFO] running `Command { std: "docker" "create" "-v" "/var/lib/crater-agent-workspace/builds/worker-7-tc2/target:/opt/rustwide/target:rw,Z" "-v" "/var/lib/crater-agent-workspace/builds/worker-7-tc2/source:/opt/rustwide/workdir:ro,Z" "-v" "/var/lib/crater-agent-workspace/cargo-home:/opt/rustwide/cargo-home:ro,Z" "-v" "/var/lib/crater-agent-workspace/rustup-home:/opt/rustwide/rustup-home:ro,Z" "-e" "SOURCE_DIR=/opt/rustwide/workdir" "-e" "CARGO_TARGET_DIR=/opt/rustwide/target" "-e" "CARGO_HOME=/opt/rustwide/cargo-home" "-e" "RUSTUP_HOME=/opt/rustwide/rustup-home" "-w" "/opt/rustwide/workdir" "-m" "1610612736" "--user" "0:0" "--network" "none" "ghcr.io/rust-lang/crates-build-env/linux@sha256:5ff2268d62e97bff2cde7d5815dd6ed5b47097566f13b8d0ca110b04b60e07ed" "/opt/rustwide/cargo-home/bin/cargo" "+beta-2023-04-20" "metadata" "--no-deps" "--format-version=1", kill_on_drop: false }`
[INFO] [stdout] 53f4327433f1928484322a378636233163788d33d0543a35cd79166c2b6d64b2
[INFO] running `Command { std: "docker" "start" "-a" "53f4327433f1928484322a378636233163788d33d0543a35cd79166c2b6d64b2", kill_on_drop: false }`
[INFO] running `Command { std: "docker" "inspect" "53f4327433f1928484322a378636233163788d33d0543a35cd79166c2b6d64b2", kill_on_drop: false }`
[INFO] running `Command { std: "docker" "rm" "-f" "53f4327433f1928484322a378636233163788d33d0543a35cd79166c2b6d64b2", kill_on_drop: false }`
[INFO] [stdout] 53f4327433f1928484322a378636233163788d33d0543a35cd79166c2b6d64b2
[INFO] running `Command { std: "docker" "create" "-v" "/var/lib/crater-agent-workspace/builds/worker-7-tc2/target:/opt/rustwide/target:rw,Z" "-v" "/var/lib/crater-agent-workspace/builds/worker-7-tc2/source:/opt/rustwide/workdir:ro,Z" "-v" "/var/lib/crater-agent-workspace/cargo-home:/opt/rustwide/cargo-home:ro,Z" "-v" "/var/lib/crater-agent-workspace/rustup-home:/opt/rustwide/rustup-home:ro,Z" "-e" "SOURCE_DIR=/opt/rustwide/workdir" "-e" "CARGO_TARGET_DIR=/opt/rustwide/target" "-e" "CARGO_INCREMENTAL=0" "-e" "RUST_BACKTRACE=full" "-e" "RUSTFLAGS=--cap-lints=warn" "-e" "RUSTDOCFLAGS=--cap-lints=warn" "-e" "CARGO_HOME=/opt/rustwide/cargo-home" "-e" "RUSTUP_HOME=/opt/rustwide/rustup-home" "-w" "/opt/rustwide/workdir" "-m" "1610612736" "--user" "0:0" "--network" "none" "ghcr.io/rust-lang/crates-build-env/linux@sha256:5ff2268d62e97bff2cde7d5815dd6ed5b47097566f13b8d0ca110b04b60e07ed" "/opt/rustwide/cargo-home/bin/cargo" "+beta-2023-04-20" "build" "--frozen" "--message-format=json", kill_on_drop: false }`
[INFO] [stdout] a65d19bb3a4c733671c608d24940018b52e7fad5081b7705a0f9e80037406c9b
[INFO] running `Command { std: "docker" "start" "-a" "a65d19bb3a4c733671c608d24940018b52e7fad5081b7705a0f9e80037406c9b", kill_on_drop: false }`
[INFO] [stderr]    Compiling libc v0.2.42
[INFO] [stderr]    Compiling lazy_static v1.0.2
[INFO] [stderr]    Compiling regex v1.0.2
[INFO] [stderr]    Compiling ucd-util v0.1.1
[INFO] [stderr]    Compiling text_io v0.1.7
[INFO] [stderr]    Compiling thread_local v0.3.5
[INFO] [stderr]    Compiling regex-syntax v0.6.2
[INFO] [stderr]    Compiling memchr v2.0.1
[INFO] [stderr]    Compiling aho-corasick v0.6.6
[INFO] [stderr]    Compiling elek_wider v0.1.0 (/opt/rustwide/workdir)
[INFO] [stdout] error[E0425]: cannot find value `goal_pre_units` in this scope
[INFO] [stdout]   --> src/main.rs:49:21
[INFO] [stdout]    |
[INFO] [stdout] 49 |         pow = pow - goal_pre_units.return_pow();
[INFO] [stdout]    |                     ^^^^^^^^^^^^^^ help: a local variable with a similar name exists: `goal_pre_unit`
[INFO] [stdout] 
[INFO] [stdout] 
[INFO] [stdout] error[E0658]: language items are subject to change
[INFO] [stdout]   --> src/main.rs:10:1
[INFO] [stdout]    |
[INFO] [stdout] 10 | #[lang = "char"]
[INFO] [stdout]    | ^^^^^^^^^^^^^^^^
[INFO] [stdout] 
[INFO] [stdout] 
[INFO] [stdout] warning: unused `#[macro_use]` import
[INFO] [stdout]  --> src/main.rs:3:1
[INFO] [stdout]   |
[INFO] [stdout] 3 | #[macro_use]
[INFO] [stdout]   | ^^^^^^^^^^^^
[INFO] [stdout]   |
[INFO] [stdout]   = note: `#[warn(unused_imports)]` on by default
[INFO] [stdout] 
[INFO] [stdout] 
[INFO] [stdout] warning: variant `k` should have an upper camel case name
[INFO] [stdout]   --> src/main.rs:23:5
[INFO] [stdout]    |
[INFO] [stdout] 23 |     k,
[INFO] [stdout]    |     ^ help: convert the identifier to upper camel case (notice the capitalization): `K`
[INFO] [stdout]    |
[INFO] [stdout]    = note: `#[warn(non_camel_case_types)]` on by default
[INFO] [stdout] 
[INFO] [stdout] 
[INFO] [stdout] warning: variant `d` should have an upper camel case name
[INFO] [stdout]   --> src/main.rs:25:5
[INFO] [stdout]    |
[INFO] [stdout] 25 |     d,
[INFO] [stdout]    |     ^ help: convert the identifier to upper camel case: `D`
[INFO] [stdout] 
[INFO] [stdout] 
[INFO] [stdout] warning: variant `z` should have an upper camel case name
[INFO] [stdout]   --> src/main.rs:26:5
[INFO] [stdout]    |
[INFO] [stdout] 26 |     z,
[INFO] [stdout]    |     ^ help: convert the identifier to upper camel case (notice the capitalization): `Z`
[INFO] [stdout] 
[INFO] [stdout] 
[INFO] [stdout] warning: variant `m` should have an upper camel case name
[INFO] [stdout]   --> src/main.rs:27:5
[INFO] [stdout]    |
[INFO] [stdout] 27 |     m,
[INFO] [stdout]    |     ^ help: convert the identifier to upper camel case: `M`
[INFO] [stdout] 
[INFO] [stdout] 
[INFO] [stdout] warning: variant `my` should have an upper camel case name
[INFO] [stdout]   --> src/main.rs:28:5
[INFO] [stdout]    |
[INFO] [stdout] 28 |     my,
[INFO] [stdout]    |     ^^ help: convert the identifier to upper camel case: `My`
[INFO] [stdout] 
[INFO] [stdout] 
[INFO] [stdout] warning: variant `n` should have an upper camel case name
[INFO] [stdout]   --> src/main.rs:29:5
[INFO] [stdout]    |
[INFO] [stdout] 29 |     n,
[INFO] [stdout]    |     ^ help: convert the identifier to upper camel case: `N`
[INFO] [stdout] 
[INFO] [stdout] 
[INFO] [stdout] warning: use of deprecated constant `std::sync::ONCE_INIT`: the `new` function is now preferred
[INFO] [stdout]    --> src/main.rs:208:13
[INFO] [stdout]     |
[INFO] [stdout] 208 | /             lazy_static!  {
[INFO] [stdout] 209 | |                 static ref RENUM: Regex = Regex::new(r"([0-9\.]+)(ohmxmm2/m|ohm|mm2|mm|m)").unwrap();
[INFO] [stdout] 210 | |                 static ref REMAT: Regex = Regex::new(r"([[:alpha:]]+)").unwrap();
[INFO] [stdout] 211 | |             }
[INFO] [stdout]     | |_____________^
[INFO] [stdout]     |
[INFO] [stdout]     = note: `#[warn(deprecated)]` on by default
[INFO] [stdout]     = note: this warning originates in the macro `__lazy_static_create` which comes from the expansion of the macro `lazy_static` (in Nightly builds, run with -Z macro-backtrace for more info)
[INFO] [stdout] 
[INFO] [stdout] 
[INFO] [stdout] warning: use of deprecated constant `std::sync::ONCE_INIT`: the `new` function is now preferred
[INFO] [stdout]    --> src/main.rs:208:13
[INFO] [stdout]     |
[INFO] [stdout] 208 | /             lazy_static!  {
[INFO] [stdout] 209 | |                 static ref RENUM: Regex = Regex::new(r"([0-9\.]+)(ohmxmm2/m|ohm|mm2|mm|m)").unwrap();
[INFO] [stdout] 210 | |                 static ref REMAT: Regex = Regex::new(r"([[:alpha:]]+)").unwrap();
[INFO] [stdout] 211 | |             }
[INFO] [stdout]     | |_____________^
[INFO] [stdout]     |
[INFO] [stdout]     = note: this warning originates in the macro `__lazy_static_create` which comes from the expansion of the macro `lazy_static` (in Nightly builds, run with -Z macro-backtrace for more info)
[INFO] [stdout] 
[INFO] [stdout] 
[INFO] [stdout] warning: use of deprecated constant `std::sync::ONCE_INIT`: the `new` function is now preferred
[INFO] [stdout]    --> src/main.rs:589:13
[INFO] [stdout]     |
[INFO] [stdout] 589 | /             lazy_static! {
[INFO] [stdout] 590 | |                 static ref RE: Regex = Regex::new(r"([0-9\.]+)(ohm|[Aa]|[Vv])").unwrap();
[INFO] [stdout] 591 | |             }
[INFO] [stdout]     | |_____________^
[INFO] [stdout]     |
[INFO] [stdout]     = note: this warning originates in the macro `__lazy_static_create` which comes from the expansion of the macro `lazy_static` (in Nightly builds, run with -Z macro-backtrace for more info)
[INFO] [stdout] 
[INFO] [stdout] 
[INFO] [stdout] error[E0522]: definition of an unknown language item: `char`
[INFO] [stdout]   --> src/main.rs:10:1
[INFO] [stdout]    |
[INFO] [stdout] 10 | #[lang = "char"]
[INFO] [stdout]    | ^^^^^^^^^^^^^^^^ definition of unknown language item `char`
[INFO] [stdout] 
[INFO] [stdout] 
[INFO] [stdout] error: aborting due to 3 previous errors; 10 warnings emitted
[INFO] [stdout] 
[INFO] [stdout] 
[INFO] [stdout] Some errors have detailed explanations: E0425, E0522, E0658.
[INFO] [stdout] 
[INFO] [stdout] For more information about an error, try `rustc --explain E0425`.
[INFO] [stdout] 
[INFO] [stderr] error: could not compile `elek_wider` (bin "elek_wider") due to 4 previous errors; 10 warnings emitted
[INFO] running `Command { std: "docker" "inspect" "a65d19bb3a4c733671c608d24940018b52e7fad5081b7705a0f9e80037406c9b", kill_on_drop: false }`
[INFO] running `Command { std: "docker" "rm" "-f" "a65d19bb3a4c733671c608d24940018b52e7fad5081b7705a0f9e80037406c9b", kill_on_drop: false }`
[INFO] [stdout] a65d19bb3a4c733671c608d24940018b52e7fad5081b7705a0f9e80037406c9b
