[INFO] cloning repository https://github.com/Neopallium/sub-script
[INFO] running `Command { std: "git" "-c" "credential.helper=" "-c" "credential.helper=/workspace/cargo-home/bin/git-credential-null" "clone" "--bare" "https://github.com/Neopallium/sub-script" "/workspace/cache/git-repos/https%3A%2F%2Fgithub.com%2FNeopallium%2Fsub-script", kill_on_drop: false }`
[INFO] [stderr] Cloning into bare repository '/workspace/cache/git-repos/https%3A%2F%2Fgithub.com%2FNeopallium%2Fsub-script'...
[INFO] running `Command { std: "git" "rev-parse" "HEAD", kill_on_drop: false }`
[INFO] [stdout] 405ec178213a487cc1b6b2e39f45fcfc38832497
[INFO] testing Neopallium/sub-script against beta-2023-04-20 for beta-1.70-1
[INFO] running `Command { std: "git" "clone" "/workspace/cache/git-repos/https%3A%2F%2Fgithub.com%2FNeopallium%2Fsub-script" "/workspace/builds/worker-1-tc2/source", kill_on_drop: false }`
[INFO] [stderr] Cloning into '/workspace/builds/worker-1-tc2/source'...
[INFO] [stderr] done.
[INFO] validating manifest of git repo https://github.com/Neopallium/sub-script on toolchain beta-2023-04-20
[INFO] running `Command { std: CARGO_HOME="/workspace/cargo-home" RUSTUP_HOME="/workspace/rustup-home" "/workspace/cargo-home/bin/cargo" "+beta-2023-04-20" "metadata" "--manifest-path" "Cargo.toml" "--no-deps", kill_on_drop: false }`
[INFO] removed /workspace/builds/worker-1-tc2/source/rust-toolchain
[INFO] started tweaking git repo https://github.com/Neopallium/sub-script
[INFO] finished tweaking git repo https://github.com/Neopallium/sub-script
[INFO] tweaked toml for git repo https://github.com/Neopallium/sub-script written to /workspace/builds/worker-1-tc2/source/Cargo.toml
[INFO] crate git repo https://github.com/Neopallium/sub-script already has a lockfile, it will not be regenerated
[INFO] running `Command { std: CARGO_HOME="/workspace/cargo-home" RUSTUP_HOME="/workspace/rustup-home" "/workspace/cargo-home/bin/cargo" "+beta-2023-04-20" "fetch" "--manifest-path" "Cargo.toml", kill_on_drop: false }`
[INFO] [stderr]     Blocking waiting for file lock on package cache
[INFO] [stderr]     Updating crates.io index
[INFO] [stderr]  Downloading crates ...
[INFO] [stderr]   Downloaded sp-version v3.0.0
[INFO] [stderr]   Downloaded sp-runtime v3.0.0
[INFO] [stderr]   Downloaded sec1 v0.2.1
[INFO] [stderr]   Downloaded sp-std v3.0.0
[INFO] [stderr]   Downloaded sp-io v3.0.0
[INFO] [stderr]   Downloaded elliptic-curve v0.11.12
[INFO] [stderr]   Downloaded sp-wasm-interface v3.0.0
[INFO] [stderr]   Downloaded ws v0.9.2
[INFO] [stderr]   Downloaded sp-application-crypto v3.0.0
[INFO] [stderr]   Downloaded sp-arithmetic v3.0.0
[INFO] [stderr]   Downloaded frame-system v3.0.0
[INFO] [stderr]   Downloaded sp-inherents v3.0.0
[INFO] [stderr]   Downloaded multistream-select v0.11.0
[INFO] [stderr]   Downloaded sp-externalities v0.9.0
[INFO] [stderr]   Downloaded sp-runtime-interface-proc-macro v3.0.0
[INFO] [stderr]   Downloaded sp-keystore v0.9.0
[INFO] [stderr]   Downloaded merlin v3.0.0
[INFO] [stderr]   Downloaded rhai_codegen v1.4.0
[INFO] [stderr]   Downloaded hidapi v1.4.1
[INFO] [stderr]   Downloaded ledger-apdu v0.8.0
[INFO] [stderr]   Downloaded multiaddr v0.14.0
[INFO] [stderr]   Downloaded multihash-derive v0.8.0
[INFO] [stderr]   Downloaded group v0.11.0
[INFO] [stderr]   Downloaded ff v0.11.0
[INFO] [stderr]   Downloaded rhai v1.6.1
[INFO] [stderr]   Downloaded p256 v0.10.1
[INFO] [stderr]   Downloaded parity-util-mem v0.9.0
[INFO] [stderr]   Downloaded ledger-transport-hid v0.8.0
[INFO] [stderr]   Downloaded multihash v0.16.2
[INFO] [stderr]   Downloaded rfc6979 v0.1.0
[INFO] [stderr]   Downloaded ecdsa v0.13.4
[INFO] [stderr]   Downloaded libp2p-core v0.32.1
[INFO] [stderr]   Downloaded frame-metadata v13.0.0
[INFO] [stderr]   Downloaded rust_decimal v1.23.1
[INFO] [stderr]   Downloaded sp-state-machine v0.9.0
[INFO] [stderr]   Downloaded sp-panic-handler v3.0.0
[INFO] [stderr]   Downloaded memory-db v0.26.0
[INFO] [stderr]   Downloaded primitive-types v0.9.1
[INFO] [stderr]   Downloaded sp-runtime-interface v3.0.0
[INFO] [stderr]   Downloaded sp-tracing v3.0.0
[INFO] [stderr]   Downloaded sp-core v3.0.0
[INFO] [stderr]   Downloaded sp-debug-derive v3.0.0
[INFO] [stderr]   Downloaded sp-storage v3.0.0
[INFO] [stderr]   Downloaded sp-trie v3.0.0
[INFO] [stderr]   Downloaded frame-support-procedural-tools-derive v3.0.0
[INFO] [stderr]   Downloaded frame-support-procedural-tools v3.0.0
[INFO] [stderr]   Downloaded frame-support-procedural v3.0.0
[INFO] [stderr]   Downloaded sp-staking v3.0.0
[INFO] [stderr]   Downloaded frame-support v3.0.0
[INFO] running `Command { std: "docker" "create" "-v" "/var/lib/crater-agent-workspace/builds/worker-1-tc2/target:/opt/rustwide/target:rw,Z" "-v" "/var/lib/crater-agent-workspace/builds/worker-1-tc2/source:/opt/rustwide/workdir:ro,Z" "-v" "/var/lib/crater-agent-workspace/cargo-home:/opt/rustwide/cargo-home:ro,Z" "-v" "/var/lib/crater-agent-workspace/rustup-home:/opt/rustwide/rustup-home:ro,Z" "-e" "SOURCE_DIR=/opt/rustwide/workdir" "-e" "CARGO_TARGET_DIR=/opt/rustwide/target" "-e" "CARGO_HOME=/opt/rustwide/cargo-home" "-e" "RUSTUP_HOME=/opt/rustwide/rustup-home" "-w" "/opt/rustwide/workdir" "-m" "1610612736" "--user" "0:0" "--network" "none" "ghcr.io/rust-lang/crates-build-env/linux@sha256:5ff2268d62e97bff2cde7d5815dd6ed5b47097566f13b8d0ca110b04b60e07ed" "/opt/rustwide/cargo-home/bin/cargo" "+beta-2023-04-20" "metadata" "--no-deps" "--format-version=1", kill_on_drop: false }`
[INFO] [stdout] bf52b7859bc42c42a6c5e4f91814db61595102eb78d1ad8be90f3ff65b66de78
[INFO] running `Command { std: "docker" "start" "-a" "bf52b7859bc42c42a6c5e4f91814db61595102eb78d1ad8be90f3ff65b66de78", kill_on_drop: false }`
[INFO] running `Command { std: "docker" "inspect" "bf52b7859bc42c42a6c5e4f91814db61595102eb78d1ad8be90f3ff65b66de78", kill_on_drop: false }`
[INFO] running `Command { std: "docker" "rm" "-f" "bf52b7859bc42c42a6c5e4f91814db61595102eb78d1ad8be90f3ff65b66de78", kill_on_drop: false }`
[INFO] [stdout] bf52b7859bc42c42a6c5e4f91814db61595102eb78d1ad8be90f3ff65b66de78
[INFO] running `Command { std: "docker" "create" "-v" "/var/lib/crater-agent-workspace/builds/worker-1-tc2/target:/opt/rustwide/target:rw,Z" "-v" "/var/lib/crater-agent-workspace/builds/worker-1-tc2/source:/opt/rustwide/workdir:ro,Z" "-v" "/var/lib/crater-agent-workspace/cargo-home:/opt/rustwide/cargo-home:ro,Z" "-v" "/var/lib/crater-agent-workspace/rustup-home:/opt/rustwide/rustup-home:ro,Z" "-e" "SOURCE_DIR=/opt/rustwide/workdir" "-e" "CARGO_TARGET_DIR=/opt/rustwide/target" "-e" "CARGO_INCREMENTAL=0" "-e" "RUST_BACKTRACE=full" "-e" "RUSTFLAGS=--cap-lints=warn" "-e" "RUSTDOCFLAGS=--cap-lints=warn" "-e" "CARGO_HOME=/opt/rustwide/cargo-home" "-e" "RUSTUP_HOME=/opt/rustwide/rustup-home" "-w" "/opt/rustwide/workdir" "-m" "1610612736" "--user" "0:0" "--network" "none" "ghcr.io/rust-lang/crates-build-env/linux@sha256:5ff2268d62e97bff2cde7d5815dd6ed5b47097566f13b8d0ca110b04b60e07ed" "/opt/rustwide/cargo-home/bin/cargo" "+beta-2023-04-20" "build" "--frozen" "--message-format=json", kill_on_drop: false }`
[INFO] [stdout] 02c12a9dd383e496504479b844069104cf2c846c45947a76c92b898c7e901b6d
[INFO] running `Command { std: "docker" "start" "-a" "02c12a9dd383e496504479b844069104cf2c846c45947a76c92b898c7e901b6d", kill_on_drop: false }`
[INFO] [stderr]    Compiling proc-macro2 v1.0.33
[INFO] [stderr]    Compiling unicode-xid v0.2.2
[INFO] [stderr]    Compiling syn v1.0.91
[INFO] [stderr]    Compiling libc v0.2.125
[INFO] [stderr]    Compiling typenum v1.14.0
[INFO] [stderr]    Compiling serde_derive v1.0.136
[INFO] [stderr]    Compiling serde v1.0.136
[INFO] [stderr]    Compiling generic-array v0.14.4
[INFO] [stderr]    Compiling subtle v2.4.1
[INFO] [stderr]    Compiling memchr v2.4.1
[INFO] [stderr]    Compiling spin v0.5.2
[INFO] [stderr]    Compiling byteorder v1.4.3
[INFO] [stderr]    Compiling crunchy v0.2.2
[INFO] [stderr]    Compiling lazy_static v1.4.0
[INFO] [stderr]    Compiling ppv-lite86 v0.2.15
[INFO] [stderr]    Compiling once_cell v1.8.0
[INFO] [stderr]    Compiling getrandom v0.1.16
[INFO] [stderr]    Compiling ahash v0.7.6
[INFO] [stderr]    Compiling num-traits v0.2.14
[INFO] [stderr]    Compiling regex-syntax v0.6.25
[INFO] [stderr]    Compiling quote v1.0.10
[INFO] [stderr]    Compiling radium v0.6.2
[INFO] [stderr]    Compiling cc v1.0.72
[INFO] [stderr]    Compiling arrayvec v0.7.2
[INFO] [stderr]    Compiling getrandom v0.2.3
[INFO] [stderr]    Compiling rand_core v0.6.3
[INFO] [stderr]    Compiling digest v0.9.0
[INFO] [stderr]    Compiling rand_core v0.5.1
[INFO] [stderr]    Compiling log v0.4.14
[INFO] [stderr]    Compiling hashbrown v0.11.2
[INFO] [stderr]    Compiling indexmap v1.8.1
[INFO] [stderr]    Compiling funty v1.1.0
[INFO] [stderr]    Compiling tap v1.0.1
[INFO] [stderr]    Compiling wyz v0.2.0
[INFO] [stderr]    Compiling aho-corasick v0.7.18
[INFO] [stderr]    Compiling byte-slice-cast v1.2.0
[INFO] [stderr]    Compiling opaque-debug v0.3.0
[INFO] [stderr]    Compiling block-padding v0.2.1
[INFO] [stderr]    Compiling smallvec v1.7.0
[INFO] [stderr]    Compiling bitvec v0.20.4
[INFO] [stderr]    Compiling block-buffer v0.9.0
[INFO] [stderr]    Compiling rand_pcg v0.2.1
[INFO] [stderr]    Compiling rand_chacha v0.2.2
[INFO] [stderr]    Compiling generic-array v0.12.4
[INFO] [stderr]    Compiling regex v1.5.4
[INFO] [stderr]    Compiling ryu v1.0.6
[INFO] [stderr]    Compiling static_assertions v1.1.0
[INFO] [stderr]    Compiling cpufeatures v0.2.1
[INFO] [stderr]    Compiling rand v0.7.3
[INFO] [stderr]    Compiling num_cpus v1.13.1
[INFO] [stderr]    Compiling num-integer v0.1.44
[INFO] [stderr]    Compiling itoa v0.4.8
[INFO] [stderr]    Compiling pin-project-lite v0.2.7
[INFO] [stderr]    Compiling serde_json v1.0.72
[INFO] [stderr]    Compiling anyhow v1.0.51
[INFO] [stderr]    Compiling digest v0.8.1
[INFO] [stderr]    Compiling regex-automata v0.1.10
[INFO] [stderr]    Compiling crypto-mac v0.8.0
[INFO] [stderr]    Compiling rand_chacha v0.3.1
[INFO] [stderr]    Compiling slab v0.4.5
[INFO] [stderr]    Compiling keccak v0.1.0
[INFO] [stderr]    Compiling futures-core v0.3.18
[INFO] [stderr]    Compiling rand v0.8.4
[INFO] [stderr]    Compiling sha2 v0.9.8
[INFO] [stderr]    Compiling synstructure v0.12.6
[INFO] [stderr]    Compiling lock_api v0.4.7
[INFO] [stderr]    Compiling arrayref v0.3.6
[INFO] [stderr]    Compiling either v1.6.1
[INFO] [stderr]    Compiling futures-task v0.3.18
[INFO] [stderr]    Compiling futures-channel v0.3.18
[INFO] [stderr]    Compiling sp-std v3.0.0
[INFO] [stderr]    Compiling tinyvec_macros v0.1.0
[INFO] [stderr]    Compiling byte-tools v0.3.1
[INFO] [stderr]    Compiling tinyvec v1.5.1
[INFO] [stderr]    Compiling block-padding v0.1.5
[INFO] [stderr]    Compiling crypto-mac v0.11.1
[INFO] [stderr]    Compiling futures-util v0.3.18
[INFO] [stderr]    Compiling futures-sink v0.3.18
[INFO] [stderr]    Compiling block-buffer v0.7.3
[INFO] [stderr]    Compiling tracing-core v0.1.21
[INFO] [stderr]    Compiling num-bigint v0.2.6
[INFO] [stderr]    Compiling futures-io v0.3.18
[INFO] [stderr]    Compiling rustc-hex v2.1.0
[INFO] [stderr]    Compiling fake-simd v0.1.2
[INFO] [stderr]    Compiling opaque-debug v0.2.3
[INFO] [stderr]    Compiling hex v0.4.3
[INFO] [stderr]    Compiling hmac v0.11.0
[INFO] [stderr]    Compiling hmac v0.8.1
[INFO] [stderr]    Compiling unicode-normalization v0.1.19
[INFO] [stderr]    Compiling signature v1.4.0
[INFO] [stderr]    Compiling instant v0.1.12
[INFO] [stderr]    Compiling num-rational v0.2.4
[INFO] [stderr]    Compiling parking_lot_core v0.8.5
[INFO] [stderr]    Compiling ref-cast v1.0.6
[INFO] [stderr]    Compiling uint v0.9.1
[INFO] [stderr]    Compiling fixed-hash v0.7.0
[INFO] [stderr]    Compiling subtle v1.0.0
[INFO] [stderr]    Compiling parity-wasm v0.41.0
[INFO] [stderr]    Compiling crypto-mac v0.7.0
[INFO] [stderr]    Compiling sha2 v0.8.2
[INFO] [stderr]    Compiling tracing-log v0.1.2
[INFO] [stderr]    Compiling tracing v0.1.29
[INFO] [stderr]    Compiling chrono v0.4.19
[INFO] [stderr]    Compiling matchers v0.0.1
[INFO] [stderr]    Compiling Inflector v0.11.4
[INFO] [stderr]    Compiling thread_local v1.1.3
[INFO] [stderr]    Compiling sharded-slab v0.1.4
[INFO] [stderr]    Compiling arrayvec v0.5.2
[INFO] [stderr]    Compiling thiserror-impl v1.0.30
[INFO] [stderr]    Compiling zeroize_derive v1.2.2
[INFO] [stderr]    Compiling impl-trait-for-tuples v0.2.1
[INFO] [stderr]    Compiling futures-macro v0.3.18
[INFO] [stderr]    Compiling zeroize v1.4.3
[INFO] [stderr]    Compiling ref-cast-impl v1.0.6
[INFO] [stderr]    Compiling merlin v2.0.1
[INFO] [stderr]    Compiling sp-debug-derive v3.0.0
[INFO] [stderr]    Compiling wasmi-validation v0.3.0
[INFO] [stderr]    Compiling ahash v0.4.7
[INFO] [stderr]    Compiling hash-db v0.15.2
[INFO] [stderr]    Compiling parity-util-mem v0.9.0
[INFO] [stderr]    Compiling arrayvec v0.4.12
[INFO] [stderr]    Compiling thiserror v1.0.30
[INFO] [stderr]    Compiling memory_units v0.3.0
[INFO] [stderr]    Compiling hashbrown v0.9.1
[INFO] [stderr]    Compiling curve25519-dalek v2.1.3
[INFO] [stderr]    Compiling parity-util-mem-derive v0.1.0
[INFO] [stderr]    Compiling wasmi v0.6.2
[INFO] [stderr]    Compiling parking_lot v0.11.2
[INFO] [stderr]    Compiling hmac v0.7.1
[INFO] [stderr]    Compiling ed25519 v1.3.0
[INFO] [stderr]    Compiling miniz_oxide v0.4.4
[INFO] [stderr]    Compiling environmental v1.1.3
[INFO] [stderr]    Compiling tiny-keccak v2.0.2
[INFO] [stderr]    Compiling nodrop v0.1.14
[INFO] [stderr]    Compiling hmac-drbg v0.2.0
[INFO] [stderr]    Compiling dyn-clonable-impl v0.9.0
[INFO] [stderr]    Compiling pbkdf2 v0.8.0
[INFO] [stderr]    Compiling pbkdf2 v0.4.0
[INFO] [stderr]    Compiling backtrace v0.3.63
[INFO] [stderr]    Compiling constant_time_eq v0.1.5
[INFO] [stderr]    Compiling adler v1.0.2
[INFO] [stderr]    Compiling dyn-clone v1.0.4
[INFO] [stderr]    Compiling gimli v0.26.1
[INFO] [stderr]    Compiling tiny-bip39 v0.8.2
[INFO] [stderr]    Compiling dyn-clonable v0.9.0
[INFO] [stderr]    Compiling blake2-rfc v0.2.18
[INFO] [stderr]    Compiling libsecp256k1 v0.3.5
[INFO] [stderr]    Compiling secrecy v0.7.0
[INFO] [stderr]    Compiling futures-executor v0.3.18
[INFO] [stderr]    Compiling twox-hash v1.6.1
[INFO] [stderr]    Compiling object v0.27.1
[INFO] [stderr]    Compiling futures v0.3.18
[INFO] [stderr]    Compiling hash256-std-hasher v0.15.2
[INFO] [stderr]    Compiling rustc-demangle v0.1.21
[INFO] [stderr]    Compiling base58 v0.1.0
[INFO] [stderr]    Compiling itertools v0.10.1
[INFO] [stderr]    Compiling convert_case v0.4.0
[INFO] [stderr]    Compiling addr2line v0.17.0
[INFO] [stderr]    Compiling async-trait v0.1.53
[INFO] [stderr]    Compiling derive_more v0.99.17
[INFO] [stderr]    Compiling crossbeam-utils v0.8.5
[INFO] [stderr]    Compiling semver v1.0.4
[INFO] [stderr]    Compiling trie-root v0.16.0
[INFO] [stderr]    Compiling trie-db v0.22.6
[INFO] [stderr]    Compiling crossbeam-epoch v0.9.5
[INFO] [stderr]    Compiling rustc_version v0.4.0
[INFO] [stderr]    Compiling pkg-config v0.3.22
[INFO] [stderr]    Compiling cast v0.2.7
[INFO] [stderr]    Compiling toml v0.5.8
[INFO] [stderr]    Compiling impl-serde v0.3.2
[INFO] [stderr]    Compiling curve25519-dalek v3.2.0
[INFO] [stdout] error[E0554]: `#![feature]` may not be used on the beta release channel
[INFO] [stdout]   --> /opt/rustwide/cargo-home/registry/src/index.crates.io-6f17d22bba15001f/curve25519-dalek-3.2.0/src/lib.rs:13:34
[INFO] [stdout]    |
[INFO] [stdout] 13 | #![cfg_attr(feature = "nightly", feature(test))]
[INFO] [stdout]    |                                  ^^^^^^^^^^^^^
[INFO] [stdout] 
[INFO] [stdout] 
[INFO] [stdout] error[E0554]: `#![feature]` may not be used on the beta release channel
[INFO] [stdout]   --> /opt/rustwide/cargo-home/registry/src/index.crates.io-6f17d22bba15001f/curve25519-dalek-3.2.0/src/lib.rs:14:34
[INFO] [stdout]    |
[INFO] [stdout] 14 | #![cfg_attr(feature = "nightly", feature(doc_cfg))]
[INFO] [stdout]    |                                  ^^^^^^^^^^^^^^^^
[INFO] [stdout] 
[INFO] [stdout] 
[INFO] [stdout] error[E0554]: `#![feature]` may not be used on the beta release channel
[INFO] [stdout]   --> /opt/rustwide/cargo-home/registry/src/index.crates.io-6f17d22bba15001f/curve25519-dalek-3.2.0/src/lib.rs:13:42
[INFO] [stdout]    |
[INFO] [stdout] 13 | #![cfg_attr(feature = "nightly", feature(test))]
[INFO] [stdout]    |                                          ^^^^
[INFO] [stdout] 
[INFO] [stdout] 
[INFO] [stderr]    Compiling tracing-serde v0.1.2
[INFO] [stderr]    Compiling schnorrkel v0.9.1
[INFO] [stderr]    Compiling sp-panic-handler v3.0.0
[INFO] [stdout] error: aborting due to 3 previous errors
[INFO] [stdout] 
[INFO] [stdout] 
[INFO] [stdout] For more information about this error, try `rustc --explain E0554`.
[INFO] [stdout] 
[INFO] [stderr] error: could not compile `curve25519-dalek` (lib) due to 4 previous errors
[INFO] [stderr] warning: build failed, waiting for other jobs to finish...
[INFO] running `Command { std: "docker" "inspect" "02c12a9dd383e496504479b844069104cf2c846c45947a76c92b898c7e901b6d", kill_on_drop: false }`
[INFO] running `Command { std: "docker" "rm" "-f" "02c12a9dd383e496504479b844069104cf2c846c45947a76c92b898c7e901b6d", kill_on_drop: false }`
[INFO] [stdout] 02c12a9dd383e496504479b844069104cf2c846c45947a76c92b898c7e901b6d
