[INFO] cloning repository https://github.com/Nemo157/afl-rs-logo
[INFO] running `Command { std: "git" "-c" "credential.helper=" "-c" "credential.helper=/workspace/cargo-home/bin/git-credential-null" "clone" "--bare" "https://github.com/Nemo157/afl-rs-logo" "/workspace/cache/git-repos/https%3A%2F%2Fgithub.com%2FNemo157%2Fafl-rs-logo", kill_on_drop: false }`
[INFO] [stderr] Cloning into bare repository '/workspace/cache/git-repos/https%3A%2F%2Fgithub.com%2FNemo157%2Fafl-rs-logo'...
[INFO] running `Command { std: "git" "rev-parse" "HEAD", kill_on_drop: false }`
[INFO] [stdout] 0598175432261e0fb5a2262ba48f1ed179032edf
[INFO] testing Nemo157/afl-rs-logo against beta-2023-04-20 for beta-1.70-1
[INFO] running `Command { std: "git" "clone" "/workspace/cache/git-repos/https%3A%2F%2Fgithub.com%2FNemo157%2Fafl-rs-logo" "/workspace/builds/worker-2-tc2/source", kill_on_drop: false }`
[INFO] [stderr] Cloning into '/workspace/builds/worker-2-tc2/source'...
[INFO] [stderr] done.
[INFO] validating manifest of git repo https://github.com/Nemo157/afl-rs-logo on toolchain beta-2023-04-20
[INFO] running `Command { std: CARGO_HOME="/workspace/cargo-home" RUSTUP_HOME="/workspace/rustup-home" "/workspace/cargo-home/bin/cargo" "+beta-2023-04-20" "metadata" "--manifest-path" "Cargo.toml" "--no-deps", kill_on_drop: false }`
[INFO] started tweaking git repo https://github.com/Nemo157/afl-rs-logo
[INFO] finished tweaking git repo https://github.com/Nemo157/afl-rs-logo
[INFO] tweaked toml for git repo https://github.com/Nemo157/afl-rs-logo written to /workspace/builds/worker-2-tc2/source/Cargo.toml
[INFO] crate git repo https://github.com/Nemo157/afl-rs-logo already has a lockfile, it will not be regenerated
[INFO] running `Command { std: CARGO_HOME="/workspace/cargo-home" RUSTUP_HOME="/workspace/rustup-home" "/workspace/cargo-home/bin/cargo" "+beta-2023-04-20" "fetch" "--manifest-path" "Cargo.toml", kill_on_drop: false }`
[INFO] [stderr]     Blocking waiting for file lock on package cache
[INFO] [stderr]     Updating crates.io index
[INFO] [stderr]  Downloading crates ...
[INFO] [stderr]   Downloaded gcc v0.3.40
[INFO] [stderr]   Downloaded jpeg-decoder v0.1.10
[INFO] [stderr]   Downloaded libc v0.2.18
[INFO] [stderr]   Downloaded quale v1.0.0
[INFO] [stderr]   Downloaded gif v0.9.0
[INFO] [stderr]   Downloaded afl v0.1.5
[INFO] [stderr]   Downloaded unicode-segmentation v0.1.3
[INFO] [stderr]   Downloaded afl-plugin v0.1.5
[INFO] [stderr]   Downloaded clap v2.16.4
[INFO] [stderr]   Downloaded afl-sys v0.1.5
[INFO] running `Command { std: "docker" "create" "-v" "/var/lib/crater-agent-workspace/builds/worker-2-tc2/target:/opt/rustwide/target:rw,Z" "-v" "/var/lib/crater-agent-workspace/builds/worker-2-tc2/source:/opt/rustwide/workdir:ro,Z" "-v" "/var/lib/crater-agent-workspace/cargo-home:/opt/rustwide/cargo-home:ro,Z" "-v" "/var/lib/crater-agent-workspace/rustup-home:/opt/rustwide/rustup-home:ro,Z" "-e" "SOURCE_DIR=/opt/rustwide/workdir" "-e" "CARGO_TARGET_DIR=/opt/rustwide/target" "-e" "CARGO_HOME=/opt/rustwide/cargo-home" "-e" "RUSTUP_HOME=/opt/rustwide/rustup-home" "-w" "/opt/rustwide/workdir" "-m" "1610612736" "--user" "0:0" "--network" "none" "ghcr.io/rust-lang/crates-build-env/linux@sha256:5ff2268d62e97bff2cde7d5815dd6ed5b47097566f13b8d0ca110b04b60e07ed" "/opt/rustwide/cargo-home/bin/cargo" "+beta-2023-04-20" "metadata" "--no-deps" "--format-version=1", kill_on_drop: false }`
[INFO] [stdout] c08a9896e0a6aa011095289dd0814fe39fe99fc019ef9417df6da3579719fab8
[INFO] running `Command { std: "docker" "start" "-a" "c08a9896e0a6aa011095289dd0814fe39fe99fc019ef9417df6da3579719fab8", kill_on_drop: false }`
[INFO] running `Command { std: "docker" "inspect" "c08a9896e0a6aa011095289dd0814fe39fe99fc019ef9417df6da3579719fab8", kill_on_drop: false }`
[INFO] running `Command { std: "docker" "rm" "-f" "c08a9896e0a6aa011095289dd0814fe39fe99fc019ef9417df6da3579719fab8", kill_on_drop: false }`
[INFO] [stdout] c08a9896e0a6aa011095289dd0814fe39fe99fc019ef9417df6da3579719fab8
[INFO] running `Command { std: "docker" "create" "-v" "/var/lib/crater-agent-workspace/builds/worker-2-tc2/target:/opt/rustwide/target:rw,Z" "-v" "/var/lib/crater-agent-workspace/builds/worker-2-tc2/source:/opt/rustwide/workdir:ro,Z" "-v" "/var/lib/crater-agent-workspace/cargo-home:/opt/rustwide/cargo-home:ro,Z" "-v" "/var/lib/crater-agent-workspace/rustup-home:/opt/rustwide/rustup-home:ro,Z" "-e" "SOURCE_DIR=/opt/rustwide/workdir" "-e" "CARGO_TARGET_DIR=/opt/rustwide/target" "-e" "CARGO_INCREMENTAL=0" "-e" "RUST_BACKTRACE=full" "-e" "RUSTFLAGS=--cap-lints=warn" "-e" "RUSTDOCFLAGS=--cap-lints=warn" "-e" "CARGO_HOME=/opt/rustwide/cargo-home" "-e" "RUSTUP_HOME=/opt/rustwide/rustup-home" "-w" "/opt/rustwide/workdir" "-m" "1610612736" "--user" "0:0" "--network" "none" "ghcr.io/rust-lang/crates-build-env/linux@sha256:5ff2268d62e97bff2cde7d5815dd6ed5b47097566f13b8d0ca110b04b60e07ed" "/opt/rustwide/cargo-home/bin/cargo" "+beta-2023-04-20" "build" "--frozen" "--message-format=json", kill_on_drop: false }`
[INFO] [stdout] b613c1bdb2aabf244b61266fa8a9910d98638a4f6ff57b1709d371b0229b32e4
[INFO] running `Command { std: "docker" "start" "-a" "b613c1bdb2aabf244b61266fa8a9910d98638a4f6ff57b1709d371b0229b32e4", kill_on_drop: false }`
[INFO] [stderr]    Compiling gcc v0.3.40
[INFO] [stderr]    Compiling libc v0.2.18
[INFO] [stderr]    Compiling bitflags v0.7.0
[INFO] [stderr]    Compiling byteorder v0.5.3
[INFO] [stderr]    Compiling ansi_term v0.9.0
[INFO] [stderr]    Compiling vec_map v0.6.0
[INFO] [stderr]    Compiling lzw v0.10.0
[INFO] [stderr]    Compiling strsim v0.5.2
[INFO] [stderr]    Compiling color_quant v1.0.0
[INFO] [stderr]    Compiling unicode-width v0.1.4
[INFO] [stderr]    Compiling unicode-segmentation v0.1.3
[INFO] [stderr]    Compiling jpeg-decoder v0.1.10
[INFO] [stderr]    Compiling gif v0.9.0
[INFO] [stderr]    Compiling quale v1.0.0
[INFO] [stderr]    Compiling term_size v0.2.1
[INFO] [stderr]    Compiling clap v2.16.4
[INFO] [stderr]    Compiling afl-sys v0.1.5
[INFO] [stderr]    Compiling afl-plugin v0.1.5
[INFO] [stderr]    Compiling afl v0.1.5
[INFO] [stderr] The following warnings were emitted during compilation:
[INFO] [stderr] 
[INFO] [stderr] warning: afl-llvm-pass.so.cc:40:41: error: expected class-name before '{' token
[INFO] [stderr] warning:    40 |   class AFLCoverage : public ModulePass {
[INFO] [stderr] warning:       |                                         ^
[INFO] [stderr] warning: afl-llvm-pass.so.cc:47:12: error: 'bool {anonymous}::AFLCoverage::runOnModule(llvm::Module&)' marked 'override', but does not override
[INFO] [stderr] warning:    47 |       bool runOnModule(Module &M) override;
[INFO] [stderr] warning:       |            ^~~~~~~~~~~
[INFO] [stderr] warning: afl-llvm-pass.so.cc:49:19: error: 'const char* {anonymous}::AFLCoverage::getPassName() const' marked 'override', but does not override
[INFO] [stderr] warning:    49 |       const char *getPassName() const override {
[INFO] [stderr] warning:       |                   ^~~~~~~~~~~
[INFO] [stderr] warning: afl-llvm-pass.so.cc: In constructor '{anonymous}::AFLCoverage::AFLCoverage()':
[INFO] [stderr] warning: afl-llvm-pass.so.cc:45:23: error: class '{anonymous}::AFLCoverage' does not have any field named 'ModulePass'
[INFO] [stderr] warning:    45 |       AFLCoverage() : ModulePass(ID) { }
[INFO] [stderr] warning:       |                       ^~~~~~~~~~
[INFO] [stderr] warning: afl-llvm-pass.so.cc: In member function 'bool {anonymous}::AFLCoverage::runOnModule(llvm::Module&)':
[INFO] [stderr] warning: afl-llvm-pass.so.cc:123:41: error: no matching function for call to 'llvm::IRBuilder<>::CreateLoad(llvm::GlobalVariable*&)'
[INFO] [stderr] warning:   123 |       LoadInst *PrevLoc = IRB.CreateLoad(AFLPrevLoc);
[INFO] [stderr] warning:       |                           ~~~~~~~~~~~~~~^~~~~~~~~~~~
[INFO] [stderr] warning: In file included from afl-llvm-pass.so.cc:30:
[INFO] [stderr] warning: /usr/lib/llvm-14/include/llvm/IR/IRBuilder.h:1659:13: note: candidate: 'llvm::LoadInst* llvm::IRBuilderBase::CreateLoad(llvm::Type*, llvm::Value*, const char*)'
[INFO] [stderr] warning:  1659 |   LoadInst *CreateLoad(Type *Ty, Value *Ptr, const char *Name) {
[INFO] [stderr] warning:       |             ^~~~~~~~~~
[INFO] [stderr] warning: /usr/lib/llvm-14/include/llvm/IR/IRBuilder.h:1659:13: note:   candidate expects 3 arguments, 1 provided
[INFO] [stderr] warning: /usr/lib/llvm-14/include/llvm/IR/IRBuilder.h:1663:13: note: candidate: 'llvm::LoadInst* llvm::IRBuilderBase::CreateLoad(llvm::Type*, llvm::Value*, const llvm::Twine&)'
[INFO] [stderr] warning:  1663 |   LoadInst *CreateLoad(Type *Ty, Value *Ptr, const Twine &Name = "") {
[INFO] [stderr] warning:       |             ^~~~~~~~~~
[INFO] [stderr] warning: /usr/lib/llvm-14/include/llvm/IR/IRBuilder.h:1663:13: note:   candidate expects 3 arguments, 1 provided
[INFO] [stderr] warning: /usr/lib/llvm-14/include/llvm/IR/IRBuilder.h:1667:13: note: candidate: 'llvm::LoadInst* llvm::IRBuilderBase::CreateLoad(llvm::Type*, llvm::Value*, bool, const llvm::Twine&)'
[INFO] [stderr] warning:  1667 |   LoadInst *CreateLoad(Type *Ty, Value *Ptr, bool isVolatile,
[INFO] [stderr] warning:       |             ^~~~~~~~~~
[INFO] [stderr] warning: /usr/lib/llvm-14/include/llvm/IR/IRBuilder.h:1667:13: note:   candidate expects 4 arguments, 1 provided
[INFO] [stderr] warning: afl-llvm-pass.so.cc:129:40: error: no matching function for call to 'llvm::IRBuilder<>::CreateLoad(llvm::GlobalVariable*&)'
[INFO] [stderr] warning:   129 |       LoadInst *MapPtr = IRB.CreateLoad(AFLMapPtr);
[INFO] [stderr] warning:       |                          ~~~~~~~~~~~~~~^~~~~~~~~~~
[INFO] [stderr] warning: In file included from afl-llvm-pass.so.cc:30:
[INFO] [stderr] warning: /usr/lib/llvm-14/include/llvm/IR/IRBuilder.h:1659:13: note: candidate: 'llvm::LoadInst* llvm::IRBuilderBase::CreateLoad(llvm::Type*, llvm::Value*, const char*)'
[INFO] [stderr] warning:  1659 |   LoadInst *CreateLoad(Type *Ty, Value *Ptr, const char *Name) {
[INFO] [stderr] warning:       |             ^~~~~~~~~~
[INFO] [stderr] warning: /usr/lib/llvm-14/include/llvm/IR/IRBuilder.h:1659:13: note:   candidate expects 3 arguments, 1 provided
[INFO] [stderr] warning: /usr/lib/llvm-14/include/llvm/IR/IRBuilder.h:1663:13: note: candidate: 'llvm::LoadInst* llvm::IRBuilderBase::CreateLoad(llvm::Type*, llvm::Value*, const llvm::Twine&)'
[INFO] [stderr] warning:  1663 |   LoadInst *CreateLoad(Type *Ty, Value *Ptr, const Twine &Name = "") {
[INFO] [stderr] warning:       |             ^~~~~~~~~~
[INFO] [stderr] warning: /usr/lib/llvm-14/include/llvm/IR/IRBuilder.h:1663:13: note:   candidate expects 3 arguments, 1 provided
[INFO] [stderr] warning: /usr/lib/llvm-14/include/llvm/IR/IRBuilder.h:1667:13: note: candidate: 'llvm::LoadInst* llvm::IRBuilderBase::CreateLoad(llvm::Type*, llvm::Value*, bool, const llvm::Twine&)'
[INFO] [stderr] warning:  1667 |   LoadInst *CreateLoad(Type *Ty, Value *Ptr, bool isVolatile,
[INFO] [stderr] warning:       |             ^~~~~~~~~~
[INFO] [stderr] warning: /usr/lib/llvm-14/include/llvm/IR/IRBuilder.h:1667:13: note:   candidate expects 4 arguments, 1 provided
[INFO] [stderr] warning: afl-llvm-pass.so.cc:132:24: error: no matching function for call to 'llvm::IRBuilder<>::CreateGEP(llvm::LoadInst*&, llvm::Value*)'
[INFO] [stderr] warning:   132 |           IRB.CreateGEP(MapPtr, IRB.CreateXor(PrevLocCasted, CurLoc));
[INFO] [stderr] warning:       |           ~~~~~~~~~~~~~^~~~~~~~~~~~~~~~~~~~~~~~~~~~~~~~~~~~~~~~~~~~~~
[INFO] [stderr] warning: In file included from afl-llvm-pass.so.cc:30:
[INFO] [stderr] warning: /usr/lib/llvm-14/include/llvm/IR/IRBuilder.h:1735:10: note: candidate: 'llvm::Value* llvm::IRBuilderBase::CreateGEP(llvm::Type*, llvm::Value*, llvm::ArrayRef<llvm::Value*>, const llvm::Twine&)'
[INFO] [stderr] warning:  1735 |   Value *CreateGEP(Type *Ty, Value *Ptr, ArrayRef<Value *> IdxList,
[INFO] [stderr] warning:       |          ^~~~~~~~~
[INFO] [stderr] warning: /usr/lib/llvm-14/include/llvm/IR/IRBuilder.h:1735:10: note:   candidate expects 4 arguments, 2 provided
[INFO] [stderr] warning: /usr/lib/llvm-14/include/llvm/IR/IRBuilder.h:1749:10: note: candidate: 'llvm::Value* llvm::IRBuilderBase::CreateGEP(llvm::Type*, llvm::Value*, llvm::Value*, const llvm::Twine&)'
[INFO] [stderr] warning:  1749 |   Value *CreateGEP(Type *Ty, Value *Ptr, Value *Idx, const Twine &Name = "") {
[INFO] [stderr] warning:       |          ^~~~~~~~~
[INFO] [stderr] warning: /usr/lib/llvm-14/include/llvm/IR/IRBuilder.h:1749:10: note:   candidate expects 4 arguments, 2 provided
[INFO] [stderr] warning: afl-llvm-pass.so.cc:136:41: error: no matching function for call to 'llvm::IRBuilder<>::CreateLoad(llvm::Value*&)'
[INFO] [stderr] warning:   136 |       LoadInst *Counter = IRB.CreateLoad(MapPtrIdx);
[INFO] [stderr] warning:       |                           ~~~~~~~~~~~~~~^~~~~~~~~~~
[INFO] [stderr] warning: In file included from afl-llvm-pass.so.cc:30:
[INFO] [stderr] warning: /usr/lib/llvm-14/include/llvm/IR/IRBuilder.h:1659:13: note: candidate: 'llvm::LoadInst* llvm::IRBuilderBase::CreateLoad(llvm::Type*, llvm::Value*, const char*)'
[INFO] [stderr] warning:  1659 |   LoadInst *CreateLoad(Type *Ty, Value *Ptr, const char *Name) {
[INFO] [stderr] warning:       |             ^~~~~~~~~~
[INFO] [stderr] warning: /usr/lib/llvm-14/include/llvm/IR/IRBuilder.h:1659:13: note:   candidate expects 3 arguments, 1 provided
[INFO] [stderr] warning: /usr/lib/llvm-14/include/llvm/IR/IRBuilder.h:1663:13: note: candidate: 'llvm::LoadInst* llvm::IRBuilderBase::CreateLoad(llvm::Type*, llvm::Value*, const llvm::Twine&)'
[INFO] [stderr] warning:  1663 |   LoadInst *CreateLoad(Type *Ty, Value *Ptr, const Twine &Name = "") {
[INFO] [stderr] warning:       |             ^~~~~~~~~~
[INFO] [stderr] warning: /usr/lib/llvm-14/include/llvm/IR/IRBuilder.h:1663:13: note:   candidate expects 3 arguments, 1 provided
[INFO] [stderr] warning: /usr/lib/llvm-14/include/llvm/IR/IRBuilder.h:1667:13: note: candidate: 'llvm::LoadInst* llvm::IRBuilderBase::CreateLoad(llvm::Type*, llvm::Value*, bool, const llvm::Twine&)'
[INFO] [stderr] warning:  1667 |   LoadInst *CreateLoad(Type *Ty, Value *Ptr, bool isVolatile,
[INFO] [stderr] warning:       |             ^~~~~~~~~~
[INFO] [stderr] warning: /usr/lib/llvm-14/include/llvm/IR/IRBuilder.h:1667:13: note:   candidate expects 4 arguments, 1 provided
[INFO] [stderr] warning: afl-llvm-pass.so.cc: At global scope:
[INFO] [stderr] warning: afl-llvm-pass.so.cc:169:8: error: 'RegisterPass' does not name a type; did you mean 'register_t'?
[INFO] [stderr] warning:   169 | static RegisterPass<AFLCoverage> RegisterAFLPass("afl-coverage",
[INFO] [stderr] warning:       |        ^~~~~~~~~~~~
[INFO] [stderr] warning:       |        register_t
[INFO] [stderr] warning: afl-llvm-pass.so.cc:61:6: error: 'bool {anonymous}::AFLCoverage::runOnModule(llvm::Module&)' defined but not used [-Werror=unused-function]
[INFO] [stderr] warning:    61 | bool AFLCoverage::runOnModule(Module &M) {
[INFO] [stderr] warning:       |      ^~~~~~~~~~~
[INFO] [stderr] warning: cc1plus: all warnings being treated as errors
[INFO] [stderr] 
[INFO] [stderr] error: failed to run custom build command for `afl-plugin v0.1.5`
[INFO] [stderr] note: To improve backtraces for build dependencies, set the CARGO_PROFILE_DEV_BUILD_OVERRIDE_DEBUG=true environment variable to enable debug information generation.
[INFO] [stderr] 
[INFO] [stderr] Caused by:
[INFO] [stderr]   process didn't exit successfully: `/opt/rustwide/target/debug/build/afl-plugin-b406ce440b94a831/build-script-build` (exit status: 101)
[INFO] [stderr]   --- stdout
[INFO] [stderr]   TARGET = Some("x86_64-unknown-linux-gnu")
[INFO] [stderr]   PROFILE = Some("debug")
[INFO] [stderr]   TARGET = Some("x86_64-unknown-linux-gnu")
[INFO] [stderr]   debug=true opt-level=2
[INFO] [stderr]   HOST = Some("x86_64-unknown-linux-gnu")
[INFO] [stderr]   TARGET = Some("x86_64-unknown-linux-gnu")
[INFO] [stderr]   TARGET = Some("x86_64-unknown-linux-gnu")
[INFO] [stderr]   HOST = Some("x86_64-unknown-linux-gnu")
[INFO] [stderr]   CXX_x86_64-unknown-linux-gnu = None
[INFO] [stderr]   CXX_x86_64_unknown_linux_gnu = None
[INFO] [stderr]   HOST_CXX = None
[INFO] [stderr]   CXX = None
[INFO] [stderr]   HOST = Some("x86_64-unknown-linux-gnu")
[INFO] [stderr]   TARGET = Some("x86_64-unknown-linux-gnu")
[INFO] [stderr]   HOST = Some("x86_64-unknown-linux-gnu")
[INFO] [stderr]   CXXFLAGS_x86_64-unknown-linux-gnu = None
[INFO] [stderr]   CXXFLAGS_x86_64_unknown_linux_gnu = None
[INFO] [stderr]   HOST_CXXFLAGS = None
[INFO] [stderr]   CXXFLAGS = None
[INFO] [stderr]   running: "c++" "-O2" "-ffunction-sections" "-fdata-sections" "-g" "-m64" "-fPIC" "-fPIC" "-Wall" "-Werror" "-fno-rtti" "-c" "-I/usr/lib/llvm-14/include" "-std=c++14" "-fno-exceptions" "-D_GNU_SOURCE" "-D__STDC_CONSTANT_MACROS" "-D__STDC_FORMAT_MACROS" "-D__STDC_LIMIT_MACROS" "-o" "/opt/rustwide/target/debug/build/afl-plugin-b1ba85e06106a918/out/afl-llvm-pass.so.o" "-c" "afl-llvm-pass.so.cc"
[INFO] [stderr]   cargo:warning=afl-llvm-pass.so.cc:40:41: error: expected class-name before '{' token
[INFO] [stderr]   cargo:warning=   40 |   class AFLCoverage : public ModulePass {
[INFO] [stderr]   cargo:warning=      |                                         ^
[INFO] [stderr]   cargo:warning=afl-llvm-pass.so.cc:47:12: error: 'bool {anonymous}::AFLCoverage::runOnModule(llvm::Module&)' marked 'override', but does not override
[INFO] [stderr]   cargo:warning=   47 |       bool runOnModule(Module &M) override;
[INFO] [stderr]   cargo:warning=      |            ^~~~~~~~~~~
[INFO] [stderr]   cargo:warning=afl-llvm-pass.so.cc:49:19: error: 'const char* {anonymous}::AFLCoverage::getPassName() const' marked 'override', but does not override
[INFO] [stderr]   cargo:warning=   49 |       const char *getPassName() const override {
[INFO] [stderr]   cargo:warning=      |                   ^~~~~~~~~~~
[INFO] [stderr]   cargo:warning=afl-llvm-pass.so.cc: In constructor '{anonymous}::AFLCoverage::AFLCoverage()':
[INFO] [stderr]   cargo:warning=afl-llvm-pass.so.cc:45:23: error: class '{anonymous}::AFLCoverage' does not have any field named 'ModulePass'
[INFO] [stderr]   cargo:warning=   45 |       AFLCoverage() : ModulePass(ID) { }
[INFO] [stderr]   cargo:warning=      |                       ^~~~~~~~~~
[INFO] [stderr]   cargo:warning=afl-llvm-pass.so.cc: In member function 'bool {anonymous}::AFLCoverage::runOnModule(llvm::Module&)':
[INFO] [stderr]   cargo:warning=afl-llvm-pass.so.cc:123:41: error: no matching function for call to 'llvm::IRBuilder<>::CreateLoad(llvm::GlobalVariable*&)'
[INFO] [stderr]   cargo:warning=  123 |       LoadInst *PrevLoc = IRB.CreateLoad(AFLPrevLoc);
[INFO] [stderr]   cargo:warning=      |                           ~~~~~~~~~~~~~~^~~~~~~~~~~~
[INFO] [stderr]   cargo:warning=In file included from afl-llvm-pass.so.cc:30:
[INFO] [stderr]   cargo:warning=/usr/lib/llvm-14/include/llvm/IR/IRBuilder.h:1659:13: note: candidate: 'llvm::LoadInst* llvm::IRBuilderBase::CreateLoad(llvm::Type*, llvm::Value*, const char*)'
[INFO] [stderr]   cargo:warning= 1659 |   LoadInst *CreateLoad(Type *Ty, Value *Ptr, const char *Name) {
[INFO] [stderr]   cargo:warning=      |             ^~~~~~~~~~
[INFO] [stderr]   cargo:warning=/usr/lib/llvm-14/include/llvm/IR/IRBuilder.h:1659:13: note:   candidate expects 3 arguments, 1 provided
[INFO] [stderr]   cargo:warning=/usr/lib/llvm-14/include/llvm/IR/IRBuilder.h:1663:13: note: candidate: 'llvm::LoadInst* llvm::IRBuilderBase::CreateLoad(llvm::Type*, llvm::Value*, const llvm::Twine&)'
[INFO] [stderr]   cargo:warning= 1663 |   LoadInst *CreateLoad(Type *Ty, Value *Ptr, const Twine &Name = "") {
[INFO] [stderr]   cargo:warning=      |             ^~~~~~~~~~
[INFO] [stderr]   cargo:warning=/usr/lib/llvm-14/include/llvm/IR/IRBuilder.h:1663:13: note:   candidate expects 3 arguments, 1 provided
[INFO] [stderr]   cargo:warning=/usr/lib/llvm-14/include/llvm/IR/IRBuilder.h:1667:13: note: candidate: 'llvm::LoadInst* llvm::IRBuilderBase::CreateLoad(llvm::Type*, llvm::Value*, bool, const llvm::Twine&)'
[INFO] [stderr]   cargo:warning= 1667 |   LoadInst *CreateLoad(Type *Ty, Value *Ptr, bool isVolatile,
[INFO] [stderr]   cargo:warning=      |             ^~~~~~~~~~
[INFO] [stderr]   cargo:warning=/usr/lib/llvm-14/include/llvm/IR/IRBuilder.h:1667:13: note:   candidate expects 4 arguments, 1 provided
[INFO] [stderr]   cargo:warning=afl-llvm-pass.so.cc:129:40: error: no matching function for call to 'llvm::IRBuilder<>::CreateLoad(llvm::GlobalVariable*&)'
[INFO] [stderr]   cargo:warning=  129 |       LoadInst *MapPtr = IRB.CreateLoad(AFLMapPtr);
[INFO] [stderr]   cargo:warning=      |                          ~~~~~~~~~~~~~~^~~~~~~~~~~
[INFO] [stderr]   cargo:warning=In file included from afl-llvm-pass.so.cc:30:
[INFO] [stderr]   cargo:warning=/usr/lib/llvm-14/include/llvm/IR/IRBuilder.h:1659:13: note: candidate: 'llvm::LoadInst* llvm::IRBuilderBase::CreateLoad(llvm::Type*, llvm::Value*, const char*)'
[INFO] [stderr]   cargo:warning= 1659 |   LoadInst *CreateLoad(Type *Ty, Value *Ptr, const char *Name) {
[INFO] [stderr]   cargo:warning=      |             ^~~~~~~~~~
[INFO] [stderr]   cargo:warning=/usr/lib/llvm-14/include/llvm/IR/IRBuilder.h:1659:13: note:   candidate expects 3 arguments, 1 provided
[INFO] [stderr]   cargo:warning=/usr/lib/llvm-14/include/llvm/IR/IRBuilder.h:1663:13: note: candidate: 'llvm::LoadInst* llvm::IRBuilderBase::CreateLoad(llvm::Type*, llvm::Value*, const llvm::Twine&)'
[INFO] [stderr]   cargo:warning= 1663 |   LoadInst *CreateLoad(Type *Ty, Value *Ptr, const Twine &Name = "") {
[INFO] [stderr]   cargo:warning=      |             ^~~~~~~~~~
[INFO] [stderr]   cargo:warning=/usr/lib/llvm-14/include/llvm/IR/IRBuilder.h:1663:13: note:   candidate expects 3 arguments, 1 provided
[INFO] [stderr]   cargo:warning=/usr/lib/llvm-14/include/llvm/IR/IRBuilder.h:1667:13: note: candidate: 'llvm::LoadInst* llvm::IRBuilderBase::CreateLoad(llvm::Type*, llvm::Value*, bool, const llvm::Twine&)'
[INFO] [stderr]   cargo:warning= 1667 |   LoadInst *CreateLoad(Type *Ty, Value *Ptr, bool isVolatile,
[INFO] [stderr]   cargo:warning=      |             ^~~~~~~~~~
[INFO] [stderr]   cargo:warning=/usr/lib/llvm-14/include/llvm/IR/IRBuilder.h:1667:13: note:   candidate expects 4 arguments, 1 provided
[INFO] [stderr]   cargo:warning=afl-llvm-pass.so.cc:132:24: error: no matching function for call to 'llvm::IRBuilder<>::CreateGEP(llvm::LoadInst*&, llvm::Value*)'
[INFO] [stderr]   cargo:warning=  132 |           IRB.CreateGEP(MapPtr, IRB.CreateXor(PrevLocCasted, CurLoc));
[INFO] [stderr]   cargo:warning=      |           ~~~~~~~~~~~~~^~~~~~~~~~~~~~~~~~~~~~~~~~~~~~~~~~~~~~~~~~~~~~
[INFO] [stderr]   cargo:warning=In file included from afl-llvm-pass.so.cc:30:
[INFO] [stderr]   cargo:warning=/usr/lib/llvm-14/include/llvm/IR/IRBuilder.h:1735:10: note: candidate: 'llvm::Value* llvm::IRBuilderBase::CreateGEP(llvm::Type*, llvm::Value*, llvm::ArrayRef<llvm::Value*>, const llvm::Twine&)'
[INFO] [stderr]   cargo:warning= 1735 |   Value *CreateGEP(Type *Ty, Value *Ptr, ArrayRef<Value *> IdxList,
[INFO] [stderr]   cargo:warning=      |          ^~~~~~~~~
[INFO] [stderr]   cargo:warning=/usr/lib/llvm-14/include/llvm/IR/IRBuilder.h:1735:10: note:   candidate expects 4 arguments, 2 provided
[INFO] [stderr]   cargo:warning=/usr/lib/llvm-14/include/llvm/IR/IRBuilder.h:1749:10: note: candidate: 'llvm::Value* llvm::IRBuilderBase::CreateGEP(llvm::Type*, llvm::Value*, llvm::Value*, const llvm::Twine&)'
[INFO] [stderr]   cargo:warning= 1749 |   Value *CreateGEP(Type *Ty, Value *Ptr, Value *Idx, const Twine &Name = "") {
[INFO] [stderr]   cargo:warning=      |          ^~~~~~~~~
[INFO] [stderr]   cargo:warning=/usr/lib/llvm-14/include/llvm/IR/IRBuilder.h:1749:10: note:   candidate expects 4 arguments, 2 provided
[INFO] [stderr]   cargo:warning=afl-llvm-pass.so.cc:136:41: error: no matching function for call to 'llvm::IRBuilder<>::CreateLoad(llvm::Value*&)'
[INFO] [stderr]   cargo:warning=  136 |       LoadInst *Counter = IRB.CreateLoad(MapPtrIdx);
[INFO] [stderr]   cargo:warning=      |                           ~~~~~~~~~~~~~~^~~~~~~~~~~
[INFO] [stderr]   cargo:warning=In file included from afl-llvm-pass.so.cc:30:
[INFO] [stderr]   cargo:warning=/usr/lib/llvm-14/include/llvm/IR/IRBuilder.h:1659:13: note: candidate: 'llvm::LoadInst* llvm::IRBuilderBase::CreateLoad(llvm::Type*, llvm::Value*, const char*)'
[INFO] [stderr]   cargo:warning= 1659 |   LoadInst *CreateLoad(Type *Ty, Value *Ptr, const char *Name) {
[INFO] [stderr]   cargo:warning=      |             ^~~~~~~~~~
[INFO] [stderr]   cargo:warning=/usr/lib/llvm-14/include/llvm/IR/IRBuilder.h:1659:13: note:   candidate expects 3 arguments, 1 provided
[INFO] [stderr]   cargo:warning=/usr/lib/llvm-14/include/llvm/IR/IRBuilder.h:1663:13: note: candidate: 'llvm::LoadInst* llvm::IRBuilderBase::CreateLoad(llvm::Type*, llvm::Value*, const llvm::Twine&)'
[INFO] [stderr]   cargo:warning= 1663 |   LoadInst *CreateLoad(Type *Ty, Value *Ptr, const Twine &Name = "") {
[INFO] [stderr]   cargo:warning=      |             ^~~~~~~~~~
[INFO] [stderr]   cargo:warning=/usr/lib/llvm-14/include/llvm/IR/IRBuilder.h:1663:13: note:   candidate expects 3 arguments, 1 provided
[INFO] [stderr]   cargo:warning=/usr/lib/llvm-14/include/llvm/IR/IRBuilder.h:1667:13: note: candidate: 'llvm::LoadInst* llvm::IRBuilderBase::CreateLoad(llvm::Type*, llvm::Value*, bool, const llvm::Twine&)'
[INFO] [stderr]   cargo:warning= 1667 |   LoadInst *CreateLoad(Type *Ty, Value *Ptr, bool isVolatile,
[INFO] [stderr]   cargo:warning=      |             ^~~~~~~~~~
[INFO] [stderr]   cargo:warning=/usr/lib/llvm-14/include/llvm/IR/IRBuilder.h:1667:13: note:   candidate expects 4 arguments, 1 provided
[INFO] [stderr]   cargo:warning=afl-llvm-pass.so.cc: At global scope:
[INFO] [stderr]   cargo:warning=afl-llvm-pass.so.cc:169:8: error: 'RegisterPass' does not name a type; did you mean 'register_t'?
[INFO] [stderr]   cargo:warning=  169 | static RegisterPass<AFLCoverage> RegisterAFLPass("afl-coverage",
[INFO] [stderr]   cargo:warning=      |        ^~~~~~~~~~~~
[INFO] [stderr]   cargo:warning=      |        register_t
[INFO] [stderr]   cargo:warning=afl-llvm-pass.so.cc:61:6: error: 'bool {anonymous}::AFLCoverage::runOnModule(llvm::Module&)' defined but not used [-Werror=unused-function]
[INFO] [stderr]   cargo:warning=   61 | bool AFLCoverage::runOnModule(Module &M) {
[INFO] [stderr]   cargo:warning=      |      ^~~~~~~~~~~
[INFO] [stderr]   cargo:warning=cc1plus: all warnings being treated as errors
[INFO] [stderr]   ExitStatus(unix_wait_status(256))
[INFO] [stderr] 
[INFO] [stderr] 
[INFO] [stderr]   command did not execute successfully, got: exit status: 1
[INFO] [stderr] 
[INFO] [stderr] 
[INFO] [stderr] 
[INFO] [stderr]   --- stderr
[INFO] [stderr]   thread 'main' panicked at 'explicit panic', /opt/rustwide/cargo-home/registry/src/index.crates.io-6f17d22bba15001f/gcc-0.3.40/src/lib.rs:1006:5
[INFO] [stderr]   stack backtrace:
[INFO] [stderr]      0:     0x558063b34caa - std::backtrace_rs::backtrace::libunwind::trace::h2f05d0192276a8f6
[INFO] [stderr]                                  at /rustc/1b7dd2252b99671ce5d1cb9664c5f8636329436d/library/std/src/../../backtrace/src/backtrace/libunwind.rs:93:5
[INFO] [stderr]      1:     0x558063b34caa - std::backtrace_rs::backtrace::trace_unsynchronized::hedc23dff7a1af150
[INFO] [stderr]                                  at /rustc/1b7dd2252b99671ce5d1cb9664c5f8636329436d/library/std/src/../../backtrace/src/backtrace/mod.rs:66:5
[INFO] [stderr]      2:     0x558063b34caa - std::sys_common::backtrace::_print_fmt::h17541ef7592f3ce2
[INFO] [stderr]                                  at /rustc/1b7dd2252b99671ce5d1cb9664c5f8636329436d/library/std/src/sys_common/backtrace.rs:65:5
[INFO] [stderr]      3:     0x558063b34caa - <std::sys_common::backtrace::_print::DisplayBacktrace as core::fmt::Display>::fmt::h20f75df5ab0c0792
[INFO] [stderr]                                  at /rustc/1b7dd2252b99671ce5d1cb9664c5f8636329436d/library/std/src/sys_common/backtrace.rs:44:22
[INFO] [stderr]      4:     0x558063b54a4f - core::fmt::write::h78109e6f466b3af6
[INFO] [stderr]                                  at /rustc/1b7dd2252b99671ce5d1cb9664c5f8636329436d/library/core/src/fmt/mod.rs:1254:17
[INFO] [stderr]      5:     0x558063b31745 - std::io::Write::write_fmt::hc59e1b02dd273c8a
[INFO] [stderr]                                  at /rustc/1b7dd2252b99671ce5d1cb9664c5f8636329436d/library/std/src/io/mod.rs:1698:15
[INFO] [stderr]      6:     0x558063b34a75 - std::sys_common::backtrace::_print::h8dac57a9f8fbf9a5
[INFO] [stderr]                                  at /rustc/1b7dd2252b99671ce5d1cb9664c5f8636329436d/library/std/src/sys_common/backtrace.rs:47:5
[INFO] [stderr]      7:     0x558063b34a75 - std::sys_common::backtrace::print::hf9ecbf41d1aa712f
[INFO] [stderr]                                  at /rustc/1b7dd2252b99671ce5d1cb9664c5f8636329436d/library/std/src/sys_common/backtrace.rs:34:9
[INFO] [stderr]      8:     0x558063b3621e - std::panicking::default_hook::{{closure}}::h04c07acfc84ca028
[INFO] [stderr]                                  at /rustc/1b7dd2252b99671ce5d1cb9664c5f8636329436d/library/std/src/panicking.rs:269:22
[INFO] [stderr]      9:     0x558063b35fc5 - std::panicking::default_hook::h01f6bb23e1eceb2c
[INFO] [stderr]                                  at /rustc/1b7dd2252b99671ce5d1cb9664c5f8636329436d/library/std/src/panicking.rs:288:9
[INFO] [stderr]     10:     0x558063b3677e - std::panicking::rust_panic_with_hook::h2bb3722bbaf2f6df
[INFO] [stderr]                                  at /rustc/1b7dd2252b99671ce5d1cb9664c5f8636329436d/library/std/src/panicking.rs:691:13
[INFO] [stderr]     11:     0x558063b0e8aa - std::panicking::begin_panic::{{closure}}::h41b6ea5ba5716b26
[INFO] [stderr]     12:     0x558063afa78a - std::sys_common::backtrace::__rust_end_short_backtrace::hd6aa15546d026da7
[INFO] [stderr]     13:     0x558063b0e7fb - std::panicking::begin_panic::h344c6ff59055b498
[INFO] [stderr]     14:     0x558063b09514 - gcc::fail::h4f1109c7e8e17f3f
[INFO] [stderr]     15:     0x558063b0944f - gcc::run::hdf19d434a0c560db
[INFO] [stderr]     16:     0x558063b00ff1 - gcc::Config::compile_object::h255a028831b24407
[INFO] [stderr]     17:     0x558063b00876 - gcc::Config::compile_objects::h80077c1ccf21f423
[INFO] [stderr]     18:     0x558063affb78 - gcc::Config::compile::h1d07b7082744d0ee
[INFO] [stderr]     19:     0x558063af0f84 - build_script_build::main::h0efa26a089532868
[INFO] [stderr]     20:     0x558063af29b3 - core::ops::function::FnOnce::call_once::h12332fc3e851f394
[INFO] [stderr]     21:     0x558063af1876 - std::sys_common::backtrace::__rust_begin_short_backtrace::ha74376908e20595f
[INFO] [stderr]     22:     0x558063af1fe9 - std::rt::lang_start::{{closure}}::h80a800bb99f04fc6
[INFO] [stderr]     23:     0x558063b2e3de - core::ops::function::impls::<impl core::ops::function::FnOnce<A> for &F>::call_once::h2eb19b8ce4148df4
[INFO] [stderr]                                  at /rustc/1b7dd2252b99671ce5d1cb9664c5f8636329436d/library/core/src/ops/function.rs:287:13
[INFO] [stderr]     24:     0x558063b2e3de - std::panicking::try::do_call::h2e900feff5d504c5
[INFO] [stderr]                                  at /rustc/1b7dd2252b99671ce5d1cb9664c5f8636329436d/library/std/src/panicking.rs:485:40
[INFO] [stderr]     25:     0x558063b2e3de - std::panicking::try::h8854836cb85aa9f2
[INFO] [stderr]                                  at /rustc/1b7dd2252b99671ce5d1cb9664c5f8636329436d/library/std/src/panicking.rs:449:19
[INFO] [stderr]     26:     0x558063b2e3de - std::panic::catch_unwind::h706025dd4c48f64b
[INFO] [stderr]                                  at /rustc/1b7dd2252b99671ce5d1cb9664c5f8636329436d/library/std/src/panic.rs:140:14
[INFO] [stderr]     27:     0x558063b2e3de - std::rt::lang_start_internal::{{closure}}::h7be5b97f4a07a91a
[INFO] [stderr]                                  at /rustc/1b7dd2252b99671ce5d1cb9664c5f8636329436d/library/std/src/rt.rs:148:48
[INFO] [stderr]     28:     0x558063b2e3de - std::panicking::try::do_call::h59847e9d0a176965
[INFO] [stderr]                                  at /rustc/1b7dd2252b99671ce5d1cb9664c5f8636329436d/library/std/src/panicking.rs:485:40
[INFO] [stderr]     29:     0x558063b2e3de - std::panicking::try::h399a918ba8522823
[INFO] [stderr]                                  at /rustc/1b7dd2252b99671ce5d1cb9664c5f8636329436d/library/std/src/panicking.rs:449:19
[INFO] [stderr]     30:     0x558063b2e3de - std::panic::catch_unwind::hca7ca6c55b2a2e26
[INFO] [stderr]                                  at /rustc/1b7dd2252b99671ce5d1cb9664c5f8636329436d/library/std/src/panic.rs:140:14
[INFO] [stderr]     31:     0x558063b2e3de - std::rt::lang_start_internal::h2c807a81560459eb
[INFO] [stderr]                                  at /rustc/1b7dd2252b99671ce5d1cb9664c5f8636329436d/library/std/src/rt.rs:148:20
[INFO] [stderr]     32:     0x558063af1fc7 - std::rt::lang_start::h7f00d14d35f2d1cd
[INFO] [stderr]     33:     0x558063af0fe5 - main
[INFO] [stderr]     34:     0x7f4611451d90 - <unknown>
[INFO] [stderr]     35:     0x7f4611451e40 - __libc_start_main
[INFO] [stderr]     36:     0x558063aefdb5 - _start
[INFO] [stderr]     37:                0x0 - <unknown>
[INFO] [stderr] warning: build failed, waiting for other jobs to finish...
[INFO] running `Command { std: "docker" "inspect" "b613c1bdb2aabf244b61266fa8a9910d98638a4f6ff57b1709d371b0229b32e4", kill_on_drop: false }`
[INFO] running `Command { std: "docker" "rm" "-f" "b613c1bdb2aabf244b61266fa8a9910d98638a4f6ff57b1709d371b0229b32e4", kill_on_drop: false }`
[INFO] [stdout] b613c1bdb2aabf244b61266fa8a9910d98638a4f6ff57b1709d371b0229b32e4
