[INFO] cloning repository https://github.com/Nefanator/starshine-rs
[INFO] running `Command { std: "git" "-c" "credential.helper=" "-c" "credential.helper=/workspace/cargo-home/bin/git-credential-null" "clone" "--bare" "https://github.com/Nefanator/starshine-rs" "/workspace/cache/git-repos/https%3A%2F%2Fgithub.com%2FNefanator%2Fstarshine-rs", kill_on_drop: false }`
[INFO] [stderr] Cloning into bare repository '/workspace/cache/git-repos/https%3A%2F%2Fgithub.com%2FNefanator%2Fstarshine-rs'...
[INFO] running `Command { std: "git" "rev-parse" "HEAD", kill_on_drop: false }`
[INFO] [stdout] ec2b8bb2dd6f0482510c98c630156dea0b39f0e1
[INFO] testing Nefanator/starshine-rs against 1.69.0 for beta-1.70-1
[INFO] running `Command { std: "git" "clone" "/workspace/cache/git-repos/https%3A%2F%2Fgithub.com%2FNefanator%2Fstarshine-rs" "/workspace/builds/worker-6-tc1/source", kill_on_drop: false }`
[INFO] [stderr] Cloning into '/workspace/builds/worker-6-tc1/source'...
[INFO] [stderr] done.
[INFO] validating manifest of git repo https://github.com/Nefanator/starshine-rs on toolchain 1.69.0
[INFO] running `Command { std: CARGO_HOME="/workspace/cargo-home" RUSTUP_HOME="/workspace/rustup-home" "/workspace/cargo-home/bin/cargo" "+1.69.0" "metadata" "--manifest-path" "Cargo.toml" "--no-deps", kill_on_drop: false }`
[INFO] started tweaking git repo https://github.com/Nefanator/starshine-rs
[INFO] finished tweaking git repo https://github.com/Nefanator/starshine-rs
[INFO] tweaked toml for git repo https://github.com/Nefanator/starshine-rs written to /workspace/builds/worker-6-tc1/source/Cargo.toml
[INFO] crate git repo https://github.com/Nefanator/starshine-rs already has a lockfile, it will not be regenerated
[INFO] running `Command { std: CARGO_HOME="/workspace/cargo-home" RUSTUP_HOME="/workspace/rustup-home" "/workspace/cargo-home/bin/cargo" "+1.69.0" "fetch" "--manifest-path" "Cargo.toml", kill_on_drop: false }`
[INFO] running `Command { std: "docker" "create" "-v" "/var/lib/crater-agent-workspace/builds/worker-6-tc1/target:/opt/rustwide/target:rw,Z" "-v" "/var/lib/crater-agent-workspace/builds/worker-6-tc1/source:/opt/rustwide/workdir:ro,Z" "-v" "/var/lib/crater-agent-workspace/cargo-home:/opt/rustwide/cargo-home:ro,Z" "-v" "/var/lib/crater-agent-workspace/rustup-home:/opt/rustwide/rustup-home:ro,Z" "-e" "SOURCE_DIR=/opt/rustwide/workdir" "-e" "CARGO_TARGET_DIR=/opt/rustwide/target" "-e" "CARGO_HOME=/opt/rustwide/cargo-home" "-e" "RUSTUP_HOME=/opt/rustwide/rustup-home" "-w" "/opt/rustwide/workdir" "-m" "1610612736" "--user" "0:0" "--network" "none" "ghcr.io/rust-lang/crates-build-env/linux@sha256:5ff2268d62e97bff2cde7d5815dd6ed5b47097566f13b8d0ca110b04b60e07ed" "/opt/rustwide/cargo-home/bin/cargo" "+1.69.0" "metadata" "--no-deps" "--format-version=1", kill_on_drop: false }`
[INFO] [stdout] 0d6d8a064128df4a5cdd85634b8888610a246be7a4603cc970f4474d9acc4c23
[INFO] running `Command { std: "docker" "start" "-a" "0d6d8a064128df4a5cdd85634b8888610a246be7a4603cc970f4474d9acc4c23", kill_on_drop: false }`
[INFO] running `Command { std: "docker" "inspect" "0d6d8a064128df4a5cdd85634b8888610a246be7a4603cc970f4474d9acc4c23", kill_on_drop: false }`
[INFO] running `Command { std: "docker" "rm" "-f" "0d6d8a064128df4a5cdd85634b8888610a246be7a4603cc970f4474d9acc4c23", kill_on_drop: false }`
[INFO] [stdout] 0d6d8a064128df4a5cdd85634b8888610a246be7a4603cc970f4474d9acc4c23
[INFO] running `Command { std: "docker" "create" "-v" "/var/lib/crater-agent-workspace/builds/worker-6-tc1/target:/opt/rustwide/target:rw,Z" "-v" "/var/lib/crater-agent-workspace/builds/worker-6-tc1/source:/opt/rustwide/workdir:ro,Z" "-v" "/var/lib/crater-agent-workspace/cargo-home:/opt/rustwide/cargo-home:ro,Z" "-v" "/var/lib/crater-agent-workspace/rustup-home:/opt/rustwide/rustup-home:ro,Z" "-e" "SOURCE_DIR=/opt/rustwide/workdir" "-e" "CARGO_TARGET_DIR=/opt/rustwide/target" "-e" "CARGO_INCREMENTAL=0" "-e" "RUST_BACKTRACE=full" "-e" "RUSTFLAGS=--cap-lints=warn" "-e" "RUSTDOCFLAGS=--cap-lints=warn" "-e" "CARGO_HOME=/opt/rustwide/cargo-home" "-e" "RUSTUP_HOME=/opt/rustwide/rustup-home" "-w" "/opt/rustwide/workdir" "-m" "1610612736" "--user" "0:0" "--network" "none" "ghcr.io/rust-lang/crates-build-env/linux@sha256:5ff2268d62e97bff2cde7d5815dd6ed5b47097566f13b8d0ca110b04b60e07ed" "/opt/rustwide/cargo-home/bin/cargo" "+1.69.0" "build" "--frozen" "--message-format=json", kill_on_drop: false }`
[INFO] [stdout] 4bdb301b929a341a4fdde50aca5cdbd10e7f1436f0c3e647241d303c2a3531a8
[INFO] running `Command { std: "docker" "start" "-a" "4bdb301b929a341a4fdde50aca5cdbd10e7f1436f0c3e647241d303c2a3531a8", kill_on_drop: false }`
[INFO] [stderr]    Compiling starshine v0.1.0 (/opt/rustwide/workdir)
[INFO] [stdout] warning: unused variable: `command`
[INFO] [stdout]   --> src/lib.rs:19:12
[INFO] [stdout]    |
[INFO] [stdout] 19 | pub fn run(command: &Command) -> Result<(), &str> {
[INFO] [stdout]    |            ^^^^^^^ help: if this is intentional, prefix it with an underscore: `_command`
[INFO] [stdout]    |
[INFO] [stdout]    = note: `#[warn(unused_variables)]` on by default
[INFO] [stdout] 
[INFO] [stdout] 
[INFO] [stdout] warning: 1 warning emitted
[INFO] [stdout] 
[INFO] [stdout] 
[INFO] [stderr]     Finished dev [unoptimized + debuginfo] target(s) in 0.46s
[INFO] running `Command { std: "docker" "inspect" "4bdb301b929a341a4fdde50aca5cdbd10e7f1436f0c3e647241d303c2a3531a8", kill_on_drop: false }`
[INFO] running `Command { std: "docker" "rm" "-f" "4bdb301b929a341a4fdde50aca5cdbd10e7f1436f0c3e647241d303c2a3531a8", kill_on_drop: false }`
[INFO] [stdout] 4bdb301b929a341a4fdde50aca5cdbd10e7f1436f0c3e647241d303c2a3531a8
[INFO] running `Command { std: "docker" "create" "-v" "/var/lib/crater-agent-workspace/builds/worker-6-tc1/target:/opt/rustwide/target:rw,Z" "-v" "/var/lib/crater-agent-workspace/builds/worker-6-tc1/source:/opt/rustwide/workdir:ro,Z" "-v" "/var/lib/crater-agent-workspace/cargo-home:/opt/rustwide/cargo-home:ro,Z" "-v" "/var/lib/crater-agent-workspace/rustup-home:/opt/rustwide/rustup-home:ro,Z" "-e" "SOURCE_DIR=/opt/rustwide/workdir" "-e" "CARGO_TARGET_DIR=/opt/rustwide/target" "-e" "CARGO_INCREMENTAL=0" "-e" "RUST_BACKTRACE=full" "-e" "RUSTFLAGS=--cap-lints=warn" "-e" "RUSTDOCFLAGS=--cap-lints=warn" "-e" "CARGO_HOME=/opt/rustwide/cargo-home" "-e" "RUSTUP_HOME=/opt/rustwide/rustup-home" "-w" "/opt/rustwide/workdir" "-m" "1610612736" "--user" "0:0" "--network" "none" "ghcr.io/rust-lang/crates-build-env/linux@sha256:5ff2268d62e97bff2cde7d5815dd6ed5b47097566f13b8d0ca110b04b60e07ed" "/opt/rustwide/cargo-home/bin/cargo" "+1.69.0" "test" "--frozen" "--no-run" "--message-format=json", kill_on_drop: false }`
[INFO] [stdout] 2bd0e2a5f257590cac3ad5dc7bdfca06ba793e92d823ed199abaa09167cfaec1
[INFO] running `Command { std: "docker" "start" "-a" "2bd0e2a5f257590cac3ad5dc7bdfca06ba793e92d823ed199abaa09167cfaec1", kill_on_drop: false }`
[INFO] [stderr]    Compiling starshine v0.1.0 (/opt/rustwide/workdir)
[INFO] [stdout] warning: unused variable: `command`
[INFO] [stdout]   --> src/lib.rs:19:12
[INFO] [stdout]    |
[INFO] [stdout] 19 | pub fn run(command: &Command) -> Result<(), &str> {
[INFO] [stdout]    |            ^^^^^^^ help: if this is intentional, prefix it with an underscore: `_command`
[INFO] [stdout]    |
[INFO] [stdout]    = note: `#[warn(unused_variables)]` on by default
[INFO] [stdout] 
[INFO] [stdout] 
[INFO] [stdout] warning: 1 warning emitted
[INFO] [stdout] 
[INFO] [stdout] 
[INFO] [stdout] warning: unused variable: `command`
[INFO] [stdout]   --> src/lib.rs:19:12
[INFO] [stdout]    |
[INFO] [stdout] 19 | pub fn run(command: &Command) -> Result<(), &str> {
[INFO] [stdout]    |            ^^^^^^^ help: if this is intentional, prefix it with an underscore: `_command`
[INFO] [stdout]    |
[INFO] [stdout]    = note: `#[warn(unused_variables)]` on by default
[INFO] [stdout] 
[INFO] [stdout] 
[INFO] [stdout] error[E0061]: this function takes 0 arguments but 1 argument was supplied
[INFO] [stdout]  --> tests/integration_tests.rs:5:38
[INFO] [stdout]   |
[INFO] [stdout] 5 |     let add_user_args: Vec<String> = String::new("Starshine.exe add Nathan").split_whitespace().collect();
[INFO] [stdout]   |                                      ^^^^^^^^^^^ --------------------------
[INFO] [stdout]   |                                                  |
[INFO] [stdout]   |                                                  unexpected argument of type `&'static str`
[INFO] [stdout]   |                                                  help: remove the extra argument
[INFO] [stdout]   |
[INFO] [stdout] note: associated function defined here
[INFO] [stdout]  --> /rustc/84c898d65adf2f39a5a98507f1fe0ce10a2b8dbc/library/alloc/src/string.rs:453:18
[INFO] [stdout] 
[INFO] [stdout] 
[INFO] [stdout] error[E0277]: a value of type `Vec<String>` cannot be built from an iterator over elements of type `&str`
[INFO] [stdout]  --> tests/integration_tests.rs:5:97
[INFO] [stdout]   |
[INFO] [stdout] 5 |     let add_user_args: Vec<String> = String::new("Starshine.exe add Nathan").split_whitespace().collect();
[INFO] [stdout]   |                                                                                                 ^^^^^^^ value of type `Vec<String>` cannot be built from `std::iter::Iterator<Item=&str>`
[INFO] [stdout]   |
[INFO] [stdout]   = help: the trait `FromIterator<&str>` is not implemented for `Vec<String>`
[INFO] [stdout]   = help: the trait `FromIterator<T>` is implemented for `Vec<T>`
[INFO] [stdout] note: the method call chain might not have had the expected associated types
[INFO] [stdout]  --> tests/integration_tests.rs:5:78
[INFO] [stdout]   |
[INFO] [stdout] 5 |     let add_user_args: Vec<String> = String::new("Starshine.exe add Nathan").split_whitespace().collect();
[INFO] [stdout]   |                                      --------------------------------------- ^^^^^^^^^^^^^^^^^^ `Iterator::Item` is `&str` here
[INFO] [stdout]   |                                      |
[INFO] [stdout]   |                                      this expression has type `String`
[INFO] [stdout] note: required by a bound in `collect`
[INFO] [stdout]  --> /rustc/84c898d65adf2f39a5a98507f1fe0ce10a2b8dbc/library/core/src/iter/traits/iterator.rs:1887:5
[INFO] [stdout] 
[INFO] [stdout] 
[INFO] [stdout] error[E0061]: this function takes 0 arguments but 1 argument was supplied
[INFO] [stdout]  --> tests/integration_tests.rs:6:40
[INFO] [stdout]   |
[INFO] [stdout] 6 |     let check_user_args: Vec<String> = String::new("Starshine.exe check Nathan").split_whitespace().collect();
[INFO] [stdout]   |                                        ^^^^^^^^^^^ ----------------------------
[INFO] [stdout]   |                                                    |
[INFO] [stdout]   |                                                    unexpected argument of type `&'static str`
[INFO] [stdout]   |                                                    help: remove the extra argument
[INFO] [stdout]   |
[INFO] [stdout] note: associated function defined here
[INFO] [stdout]  --> /rustc/84c898d65adf2f39a5a98507f1fe0ce10a2b8dbc/library/alloc/src/string.rs:453:18
[INFO] [stdout] 
[INFO] [stdout] 
[INFO] [stdout] error[E0277]: a value of type `Vec<String>` cannot be built from an iterator over elements of type `&str`
[INFO] [stdout]  --> tests/integration_tests.rs:6:101
[INFO] [stdout]   |
[INFO] [stdout] 6 |     let check_user_args: Vec<String> = String::new("Starshine.exe check Nathan").split_whitespace().collect();
[INFO] [stdout]   |                                                                                                     ^^^^^^^ value of type `Vec<String>` cannot be built from `std::iter::Iterator<Item=&str>`
[INFO] [stdout]   |
[INFO] [stdout]   = help: the trait `FromIterator<&str>` is not implemented for `Vec<String>`
[INFO] [stdout]   = help: the trait `FromIterator<T>` is implemented for `Vec<T>`
[INFO] [stdout] note: the method call chain might not have had the expected associated types
[INFO] [stdout]  --> tests/integration_tests.rs:6:82
[INFO] [stdout]   |
[INFO] [stdout] 6 |     let check_user_args: Vec<String> = String::new("Starshine.exe check Nathan").split_whitespace().collect();
[INFO] [stdout]   |                                        ----------------------------------------- ^^^^^^^^^^^^^^^^^^ `Iterator::Item` is `&str` here
[INFO] [stdout]   |                                        |
[INFO] [stdout]   |                                        this expression has type `String`
[INFO] [stdout] note: required by a bound in `collect`
[INFO] [stdout]  --> /rustc/84c898d65adf2f39a5a98507f1fe0ce10a2b8dbc/library/core/src/iter/traits/iterator.rs:1887:5
[INFO] [stdout] 
[INFO] [stdout] 
[INFO] [stdout] error: aborting due to 4 previous errors
[INFO] [stdout] 
[INFO] [stdout] 
[INFO] [stdout] Some errors have detailed explanations: E0061, E0277.
[INFO] [stdout] 
[INFO] [stdout] For more information about an error, try `rustc --explain E0061`.
[INFO] [stdout] 
[INFO] [stderr] error: could not compile `starshine` due to 5 previous errors
[INFO] [stderr] warning: build failed, waiting for other jobs to finish...
[INFO] [stdout] warning: 1 warning emitted
[INFO] [stdout] 
[INFO] [stdout] 
[INFO] running `Command { std: "docker" "inspect" "2bd0e2a5f257590cac3ad5dc7bdfca06ba793e92d823ed199abaa09167cfaec1", kill_on_drop: false }`
[INFO] running `Command { std: "docker" "rm" "-f" "2bd0e2a5f257590cac3ad5dc7bdfca06ba793e92d823ed199abaa09167cfaec1", kill_on_drop: false }`
[INFO] [stdout] 2bd0e2a5f257590cac3ad5dc7bdfca06ba793e92d823ed199abaa09167cfaec1
