[INFO] cloning repository https://github.com/Nadybot/highway
[INFO] running `Command { std: "git" "-c" "credential.helper=" "-c" "credential.helper=/workspace/cargo-home/bin/git-credential-null" "clone" "--bare" "https://github.com/Nadybot/highway" "/workspace/cache/git-repos/https%3A%2F%2Fgithub.com%2FNadybot%2Fhighway", kill_on_drop: false }`
[INFO] [stderr] Cloning into bare repository '/workspace/cache/git-repos/https%3A%2F%2Fgithub.com%2FNadybot%2Fhighway'...
[INFO] running `Command { std: "git" "rev-parse" "HEAD", kill_on_drop: false }`
[INFO] [stdout] 96d2e5f1d3aa6f2dcffc4e788ce97b1fa2792689
[INFO] testing Nadybot/highway against beta-2023-04-20 for beta-1.70-1
[INFO] running `Command { std: "git" "clone" "/workspace/cache/git-repos/https%3A%2F%2Fgithub.com%2FNadybot%2Fhighway" "/workspace/builds/worker-7-tc2/source", kill_on_drop: false }`
[INFO] [stderr] Cloning into '/workspace/builds/worker-7-tc2/source'...
[INFO] [stderr] done.
[INFO] validating manifest of git repo https://github.com/Nadybot/highway on toolchain beta-2023-04-20
[INFO] running `Command { std: CARGO_HOME="/workspace/cargo-home" RUSTUP_HOME="/workspace/rustup-home" "/workspace/cargo-home/bin/cargo" "+beta-2023-04-20" "metadata" "--manifest-path" "Cargo.toml" "--no-deps", kill_on_drop: false }`
[INFO] removed /workspace/builds/worker-7-tc2/source/.cargo/config
[INFO] started tweaking git repo https://github.com/Nadybot/highway
[INFO] finished tweaking git repo https://github.com/Nadybot/highway
[INFO] tweaked toml for git repo https://github.com/Nadybot/highway written to /workspace/builds/worker-7-tc2/source/Cargo.toml
[INFO] crate git repo https://github.com/Nadybot/highway already has a lockfile, it will not be regenerated
[INFO] running `Command { std: CARGO_HOME="/workspace/cargo-home" RUSTUP_HOME="/workspace/rustup-home" "/workspace/cargo-home/bin/cargo" "+beta-2023-04-20" "fetch" "--manifest-path" "Cargo.toml", kill_on_drop: false }`
[INFO] [stderr]     Updating crates.io index
[INFO] [stderr]  Downloading crates ...
[INFO] [stderr]   Downloaded metrics-exporter-prometheus v0.11.0
[INFO] [stderr]   Downloaded value-trait v0.5.1
[INFO] [stderr]   Downloaded halfbrown v0.1.18
[INFO] [stderr]   Downloaded simd-json v0.7.0
[INFO] [stderr]   Downloaded metrics-macros v0.6.0
[INFO] [stderr]   Downloaded password-hash v0.5.0
[INFO] [stderr]   Downloaded argon2 v0.5.0
[INFO] [stderr]   Downloaded metrics-util v0.14.0
[INFO] [stderr]   Downloaded metrics v0.20.1
[INFO] [stderr]   Downloaded sketches-ddsketch v0.2.0
[INFO] running `Command { std: "docker" "create" "-v" "/var/lib/crater-agent-workspace/builds/worker-7-tc2/target:/opt/rustwide/target:rw,Z" "-v" "/var/lib/crater-agent-workspace/builds/worker-7-tc2/source:/opt/rustwide/workdir:ro,Z" "-v" "/var/lib/crater-agent-workspace/cargo-home:/opt/rustwide/cargo-home:ro,Z" "-v" "/var/lib/crater-agent-workspace/rustup-home:/opt/rustwide/rustup-home:ro,Z" "-e" "SOURCE_DIR=/opt/rustwide/workdir" "-e" "CARGO_TARGET_DIR=/opt/rustwide/target" "-e" "CARGO_HOME=/opt/rustwide/cargo-home" "-e" "RUSTUP_HOME=/opt/rustwide/rustup-home" "-w" "/opt/rustwide/workdir" "-m" "1610612736" "--user" "0:0" "--network" "none" "ghcr.io/rust-lang/crates-build-env/linux@sha256:5ff2268d62e97bff2cde7d5815dd6ed5b47097566f13b8d0ca110b04b60e07ed" "/opt/rustwide/cargo-home/bin/cargo" "+beta-2023-04-20" "metadata" "--no-deps" "--format-version=1", kill_on_drop: false }`
[INFO] [stdout] 8bbb73437262b7d229dfe223da79ce240ded7ad5bda782bac19b0e73a555039b
[INFO] running `Command { std: "docker" "start" "-a" "8bbb73437262b7d229dfe223da79ce240ded7ad5bda782bac19b0e73a555039b", kill_on_drop: false }`
[INFO] running `Command { std: "docker" "inspect" "8bbb73437262b7d229dfe223da79ce240ded7ad5bda782bac19b0e73a555039b", kill_on_drop: false }`
[INFO] running `Command { std: "docker" "rm" "-f" "8bbb73437262b7d229dfe223da79ce240ded7ad5bda782bac19b0e73a555039b", kill_on_drop: false }`
[INFO] [stdout] 8bbb73437262b7d229dfe223da79ce240ded7ad5bda782bac19b0e73a555039b
[INFO] running `Command { std: "docker" "create" "-v" "/var/lib/crater-agent-workspace/builds/worker-7-tc2/target:/opt/rustwide/target:rw,Z" "-v" "/var/lib/crater-agent-workspace/builds/worker-7-tc2/source:/opt/rustwide/workdir:ro,Z" "-v" "/var/lib/crater-agent-workspace/cargo-home:/opt/rustwide/cargo-home:ro,Z" "-v" "/var/lib/crater-agent-workspace/rustup-home:/opt/rustwide/rustup-home:ro,Z" "-e" "SOURCE_DIR=/opt/rustwide/workdir" "-e" "CARGO_TARGET_DIR=/opt/rustwide/target" "-e" "CARGO_INCREMENTAL=0" "-e" "RUST_BACKTRACE=full" "-e" "RUSTFLAGS=--cap-lints=warn" "-e" "RUSTDOCFLAGS=--cap-lints=warn" "-e" "CARGO_HOME=/opt/rustwide/cargo-home" "-e" "RUSTUP_HOME=/opt/rustwide/rustup-home" "-w" "/opt/rustwide/workdir" "-m" "1610612736" "--user" "0:0" "--network" "none" "ghcr.io/rust-lang/crates-build-env/linux@sha256:5ff2268d62e97bff2cde7d5815dd6ed5b47097566f13b8d0ca110b04b60e07ed" "/opt/rustwide/cargo-home/bin/cargo" "+beta-2023-04-20" "build" "--frozen" "--message-format=json", kill_on_drop: false }`
[INFO] [stdout] 50803a71b5c790821db6f1ae64e56ae9debcf2bf85aaf637a79e6b263a1436e3
[INFO] running `Command { std: "docker" "start" "-a" "50803a71b5c790821db6f1ae64e56ae9debcf2bf85aaf637a79e6b263a1436e3", kill_on_drop: false }`
[INFO] [stderr]    Compiling libc v0.2.140
[INFO] [stderr]    Compiling proc-macro2 v1.0.54
[INFO] [stderr]    Compiling generic-array v0.14.6
[INFO] [stderr]    Compiling lock_api v0.4.9
[INFO] [stderr]    Compiling parking_lot_core v0.9.7
[INFO] [stderr]    Compiling log v0.4.17
[INFO] [stderr]    Compiling ahash v0.7.6
[INFO] [stderr]    Compiling subtle v2.4.1
[INFO] [stderr]    Compiling crossbeam-utils v0.8.15
[INFO] [stderr]    Compiling futures-core v0.3.27
[INFO] [stderr]    Compiling memoffset v0.8.0
[INFO] [stderr]    Compiling tokio v1.26.0
[INFO] [stderr]    Compiling portable-atomic v0.3.19
[INFO] [stderr]    Compiling futures-task v0.3.27
[INFO] [stderr]    Compiling crossbeam-epoch v0.9.14
[INFO] [stderr]    Compiling futures-util v0.3.27
[INFO] [stderr]    Compiling serde_derive v1.0.158
[INFO] [stderr]    Compiling metrics v0.20.1
[INFO] [stderr]    Compiling raw-cpuid v10.7.0
[INFO] [stderr]    Compiling indexmap v1.9.3
[INFO] [stderr]    Compiling serde v1.0.158
[INFO] [stderr]    Compiling futures-channel v0.3.27
[INFO] [stderr]    Compiling futures-sink v0.3.27
[INFO] [stderr]    Compiling serde_json v1.0.94
[INFO] [stderr]    Compiling sketches-ddsketch v0.2.0
[INFO] [stderr]    Compiling base64ct v1.6.0
[INFO] [stderr]    Compiling want v0.3.0
[INFO] [stderr]    Compiling sharded-slab v0.1.4
[INFO] [stderr]    Compiling thread_local v1.1.7
[INFO] [stderr]    Compiling quote v1.0.26
[INFO] [stderr]    Compiling crypto-common v0.1.6
[INFO] [stderr]    Compiling block-buffer v0.10.4
[INFO] [stderr]    Compiling digest v0.10.6
[INFO] [stderr]    Compiling syn v1.0.109
[INFO] [stderr]    Compiling syn v2.0.10
[INFO] [stderr]    Compiling getrandom v0.2.8
[INFO] [stderr]    Compiling num_cpus v1.15.0
[INFO] [stderr]    Compiling socket2 v0.4.9
[INFO] [stderr]    Compiling mio v0.8.6
[INFO] [stderr]    Compiling sha1 v0.10.5
[INFO] [stderr]    Compiling blake2 v0.10.6
[INFO] [stderr]    Compiling sha-1 v0.10.1
[INFO] [stderr]    Compiling parking_lot v0.12.1
[INFO] [stderr]    Compiling rand_core v0.6.4
[INFO] [stderr]    Compiling quanta v0.10.1
[INFO] [stderr]    Compiling uuid v1.3.0
[INFO] [stderr]    Compiling hashbrown v0.12.3
[INFO] [stderr]    Compiling rand_chacha v0.3.1
[INFO] [stderr]    Compiling password-hash v0.5.0
[INFO] [stderr]    Compiling tracing-subscriber v0.3.16
[INFO] [stderr]    Compiling rand v0.8.5
[INFO] [stderr]    Compiling argon2 v0.5.0
[INFO] [stderr]    Compiling dashmap v5.4.0
[INFO] [stderr]    Compiling thiserror-impl v1.0.40
[INFO] [stderr]    Compiling thiserror v1.0.40
[INFO] [stderr]    Compiling tungstenite v0.18.0
[INFO] [stderr]    Compiling tokio-macros v1.8.2
[INFO] [stderr]    Compiling metrics-macros v0.6.0
[INFO] [stderr]    Compiling tracing-attributes v0.1.23
[INFO] [stderr]    Compiling metrics-util v0.14.0
[INFO] [stderr]    Compiling metrics-exporter-prometheus v0.11.0
[INFO] [stderr]    Compiling tracing v0.1.37
[INFO] [stderr]    Compiling tokio-tungstenite v0.18.0
[INFO] [stderr]    Compiling leaky-bucket-lite v0.5.2
[INFO] [stderr]    Compiling hyper v0.14.25
[INFO] [stderr]    Compiling highway v0.1.1 (/opt/rustwide/workdir)
[INFO] [stdout] error[E0658]: use of unstable library feature 'lazy_cell'
[INFO] [stdout]  --> src/config.rs:5:58
[INFO] [stdout]   |
[INFO] [stdout] 5 | use std::{fs::read_to_string, path::Path, process::exit, sync::LazyLock};
[INFO] [stdout]   |                                                          ^^^^^^^^^^^^^^
[INFO] [stdout]   |
[INFO] [stdout]   = note: see issue #109736 <https://github.com/rust-lang/rust/issues/109736> for more information
[INFO] [stdout] 
[INFO] [stdout] 
[INFO] [stdout] error[E0658]: use of unstable library feature 'lazy_cell'
[INFO] [stdout]   --> src/config.rs:81:20
[INFO] [stdout]    |
[INFO] [stdout] 81 | pub static CONFIG: LazyLock<Config> = LazyLock::new(|| {
[INFO] [stdout]    |                    ^^^^^^^^^^^^^^^^
[INFO] [stdout]    |
[INFO] [stdout]    = note: see issue #109736 <https://github.com/rust-lang/rust/issues/109736> for more information
[INFO] [stdout] 
[INFO] [stdout] 
[INFO] [stdout] error[E0658]: use of unstable library feature 'lazy_cell'
[INFO] [stdout]   --> src/config.rs:81:39
[INFO] [stdout]    |
[INFO] [stdout] 81 | pub static CONFIG: LazyLock<Config> = LazyLock::new(|| {
[INFO] [stdout]    |                                       ^^^^^^^^
[INFO] [stdout]    |
[INFO] [stdout]    = note: see issue #109736 <https://github.com/rust-lang/rust/issues/109736> for more information
[INFO] [stdout] 
[INFO] [stdout] 
[INFO] [stdout] error[E0554]: `#![feature]` may not be used on the beta release channel
[INFO] [stdout]  --> src/main.rs:1:12
[INFO] [stdout]   |
[INFO] [stdout] 1 | #![feature(once_cell)]
[INFO] [stdout]   |            ^^^^^^^^^
[INFO] [stdout] 
[INFO] [stdout] 
[INFO] [stdout] error[E0554]: `#![feature]` may not be used on the beta release channel
[INFO] [stdout]  --> src/main.rs:2:12
[INFO] [stdout]   |
[INFO] [stdout] 2 | #![feature(option_result_contains)]
[INFO] [stdout]   |            ^^^^^^^^^^^^^^^^^^^^^^
[INFO] [stdout] 
[INFO] [stdout] 
[INFO] [stdout] warning: the feature `once_cell` has been stable since 1.70.0 and no longer requires an attribute to enable
[INFO] [stdout]  --> src/main.rs:1:12
[INFO] [stdout]   |
[INFO] [stdout] 1 | #![feature(once_cell)]
[INFO] [stdout]   |            ^^^^^^^^^
[INFO] [stdout]   |
[INFO] [stdout]   = note: `#[warn(stable_features)]` on by default
[INFO] [stdout] 
[INFO] [stdout] 
[INFO] [stdout] error[E0635]: unknown feature `option_result_contains`
[INFO] [stdout]  --> src/main.rs:2:12
[INFO] [stdout]   |
[INFO] [stdout] 2 | #![feature(option_result_contains)]
[INFO] [stdout]   |            ^^^^^^^^^^^^^^^^^^^^^^
[INFO] [stdout] 
[INFO] [stdout] 
[INFO] [stdout] error[E0658]: use of unstable library feature 'lazy_cell'
[INFO] [stdout]   --> src/config.rs:81:39
[INFO] [stdout]    |
[INFO] [stdout] 81 | pub static CONFIG: LazyLock<Config> = LazyLock::new(|| {
[INFO] [stdout]    |                                       ^^^^^^^^^^^^^
[INFO] [stdout]    |
[INFO] [stdout]    = note: see issue #109736 <https://github.com/rust-lang/rust/issues/109736> for more information
[INFO] [stdout] 
[INFO] [stdout] 
[INFO] [stdout] error[E0599]: no method named `contains` found for enum `std::option::Option` in the current scope
[INFO] [stdout]    --> src/main.rs:503:24
[INFO] [stdout]     |
[INFO] [stdout] 503 |             if !sender.contains(send_handle.key()) {
[INFO] [stdout]     |                        ^^^^^^^^ method not found in `Option<&str>`
[INFO] [stdout]     |
[INFO] [stdout] note: the method `contains` exists on the type `&str`
[INFO] [stdout]    --> /rustc/1b7dd2252b99671ce5d1cb9664c5f8636329436d/library/core/src/str/mod.rs:1070:5
[INFO] [stdout] help: consider using `Option::expect` to unwrap the `&str` value, panicking if the value is an `Option::None`
[INFO] [stdout]     |
[INFO] [stdout] 503 |             if !sender.expect("REASON").contains(send_handle.key()) {
[INFO] [stdout]     |                       +++++++++++++++++
[INFO] [stdout] 
[INFO] [stdout] 
[INFO] [stdout] error: aborting due to 8 previous errors; 1 warning emitted
[INFO] [stdout] 
[INFO] [stdout] 
[INFO] [stdout] Some errors have detailed explanations: E0554, E0599, E0635, E0658.
[INFO] [stdout] 
[INFO] [stdout] For more information about an error, try `rustc --explain E0554`.
[INFO] [stdout] 
[INFO] [stderr] error: could not compile `highway` (bin "highway") due to 9 previous errors; 1 warning emitted
[INFO] running `Command { std: "docker" "inspect" "50803a71b5c790821db6f1ae64e56ae9debcf2bf85aaf637a79e6b263a1436e3", kill_on_drop: false }`
[INFO] running `Command { std: "docker" "rm" "-f" "50803a71b5c790821db6f1ae64e56ae9debcf2bf85aaf637a79e6b263a1436e3", kill_on_drop: false }`
[INFO] [stdout] 50803a71b5c790821db6f1ae64e56ae9debcf2bf85aaf637a79e6b263a1436e3
