[INFO] cloning repository https://github.com/Nadybot/aopkg
[INFO] running `Command { std: "git" "-c" "credential.helper=" "-c" "credential.helper=/workspace/cargo-home/bin/git-credential-null" "clone" "--bare" "https://github.com/Nadybot/aopkg" "/workspace/cache/git-repos/https%3A%2F%2Fgithub.com%2FNadybot%2Faopkg", kill_on_drop: false }`
[INFO] [stderr] Cloning into bare repository '/workspace/cache/git-repos/https%3A%2F%2Fgithub.com%2FNadybot%2Faopkg'...
[INFO] running `Command { std: "git" "rev-parse" "HEAD", kill_on_drop: false }`
[INFO] [stdout] ed5d551097d2cb85d061804c241bc13ad2a98961
[INFO] testing Nadybot/aopkg against 1.69.0 for beta-1.70-1
[INFO] running `Command { std: "git" "clone" "/workspace/cache/git-repos/https%3A%2F%2Fgithub.com%2FNadybot%2Faopkg" "/workspace/builds/worker-4-tc1/source", kill_on_drop: false }`
[INFO] [stderr] Cloning into '/workspace/builds/worker-4-tc1/source'...
[INFO] [stderr] done.
[INFO] validating manifest of git repo https://github.com/Nadybot/aopkg on toolchain 1.69.0
[INFO] running `Command { std: CARGO_HOME="/workspace/cargo-home" RUSTUP_HOME="/workspace/rustup-home" "/workspace/cargo-home/bin/cargo" "+1.69.0" "metadata" "--manifest-path" "Cargo.toml" "--no-deps", kill_on_drop: false }`
[INFO] started tweaking git repo https://github.com/Nadybot/aopkg
[INFO] finished tweaking git repo https://github.com/Nadybot/aopkg
[INFO] tweaked toml for git repo https://github.com/Nadybot/aopkg written to /workspace/builds/worker-4-tc1/source/Cargo.toml
[INFO] crate git repo https://github.com/Nadybot/aopkg already has a lockfile, it will not be regenerated
[INFO] running `Command { std: CARGO_HOME="/workspace/cargo-home" RUSTUP_HOME="/workspace/rustup-home" "/workspace/cargo-home/bin/cargo" "+1.69.0" "fetch" "--manifest-path" "Cargo.toml", kill_on_drop: false }`
[INFO] [stderr]  Downloading crates ...
[INFO] [stderr]   Downloaded whoami v1.1.5
[INFO] [stderr]   Downloaded actix-rt v2.2.0
[INFO] [stderr]   Downloaded crc v2.0.0
[INFO] [stderr]   Downloaded sqlx-macros v0.5.9
[INFO] [stderr]   Downloaded actix-macros v0.2.1
[INFO] [stderr]   Downloaded actix-service v2.0.0
[INFO] [stderr]   Downloaded actix-codec v0.4.0
[INFO] [stderr]   Downloaded actix-session v0.5.0-beta.2
[INFO] [stderr]   Downloaded sqlx-rt v0.5.9
[INFO] [stderr]   Downloaded actix-web-codegen v0.5.0-beta.4
[INFO] [stderr]   Downloaded actix-files v0.6.0-beta.7
[INFO] [stderr]   Downloaded actix-server v2.0.0-beta.5
[INFO] [stderr]   Downloaded actix-tls v3.0.0-beta.5
[INFO] [stderr]   Downloaded actix-http v3.0.0-beta.10
[INFO] [stderr]   Downloaded sqlx v0.5.9
[INFO] [stderr]   Downloaded actix-web v4.0.0-beta.9
[INFO] [stderr]   Downloaded sqlx-core v0.5.9
[INFO] [stderr]   Downloaded syn v1.0.78
[INFO] [stderr]   Downloaded awc v3.0.0-beta.8
[INFO] running `Command { std: "docker" "create" "-v" "/var/lib/crater-agent-workspace/builds/worker-4-tc1/target:/opt/rustwide/target:rw,Z" "-v" "/var/lib/crater-agent-workspace/builds/worker-4-tc1/source:/opt/rustwide/workdir:ro,Z" "-v" "/var/lib/crater-agent-workspace/cargo-home:/opt/rustwide/cargo-home:ro,Z" "-v" "/var/lib/crater-agent-workspace/rustup-home:/opt/rustwide/rustup-home:ro,Z" "-e" "SOURCE_DIR=/opt/rustwide/workdir" "-e" "CARGO_TARGET_DIR=/opt/rustwide/target" "-e" "CARGO_HOME=/opt/rustwide/cargo-home" "-e" "RUSTUP_HOME=/opt/rustwide/rustup-home" "-w" "/opt/rustwide/workdir" "-m" "1610612736" "--user" "0:0" "--network" "none" "ghcr.io/rust-lang/crates-build-env/linux@sha256:5ff2268d62e97bff2cde7d5815dd6ed5b47097566f13b8d0ca110b04b60e07ed" "/opt/rustwide/cargo-home/bin/cargo" "+1.69.0" "metadata" "--no-deps" "--format-version=1", kill_on_drop: false }`
[INFO] [stdout] 5e5c006c013e92ea13833c0ce1412633bd44aa16a49bac3e5617f2f5df0312ec
[INFO] running `Command { std: "docker" "start" "-a" "5e5c006c013e92ea13833c0ce1412633bd44aa16a49bac3e5617f2f5df0312ec", kill_on_drop: false }`
[INFO] running `Command { std: "docker" "inspect" "5e5c006c013e92ea13833c0ce1412633bd44aa16a49bac3e5617f2f5df0312ec", kill_on_drop: false }`
[INFO] running `Command { std: "docker" "rm" "-f" "5e5c006c013e92ea13833c0ce1412633bd44aa16a49bac3e5617f2f5df0312ec", kill_on_drop: false }`
[INFO] [stdout] 5e5c006c013e92ea13833c0ce1412633bd44aa16a49bac3e5617f2f5df0312ec
[INFO] running `Command { std: "docker" "create" "-v" "/var/lib/crater-agent-workspace/builds/worker-4-tc1/target:/opt/rustwide/target:rw,Z" "-v" "/var/lib/crater-agent-workspace/builds/worker-4-tc1/source:/opt/rustwide/workdir:ro,Z" "-v" "/var/lib/crater-agent-workspace/cargo-home:/opt/rustwide/cargo-home:ro,Z" "-v" "/var/lib/crater-agent-workspace/rustup-home:/opt/rustwide/rustup-home:ro,Z" "-e" "SOURCE_DIR=/opt/rustwide/workdir" "-e" "CARGO_TARGET_DIR=/opt/rustwide/target" "-e" "CARGO_INCREMENTAL=0" "-e" "RUST_BACKTRACE=full" "-e" "RUSTFLAGS=--cap-lints=warn" "-e" "RUSTDOCFLAGS=--cap-lints=warn" "-e" "CARGO_HOME=/opt/rustwide/cargo-home" "-e" "RUSTUP_HOME=/opt/rustwide/rustup-home" "-w" "/opt/rustwide/workdir" "-m" "1610612736" "--user" "0:0" "--network" "none" "ghcr.io/rust-lang/crates-build-env/linux@sha256:5ff2268d62e97bff2cde7d5815dd6ed5b47097566f13b8d0ca110b04b60e07ed" "/opt/rustwide/cargo-home/bin/cargo" "+1.69.0" "build" "--frozen" "--message-format=json", kill_on_drop: false }`
[INFO] [stdout] 6674fe2a29a35199d56209277efae19f59b5f7f47381146549201cd1c7596bf1
[INFO] running `Command { std: "docker" "start" "-a" "6674fe2a29a35199d56209277efae19f59b5f7f47381146549201cd1c7596bf1", kill_on_drop: false }`
[INFO] [stderr]    Compiling version_check v0.9.3
[INFO] [stderr]    Compiling cfg-if v1.0.0
[INFO] [stderr]    Compiling libc v0.2.103
[INFO] [stderr]    Compiling autocfg v1.0.1
[INFO] [stderr]    Compiling proc-macro2 v1.0.29
[INFO] [stderr]    Compiling unicode-xid v0.2.2
[INFO] [stderr]    Compiling syn v1.0.78
[INFO] [stderr]    Compiling memchr v2.4.1
[INFO] [stderr]    Compiling typenum v1.14.0
[INFO] [stderr]    Compiling once_cell v1.8.0
[INFO] [stderr]    Compiling log v0.4.14
[INFO] [stderr]    Compiling generic-array v0.14.4
[INFO] [stderr]    Compiling pin-project-lite v0.2.7
[INFO] [stderr]    Compiling futures-core v0.3.17
[INFO] [stderr]    Compiling parking_lot_core v0.8.5
[INFO] [stderr]    Compiling bytes v1.1.0
[INFO] [stderr]    Compiling instant v0.1.11
[INFO] [stderr]    Compiling scopeguard v1.1.0
[INFO] [stderr]    Compiling smallvec v1.7.0
[INFO] [stderr]    Compiling cc v1.0.70
[INFO] [stderr]    Compiling quote v1.0.9
[INFO] [stderr]    Compiling lock_api v0.4.5
[INFO] [stderr]    Compiling tokio v1.12.0
[INFO] [stderr]    Compiling num_cpus v1.13.0
[INFO] [stderr]    Compiling parking_lot v0.11.2
[INFO] [stderr]    Compiling mio v0.7.13
[INFO] [stderr]    Compiling signal-hook-registry v1.4.0
[INFO] [stderr]    Compiling getrandom v0.2.3
[INFO] [stderr]    Compiling serde_derive v1.0.130
[INFO] [stderr]    Compiling spin v0.5.2
[INFO] [stderr]    Compiling bitflags v1.3.2
[INFO] [stderr]    Compiling ring v0.16.20
[INFO] [stderr]    Compiling untrusted v0.7.1
[INFO] [stderr]    Compiling serde v1.0.130
[INFO] [stderr]    Compiling opaque-debug v0.3.0
[INFO] [stderr]    Compiling percent-encoding v2.1.0
[INFO] [stderr]    Compiling futures-sink v0.3.17
[INFO] [stderr]    Compiling itoa v0.4.8
[INFO] [stderr]    Compiling ahash v0.7.4
[INFO] [stderr]    Compiling lazy_static v1.4.0
[INFO] [stderr]    Compiling digest v0.9.0
[INFO] [stderr]    Compiling base64 v0.13.0
[INFO] [stderr]    Compiling futures-task v0.3.17
[INFO] [stderr]    Compiling ryu v1.0.5
[INFO] [stderr]    Compiling futures-util v0.3.17
[INFO] [stderr]    Compiling block-buffer v0.9.0
[INFO] [stderr]    Compiling standback v0.2.17
[INFO] [stderr]    Compiling indexmap v1.7.0
[INFO] [stderr]    Compiling hashbrown v0.11.2
[INFO] [stderr]    Compiling tinyvec_macros v0.1.0
[INFO] [stderr]    Compiling proc-macro-hack v0.5.19
[INFO] [stderr]    Compiling matches v0.1.9
[INFO] [stderr]    Compiling cpufeatures v0.2.1
[INFO] [stderr]    Compiling subtle v2.4.1
[INFO] [stderr]    Compiling pin-utils v0.1.0
[INFO] [stderr]    Compiling tinyvec v1.5.0
[INFO] [stderr]    Compiling fnv v1.0.7
[INFO] [stderr]    Compiling http v0.2.5
[INFO] [stderr]    Compiling form_urlencoded v1.0.1
[INFO] [stderr]    Compiling unicode-normalization v0.1.19
[INFO] [stderr]    Compiling num-traits v0.2.14
[INFO] [stderr]    Compiling local-waker v0.1.1
[INFO] [stderr]    Compiling unicode-bidi v0.3.6
[INFO] [stderr]    Compiling const_fn v0.4.8
[INFO] [stderr]    Compiling webpki v0.21.4
[INFO] [stderr]    Compiling sct v0.6.1
[INFO] [stderr]    Compiling tokio-util v0.6.8
[INFO] [stderr]    Compiling rustls v0.19.1
[INFO] [stderr]    Compiling webpki-roots v0.21.1
[INFO] [stderr]    Compiling rand_core v0.6.3
[INFO] [stderr]    Compiling cipher v0.2.5
[INFO] [stderr]    Compiling aho-corasick v0.7.18
[INFO] [stderr]    Compiling time v0.2.27
[INFO] [stderr]    Compiling either v1.6.1
[INFO] [stderr]    Compiling ppv-lite86 v0.2.10
[INFO] [stderr]    Compiling paste v1.0.5
[INFO] [stderr]    Compiling rand_chacha v0.3.1
[INFO] [stderr]    Compiling actix-service v2.0.0
[INFO] [stderr]    Compiling regex v1.5.4
[INFO] [stderr]    Compiling idna v0.2.3
[INFO] [stderr]    Compiling actix-utils v3.0.0
[INFO] [stderr]    Compiling universal-hash v0.4.1
[INFO] [stderr]    Compiling sha2 v0.9.8
[INFO] [stderr]    Compiling tracing-core v0.1.21
[INFO] [stderr]    Compiling bytestring v1.0.0
[INFO] [stderr]    Compiling tokio-rustls v0.22.0
[INFO] [stderr]    Compiling unicase v2.6.0
[INFO] [stderr]    Compiling cpuid-bool v0.2.0
[INFO] [stderr]    Compiling crossbeam-utils v0.8.5
[INFO] [stderr]    Compiling radium v0.5.3
[INFO] [stderr]    Compiling convert_case v0.4.0
[INFO] [stderr]    Compiling httparse v1.5.1
[INFO] [stderr]    Compiling slab v0.4.4
[INFO] [stderr]    Compiling encoding_rs v0.8.28
[INFO] [stderr]    Compiling polyval v0.4.5
[INFO] [stderr]    Compiling tracing v0.1.28
[INFO] [stderr]    Compiling url v2.2.2
[INFO] [stderr]    Compiling rand v0.8.4
[INFO] [stderr]    Compiling aes-soft v0.6.4
[INFO] [stderr]    Compiling actix-codec v0.4.0
[INFO] [stderr]    Compiling crypto-mac v0.10.1
[INFO] [stderr]    Compiling nom v7.0.0
[INFO] [stderr]    Compiling pkg-config v0.3.20
[INFO] [stderr]    Compiling mime v0.3.16
[INFO] [stderr]    Compiling serde_json v1.0.68
[INFO] [stderr]    Compiling lexical-core v0.7.6
[INFO] [stderr]    Compiling libsqlite3-sys v0.22.2
[INFO] [stderr]    Compiling aes v0.6.0
[INFO] [stderr]    Compiling hmac v0.10.1
[INFO] [stderr]    Compiling ghash v0.3.1
[INFO] [stderr]    Compiling h2 v0.3.6
[INFO] [stderr]    Compiling actix-macros v0.2.1
[INFO] [stderr]    Compiling time-macros-impl v0.1.2
[INFO] [stderr]    Compiling derive_more v0.99.16
[INFO] [stderr]    Compiling actix-rt v2.2.0
[INFO] [stderr]    Compiling pin-project-internal v1.0.8
[INFO] [stderr]    Compiling time-macros v0.1.1
[INFO] [stderr]    Compiling thiserror-impl v1.0.29
[INFO] [stderr]    Compiling ctr v0.6.0
[INFO] [stderr]    Compiling local-channel v0.1.2
[INFO] [stderr]    Compiling sha-1 v0.9.8
[INFO] [stderr]    Compiling aead v0.3.2
[INFO] [stderr]    Compiling pin-project v1.0.8
[INFO] [stderr]    Compiling cookie v0.15.1
[INFO] [stderr]    Compiling nom v6.1.2
[INFO] [stderr]    Compiling whoami v1.1.5
[INFO] [stderr]    Compiling firestorm v0.4.6
[INFO] [stderr]    Compiling futures-channel v0.3.17
[INFO] [stderr]    Compiling arrayvec v0.5.2
[INFO] [stderr]    Compiling language-tags v0.3.2
[INFO] [stderr]    Compiling minimal-lexical v0.1.3
[INFO] [stderr]    Compiling funty v1.1.0
[INFO] [stderr]    Compiling wyz v0.2.0
[INFO] [stderr]    Compiling crossbeam-queue v0.3.2
[INFO] [stderr]    Compiling static_assertions v1.1.0
[INFO] [stderr]    Compiling tap v1.0.1
[INFO] [stderr]    Compiling thiserror v1.0.29
[INFO] [stderr]    Compiling bitvec v0.19.5
[INFO] [stderr]    Compiling aes-gcm v0.8.0
[INFO] [stderr]    Compiling hkdf v0.10.0
[INFO] [stderr]    Compiling itertools v0.10.1
[INFO] [stderr]    Compiling miniz_oxide v0.4.4
[INFO] [stderr]    Compiling byteorder v1.4.3
[INFO] [stderr]    Compiling actix-tls v3.0.0-beta.5
[INFO] [stderr]    Compiling crc-catalog v1.1.1
[INFO] [stderr]    Compiling crc32fast v1.2.1
[INFO] [stderr]    Compiling askama_escape v0.10.1
[INFO] [stderr]    Compiling unicode_categories v0.1.1
[INFO] [stderr]    Compiling crc v2.0.0
[INFO] [stderr]    Compiling sqlformat v0.1.8
[INFO] [stderr]    Compiling actix-server v2.0.0-beta.5
[INFO] [stderr]    Compiling sqlx-rt v0.5.9
[INFO] [stderr]    Compiling crossbeam-channel v0.5.1
[INFO] [stderr]    Compiling mime_guess v2.0.3
[INFO] [stderr]    Compiling atoi v0.4.0
[INFO] [stderr]    Compiling tokio-stream v0.1.7
[INFO] [stderr]    Compiling stringprep v0.1.2
[INFO] [stderr]    Compiling hashlink v0.7.0
[INFO] [stderr]    Compiling futures-intrusive v0.4.0
[INFO] [stderr]    Compiling socket2 v0.4.2
[INFO] [stderr]    Compiling humansize v1.1.1
[INFO] [stderr]    Compiling adler v1.0.2
[INFO] [stderr]    Compiling unicode-segmentation v1.8.0
[INFO] [stderr]    Compiling hex v0.4.3
[INFO] [stderr]    Compiling heck v0.3.3
[INFO] [stderr]    Compiling pulldown-cmark v0.8.0
[INFO] [stderr]    Compiling actix-router v0.5.0-beta.2
[INFO] [stderr]    Compiling serde_urlencoded v0.7.0
[INFO] [stderr]    Compiling actix-http v3.0.0-beta.10
[INFO] [stderr]    Compiling toml v0.5.8
[INFO] [stderr]    Compiling unicode-width v0.1.9
[INFO] [stderr]    Compiling dotenv v0.15.0
[INFO] [stderr]    Compiling semver v1.0.4
[INFO] [stderr]    Compiling getopts v0.2.21
[INFO] [stderr]    Compiling flate2 v1.0.22
[INFO] [stderr]    Compiling actix-web-codegen v0.5.0-beta.4
[INFO] [stderr]    Compiling askama_shared v0.11.1
[INFO] [stderr]    Compiling atty v0.2.14
[INFO] [stderr]    Compiling http-range v0.1.4
[INFO] [stderr]    Compiling termcolor v1.1.2
[INFO] [stderr]    Compiling humantime v2.1.0
[INFO] [stderr]    Compiling zip v0.5.13
[INFO] [stderr]    Compiling env_logger v0.9.0
[INFO] [stderr]    Compiling awc v3.0.0-beta.8
[INFO] [stderr]    Compiling actix-web v4.0.0-beta.9
[INFO] [stderr]    Compiling sqlx-core v0.5.9
[INFO] [stderr]    Compiling askama_derive v0.10.5
[INFO] [stderr]    Compiling actix-files v0.6.0-beta.7
[INFO] [stderr]    Compiling actix-session v0.5.0-beta.2
[INFO] [stderr]    Compiling askama v0.10.5
[INFO] [stderr]    Compiling sqlx-macros v0.5.9
[INFO] [stderr]    Compiling sqlx v0.5.9
[INFO] [stderr]    Compiling aopkg v0.1.0 (/opt/rustwide/workdir)
[INFO] [stdout] error[E0308]: mismatched types
[INFO] [stdout]   --> src/main.rs:45:30
[INFO] [stdout]    |
[INFO] [stdout] 45 |                     Ok(_) => HttpResponse::Created().await,
[INFO] [stdout]    |                              ^^^^^^^^^^^^^^^^^^^^^^^^^^^^^ expected `Result<Response<AnyBody>, Error>`, found `Result<HttpResponse, Error>`
[INFO] [stdout]    |
[INFO] [stdout]    = note: expected enum `Result<actix_web::dev::Response<AnyBody>, _>`
[INFO] [stdout]               found enum `Result<HttpResponse, _>`
[INFO] [stdout] 
[INFO] [stdout] 
[INFO] [stdout] error[E0308]: mismatched types
[INFO] [stdout]   --> src/main.rs:46:31
[INFO] [stdout]    |
[INFO] [stdout] 46 |                     Err(_) => HttpResponse::Forbidden().await,
[INFO] [stdout]    |                               ^^^^^^^^^^^^^^^^^^^^^^^^^^^^^^^ expected `Result<Response<AnyBody>, Error>`, found `Result<HttpResponse, Error>`
[INFO] [stdout]    |
[INFO] [stdout]    = note: expected enum `Result<actix_web::dev::Response<AnyBody>, _>`
[INFO] [stdout]               found enum `Result<HttpResponse, _>`
[INFO] [stdout] 
[INFO] [stdout] 
[INFO] [stdout] error[E0308]: mismatched types
[INFO] [stdout]   --> src/main.rs:52:9
[INFO] [stdout]    |
[INFO] [stdout] 32 | ) -> impl Responder {
[INFO] [stdout]    |      -------------- expected `Result<actix_web::dev::Response<AnyBody>, actix_web::Error>` because of return type
[INFO] [stdout] ...
[INFO] [stdout] 52 |         HttpResponse::Unauthorized().await
[INFO] [stdout]    |         ^^^^^^^^^^^^^^^^^^^^^^^^^^^^^^^^^^ expected `Result<Response<AnyBody>, Error>`, found `Result<HttpResponse, Error>`
[INFO] [stdout]    |
[INFO] [stdout]    = note: expected enum `Result<actix_web::dev::Response<AnyBody>, _>`
[INFO] [stdout]               found enum `Result<HttpResponse, _>`
[INFO] [stdout] note: return type inferred to be `Result<actix_web::dev::Response<AnyBody>, actix_web::Error>` here
[INFO] [stdout]   --> src/main.rs:33:23
[INFO] [stdout]    |
[INFO] [stdout] 33 |     if let Some(id) = session.get::<i64>("id")? {
[INFO] [stdout]    |                       ^^^^^^^^^^^^^^^^^^^^^^^^^
[INFO] [stdout] help: use `?` to coerce and return an appropriate `Err`, and wrap the resulting value in `Ok` so the expression remains of type `Result`
[INFO] [stdout]    |
[INFO] [stdout] 33 ~     Ok(if let Some(id) = session.get::<i64>("id")? {
[INFO] [stdout] 34 |         let cur = Cursor::new(payload.clone());
[INFO] [stdout]  ...
[INFO] [stdout] 52 |         HttpResponse::Unauthorized().await
[INFO] [stdout] 53 ~     }?)
[INFO] [stdout]    |
[INFO] [stdout] 
[INFO] [stdout] 
[INFO] [stdout] error[E0308]: `match` arms have incompatible types
[INFO] [stdout]   --> src/main.rs:70:19
[INFO] [stdout]    |
[INFO] [stdout] 63 |       match package {
[INFO] [stdout]    |       ------------- `match` arms have incompatible types
[INFO] [stdout] 64 |           Ok(pkg) => {
[INFO] [stdout] 65 | /             HttpResponse::Ok()
[INFO] [stdout] 66 | |                 .content_type("application/json")
[INFO] [stdout] 67 | |                 .body(to_string_pretty(&pkg).unwrap())
[INFO] [stdout] 68 | |                 .await
[INFO] [stdout]    | |______________________- this is found to be of type `Result<actix_web::dev::Response<AnyBody>, actix_web::Error>`
[INFO] [stdout] 69 |           }
[INFO] [stdout] 70 |           Err(_) => HttpResponse::NotFound().await,
[INFO] [stdout]    |                     ^^^^^^^^^^^^^^^^^^^^^^^^^^^^^^ expected `Result<Response<AnyBody>, Error>`, found `Result<HttpResponse, Error>`
[INFO] [stdout]    |
[INFO] [stdout]    = note: expected enum `Result<actix_web::dev::Response<AnyBody>, _>`
[INFO] [stdout]               found enum `Result<HttpResponse, _>`
[INFO] [stdout] help: use `?` to coerce and return an appropriate `Err`, and wrap the resulting value in `Ok` so the expression remains of type `Result`
[INFO] [stdout]    |
[INFO] [stdout] 70 |         Err(_) => Ok(HttpResponse::NotFound().await?),
[INFO] [stdout]    |                   +++                              ++
[INFO] [stdout] 
[INFO] [stdout] 
[INFO] [stdout] error[E0308]: `if` and `else` have incompatible types
[INFO] [stdout]   --> src/main.rs:89:9
[INFO] [stdout]    |
[INFO] [stdout] 83 | /      if !packages.is_empty() {
[INFO] [stdout] 84 | |/         HttpResponse::Ok()
[INFO] [stdout] 85 | ||             .content_type("application/json")
[INFO] [stdout] 86 | ||             .body(to_string_pretty(&packages).unwrap())
[INFO] [stdout] 87 | ||             .await
[INFO] [stdout]    | ||__________________- expected because of this
[INFO] [stdout] 88 | |      } else {
[INFO] [stdout] 89 | |          HttpResponse::NotFound().await
[INFO] [stdout]    | |          ^^^^^^^^^^^^^^^^^^^^^^^^^^^^^^ expected `Result<Response<AnyBody>, Error>`, found `Result<HttpResponse, Error>`
[INFO] [stdout] 90 | |      }
[INFO] [stdout]    | |______- `if` and `else` have incompatible types
[INFO] [stdout]    |
[INFO] [stdout]    = note: expected enum `Result<actix_web::dev::Response<AnyBody>, _>`
[INFO] [stdout]               found enum `Result<HttpResponse, _>`
[INFO] [stdout] 
[INFO] [stdout] 
[INFO] [stdout] error[E0308]: `match` arms have incompatible types
[INFO] [stdout]    --> src/main.rs:190:19
[INFO] [stdout]     |
[INFO] [stdout] 176 |       match package {
[INFO] [stdout]     |       ------------- `match` arms have incompatible types
[INFO] [stdout] 177 |           Ok(pkg) => {
[INFO] [stdout] 178 | /             HttpResponse::Ok()
[INFO] [stdout] 179 | |                 .content_type("text/html")
[INFO] [stdout] 180 | |                 .body(
[INFO] [stdout] 181 | |                     templates::PackageTemplate {
[INFO] [stdout] ...   |
[INFO] [stdout] 187 | |                 )
[INFO] [stdout] 188 | |                 .await
[INFO] [stdout]     | |______________________- this is found to be of type `Result<actix_web::dev::Response<AnyBody>, actix_web::Error>`
[INFO] [stdout] 189 |           }
[INFO] [stdout] 190 |           Err(_) => HttpResponse::NotFound().await,
[INFO] [stdout]     |                     ^^^^^^^^^^^^^^^^^^^^^^^^^^^^^^ expected `Result<Response<AnyBody>, Error>`, found `Result<HttpResponse, Error>`
[INFO] [stdout]     |
[INFO] [stdout]     = note: expected enum `Result<actix_web::dev::Response<AnyBody>, _>`
[INFO] [stdout]                found enum `Result<HttpResponse, _>`
[INFO] [stdout] help: use `?` to coerce and return an appropriate `Err`, and wrap the resulting value in `Ok` so the expression remains of type `Result`
[INFO] [stdout]     |
[INFO] [stdout] 190 |         Err(_) => Ok(HttpResponse::NotFound().await?),
[INFO] [stdout]     |                   +++                              ++
[INFO] [stdout] 
[INFO] [stdout] 
[INFO] [stdout] error[E0308]: `match` arms have incompatible types
[INFO] [stdout]    --> src/main.rs:217:19
[INFO] [stdout]     |
[INFO] [stdout] 203 |       match package {
[INFO] [stdout]     |       ------------- `match` arms have incompatible types
[INFO] [stdout] 204 |           Ok(pkg) => {
[INFO] [stdout] 205 | /             HttpResponse::Ok()
[INFO] [stdout] 206 | |                 .content_type("text/html")
[INFO] [stdout] 207 | |                 .body(
[INFO] [stdout] 208 | |                     templates::PackageTemplate {
[INFO] [stdout] ...   |
[INFO] [stdout] 214 | |                 )
[INFO] [stdout] 215 | |                 .await
[INFO] [stdout]     | |______________________- this is found to be of type `Result<actix_web::dev::Response<AnyBody>, actix_web::Error>`
[INFO] [stdout] 216 |           }
[INFO] [stdout] 217 |           Err(_) => HttpResponse::NotFound().await,
[INFO] [stdout]     |                     ^^^^^^^^^^^^^^^^^^^^^^^^^^^^^^ expected `Result<Response<AnyBody>, Error>`, found `Result<HttpResponse, Error>`
[INFO] [stdout]     |
[INFO] [stdout]     = note: expected enum `Result<actix_web::dev::Response<AnyBody>, _>`
[INFO] [stdout]                found enum `Result<HttpResponse, _>`
[INFO] [stdout] help: use `?` to coerce and return an appropriate `Err`, and wrap the resulting value in `Ok` so the expression remains of type `Result`
[INFO] [stdout]     |
[INFO] [stdout] 217 |         Err(_) => Ok(HttpResponse::NotFound().await?),
[INFO] [stdout]     |                   +++                              ++
[INFO] [stdout] 
[INFO] [stdout] 
[INFO] [stdout] error[E0308]: `match` arms have incompatible types
[INFO] [stdout]    --> src/main.rs:245:19
[INFO] [stdout]     |
[INFO] [stdout] 230 |       match packages {
[INFO] [stdout]     |       -------------- `match` arms have incompatible types
[INFO] [stdout] 231 |           Ok(pkgs) => {
[INFO] [stdout] 232 | /             HttpResponse::Ok()
[INFO] [stdout] 233 | |                 .content_type("text/html")
[INFO] [stdout] 234 | |                 .body(
[INFO] [stdout] 235 | |                     templates::PackagesTemplate {
[INFO] [stdout] ...   |
[INFO] [stdout] 242 | |                 )
[INFO] [stdout] 243 | |                 .await
[INFO] [stdout]     | |______________________- this is found to be of type `Result<actix_web::dev::Response<AnyBody>, actix_web::Error>`
[INFO] [stdout] 244 |           }
[INFO] [stdout] 245 |           Err(_) => HttpResponse::NotFound().await,
[INFO] [stdout]     |                     ^^^^^^^^^^^^^^^^^^^^^^^^^^^^^^ expected `Result<Response<AnyBody>, Error>`, found `Result<HttpResponse, Error>`
[INFO] [stdout]     |
[INFO] [stdout]     = note: expected enum `Result<actix_web::dev::Response<AnyBody>, _>`
[INFO] [stdout]                found enum `Result<HttpResponse, _>`
[INFO] [stdout] help: use `?` to coerce and return an appropriate `Err`, and wrap the resulting value in `Ok` so the expression remains of type `Result`
[INFO] [stdout]     |
[INFO] [stdout] 245 |         Err(_) => Ok(HttpResponse::NotFound().await?),
[INFO] [stdout]     |                   +++                              ++
[INFO] [stdout] 
[INFO] [stdout] 
[INFO] [stdout] error[E0277]: the trait bound `SendRequestError: ResponseError` is not satisfied
[INFO] [stdout]   --> src/oauth.rs:45:15
[INFO] [stdout]    |
[INFO] [stdout] 45 |         .await?
[INFO] [stdout]    |               ^ the trait `ResponseError` is not implemented for `SendRequestError`
[INFO] [stdout]    |
[INFO] [stdout]    = help: the following other types implement trait `ResponseError`:
[INFO] [stdout]              BlockingError
[INFO] [stdout]              Box<(dyn StdError + 'static)>
[INFO] [stdout]              InvalidHeaderValue
[INFO] [stdout]              PathError
[INFO] [stdout]              PayloadError
[INFO] [stdout]              QueryPayloadError
[INFO] [stdout]              ReadlinesError
[INFO] [stdout]              UrlGenerationError
[INFO] [stdout]            and 18 others
[INFO] [stdout]    = note: required for `actix_web::Error` to implement `From<SendRequestError>`
[INFO] [stdout]    = note: required for `Result<std::string::String, actix_web::Error>` to implement `FromResidual<Result<Infallible, SendRequestError>>`
[INFO] [stdout] 
[INFO] [stdout] 
[INFO] [stdout] error[E0277]: the trait bound `awc::error::JsonPayloadError: ResponseError` is not satisfied
[INFO] [stdout]   --> src/oauth.rs:47:15
[INFO] [stdout]    |
[INFO] [stdout] 47 |         .await?;
[INFO] [stdout]    |               ^ the trait `ResponseError` is not implemented for `awc::error::JsonPayloadError`
[INFO] [stdout]    |
[INFO] [stdout]    = help: the following other types implement trait `ResponseError`:
[INFO] [stdout]              BlockingError
[INFO] [stdout]              Box<(dyn StdError + 'static)>
[INFO] [stdout]              InvalidHeaderValue
[INFO] [stdout]              PathError
[INFO] [stdout]              PayloadError
[INFO] [stdout]              QueryPayloadError
[INFO] [stdout]              ReadlinesError
[INFO] [stdout]              UrlGenerationError
[INFO] [stdout]            and 18 others
[INFO] [stdout]    = note: required for `actix_web::Error` to implement `From<awc::error::JsonPayloadError>`
[INFO] [stdout]    = note: required for `Result<std::string::String, actix_web::Error>` to implement `FromResidual<Result<Infallible, awc::error::JsonPayloadError>>`
[INFO] [stdout] 
[INFO] [stdout] 
[INFO] [stdout] error[E0277]: the trait bound `SendRequestError: ResponseError` is not satisfied
[INFO] [stdout]   --> src/oauth.rs:58:15
[INFO] [stdout]    |
[INFO] [stdout] 58 |         .await?
[INFO] [stdout]    |               ^ the trait `ResponseError` is not implemented for `SendRequestError`
[INFO] [stdout]    |
[INFO] [stdout]    = help: the following other types implement trait `ResponseError`:
[INFO] [stdout]              BlockingError
[INFO] [stdout]              Box<(dyn StdError + 'static)>
[INFO] [stdout]              InvalidHeaderValue
[INFO] [stdout]              PathError
[INFO] [stdout]              PayloadError
[INFO] [stdout]              QueryPayloadError
[INFO] [stdout]              ReadlinesError
[INFO] [stdout]              UrlGenerationError
[INFO] [stdout]            and 18 others
[INFO] [stdout]    = note: required for `actix_web::Error` to implement `From<SendRequestError>`
[INFO] [stdout]    = note: required for `Result<i64, actix_web::Error>` to implement `FromResidual<Result<Infallible, SendRequestError>>`
[INFO] [stdout] 
[INFO] [stdout] 
[INFO] [stdout] error[E0277]: the trait bound `awc::error::JsonPayloadError: ResponseError` is not satisfied
[INFO] [stdout]   --> src/oauth.rs:60:15
[INFO] [stdout]    |
[INFO] [stdout] 60 |         .await?;
[INFO] [stdout]    |               ^ the trait `ResponseError` is not implemented for `awc::error::JsonPayloadError`
[INFO] [stdout]    |
[INFO] [stdout]    = help: the following other types implement trait `ResponseError`:
[INFO] [stdout]              BlockingError
[INFO] [stdout]              Box<(dyn StdError + 'static)>
[INFO] [stdout]              InvalidHeaderValue
[INFO] [stdout]              PathError
[INFO] [stdout]              PayloadError
[INFO] [stdout]              QueryPayloadError
[INFO] [stdout]              ReadlinesError
[INFO] [stdout]              UrlGenerationError
[INFO] [stdout]            and 18 others
[INFO] [stdout]    = note: required for `actix_web::Error` to implement `From<awc::error::JsonPayloadError>`
[INFO] [stdout]    = note: required for `Result<i64, actix_web::Error>` to implement `FromResidual<Result<Infallible, awc::error::JsonPayloadError>>`
[INFO] [stdout] 
[INFO] [stdout] 
[INFO] [stdout] error[E0308]: mismatched types
[INFO] [stdout]    --> src/main.rs:297:34
[INFO] [stdout]     |
[INFO] [stdout] 297 |                         Ok(_) => HttpResponse::Created().await,
[INFO] [stdout]     |                                  ^^^^^^^^^^^^^^^^^^^^^^^^^^^^^ expected `Result<Response<AnyBody>, Error>`, found `Result<HttpResponse, Error>`
[INFO] [stdout]     |
[INFO] [stdout]     = note: expected enum `Result<actix_web::dev::Response<AnyBody>, _>`
[INFO] [stdout]                found enum `Result<HttpResponse, _>`
[INFO] [stdout] 
[INFO] [stdout] 
[INFO] [stdout] error[E0308]: mismatched types
[INFO] [stdout]    --> src/main.rs:298:35
[INFO] [stdout]     |
[INFO] [stdout] 298 |                         Err(_) => HttpResponse::Forbidden().await,
[INFO] [stdout]     |                                   ^^^^^^^^^^^^^^^^^^^^^^^^^^^^^^^ expected `Result<Response<AnyBody>, Error>`, found `Result<HttpResponse, Error>`
[INFO] [stdout]     |
[INFO] [stdout]     = note: expected enum `Result<actix_web::dev::Response<AnyBody>, _>`
[INFO] [stdout]                found enum `Result<HttpResponse, _>`
[INFO] [stdout] 
[INFO] [stdout] 
[INFO] [stdout] error[E0277]: the trait bound `SendRequestError: ResponseError` is not satisfied
[INFO] [stdout]   --> src/webhook.rs:47:15
[INFO] [stdout]    |
[INFO] [stdout] 47 |         .await?
[INFO] [stdout]    |               ^ the trait `ResponseError` is not implemented for `SendRequestError`
[INFO] [stdout]    |
[INFO] [stdout]    = help: the following other types implement trait `ResponseError`:
[INFO] [stdout]              BlockingError
[INFO] [stdout]              Box<(dyn StdError + 'static)>
[INFO] [stdout]              InvalidHeaderValue
[INFO] [stdout]              PathError
[INFO] [stdout]              PayloadError
[INFO] [stdout]              QueryPayloadError
[INFO] [stdout]              ReadlinesError
[INFO] [stdout]              UrlGenerationError
[INFO] [stdout]            and 18 others
[INFO] [stdout]    = note: required for `actix_web::Error` to implement `From<SendRequestError>`
[INFO] [stdout]    = note: required for `Result<actix_web::web::Bytes, actix_web::Error>` to implement `FromResidual<Result<Infallible, SendRequestError>>`
[INFO] [stdout] 
[INFO] [stdout] 
[INFO] [stdout] error[E0277]: the trait bound `awc::error::JsonPayloadError: ResponseError` is not satisfied
[INFO] [stdout]   --> src/webhook.rs:49:15
[INFO] [stdout]    |
[INFO] [stdout] 49 |         .await?;
[INFO] [stdout]    |               ^ the trait `ResponseError` is not implemented for `awc::error::JsonPayloadError`
[INFO] [stdout]    |
[INFO] [stdout]    = help: the following other types implement trait `ResponseError`:
[INFO] [stdout]              BlockingError
[INFO] [stdout]              Box<(dyn StdError + 'static)>
[INFO] [stdout]              InvalidHeaderValue
[INFO] [stdout]              PathError
[INFO] [stdout]              PayloadError
[INFO] [stdout]              QueryPayloadError
[INFO] [stdout]              ReadlinesError
[INFO] [stdout]              UrlGenerationError
[INFO] [stdout]            and 18 others
[INFO] [stdout]    = note: required for `actix_web::Error` to implement `From<awc::error::JsonPayloadError>`
[INFO] [stdout]    = note: required for `Result<actix_web::web::Bytes, actix_web::Error>` to implement `FromResidual<Result<Infallible, awc::error::JsonPayloadError>>`
[INFO] [stdout] 
[INFO] [stdout] 
[INFO] [stdout] error[E0277]: the trait bound `SendRequestError: ResponseError` is not satisfied
[INFO] [stdout]   --> src/webhook.rs:69:19
[INFO] [stdout]    |
[INFO] [stdout] 69 |             .await?
[INFO] [stdout]    |                   ^ the trait `ResponseError` is not implemented for `SendRequestError`
[INFO] [stdout]    |
[INFO] [stdout]    = help: the following other types implement trait `ResponseError`:
[INFO] [stdout]              BlockingError
[INFO] [stdout]              Box<(dyn StdError + 'static)>
[INFO] [stdout]              InvalidHeaderValue
[INFO] [stdout]              PathError
[INFO] [stdout]              PayloadError
[INFO] [stdout]              QueryPayloadError
[INFO] [stdout]              ReadlinesError
[INFO] [stdout]              UrlGenerationError
[INFO] [stdout]            and 18 others
[INFO] [stdout]    = note: required for `actix_web::Error` to implement `From<SendRequestError>`
[INFO] [stdout]    = note: required for `Result<actix_web::web::Bytes, actix_web::Error>` to implement `FromResidual<Result<Infallible, SendRequestError>>`
[INFO] [stdout] 
[INFO] [stdout] 
[INFO] [stdout] error[E0277]: the trait bound `(): ResponseError` is not satisfied
[INFO] [stdout]   --> src/webhook.rs:76:25
[INFO] [stdout]    |
[INFO] [stdout] 76 |         Err(Error::from(()))
[INFO] [stdout]    |             ----------- ^^ the trait `ResponseError` is not implemented for `()`
[INFO] [stdout]    |             |
[INFO] [stdout]    |             required by a bound introduced by this call
[INFO] [stdout]    |
[INFO] [stdout]    = help: the following other types implement trait `ResponseError`:
[INFO] [stdout]              BlockingError
[INFO] [stdout]              Box<(dyn StdError + 'static)>
[INFO] [stdout]              InvalidHeaderValue
[INFO] [stdout]              PathError
[INFO] [stdout]              PayloadError
[INFO] [stdout]              QueryPayloadError
[INFO] [stdout]              ReadlinesError
[INFO] [stdout]              UrlGenerationError
[INFO] [stdout]            and 18 others
[INFO] [stdout]    = note: required for `actix_web::Error` to implement `From<()>`
[INFO] [stdout] 
[INFO] [stdout] 
[INFO] [stdout] warning: use of deprecated method `actix_web::App::<T, B>::data`: Use `.app_data(Data::new(val))` instead.
[INFO] [stdout]    --> src/main.rs:346:14
[INFO] [stdout]     |
[INFO] [stdout] 346 |             .data(pool.clone())
[INFO] [stdout]     |              ^^^^
[INFO] [stdout]     |
[INFO] [stdout]     = note: `#[warn(deprecated)]` on by default
[INFO] [stdout] 
[INFO] [stdout] 
[INFO] [stdout] warning: use of deprecated method `actix_web::App::<T, B>::data`: Use `.app_data(Data::new(val))` instead.
[INFO] [stdout]    --> src/main.rs:347:14
[INFO] [stdout]     |
[INFO] [stdout] 347 |             .data(client)
[INFO] [stdout]     |              ^^^^
[INFO] [stdout] 
[INFO] [stdout] 
[INFO] [stdout] error: aborting due to 18 previous errors; 2 warnings emitted
[INFO] [stdout] 
[INFO] [stdout] 
[INFO] [stdout] Some errors have detailed explanations: E0277, E0308.
[INFO] [stdout] 
[INFO] [stdout] For more information about an error, try `rustc --explain E0277`.
[INFO] [stdout] 
[INFO] [stderr] error: could not compile `aopkg` due to 19 previous errors; 2 warnings emitted
[INFO] running `Command { std: "docker" "inspect" "6674fe2a29a35199d56209277efae19f59b5f7f47381146549201cd1c7596bf1", kill_on_drop: false }`
[INFO] running `Command { std: "docker" "rm" "-f" "6674fe2a29a35199d56209277efae19f59b5f7f47381146549201cd1c7596bf1", kill_on_drop: false }`
[INFO] [stdout] 6674fe2a29a35199d56209277efae19f59b5f7f47381146549201cd1c7596bf1
