[INFO] cloning repository https://github.com/Molive-0/AOC-2021-rs
[INFO] running `Command { std: "git" "-c" "credential.helper=" "-c" "credential.helper=/workspace/cargo-home/bin/git-credential-null" "clone" "--bare" "https://github.com/Molive-0/AOC-2021-rs" "/workspace/cache/git-repos/https%3A%2F%2Fgithub.com%2FMolive-0%2FAOC-2021-rs", kill_on_drop: false }`
[INFO] [stderr] Cloning into bare repository '/workspace/cache/git-repos/https%3A%2F%2Fgithub.com%2FMolive-0%2FAOC-2021-rs'...
[INFO] running `Command { std: "git" "rev-parse" "HEAD", kill_on_drop: false }`
[INFO] [stdout] a426aaada0bfcabf74c38814155b4eed3be1694e
[INFO] testing Molive-0/AOC-2021-rs against 1.69.0 for beta-1.70-1
[INFO] running `Command { std: "git" "clone" "/workspace/cache/git-repos/https%3A%2F%2Fgithub.com%2FMolive-0%2FAOC-2021-rs" "/workspace/builds/worker-7-tc1/source", kill_on_drop: false }`
[INFO] [stderr] Cloning into '/workspace/builds/worker-7-tc1/source'...
[INFO] [stderr] done.
[INFO] validating manifest of git repo https://github.com/Molive-0/AOC-2021-rs on toolchain 1.69.0
[INFO] running `Command { std: CARGO_HOME="/workspace/cargo-home" RUSTUP_HOME="/workspace/rustup-home" "/workspace/cargo-home/bin/cargo" "+1.69.0" "metadata" "--manifest-path" "Cargo.toml" "--no-deps", kill_on_drop: false }`
[INFO] started tweaking git repo https://github.com/Molive-0/AOC-2021-rs
[INFO] finished tweaking git repo https://github.com/Molive-0/AOC-2021-rs
[INFO] tweaked toml for git repo https://github.com/Molive-0/AOC-2021-rs written to /workspace/builds/worker-7-tc1/source/Cargo.toml
[INFO] crate git repo https://github.com/Molive-0/AOC-2021-rs already has a lockfile, it will not be regenerated
[INFO] running `Command { std: CARGO_HOME="/workspace/cargo-home" RUSTUP_HOME="/workspace/rustup-home" "/workspace/cargo-home/bin/cargo" "+1.69.0" "fetch" "--manifest-path" "Cargo.toml", kill_on_drop: false }`
[INFO] [stderr]  Downloading crates ...
[INFO] [stderr]   Downloaded pdqselect v0.1.0
[INFO] [stderr]   Downloaded geo-types v0.7.2
[INFO] [stderr]   Downloaded geographiclib-rs v0.2.0
[INFO] [stderr]   Downloaded rstar v0.8.4
[INFO] [stderr]   Downloaded heapless v0.6.1
[INFO] [stderr]   Downloaded geo v0.18.0
[INFO] running `Command { std: "docker" "create" "-v" "/var/lib/crater-agent-workspace/builds/worker-7-tc1/target:/opt/rustwide/target:rw,Z" "-v" "/var/lib/crater-agent-workspace/builds/worker-7-tc1/source:/opt/rustwide/workdir:ro,Z" "-v" "/var/lib/crater-agent-workspace/cargo-home:/opt/rustwide/cargo-home:ro,Z" "-v" "/var/lib/crater-agent-workspace/rustup-home:/opt/rustwide/rustup-home:ro,Z" "-e" "SOURCE_DIR=/opt/rustwide/workdir" "-e" "CARGO_TARGET_DIR=/opt/rustwide/target" "-e" "CARGO_HOME=/opt/rustwide/cargo-home" "-e" "RUSTUP_HOME=/opt/rustwide/rustup-home" "-w" "/opt/rustwide/workdir" "-m" "1610612736" "--user" "0:0" "--network" "none" "ghcr.io/rust-lang/crates-build-env/linux@sha256:5ff2268d62e97bff2cde7d5815dd6ed5b47097566f13b8d0ca110b04b60e07ed" "/opt/rustwide/cargo-home/bin/cargo" "+1.69.0" "metadata" "--no-deps" "--format-version=1", kill_on_drop: false }`
[INFO] [stdout] 94d51c1b7e9f5aebcc06904c0fa8428a5200e772a62f803e04277a6278860c73
[INFO] running `Command { std: "docker" "start" "-a" "94d51c1b7e9f5aebcc06904c0fa8428a5200e772a62f803e04277a6278860c73", kill_on_drop: false }`
[INFO] running `Command { std: "docker" "inspect" "94d51c1b7e9f5aebcc06904c0fa8428a5200e772a62f803e04277a6278860c73", kill_on_drop: false }`
[INFO] running `Command { std: "docker" "rm" "-f" "94d51c1b7e9f5aebcc06904c0fa8428a5200e772a62f803e04277a6278860c73", kill_on_drop: false }`
[INFO] [stdout] 94d51c1b7e9f5aebcc06904c0fa8428a5200e772a62f803e04277a6278860c73
[INFO] running `Command { std: "docker" "create" "-v" "/var/lib/crater-agent-workspace/builds/worker-7-tc1/target:/opt/rustwide/target:rw,Z" "-v" "/var/lib/crater-agent-workspace/builds/worker-7-tc1/source:/opt/rustwide/workdir:ro,Z" "-v" "/var/lib/crater-agent-workspace/cargo-home:/opt/rustwide/cargo-home:ro,Z" "-v" "/var/lib/crater-agent-workspace/rustup-home:/opt/rustwide/rustup-home:ro,Z" "-e" "SOURCE_DIR=/opt/rustwide/workdir" "-e" "CARGO_TARGET_DIR=/opt/rustwide/target" "-e" "CARGO_INCREMENTAL=0" "-e" "RUST_BACKTRACE=full" "-e" "RUSTFLAGS=--cap-lints=warn" "-e" "RUSTDOCFLAGS=--cap-lints=warn" "-e" "CARGO_HOME=/opt/rustwide/cargo-home" "-e" "RUSTUP_HOME=/opt/rustwide/rustup-home" "-w" "/opt/rustwide/workdir" "-m" "1610612736" "--user" "0:0" "--network" "none" "ghcr.io/rust-lang/crates-build-env/linux@sha256:5ff2268d62e97bff2cde7d5815dd6ed5b47097566f13b8d0ca110b04b60e07ed" "/opt/rustwide/cargo-home/bin/cargo" "+1.69.0" "build" "--frozen" "--message-format=json", kill_on_drop: false }`
[INFO] [stdout] 553ca65fbd4195e7944a5dd8e98e5c559172bf56ff2e2c733927b73fdabd15a3
[INFO] running `Command { std: "docker" "start" "-a" "553ca65fbd4195e7944a5dd8e98e5c559172bf56ff2e2c733927b73fdabd15a3", kill_on_drop: false }`
[INFO] [stderr]    Compiling typenum v1.14.0
[INFO] [stderr]    Compiling autocfg v1.0.1
[INFO] [stderr]    Compiling stable_deref_trait v1.2.0
[INFO] [stderr]    Compiling heapless v0.6.1
[INFO] [stderr]    Compiling byteorder v1.4.3
[INFO] [stderr]    Compiling pdqselect v0.1.0
[INFO] [stderr]    Compiling libc v0.2.109
[INFO] [stderr]    Compiling generic-array v0.14.4
[INFO] [stderr]    Compiling smallvec v1.7.0
[INFO] [stderr]    Compiling geographiclib-rs v0.2.0
[INFO] [stderr]    Compiling hash32 v0.1.1
[INFO] [stderr]    Compiling robust v0.2.3
[INFO] [stderr]    Compiling num-traits v0.2.14
[INFO] [stderr]    Compiling time v0.3.5
[INFO] [stderr]    Compiling generic-array v0.13.3
[INFO] [stderr]    Compiling generic-array v0.12.4
[INFO] [stderr]    Compiling approx v0.4.0
[INFO] [stderr]    Compiling as-slice v0.1.5
[INFO] [stderr]    Compiling rstar v0.8.4
[INFO] [stderr]    Compiling geo-types v0.7.2
[INFO] [stderr]    Compiling geo v0.18.0
[INFO] [stderr]    Compiling aoc2021 v0.1.0 (/opt/rustwide/workdir)
[INFO] [stdout] error: couldn't read src/bin/./../days/1.txt: No such file or directory (os error 2)
[INFO] [stdout]  --> src/bin/help/mod.rs:3:9
[INFO] [stdout]   |
[INFO] [stdout] 3 |         include_str!(concat!("./../days/", $x, ".txt"))
[INFO] [stdout]   |         ^^^^^^^^^^^^^^^^^^^^^^^^^^^^^^^^^^^^^^^^^^^^^^^
[INFO] [stdout]   |
[INFO] [stdout]  ::: src/bin/day1.rs:6:16
[INFO] [stdout]   |
[INFO] [stdout] 6 |     let data = input_to_i32_vec!("1");
[INFO] [stdout]   |                ---------------------- in this macro invocation
[INFO] [stdout]   |
[INFO] [stdout]   = note: this error originates in the macro `include_str` which comes from the expansion of the macro `input_to_i32_vec` (in Nightly builds, run with -Z macro-backtrace for more info)
[INFO] [stdout] 
[INFO] [stdout] 
[INFO] [stdout] warning: unused macro definition: `input_to_i32_comma_iterator`
[INFO] [stdout]   --> src/bin/help/mod.rs:12:14
[INFO] [stdout]    |
[INFO] [stdout] 12 | macro_rules! input_to_i32_comma_iterator {
[INFO] [stdout]    |              ^^^^^^^^^^^^^^^^^^^^^^^^^^^
[INFO] [stdout]    |
[INFO] [stdout]    = note: `#[warn(unused_macros)]` on by default
[INFO] [stdout] 
[INFO] [stdout] 
[INFO] [stdout] warning: unused macro definition: `input_to_str_iterator`
[INFO] [stdout]   --> src/bin/help/mod.rs:17:14
[INFO] [stdout]    |
[INFO] [stdout] 17 | macro_rules! input_to_str_iterator {
[INFO] [stdout]    |              ^^^^^^^^^^^^^^^^^^^^^
[INFO] [stdout] 
[INFO] [stdout] 
[INFO] [stdout] warning: unused macro definition: `input_to_i32_comma_vec`
[INFO] [stdout]   --> src/bin/help/mod.rs:28:14
[INFO] [stdout]    |
[INFO] [stdout] 28 | macro_rules! input_to_i32_comma_vec {
[INFO] [stdout]    |              ^^^^^^^^^^^^^^^^^^^^^^
[INFO] [stdout] 
[INFO] [stdout] 
[INFO] [stdout] warning: unused macro definition: `input_to_str_vec`
[INFO] [stdout]   --> src/bin/help/mod.rs:33:14
[INFO] [stdout]    |
[INFO] [stdout] 33 | macro_rules! input_to_str_vec {
[INFO] [stdout]    |              ^^^^^^^^^^^^^^^^
[INFO] [stdout] 
[INFO] [stdout] 
[INFO] [stdout] error: aborting due to previous error; 4 warnings emitted
[INFO] [stdout] 
[INFO] [stdout] 
[INFO] [stderr] error: could not compile `aoc2021` due to 2 previous errors; 4 warnings emitted
[INFO] [stderr] warning: build failed, waiting for other jobs to finish...
[INFO] [stdout] error: couldn't read src/bin/./../days/11.txt: No such file or directory (os error 2)
[INFO] [stdout]  --> src/bin/help/mod.rs:3:9
[INFO] [stdout]   |
[INFO] [stdout] 3 |         include_str!(concat!("./../days/", $x, ".txt"))
[INFO] [stdout]   |         ^^^^^^^^^^^^^^^^^^^^^^^^^^^^^^^^^^^^^^^^^^^^^^^
[INFO] [stdout]   |
[INFO] [stdout]  ::: src/bin/day11.rs:4:18
[INFO] [stdout]   |
[INFO] [stdout] 4 |     let octopi = input_to_str_iterator!("11")
[INFO] [stdout]   |                  ---------------------------- in this macro invocation
[INFO] [stdout]   |
[INFO] [stdout]   = note: this error originates in the macro `include_str` which comes from the expansion of the macro `input_to_str_iterator` (in Nightly builds, run with -Z macro-backtrace for more info)
[INFO] [stdout] 
[INFO] [stdout] 
[INFO] [stdout] warning: unused macro definition: `input_to_i32_iterator`
[INFO] [stdout]  --> src/bin/help/mod.rs:7:14
[INFO] [stdout]   |
[INFO] [stdout] 7 | macro_rules! input_to_i32_iterator {
[INFO] [stdout]   |              ^^^^^^^^^^^^^^^^^^^^^
[INFO] [stdout]   |
[INFO] [stdout]   = note: `#[warn(unused_macros)]` on by default
[INFO] [stdout] 
[INFO] [stdout] 
[INFO] [stdout] warning: unused macro definition: `input_to_i32_comma_iterator`
[INFO] [stdout]   --> src/bin/help/mod.rs:12:14
[INFO] [stdout]    |
[INFO] [stdout] 12 | macro_rules! input_to_i32_comma_iterator {
[INFO] [stdout]    |              ^^^^^^^^^^^^^^^^^^^^^^^^^^^
[INFO] [stdout] 
[INFO] [stdout] 
[INFO] [stdout] warning: unused macro definition: `input_to_i32_vec`
[INFO] [stdout]   --> src/bin/help/mod.rs:23:14
[INFO] [stdout]    |
[INFO] [stdout] 23 | macro_rules! input_to_i32_vec {
[INFO] [stdout]    |              ^^^^^^^^^^^^^^^^
[INFO] [stdout] 
[INFO] [stdout] 
[INFO] [stdout] warning: unused macro definition: `input_to_i32_comma_vec`
[INFO] [stdout]   --> src/bin/help/mod.rs:28:14
[INFO] [stdout]    |
[INFO] [stdout] 28 | macro_rules! input_to_i32_comma_vec {
[INFO] [stdout]    |              ^^^^^^^^^^^^^^^^^^^^^^
[INFO] [stdout] 
[INFO] [stdout] 
[INFO] [stdout] warning: unused macro definition: `input_to_str_vec`
[INFO] [stdout]   --> src/bin/help/mod.rs:33:14
[INFO] [stdout]    |
[INFO] [stdout] 33 | macro_rules! input_to_str_vec {
[INFO] [stdout]    |              ^^^^^^^^^^^^^^^^
[INFO] [stdout] 
[INFO] [stdout] 
[INFO] [stdout] error: couldn't read src/bin/./../days/5.txt: No such file or directory (os error 2)
[INFO] [stdout]   --> src/bin/help/mod.rs:3:9
[INFO] [stdout]    |
[INFO] [stdout] 3  |         include_str!(concat!("./../days/", $x, ".txt"))
[INFO] [stdout]    |         ^^^^^^^^^^^^^^^^^^^^^^^^^^^^^^^^^^^^^^^^^^^^^^^
[INFO] [stdout]    |
[INFO] [stdout]   ::: src/bin/day5.rs:11:16
[INFO] [stdout]    |
[INFO] [stdout] 11 |     let data = input_to_str_iterator!("5")
[INFO] [stdout]    |                --------------------------- in this macro invocation
[INFO] [stdout]    |
[INFO] [stdout]    = note: this error originates in the macro `include_str` which comes from the expansion of the macro `input_to_str_iterator` (in Nightly builds, run with -Z macro-backtrace for more info)
[INFO] [stdout] 
[INFO] [stdout] 
[INFO] [stdout] warning: unused macro definition: `input_to_i32_iterator`
[INFO] [stdout]  --> src/bin/help/mod.rs:7:14
[INFO] [stdout]   |
[INFO] [stdout] 7 | macro_rules! input_to_i32_iterator {
[INFO] [stdout]   |              ^^^^^^^^^^^^^^^^^^^^^
[INFO] [stdout]   |
[INFO] [stdout]   = note: `#[warn(unused_macros)]` on by default
[INFO] [stdout] 
[INFO] [stdout] 
[INFO] [stdout] warning: unused macro definition: `input_to_i32_comma_iterator`
[INFO] [stdout]   --> src/bin/help/mod.rs:12:14
[INFO] [stdout]    |
[INFO] [stdout] 12 | macro_rules! input_to_i32_comma_iterator {
[INFO] [stdout]    |              ^^^^^^^^^^^^^^^^^^^^^^^^^^^
[INFO] [stdout] 
[INFO] [stdout] 
[INFO] [stdout] warning: unused macro definition: `input_to_i32_vec`
[INFO] [stdout]   --> src/bin/help/mod.rs:23:14
[INFO] [stdout]    |
[INFO] [stdout] 23 | macro_rules! input_to_i32_vec {
[INFO] [stdout]    |              ^^^^^^^^^^^^^^^^
[INFO] [stdout] 
[INFO] [stdout] 
[INFO] [stdout] warning: unused macro definition: `input_to_i32_comma_vec`
[INFO] [stdout]   --> src/bin/help/mod.rs:28:14
[INFO] [stdout]    |
[INFO] [stdout] 28 | macro_rules! input_to_i32_comma_vec {
[INFO] [stdout]    |              ^^^^^^^^^^^^^^^^^^^^^^
[INFO] [stdout] 
[INFO] [stdout] 
[INFO] [stdout] warning: unused macro definition: `input_to_str_vec`
[INFO] [stdout]   --> src/bin/help/mod.rs:33:14
[INFO] [stdout]    |
[INFO] [stdout] 33 | macro_rules! input_to_str_vec {
[INFO] [stdout]    |              ^^^^^^^^^^^^^^^^
[INFO] [stdout] 
[INFO] [stdout] 
[INFO] [stdout] error: couldn't read src/bin/./../days/2.txt: No such file or directory (os error 2)
[INFO] [stdout]  --> src/bin/help/mod.rs:3:9
[INFO] [stdout]   |
[INFO] [stdout] 3 |         include_str!(concat!("./../days/", $x, ".txt"))
[INFO] [stdout]   |         ^^^^^^^^^^^^^^^^^^^^^^^^^^^^^^^^^^^^^^^^^^^^^^^
[INFO] [stdout]   |
[INFO] [stdout]  ::: src/bin/day2.rs:4:16
[INFO] [stdout]   |
[INFO] [stdout] 4 |     let data = input_to_str_vec!("2");
[INFO] [stdout]   |                ---------------------- in this macro invocation
[INFO] [stdout]   |
[INFO] [stdout]   = note: this error originates in the macro `include_str` which comes from the expansion of the macro `input_to_str_vec` (in Nightly builds, run with -Z macro-backtrace for more info)
[INFO] [stdout] 
[INFO] [stdout] 
[INFO] [stdout] warning: unused macro definition: `input_to_i32_iterator`
[INFO] [stdout]  --> src/bin/help/mod.rs:7:14
[INFO] [stdout]   |
[INFO] [stdout] 7 | macro_rules! input_to_i32_iterator {
[INFO] [stdout]   |              ^^^^^^^^^^^^^^^^^^^^^
[INFO] [stdout]   |
[INFO] [stdout]   = note: `#[warn(unused_macros)]` on by default
[INFO] [stdout] 
[INFO] [stdout] 
[INFO] [stdout] warning: unused macro definition: `input_to_i32_comma_iterator`
[INFO] [stdout]   --> src/bin/help/mod.rs:12:14
[INFO] [stdout]    |
[INFO] [stdout] 12 | macro_rules! input_to_i32_comma_iterator {
[INFO] [stdout]    |              ^^^^^^^^^^^^^^^^^^^^^^^^^^^
[INFO] [stdout] 
[INFO] [stdout] 
[INFO] [stdout] warning: unused macro definition: `input_to_i32_vec`
[INFO] [stdout]   --> src/bin/help/mod.rs:23:14
[INFO] [stdout]    |
[INFO] [stdout] 23 | macro_rules! input_to_i32_vec {
[INFO] [stdout]    |              ^^^^^^^^^^^^^^^^
[INFO] [stdout] 
[INFO] [stdout] 
[INFO] [stdout] warning: unused macro definition: `input_to_i32_comma_vec`
[INFO] [stdout]   --> src/bin/help/mod.rs:28:14
[INFO] [stdout]    |
[INFO] [stdout] 28 | macro_rules! input_to_i32_comma_vec {
[INFO] [stdout]    |              ^^^^^^^^^^^^^^^^^^^^^^
[INFO] [stdout] 
[INFO] [stdout] 
[INFO] [stdout] error: aborting due to previous error; 5 warnings emitted
[INFO] [stdout] 
[INFO] [stdout] 
[INFO] [stdout] error: aborting due to previous error; 4 warnings emitted
[INFO] [stdout] 
[INFO] [stdout] 
[INFO] [stderr] error: could not compile `aoc2021` due to 2 previous errors; 5 warnings emitted
[INFO] [stderr] error: could not compile `aoc2021` due to 2 previous errors; 4 warnings emitted
[INFO] [stdout] error: couldn't read src/bin/./../days/9.txt: No such file or directory (os error 2)
[INFO] [stdout]  --> src/bin/help/mod.rs:3:9
[INFO] [stdout]   |
[INFO] [stdout] 3 |         include_str!(concat!("./../days/", $x, ".txt"))
[INFO] [stdout]   |         ^^^^^^^^^^^^^^^^^^^^^^^^^^^^^^^^^^^^^^^^^^^^^^^
[INFO] [stdout]   |
[INFO] [stdout]  ::: src/bin/day9.rs:6:21
[INFO] [stdout]   |
[INFO] [stdout] 6 |     let heightmap = input_to_str_iterator!("9")
[INFO] [stdout]   |                     --------------------------- in this macro invocation
[INFO] [stdout]   |
[INFO] [stdout]   = note: this error originates in the macro `include_str` which comes from the expansion of the macro `input_to_str_iterator` (in Nightly builds, run with -Z macro-backtrace for more info)
[INFO] [stdout] 
[INFO] [stdout] 
[INFO] [stdout] warning: unused macro definition: `input_to_i32_iterator`
[INFO] [stdout]  --> src/bin/help/mod.rs:7:14
[INFO] [stdout]   |
[INFO] [stdout] 7 | macro_rules! input_to_i32_iterator {
[INFO] [stdout]   |              ^^^^^^^^^^^^^^^^^^^^^
[INFO] [stdout]   |
[INFO] [stdout]   = note: `#[warn(unused_macros)]` on by default
[INFO] [stdout] 
[INFO] [stdout] 
[INFO] [stdout] warning: unused macro definition: `input_to_i32_comma_iterator`
[INFO] [stdout]   --> src/bin/help/mod.rs:12:14
[INFO] [stdout]    |
[INFO] [stdout] 12 | macro_rules! input_to_i32_comma_iterator {
[INFO] [stdout]    |              ^^^^^^^^^^^^^^^^^^^^^^^^^^^
[INFO] [stdout] 
[INFO] [stdout] 
[INFO] [stdout] warning: unused macro definition: `input_to_i32_vec`
[INFO] [stdout]   --> src/bin/help/mod.rs:23:14
[INFO] [stdout]    |
[INFO] [stdout] 23 | macro_rules! input_to_i32_vec {
[INFO] [stdout]    |              ^^^^^^^^^^^^^^^^
[INFO] [stdout] 
[INFO] [stdout] 
[INFO] [stdout] warning: unused macro definition: `input_to_i32_comma_vec`
[INFO] [stdout]   --> src/bin/help/mod.rs:28:14
[INFO] [stdout]    |
[INFO] [stdout] 28 | macro_rules! input_to_i32_comma_vec {
[INFO] [stdout]    |              ^^^^^^^^^^^^^^^^^^^^^^
[INFO] [stdout] 
[INFO] [stdout] 
[INFO] [stdout] warning: unused macro definition: `input_to_str_vec`
[INFO] [stdout]   --> src/bin/help/mod.rs:33:14
[INFO] [stdout]    |
[INFO] [stdout] 33 | macro_rules! input_to_str_vec {
[INFO] [stdout]    |              ^^^^^^^^^^^^^^^^
[INFO] [stdout] 
[INFO] [stdout] 
[INFO] [stdout] error: aborting due to previous error; 5 warnings emitted
[INFO] [stdout] 
[INFO] [stdout] 
[INFO] [stderr] error: could not compile `aoc2021` due to 2 previous errors; 5 warnings emitted
[INFO] [stdout] error: couldn't read src/bin/./../days/10.txt: No such file or directory (os error 2)
[INFO] [stdout]   --> src/bin/help/mod.rs:3:9
[INFO] [stdout]    |
[INFO] [stdout] 3  |         include_str!(concat!("./../days/", $x, ".txt"))
[INFO] [stdout]    |         ^^^^^^^^^^^^^^^^^^^^^^^^^^^^^^^^^^^^^^^^^^^^^^^
[INFO] [stdout]    |
[INFO] [stdout]   ::: src/bin/day10.rs:25:16
[INFO] [stdout]    |
[INFO] [stdout] 25 |     let data = input_to_str_vec!("10");
[INFO] [stdout]    |                ----------------------- in this macro invocation
[INFO] [stdout]    |
[INFO] [stdout]    = note: this error originates in the macro `include_str` which comes from the expansion of the macro `input_to_str_vec` (in Nightly builds, run with -Z macro-backtrace for more info)
[INFO] [stdout] 
[INFO] [stdout] 
[INFO] [stdout] warning: unused macro definition: `input_to_i32_iterator`
[INFO] [stdout]  --> src/bin/help/mod.rs:7:14
[INFO] [stdout]   |
[INFO] [stdout] 7 | macro_rules! input_to_i32_iterator {
[INFO] [stdout]   |              ^^^^^^^^^^^^^^^^^^^^^
[INFO] [stdout]   |
[INFO] [stdout]   = note: `#[warn(unused_macros)]` on by default
[INFO] [stdout] 
[INFO] [stdout] 
[INFO] [stdout] warning: unused macro definition: `input_to_i32_comma_iterator`
[INFO] [stdout]   --> src/bin/help/mod.rs:12:14
[INFO] [stdout]    |
[INFO] [stdout] 12 | macro_rules! input_to_i32_comma_iterator {
[INFO] [stdout]    |              ^^^^^^^^^^^^^^^^^^^^^^^^^^^
[INFO] [stdout] 
[INFO] [stdout] 
[INFO] [stdout] warning: unused macro definition: `input_to_i32_vec`
[INFO] [stdout]   --> src/bin/help/mod.rs:23:14
[INFO] [stdout]    |
[INFO] [stdout] 23 | macro_rules! input_to_i32_vec {
[INFO] [stdout]    |              ^^^^^^^^^^^^^^^^
[INFO] [stdout] 
[INFO] [stdout] 
[INFO] [stdout] warning: unused macro definition: `input_to_i32_comma_vec`
[INFO] [stdout]   --> src/bin/help/mod.rs:28:14
[INFO] [stdout]    |
[INFO] [stdout] 28 | macro_rules! input_to_i32_comma_vec {
[INFO] [stdout]    |              ^^^^^^^^^^^^^^^^^^^^^^
[INFO] [stdout] 
[INFO] [stdout] 
[INFO] [stdout] error: couldn't read src/bin/./../days/8.txt: No such file or directory (os error 2)
[INFO] [stdout]    --> src/bin/help/mod.rs:3:9
[INFO] [stdout]     |
[INFO] [stdout] 3   |         include_str!(concat!("./../days/", $x, ".txt"))
[INFO] [stdout]     |         ^^^^^^^^^^^^^^^^^^^^^^^^^^^^^^^^^^^^^^^^^^^^^^^
[INFO] [stdout]     |
[INFO] [stdout]    ::: src/bin/day8.rs:142:22
[INFO] [stdout]     |
[INFO] [stdout] 142 |     let mut digits = input_to_str_iterator!("8")
[INFO] [stdout]     |                      --------------------------- in this macro invocation
[INFO] [stdout]     |
[INFO] [stdout]     = note: this error originates in the macro `include_str` which comes from the expansion of the macro `input_to_str_iterator` (in Nightly builds, run with -Z macro-backtrace for more info)
[INFO] [stdout] 
[INFO] [stdout] 
[INFO] [stdout] error: couldn't read src/bin/./../days/6.txt: No such file or directory (os error 2)
[INFO] [stdout]  --> src/bin/help/mod.rs:3:9
[INFO] [stdout]   |
[INFO] [stdout] 3 |         include_str!(concat!("./../days/", $x, ".txt"))
[INFO] [stdout]   |         ^^^^^^^^^^^^^^^^^^^^^^^^^^^^^^^^^^^^^^^^^^^^^^^
[INFO] [stdout]   |
[INFO] [stdout]  ::: src/bin/day6.rs:6:23
[INFO] [stdout]   |
[INFO] [stdout] 6 |     let mut fishies = input_to_i32_comma_vec!("6");
[INFO] [stdout]   |                       ---------------------------- in this macro invocation
[INFO] [stdout]   |
[INFO] [stdout]   = note: this error originates in the macro `include_str` which comes from the expansion of the macro `input_to_i32_comma_vec` (in Nightly builds, run with -Z macro-backtrace for more info)
[INFO] [stdout] 
[INFO] [stdout] 
[INFO] [stdout] error: aborting due to previous error; 4 warnings emitted
[INFO] [stdout] 
[INFO] [stdout] 
[INFO] [stdout] warning: unused macro definition: `input_to_i32_iterator`
[INFO] [stdout]  --> src/bin/help/mod.rs:7:14
[INFO] [stdout]   |
[INFO] [stdout] 7 | macro_rules! input_to_i32_iterator {
[INFO] [stdout]   |              ^^^^^^^^^^^^^^^^^^^^^
[INFO] [stdout]   |
[INFO] [stdout]   = note: `#[warn(unused_macros)]` on by default
[INFO] [stdout] 
[INFO] [stdout] 
[INFO] [stdout] warning: unused macro definition: `input_to_i32_comma_iterator`
[INFO] [stdout]   --> src/bin/help/mod.rs:12:14
[INFO] [stdout]    |
[INFO] [stdout] 12 | macro_rules! input_to_i32_comma_iterator {
[INFO] [stdout]    |              ^^^^^^^^^^^^^^^^^^^^^^^^^^^
[INFO] [stdout] 
[INFO] [stdout] 
[INFO] [stdout] warning: unused macro definition: `input_to_i32_vec`
[INFO] [stdout]   --> src/bin/help/mod.rs:23:14
[INFO] [stdout]    |
[INFO] [stdout] 23 | macro_rules! input_to_i32_vec {
[INFO] [stdout]    |              ^^^^^^^^^^^^^^^^
[INFO] [stdout] 
[INFO] [stdout] 
[INFO] [stdout] warning: unused macro definition: `input_to_i32_comma_vec`
[INFO] [stdout]   --> src/bin/help/mod.rs:28:14
[INFO] [stdout]    |
[INFO] [stdout] 28 | macro_rules! input_to_i32_comma_vec {
[INFO] [stdout]    |              ^^^^^^^^^^^^^^^^^^^^^^
[INFO] [stdout] 
[INFO] [stdout] 
[INFO] [stdout] warning: unused macro definition: `input_to_str_vec`
[INFO] [stdout]   --> src/bin/help/mod.rs:33:14
[INFO] [stdout]    |
[INFO] [stdout] 33 | macro_rules! input_to_str_vec {
[INFO] [stdout]    |              ^^^^^^^^^^^^^^^^
[INFO] [stdout] 
[INFO] [stdout] 
[INFO] [stderr] error: could not compile `aoc2021` due to 2 previous errors; 4 warnings emitted
[INFO] [stdout] warning: unused macro definition: `input_to_i32_iterator`
[INFO] [stdout]  --> src/bin/help/mod.rs:7:14
[INFO] [stdout]   |
[INFO] [stdout] 7 | macro_rules! input_to_i32_iterator {
[INFO] [stdout]   |              ^^^^^^^^^^^^^^^^^^^^^
[INFO] [stdout]   |
[INFO] [stdout]   = note: `#[warn(unused_macros)]` on by default
[INFO] [stdout] 
[INFO] [stdout] 
[INFO] [stdout] warning: unused macro definition: `input_to_str_iterator`
[INFO] [stdout]   --> src/bin/help/mod.rs:17:14
[INFO] [stdout]    |
[INFO] [stdout] 17 | macro_rules! input_to_str_iterator {
[INFO] [stdout]    |              ^^^^^^^^^^^^^^^^^^^^^
[INFO] [stdout] 
[INFO] [stdout] 
[INFO] [stdout] warning: unused macro definition: `input_to_i32_vec`
[INFO] [stdout]   --> src/bin/help/mod.rs:23:14
[INFO] [stdout]    |
[INFO] [stdout] 23 | macro_rules! input_to_i32_vec {
[INFO] [stdout]    |              ^^^^^^^^^^^^^^^^
[INFO] [stdout] 
[INFO] [stdout] 
[INFO] [stdout] warning: unused macro definition: `input_to_str_vec`
[INFO] [stdout]   --> src/bin/help/mod.rs:33:14
[INFO] [stdout]    |
[INFO] [stdout] 33 | macro_rules! input_to_str_vec {
[INFO] [stdout]    |              ^^^^^^^^^^^^^^^^
[INFO] [stdout] 
[INFO] [stdout] 
[INFO] [stdout] error[E0554]: `#![feature]` may not be used on the stable release channel
[INFO] [stdout]  --> src/bin/day8.rs:1:12
[INFO] [stdout]   |
[INFO] [stdout] 1 | #![feature(int_log)]
[INFO] [stdout]   |            ^^^^^^^
[INFO] [stdout] 
[INFO] [stdout] 
[INFO] [stdout] warning: the feature `int_log` has been stable since 1.67.0 and no longer requires an attribute to enable
[INFO] [stdout]  --> src/bin/day8.rs:1:12
[INFO] [stdout]   |
[INFO] [stdout] 1 | #![feature(int_log)]
[INFO] [stdout]   |            ^^^^^^^
[INFO] [stdout]   |
[INFO] [stdout]   = note: `#[warn(stable_features)]` on by default
[INFO] [stdout] 
[INFO] [stdout] 
[INFO] [stdout] error[E0554]: `#![feature]` may not be used on the stable release channel
[INFO] [stdout]  --> src/bin/day6.rs:1:12
[INFO] [stdout]   |
[INFO] [stdout] 1 | #![feature(slice_group_by)]
[INFO] [stdout]   |            ^^^^^^^^^^^^^^
[INFO] [stdout] 
[INFO] [stdout] 
[INFO] [stdout] error: aborting due to previous error; 5 warnings emitted
[INFO] [stdout] 
[INFO] [stdout] 
[INFO] [stderr] error: could not compile `aoc2021` due to 2 previous errors; 5 warnings emitted
[INFO] [stdout] error: aborting due to 2 previous errors; 4 warnings emitted
[INFO] [stdout] 
[INFO] [stdout] 
[INFO] [stdout] For more information about this error, try `rustc --explain E0554`.
[INFO] [stdout] 
[INFO] [stderr] error: could not compile `aoc2021` due to 3 previous errors; 4 warnings emitted
[INFO] [stdout] error[E0599]: no method named `log2` found for type `u16` in the current scope
[INFO] [stdout]   --> src/bin/day8.rs:67:32
[INFO] [stdout]    |
[INFO] [stdout] 67 |             Some(self.possible.log2() as u8)
[INFO] [stdout]    |                                ^^^^ help: there is a method with a similar name: `ilog2`
[INFO] [stdout] 
[INFO] [stdout] 
[INFO] [stdout] error: aborting due to 3 previous errors; 6 warnings emitted
[INFO] [stdout] 
[INFO] [stdout] 
[INFO] [stdout] Some errors have detailed explanations: E0554, E0599.
[INFO] [stdout] 
[INFO] [stdout] For more information about an error, try `rustc --explain E0554`.
[INFO] [stdout] 
[INFO] [stderr] error: could not compile `aoc2021` due to 4 previous errors; 6 warnings emitted
[INFO] running `Command { std: "docker" "inspect" "553ca65fbd4195e7944a5dd8e98e5c559172bf56ff2e2c733927b73fdabd15a3", kill_on_drop: false }`
[INFO] running `Command { std: "docker" "rm" "-f" "553ca65fbd4195e7944a5dd8e98e5c559172bf56ff2e2c733927b73fdabd15a3", kill_on_drop: false }`
[INFO] [stdout] 553ca65fbd4195e7944a5dd8e98e5c559172bf56ff2e2c733927b73fdabd15a3
