[INFO] cloning repository https://github.com/Miniwoffer/snake-rust
[INFO] running `Command { std: "git" "-c" "credential.helper=" "-c" "credential.helper=/workspace/cargo-home/bin/git-credential-null" "clone" "--bare" "https://github.com/Miniwoffer/snake-rust" "/workspace/cache/git-repos/https%3A%2F%2Fgithub.com%2FMiniwoffer%2Fsnake-rust", kill_on_drop: false }`
[INFO] [stderr] Cloning into bare repository '/workspace/cache/git-repos/https%3A%2F%2Fgithub.com%2FMiniwoffer%2Fsnake-rust'...
[INFO] running `Command { std: "git" "rev-parse" "HEAD", kill_on_drop: false }`
[INFO] [stdout] b71c6da4d5190ed770c45debe176d4ff6d0ee1bc
[INFO] testing Miniwoffer/snake-rust against 1.69.0 for beta-1.70-1
[INFO] running `Command { std: "git" "clone" "/workspace/cache/git-repos/https%3A%2F%2Fgithub.com%2FMiniwoffer%2Fsnake-rust" "/workspace/builds/worker-2-tc1/source", kill_on_drop: false }`
[INFO] [stderr] Cloning into '/workspace/builds/worker-2-tc1/source'...
[INFO] [stderr] done.
[INFO] validating manifest of git repo https://github.com/Miniwoffer/snake-rust on toolchain 1.69.0
[INFO] running `Command { std: CARGO_HOME="/workspace/cargo-home" RUSTUP_HOME="/workspace/rustup-home" "/workspace/cargo-home/bin/cargo" "+1.69.0" "metadata" "--manifest-path" "Cargo.toml" "--no-deps", kill_on_drop: false }`
[INFO] started tweaking git repo https://github.com/Miniwoffer/snake-rust
[INFO] finished tweaking git repo https://github.com/Miniwoffer/snake-rust
[INFO] tweaked toml for git repo https://github.com/Miniwoffer/snake-rust written to /workspace/builds/worker-2-tc1/source/Cargo.toml
[INFO] crate git repo https://github.com/Miniwoffer/snake-rust already has a lockfile, it will not be regenerated
[INFO] running `Command { std: CARGO_HOME="/workspace/cargo-home" RUSTUP_HOME="/workspace/rustup-home" "/workspace/cargo-home/bin/cargo" "+1.69.0" "fetch" "--manifest-path" "Cargo.toml", kill_on_drop: false }`
[INFO] [stderr]  Downloading crates ...
[INFO] [stderr]   Downloaded sdl2-sys v0.30.0
[INFO] [stderr]   Downloaded sdl2 v0.30.0
[INFO] [stderr]   Downloaded num-traits v0.2.0
[INFO] [stderr]   Downloaded orbclient v0.3.12
[INFO] running `Command { std: "docker" "create" "-v" "/var/lib/crater-agent-workspace/builds/worker-2-tc1/target:/opt/rustwide/target:rw,Z" "-v" "/var/lib/crater-agent-workspace/builds/worker-2-tc1/source:/opt/rustwide/workdir:ro,Z" "-v" "/var/lib/crater-agent-workspace/cargo-home:/opt/rustwide/cargo-home:ro,Z" "-v" "/var/lib/crater-agent-workspace/rustup-home:/opt/rustwide/rustup-home:ro,Z" "-e" "SOURCE_DIR=/opt/rustwide/workdir" "-e" "CARGO_TARGET_DIR=/opt/rustwide/target" "-e" "CARGO_HOME=/opt/rustwide/cargo-home" "-e" "RUSTUP_HOME=/opt/rustwide/rustup-home" "-w" "/opt/rustwide/workdir" "-m" "1610612736" "--user" "0:0" "--network" "none" "ghcr.io/rust-lang/crates-build-env/linux@sha256:5ff2268d62e97bff2cde7d5815dd6ed5b47097566f13b8d0ca110b04b60e07ed" "/opt/rustwide/cargo-home/bin/cargo" "+1.69.0" "metadata" "--no-deps" "--format-version=1", kill_on_drop: false }`
[INFO] [stdout] b9a7a632028225784b56166bf77f78618a6af5370ac4ee66ce67f7c14dcf0d96
[INFO] running `Command { std: "docker" "start" "-a" "b9a7a632028225784b56166bf77f78618a6af5370ac4ee66ce67f7c14dcf0d96", kill_on_drop: false }`
[INFO] running `Command { std: "docker" "inspect" "b9a7a632028225784b56166bf77f78618a6af5370ac4ee66ce67f7c14dcf0d96", kill_on_drop: false }`
[INFO] running `Command { std: "docker" "rm" "-f" "b9a7a632028225784b56166bf77f78618a6af5370ac4ee66ce67f7c14dcf0d96", kill_on_drop: false }`
[INFO] [stdout] b9a7a632028225784b56166bf77f78618a6af5370ac4ee66ce67f7c14dcf0d96
[INFO] running `Command { std: "docker" "create" "-v" "/var/lib/crater-agent-workspace/builds/worker-2-tc1/target:/opt/rustwide/target:rw,Z" "-v" "/var/lib/crater-agent-workspace/builds/worker-2-tc1/source:/opt/rustwide/workdir:ro,Z" "-v" "/var/lib/crater-agent-workspace/cargo-home:/opt/rustwide/cargo-home:ro,Z" "-v" "/var/lib/crater-agent-workspace/rustup-home:/opt/rustwide/rustup-home:ro,Z" "-e" "SOURCE_DIR=/opt/rustwide/workdir" "-e" "CARGO_TARGET_DIR=/opt/rustwide/target" "-e" "CARGO_INCREMENTAL=0" "-e" "RUST_BACKTRACE=full" "-e" "RUSTFLAGS=--cap-lints=warn" "-e" "RUSTDOCFLAGS=--cap-lints=warn" "-e" "CARGO_HOME=/opt/rustwide/cargo-home" "-e" "RUSTUP_HOME=/opt/rustwide/rustup-home" "-w" "/opt/rustwide/workdir" "-m" "1610612736" "--user" "0:0" "--network" "none" "ghcr.io/rust-lang/crates-build-env/linux@sha256:5ff2268d62e97bff2cde7d5815dd6ed5b47097566f13b8d0ca110b04b60e07ed" "/opt/rustwide/cargo-home/bin/cargo" "+1.69.0" "build" "--frozen" "--message-format=json", kill_on_drop: false }`
[INFO] [stdout] 42546aa2e4de699de3c7b749eea1a4b1a329b86f72a499e6f361e348df4e8e29
[INFO] running `Command { std: "docker" "start" "-a" "42546aa2e4de699de3c7b749eea1a4b1a329b86f72a499e6f361e348df4e8e29", kill_on_drop: false }`
[INFO] [stderr]    Compiling num-traits v0.2.0
[INFO] [stderr]    Compiling libc v0.2.36
[INFO] [stderr]    Compiling sdl2-sys v0.30.0
[INFO] [stderr]    Compiling bitflags v0.7.0
[INFO] [stderr]    Compiling lazy_static v0.2.11
[INFO] [stderr]    Compiling rand v0.4.2
[INFO] [stderr]    Compiling num-integer v0.1.36
[INFO] [stderr]    Compiling num-iter v0.1.35
[INFO] [stderr]    Compiling num v0.1.42
[INFO] [stderr]    Compiling rand v0.3.22
[INFO] [stderr]    Compiling sdl2 v0.30.0
[INFO] [stderr]    Compiling orbclient v0.3.12
[INFO] [stdout] error[E0557]: feature has been removed
[INFO] [stdout]  --> /opt/rustwide/cargo-home/registry/src/github.com-1ecc6299db9ec823/orbclient-0.3.12/src/lib.rs:5:12
[INFO] [stdout]   |
[INFO] [stdout] 5 | #![feature(const_fn)]
[INFO] [stdout]   |            ^^^^^^^^ feature has been removed
[INFO] [stdout]   |
[INFO] [stdout]   = note: split into finer-grained feature gates
[INFO] [stdout] 
[INFO] [stdout] 
[INFO] [stdout] error[E0432]: unresolved import `alloc::Vec`
[INFO] [stdout]  --> /opt/rustwide/cargo-home/registry/src/github.com-1ecc6299db9ec823/orbclient-0.3.12/src/graphicspath.rs:1:5
[INFO] [stdout]   |
[INFO] [stdout] 1 | use alloc::Vec;
[INFO] [stdout]   |     ^^^^^^^^^^ no `Vec` in the root
[INFO] [stdout]   |
[INFO] [stdout] help: a similar name exists in the module
[INFO] [stdout]   |
[INFO] [stdout] 1 | use alloc::vec;
[INFO] [stdout]   |            ~~~
[INFO] [stdout] help: consider importing this struct instead
[INFO] [stdout]   |
[INFO] [stdout] 1 | use alloc::vec::Vec;
[INFO] [stdout]   |     ~~~~~~~~~~~~~~~
[INFO] [stdout] 
[INFO] [stdout] 
[INFO] [stdout] error: cannot find macro `asm` in this scope
[INFO] [stdout]   --> /opt/rustwide/cargo-home/registry/src/github.com-1ecc6299db9ec823/orbclient-0.3.12/src/renderer.rs:24:5
[INFO] [stdout]    |
[INFO] [stdout] 24 |     asm!("cld
[INFO] [stdout]    |     ^^^
[INFO] [stdout]    |
[INFO] [stdout]    = help: consider importing this macro:
[INFO] [stdout]            core::arch::asm
[INFO] [stdout] 
[INFO] [stdout] 
[INFO] [stdout] error[E0554]: `#![feature]` may not be used on the stable release channel
[INFO] [stdout]  --> /opt/rustwide/cargo-home/registry/src/github.com-1ecc6299db9ec823/orbclient-0.3.12/src/lib.rs:3:12
[INFO] [stdout]   |
[INFO] [stdout] 3 | #![feature(alloc)]
[INFO] [stdout]   |            ^^^^^
[INFO] [stdout] 
[INFO] [stdout] 
[INFO] [stdout] error[E0554]: `#![feature]` may not be used on the stable release channel
[INFO] [stdout]  --> /opt/rustwide/cargo-home/registry/src/github.com-1ecc6299db9ec823/orbclient-0.3.12/src/lib.rs:4:12
[INFO] [stdout]   |
[INFO] [stdout] 4 | #![feature(asm)]
[INFO] [stdout]   |            ^^^
[INFO] [stdout] 
[INFO] [stdout] 
[INFO] [stdout] error[E0554]: `#![feature]` may not be used on the stable release channel
[INFO] [stdout]  --> /opt/rustwide/cargo-home/registry/src/github.com-1ecc6299db9ec823/orbclient-0.3.12/src/lib.rs:6:75
[INFO] [stdout]   |
[INFO] [stdout] 6 | #![cfg_attr(all(not(feature="no_std"), not(target_os = "redox")), feature(const_ptr_null_mut))]
[INFO] [stdout]   |                                                                           ^^^^^^^^^^^^^^^^^^
[INFO] [stdout] 
[INFO] [stdout] 
[INFO] [stdout] error[E0635]: unknown feature `const_ptr_null_mut`
[INFO] [stdout]  --> /opt/rustwide/cargo-home/registry/src/github.com-1ecc6299db9ec823/orbclient-0.3.12/src/lib.rs:6:75
[INFO] [stdout]   |
[INFO] [stdout] 6 | #![cfg_attr(all(not(feature="no_std"), not(target_os = "redox")), feature(const_ptr_null_mut))]
[INFO] [stdout]   |                                                                           ^^^^^^^^^^^^^^^^^^
[INFO] [stdout] 
[INFO] [stdout] 
[INFO] [stdout] error: aborting due to 7 previous errors
[INFO] [stdout] 
[INFO] [stdout] 
[INFO] [stdout] Some errors have detailed explanations: E0432, E0554, E0557, E0635.
[INFO] [stdout] 
[INFO] [stdout] For more information about an error, try `rustc --explain E0432`.
[INFO] [stdout] 
[INFO] [stderr] error: could not compile `orbclient` due to 8 previous errors
[INFO] [stderr] warning: build failed, waiting for other jobs to finish...
[INFO] running `Command { std: "docker" "inspect" "42546aa2e4de699de3c7b749eea1a4b1a329b86f72a499e6f361e348df4e8e29", kill_on_drop: false }`
[INFO] running `Command { std: "docker" "rm" "-f" "42546aa2e4de699de3c7b749eea1a4b1a329b86f72a499e6f361e348df4e8e29", kill_on_drop: false }`
[INFO] [stdout] 42546aa2e4de699de3c7b749eea1a4b1a329b86f72a499e6f361e348df4e8e29
