[INFO] cloning repository https://github.com/Michael-F-Bryan/calc
[INFO] running `Command { std: "git" "-c" "credential.helper=" "-c" "credential.helper=/workspace/cargo-home/bin/git-credential-null" "clone" "--bare" "https://github.com/Michael-F-Bryan/calc" "/workspace/cache/git-repos/https%3A%2F%2Fgithub.com%2FMichael-F-Bryan%2Fcalc", kill_on_drop: false }`
[INFO] [stderr] Cloning into bare repository '/workspace/cache/git-repos/https%3A%2F%2Fgithub.com%2FMichael-F-Bryan%2Fcalc'...
[INFO] running `Command { std: "git" "rev-parse" "HEAD", kill_on_drop: false }`
[INFO] [stdout] 23f3edbe69bab93a5cef2026a2e3c5e734c793df
[INFO] testing Michael-F-Bryan/calc against beta-2023-04-20 for beta-1.70-1
[INFO] running `Command { std: "git" "clone" "/workspace/cache/git-repos/https%3A%2F%2Fgithub.com%2FMichael-F-Bryan%2Fcalc" "/workspace/builds/worker-2-tc2/source", kill_on_drop: false }`
[INFO] [stderr] Cloning into '/workspace/builds/worker-2-tc2/source'...
[INFO] [stderr] done.
[INFO] validating manifest of git repo https://github.com/Michael-F-Bryan/calc on toolchain beta-2023-04-20
[INFO] running `Command { std: CARGO_HOME="/workspace/cargo-home" RUSTUP_HOME="/workspace/rustup-home" "/workspace/cargo-home/bin/cargo" "+beta-2023-04-20" "metadata" "--manifest-path" "Cargo.toml" "--no-deps", kill_on_drop: false }`
[INFO] started tweaking git repo https://github.com/Michael-F-Bryan/calc
[INFO] finished tweaking git repo https://github.com/Michael-F-Bryan/calc
[INFO] tweaked toml for git repo https://github.com/Michael-F-Bryan/calc written to /workspace/builds/worker-2-tc2/source/Cargo.toml
[INFO] crate git repo https://github.com/Michael-F-Bryan/calc already has a lockfile, it will not be regenerated
[INFO] running `Command { std: CARGO_HOME="/workspace/cargo-home" RUSTUP_HOME="/workspace/rustup-home" "/workspace/cargo-home/bin/cargo" "+beta-2023-04-20" "fetch" "--manifest-path" "Cargo.toml", kill_on_drop: false }`
[INFO] [stderr]     Updating crates.io index
[INFO] [stderr]  Downloading crates ...
[INFO] [stderr]   Downloaded lalrpop-intern v0.15.1
[INFO] [stderr]   Downloaded bit-set v0.4.0
[INFO] [stderr]   Downloaded atty v0.1.2
[INFO] [stderr]   Downloaded diff v0.1.11
[INFO] [stderr]   Downloaded proc-macro2 v0.3.6
[INFO] [stderr]   Downloaded serde_derive_internals v0.23.1
[INFO] [stderr]   Downloaded ascii-canvas v1.0.0
[INFO] [stderr]   Downloaded docopt v0.8.3
[INFO] [stderr]   Downloaded semver-parser v0.6.2
[INFO] [stderr]   Downloaded semver v0.4.1
[INFO] [stderr]   Downloaded lalrpop-snap v0.15.1
[INFO] [stderr]   Downloaded cc v1.0.10
[INFO] [stderr]   Downloaded enum-methods v0.0.8
[INFO] [stderr]   Downloaded llvm-sys v38.0.6
[INFO] [stderr]   Downloaded syn v0.13.1
[INFO] [stderr]   Downloaded lalrpop v0.15.1
[INFO] [stderr]   Downloaded lalrpop-util v0.15.1
[INFO] [stderr]   Downloaded slog v2.2.3
[INFO] [stderr]   Downloaded itertools v0.7.8
[INFO] [stderr]   Downloaded backtrace-sys v0.1.16
[INFO] [stderr]   Downloaded rustc-demangle v0.1.7
[INFO] [stderr]   Downloaded backtrace v0.3.6
[INFO] [stderr]   Downloaded ena v0.5.0
[INFO] [stderr]   Downloaded petgraph v0.4.12
[INFO] [stderr]   Downloaded serde_derive v1.0.42
[INFO] [stderr]   Downloaded debug_unreachable v0.1.1
[INFO] [stderr]   Downloaded serde v1.0.42
[INFO] [stderr]   Downloaded string_cache_codegen v0.4.1
[INFO] [stderr]   Downloaded string_cache v0.7.2
[INFO] running `Command { std: "docker" "create" "-v" "/var/lib/crater-agent-workspace/builds/worker-2-tc2/target:/opt/rustwide/target:rw,Z" "-v" "/var/lib/crater-agent-workspace/builds/worker-2-tc2/source:/opt/rustwide/workdir:ro,Z" "-v" "/var/lib/crater-agent-workspace/cargo-home:/opt/rustwide/cargo-home:ro,Z" "-v" "/var/lib/crater-agent-workspace/rustup-home:/opt/rustwide/rustup-home:ro,Z" "-e" "SOURCE_DIR=/opt/rustwide/workdir" "-e" "CARGO_TARGET_DIR=/opt/rustwide/target" "-e" "CARGO_HOME=/opt/rustwide/cargo-home" "-e" "RUSTUP_HOME=/opt/rustwide/rustup-home" "-w" "/opt/rustwide/workdir" "-m" "1610612736" "--user" "0:0" "--network" "none" "ghcr.io/rust-lang/crates-build-env/linux@sha256:5ff2268d62e97bff2cde7d5815dd6ed5b47097566f13b8d0ca110b04b60e07ed" "/opt/rustwide/cargo-home/bin/cargo" "+beta-2023-04-20" "metadata" "--no-deps" "--format-version=1", kill_on_drop: false }`
[INFO] [stdout] ef4b43ae31f85c5fd68c5f0165c373914ea8d866b4e3a54f98ffe995eb53e0aa
[INFO] running `Command { std: "docker" "start" "-a" "ef4b43ae31f85c5fd68c5f0165c373914ea8d866b4e3a54f98ffe995eb53e0aa", kill_on_drop: false }`
[INFO] running `Command { std: "docker" "inspect" "ef4b43ae31f85c5fd68c5f0165c373914ea8d866b4e3a54f98ffe995eb53e0aa", kill_on_drop: false }`
[INFO] running `Command { std: "docker" "rm" "-f" "ef4b43ae31f85c5fd68c5f0165c373914ea8d866b4e3a54f98ffe995eb53e0aa", kill_on_drop: false }`
[INFO] [stdout] ef4b43ae31f85c5fd68c5f0165c373914ea8d866b4e3a54f98ffe995eb53e0aa
[INFO] running `Command { std: "docker" "create" "-v" "/var/lib/crater-agent-workspace/builds/worker-2-tc2/target:/opt/rustwide/target:rw,Z" "-v" "/var/lib/crater-agent-workspace/builds/worker-2-tc2/source:/opt/rustwide/workdir:ro,Z" "-v" "/var/lib/crater-agent-workspace/cargo-home:/opt/rustwide/cargo-home:ro,Z" "-v" "/var/lib/crater-agent-workspace/rustup-home:/opt/rustwide/rustup-home:ro,Z" "-e" "SOURCE_DIR=/opt/rustwide/workdir" "-e" "CARGO_TARGET_DIR=/opt/rustwide/target" "-e" "CARGO_INCREMENTAL=0" "-e" "RUST_BACKTRACE=full" "-e" "RUSTFLAGS=--cap-lints=warn" "-e" "RUSTDOCFLAGS=--cap-lints=warn" "-e" "CARGO_HOME=/opt/rustwide/cargo-home" "-e" "RUSTUP_HOME=/opt/rustwide/rustup-home" "-w" "/opt/rustwide/workdir" "-m" "1610612736" "--user" "0:0" "--network" "none" "ghcr.io/rust-lang/crates-build-env/linux@sha256:5ff2268d62e97bff2cde7d5815dd6ed5b47097566f13b8d0ca110b04b60e07ed" "/opt/rustwide/cargo-home/bin/cargo" "+beta-2023-04-20" "build" "--frozen" "--message-format=json", kill_on_drop: false }`
[INFO] [stdout] b488e1b81714c8a9518ae2a93362a169d2b1b660a2f4251945f459055cd3b349
[INFO] running `Command { std: "docker" "start" "-a" "b488e1b81714c8a9518ae2a93362a169d2b1b660a2f4251945f459055cd3b349", kill_on_drop: false }`
[INFO] [stderr]    Compiling libc v0.2.40
[INFO] [stderr]    Compiling winapi-build v0.1.1
[INFO] [stderr]    Compiling winapi v0.2.8
[INFO] [stderr]    Compiling unicode-xid v0.1.0
[INFO] [stderr]    Compiling void v1.0.2
[INFO] [stderr]    Compiling siphasher v0.2.2
[INFO] [stderr]    Compiling string_cache_shared v0.3.0
[INFO] [stderr]    Compiling lazy_static v1.0.0
[INFO] [stderr]    Compiling ucd-util v0.1.1
[INFO] [stderr]    Compiling regex v0.2.10
[INFO] [stderr]    Compiling either v1.5.0
[INFO] [stderr]    Compiling utf8-ranges v1.0.0
[INFO] [stderr]    Compiling serde v1.0.42
[INFO] [stderr]    Compiling fixedbitset v0.1.9
[INFO] [stderr]    Compiling regex-syntax v0.3.9
[INFO] [stderr]    Compiling ordermap v0.3.5
[INFO] [stderr]    Compiling unreachable v1.0.0
[INFO] [stderr]    Compiling unreachable v0.1.1
[INFO] [stderr]    Compiling bit-vec v0.4.4
[INFO] [stderr]    Compiling proc-macro2 v0.3.6
[INFO] [stderr]    Compiling regex-syntax v0.5.5
[INFO] [stderr]    Compiling utf8-ranges v0.1.3
[INFO] [stderr]    Compiling phf_shared v0.7.21
[INFO] [stderr]    Compiling thread_local v0.3.5
[INFO] [stderr]    Compiling kernel32-sys v0.2.2
[INFO] [stderr]    Compiling debug_unreachable v0.1.1
[INFO] [stderr]    Compiling term v0.4.6
[INFO] [stderr]    Compiling unicode-xid v0.0.4
[INFO] [stderr]    Compiling precomputed-hash v0.1.1
[INFO] [stderr]    Compiling bit-set v0.4.0
[INFO] [stderr]    Compiling itertools v0.7.8
[INFO] [stderr]    Compiling synom v0.11.3
[INFO] [stderr]    Compiling diff v0.1.11
[INFO] [stderr]    Compiling lazy_static v0.2.11
[INFO] [stderr]    Compiling rand v0.4.2
[INFO] [stderr]    Compiling quote v0.5.2
[INFO] [stderr]    Compiling memchr v2.0.1
[INFO] [stderr]    Compiling memchr v0.1.11
[INFO] [stderr]    Compiling petgraph v0.4.12
[INFO] [stderr]    Compiling quote v0.3.15
[INFO] [stderr]    Compiling thread-id v2.0.0
[INFO] [stderr]    Compiling aho-corasick v0.6.4
[INFO] [stderr]    Compiling thread_local v0.2.7
[INFO] [stderr]    Compiling aho-corasick v0.5.3
[INFO] [stderr]    Compiling atty v0.1.2
[INFO] [stderr]    Compiling ascii-canvas v1.0.0
[INFO] [stderr]    Compiling syn v0.13.1
[INFO] [stderr]    Compiling ena v0.5.0
[INFO] [stderr]    Compiling regex-syntax v0.4.2
[INFO] [stderr]    Compiling lalrpop-intern v0.15.1
[INFO] [stderr]    Compiling lalrpop-util v0.15.1
[INFO] [stderr]    Compiling regex v0.1.80
[INFO] [stderr]    Compiling rand v0.3.22
[INFO] [stdout] error[E0034]: multiple applicable items in scope
[INFO] [stdout]     --> /opt/rustwide/cargo-home/registry/src/index.crates.io-6f17d22bba15001f/petgraph-0.4.12/src/graph_impl/stable_graph/mod.rs:1171:19
[INFO] [stdout]      |
[INFO] [stdout] 1171 |         self.iter.find_map(|(i, node)| {
[INFO] [stdout]      |                   ^^^^^^^^ multiple `find_map` found
[INFO] [stdout]      |
[INFO] [stdout] note: candidate #1 is defined in an impl of the trait `IterUtilsExt` for the type `I`
[INFO] [stdout]     --> /opt/rustwide/cargo-home/registry/src/index.crates.io-6f17d22bba15001f/petgraph-0.4.12/src/iter_utils.rs:5:5
[INFO] [stdout]      |
[INFO] [stdout] 5    | /     fn find_map<F, R>(&mut self, mut f: F) -> Option<R>
[INFO] [stdout] 6    | |         where F: FnMut(Self::Item) -> Option<R>
[INFO] [stdout]      | |_______________________________________________^
[INFO] [stdout]      = note: candidate #2 is defined in an impl of the trait `Iterator` for the type `Enumerate<I>`
[INFO] [stdout] help: disambiguate the method for candidate #1
[INFO] [stdout]      |
[INFO] [stdout] 1171 ~         IterUtilsExt::find_map(&mut self.iter, |(i, node)| {
[INFO] [stdout] 1172 +             node.weight.as_ref().map(move |w| (node_index(i), w))
[INFO] [stdout] 1173 +         })
[INFO] [stdout]      |
[INFO] [stdout] help: disambiguate the method for candidate #2
[INFO] [stdout]      |
[INFO] [stdout] 1171 ~         Iterator::find_map(&mut self.iter, |(i, node)| {
[INFO] [stdout] 1172 +             node.weight.as_ref().map(move |w| (node_index(i), w))
[INFO] [stdout] 1173 +         })
[INFO] [stdout]      |
[INFO] [stdout] 
[INFO] [stdout] 
[INFO] [stderr]    Compiling syn v0.11.11
[INFO] [stdout] error[E0034]: multiple applicable items in scope
[INFO] [stdout]     --> /opt/rustwide/cargo-home/registry/src/index.crates.io-6f17d22bba15001f/petgraph-0.4.12/src/graph_impl/stable_graph/mod.rs:1363:19
[INFO] [stdout]      |
[INFO] [stdout] 1363 |         self.iter.find_map(|(i, edge)|
[INFO] [stdout]      |                   ^^^^^^^^ multiple `find_map` found
[INFO] [stdout]      |
[INFO] [stdout] note: candidate #1 is defined in an impl of the trait `IterUtilsExt` for the type `I`
[INFO] [stdout]     --> /opt/rustwide/cargo-home/registry/src/index.crates.io-6f17d22bba15001f/petgraph-0.4.12/src/iter_utils.rs:5:5
[INFO] [stdout]      |
[INFO] [stdout] 5    | /     fn find_map<F, R>(&mut self, mut f: F) -> Option<R>
[INFO] [stdout] 6    | |         where F: FnMut(Self::Item) -> Option<R>
[INFO] [stdout]      | |_______________________________________________^
[INFO] [stdout]      = note: candidate #2 is defined in an impl of the trait `Iterator` for the type `Enumerate<I>`
[INFO] [stdout] help: disambiguate the method for candidate #1
[INFO] [stdout]      |
[INFO] [stdout] 1363 ~         IterUtilsExt::find_map(&mut self.iter, |(i, edge)|
[INFO] [stdout] 1364 +             edge.weight.as_ref().map(move |weight| {
[INFO] [stdout] 1365 +                 EdgeReference {
[INFO] [stdout] 1366 +                     index: edge_index(i),
[INFO] [stdout] 1367 +                     node: edge.node,
[INFO] [stdout] 1368 +                     weight: weight,
[INFO] [stdout] 1369 +                 }
[INFO] [stdout] 1370 +             }))
[INFO] [stdout]      |
[INFO] [stdout] help: disambiguate the method for candidate #2
[INFO] [stdout]      |
[INFO] [stdout] 1363 ~         Iterator::find_map(&mut self.iter, |(i, edge)|
[INFO] [stdout] 1364 +             edge.weight.as_ref().map(move |weight| {
[INFO] [stdout] 1365 +                 EdgeReference {
[INFO] [stdout] 1366 +                     index: edge_index(i),
[INFO] [stdout] 1367 +                     node: edge.node,
[INFO] [stdout] 1368 +                     weight: weight,
[INFO] [stdout] 1369 +                 }
[INFO] [stdout] 1370 +             }))
[INFO] [stdout]      |
[INFO] [stdout] 
[INFO] [stdout] 
[INFO] [stdout] error[E0034]: multiple applicable items in scope
[INFO] [stdout]     --> /opt/rustwide/cargo-home/registry/src/index.crates.io-6f17d22bba15001f/petgraph-0.4.12/src/graph_impl/stable_graph/mod.rs:1527:19
[INFO] [stdout]      |
[INFO] [stdout] 1527 |         self.iter.find_map(|(i, node)| {
[INFO] [stdout]      |                   ^^^^^^^^ multiple `find_map` found
[INFO] [stdout]      |
[INFO] [stdout] note: candidate #1 is defined in an impl of the trait `IterUtilsExt` for the type `I`
[INFO] [stdout]     --> /opt/rustwide/cargo-home/registry/src/index.crates.io-6f17d22bba15001f/petgraph-0.4.12/src/iter_utils.rs:5:5
[INFO] [stdout]      |
[INFO] [stdout] 5    | /     fn find_map<F, R>(&mut self, mut f: F) -> Option<R>
[INFO] [stdout] 6    | |         where F: FnMut(Self::Item) -> Option<R>
[INFO] [stdout]      | |_______________________________________________^
[INFO] [stdout]      = note: candidate #2 is defined in an impl of the trait `Iterator` for the type `Enumerate<I>`
[INFO] [stdout] help: disambiguate the method for candidate #1
[INFO] [stdout]      |
[INFO] [stdout] 1527 ~         IterUtilsExt::find_map(&mut self.iter, |(i, node)| {
[INFO] [stdout] 1528 +             if node.weight.is_some() {
[INFO] [stdout] 1529 +                 Some(node_index(i))
[INFO] [stdout] 1530 +             } else { None }
[INFO] [stdout] 1531 +         })
[INFO] [stdout]      |
[INFO] [stdout] help: disambiguate the method for candidate #2
[INFO] [stdout]      |
[INFO] [stdout] 1527 ~         Iterator::find_map(&mut self.iter, |(i, node)| {
[INFO] [stdout] 1528 +             if node.weight.is_some() {
[INFO] [stdout] 1529 +                 Some(node_index(i))
[INFO] [stdout] 1530 +             } else { None }
[INFO] [stdout] 1531 +         })
[INFO] [stdout]      |
[INFO] [stdout] 
[INFO] [stdout] 
[INFO] [stderr]    Compiling cc v1.0.10
[INFO] [stdout] error[E0034]: multiple applicable items in scope
[INFO] [stdout]     --> /opt/rustwide/cargo-home/registry/src/index.crates.io-6f17d22bba15001f/petgraph-0.4.12/src/graph_impl/stable_graph/mod.rs:1573:19
[INFO] [stdout]      |
[INFO] [stdout] 1573 |         self.iter.find_map(|(i, node)| {
[INFO] [stdout]      |                   ^^^^^^^^ multiple `find_map` found
[INFO] [stdout]      |
[INFO] [stdout] note: candidate #1 is defined in an impl of the trait `IterUtilsExt` for the type `I`
[INFO] [stdout]     --> /opt/rustwide/cargo-home/registry/src/index.crates.io-6f17d22bba15001f/petgraph-0.4.12/src/iter_utils.rs:5:5
[INFO] [stdout]      |
[INFO] [stdout] 5    | /     fn find_map<F, R>(&mut self, mut f: F) -> Option<R>
[INFO] [stdout] 6    | |         where F: FnMut(Self::Item) -> Option<R>
[INFO] [stdout]      | |_______________________________________________^
[INFO] [stdout]      = note: candidate #2 is defined in an impl of the trait `Iterator` for the type `Enumerate<I>`
[INFO] [stdout] help: disambiguate the method for candidate #1
[INFO] [stdout]      |
[INFO] [stdout] 1573 ~         IterUtilsExt::find_map(&mut self.iter, |(i, node)| {
[INFO] [stdout] 1574 +             if node.weight.is_some() {
[INFO] [stdout] 1575 +                 Some(edge_index(i))
[INFO] [stdout] 1576 +             } else { None }
[INFO] [stdout] 1577 +         })
[INFO] [stdout]      |
[INFO] [stdout] help: disambiguate the method for candidate #2
[INFO] [stdout]      |
[INFO] [stdout] 1573 ~         Iterator::find_map(&mut self.iter, |(i, node)| {
[INFO] [stdout] 1574 +             if node.weight.is_some() {
[INFO] [stdout] 1575 +                 Some(edge_index(i))
[INFO] [stdout] 1576 +             } else { None }
[INFO] [stdout] 1577 +         })
[INFO] [stdout]      |
[INFO] [stdout] 
[INFO] [stdout] 
[INFO] [stderr]    Compiling strsim v0.6.0
[INFO] [stderr]    Compiling phf_generator v0.7.21
[INFO] [stderr]    Compiling gcc v0.3.54
[INFO] [stderr]    Compiling bitflags v0.7.0
[INFO] [stdout] error: aborting due to 4 previous errors
[INFO] [stdout] 
[INFO] [stdout] 
[INFO] [stdout] For more information about this error, try `rustc --explain E0034`.
[INFO] [stdout] 
[INFO] [stderr] error: could not compile `petgraph` (lib) due to 5 previous errors
[INFO] [stderr] warning: build failed, waiting for other jobs to finish...
[INFO] running `Command { std: "docker" "inspect" "b488e1b81714c8a9518ae2a93362a169d2b1b660a2f4251945f459055cd3b349", kill_on_drop: false }`
[INFO] running `Command { std: "docker" "rm" "-f" "b488e1b81714c8a9518ae2a93362a169d2b1b660a2f4251945f459055cd3b349", kill_on_drop: false }`
[INFO] [stdout] b488e1b81714c8a9518ae2a93362a169d2b1b660a2f4251945f459055cd3b349
