[INFO] cloning repository https://github.com/MerlinChiodo/SC_Microservice6
[INFO] running `Command { std: "git" "-c" "credential.helper=" "-c" "credential.helper=/workspace/cargo-home/bin/git-credential-null" "clone" "--bare" "https://github.com/MerlinChiodo/SC_Microservice6" "/workspace/cache/git-repos/https%3A%2F%2Fgithub.com%2FMerlinChiodo%2FSC_Microservice6", kill_on_drop: false }`
[INFO] [stderr] Cloning into bare repository '/workspace/cache/git-repos/https%3A%2F%2Fgithub.com%2FMerlinChiodo%2FSC_Microservice6'...
[INFO] running `Command { std: "git" "rev-parse" "HEAD", kill_on_drop: false }`
[INFO] [stdout] da0e9395157287ecf44312ea85d408cf6d739f50
[INFO] testing MerlinChiodo/SC_Microservice6 against beta-2023-04-20 for beta-1.70-1
[INFO] running `Command { std: "git" "clone" "/workspace/cache/git-repos/https%3A%2F%2Fgithub.com%2FMerlinChiodo%2FSC_Microservice6" "/workspace/builds/worker-5-tc2/source", kill_on_drop: false }`
[INFO] [stderr] Cloning into '/workspace/builds/worker-5-tc2/source'...
[INFO] [stderr] done.
[INFO] validating manifest of git repo https://github.com/MerlinChiodo/SC_Microservice6 on toolchain beta-2023-04-20
[INFO] running `Command { std: CARGO_HOME="/workspace/cargo-home" RUSTUP_HOME="/workspace/rustup-home" "/workspace/cargo-home/bin/cargo" "+beta-2023-04-20" "metadata" "--manifest-path" "Cargo.toml" "--no-deps", kill_on_drop: false }`
[INFO] started tweaking git repo https://github.com/MerlinChiodo/SC_Microservice6
[INFO] finished tweaking git repo https://github.com/MerlinChiodo/SC_Microservice6
[INFO] tweaked toml for git repo https://github.com/MerlinChiodo/SC_Microservice6 written to /workspace/builds/worker-5-tc2/source/Cargo.toml
[INFO] crate git repo https://github.com/MerlinChiodo/SC_Microservice6 already has a lockfile, it will not be regenerated
[INFO] running `Command { std: CARGO_HOME="/workspace/cargo-home" RUSTUP_HOME="/workspace/rustup-home" "/workspace/cargo-home/bin/cargo" "+beta-2023-04-20" "fetch" "--manifest-path" "Cargo.toml", kill_on_drop: false }`
[INFO] [stderr]     Updating crates.io index
[INFO] [stderr] warning: skipping duplicate package `frontend` found at `/workspace/cargo-home/git/checkouts/moonzoon-b4ee803417068292/15cb619/examples/counters/frontend`
[INFO] [stderr] warning: skipping duplicate package `shared` found at `/workspace/cargo-home/git/checkouts/moonzoon-b4ee803417068292/15cb619/examples/counters/shared`
[INFO] [stderr] warning: skipping duplicate package `backend` found at `/workspace/cargo-home/git/checkouts/moonzoon-b4ee803417068292/15cb619/examples/counters/backend`
[INFO] [stderr] warning: skipping duplicate package `frontend` found at `/workspace/cargo-home/git/checkouts/moonzoon-b4ee803417068292/15cb619/examples/todomvc/frontend`
[INFO] [stderr] warning: skipping duplicate package `shared` found at `/workspace/cargo-home/git/checkouts/moonzoon-b4ee803417068292/15cb619/examples/todomvc/shared`
[INFO] [stderr] warning: skipping duplicate package `backend` found at `/workspace/cargo-home/git/checkouts/moonzoon-b4ee803417068292/15cb619/examples/todomvc/backend`
[INFO] [stderr] warning: skipping duplicate package `frontend` found at `/workspace/cargo-home/git/checkouts/moonzoon-b4ee803417068292/15cb619/examples/canvas/frontend`
[INFO] [stderr] warning: skipping duplicate package `shared` found at `/workspace/cargo-home/git/checkouts/moonzoon-b4ee803417068292/15cb619/examples/canvas/shared`
[INFO] [stderr] warning: skipping duplicate package `backend` found at `/workspace/cargo-home/git/checkouts/moonzoon-b4ee803417068292/15cb619/examples/canvas/backend`
[INFO] [stderr] warning: skipping duplicate package `frontend` found at `/workspace/cargo-home/git/checkouts/moonzoon-b4ee803417068292/15cb619/examples/custom_http_client/frontend`
[INFO] [stderr] warning: skipping duplicate package `shared` found at `/workspace/cargo-home/git/checkouts/moonzoon-b4ee803417068292/15cb619/examples/custom_http_client/shared`
[INFO] [stderr] warning: skipping duplicate package `backend` found at `/workspace/cargo-home/git/checkouts/moonzoon-b4ee803417068292/15cb619/examples/custom_http_client/backend`
[INFO] [stderr] warning: skipping duplicate package `frontend` found at `/workspace/cargo-home/git/checkouts/moonzoon-b4ee803417068292/15cb619/examples/counter/frontend`
[INFO] [stderr] warning: skipping duplicate package `shared` found at `/workspace/cargo-home/git/checkouts/moonzoon-b4ee803417068292/15cb619/examples/counter/shared`
[INFO] [stderr] warning: skipping duplicate package `backend` found at `/workspace/cargo-home/git/checkouts/moonzoon-b4ee803417068292/15cb619/examples/counter/backend`
[INFO] [stderr] warning: skipping duplicate package `frontend` found at `/workspace/cargo-home/git/checkouts/moonzoon-b4ee803417068292/15cb619/examples/time_tracker/frontend`
[INFO] [stderr] warning: skipping duplicate package `shared` found at `/workspace/cargo-home/git/checkouts/moonzoon-b4ee803417068292/15cb619/examples/time_tracker/shared`
[INFO] [stderr] warning: skipping duplicate package `backend` found at `/workspace/cargo-home/git/checkouts/moonzoon-b4ee803417068292/15cb619/examples/time_tracker/backend`
[INFO] [stderr] warning: skipping duplicate package `frontend` found at `/workspace/cargo-home/git/checkouts/moonzoon-b4ee803417068292/15cb619/examples/paragraph/frontend`
[INFO] [stderr] warning: skipping duplicate package `shared` found at `/workspace/cargo-home/git/checkouts/moonzoon-b4ee803417068292/15cb619/examples/paragraph/shared`
[INFO] [stderr] warning: skipping duplicate package `backend` found at `/workspace/cargo-home/git/checkouts/moonzoon-b4ee803417068292/15cb619/examples/paragraph/backend`
[INFO] [stderr] warning: skipping duplicate package `frontend` found at `/workspace/cargo-home/git/checkouts/moonzoon-b4ee803417068292/15cb619/examples/viewport/frontend`
[INFO] [stderr] warning: skipping duplicate package `shared` found at `/workspace/cargo-home/git/checkouts/moonzoon-b4ee803417068292/15cb619/examples/viewport/shared`
[INFO] [stderr] warning: skipping duplicate package `backend` found at `/workspace/cargo-home/git/checkouts/moonzoon-b4ee803417068292/15cb619/examples/viewport/backend`
[INFO] [stderr] warning: skipping duplicate package `frontend` found at `/workspace/cargo-home/git/checkouts/moonzoon-b4ee803417068292/15cb619/examples/start_with_app/frontend`
[INFO] [stderr] warning: skipping duplicate package `shared` found at `/workspace/cargo-home/git/checkouts/moonzoon-b4ee803417068292/15cb619/examples/start_with_app/shared`
[INFO] [stderr] warning: skipping duplicate package `backend` found at `/workspace/cargo-home/git/checkouts/moonzoon-b4ee803417068292/15cb619/examples/start_with_app/backend`
[INFO] [stderr] warning: skipping duplicate package `frontend` found at `/workspace/cargo-home/git/checkouts/moonzoon-b4ee803417068292/15cb619/examples/js-framework-benchmark/keyed/frontend`
[INFO] [stderr] warning: skipping duplicate package `shared` found at `/workspace/cargo-home/git/checkouts/moonzoon-b4ee803417068292/15cb619/examples/js-framework-benchmark/keyed/shared`
[INFO] [stderr] warning: skipping duplicate package `backend` found at `/workspace/cargo-home/git/checkouts/moonzoon-b4ee803417068292/15cb619/examples/js-framework-benchmark/keyed/backend`
[INFO] [stderr] warning: skipping duplicate package `frontend` found at `/workspace/cargo-home/git/checkouts/moonzoon-b4ee803417068292/15cb619/examples/svg/frontend`
[INFO] [stderr] warning: skipping duplicate package `backend` found at `/workspace/cargo-home/git/checkouts/moonzoon-b4ee803417068292/15cb619/examples/svg/backend`
[INFO] [stderr] warning: skipping duplicate package `frontend` found at `/workspace/cargo-home/git/checkouts/moonzoon-b4ee803417068292/15cb619/examples/chat/frontend`
[INFO] [stderr] warning: skipping duplicate package `shared` found at `/workspace/cargo-home/git/checkouts/moonzoon-b4ee803417068292/15cb619/examples/chat/shared`
[INFO] [stderr] warning: skipping duplicate package `backend` found at `/workspace/cargo-home/git/checkouts/moonzoon-b4ee803417068292/15cb619/examples/chat/backend`
[INFO] [stderr] warning: skipping duplicate package `frontend` found at `/workspace/cargo-home/git/checkouts/moonzoon-b4ee803417068292/15cb619/examples/resize_drag/frontend`
[INFO] [stderr] warning: skipping duplicate package `shared` found at `/workspace/cargo-home/git/checkouts/moonzoon-b4ee803417068292/15cb619/examples/resize_drag/shared`
[INFO] [stderr] warning: skipping duplicate package `backend` found at `/workspace/cargo-home/git/checkouts/moonzoon-b4ee803417068292/15cb619/examples/resize_drag/backend`
[INFO] [stderr] warning: skipping duplicate package `frontend` found at `/workspace/cargo-home/git/checkouts/moonzoon-b4ee803417068292/15cb619/examples/pages/frontend`
[INFO] [stderr] warning: skipping duplicate package `shared` found at `/workspace/cargo-home/git/checkouts/moonzoon-b4ee803417068292/15cb619/examples/pages/shared`
[INFO] [stderr] warning: skipping duplicate package `backend` found at `/workspace/cargo-home/git/checkouts/moonzoon-b4ee803417068292/15cb619/examples/pages/backend`
[INFO] [stderr]  Downloading crates ...
[INFO] [stderr]   Downloaded yasna v0.5.0
[INFO] [stderr]   Downloaded simple_logger v2.3.0
[INFO] [stderr]   Downloaded trait-set v0.2.0
[INFO] [stderr]   Downloaded futures-signals v0.3.24
[INFO] [stderr]   Downloaded send_wrapper v0.5.0
[INFO] [stderr]   Downloaded rc2 v0.8.1
[INFO] [stderr]   Downloaded gensym v0.1.0
[INFO] [stderr]   Downloaded deadpool-lapin v0.10.0
[INFO] [stderr]   Downloaded rustls-connector v0.16.1
[INFO] [stderr]   Downloaded amq-protocol-types v7.0.1
[INFO] [stderr]   Downloaded p12 v0.6.3
[INFO] [stderr]   Downloaded dominator v0.5.23
[INFO] [stderr]   Downloaded actix-tls v3.0.0-beta.7
[INFO] [stderr]   Downloaded rusty_ulid v0.10.1
[INFO] [stderr]   Downloaded block-padding v0.3.2
[INFO] [stderr]   Downloaded reactor-trait v1.1.0
[INFO] [stderr]   Downloaded actix-web v4.0.0-beta.10
[INFO] [stderr]   Downloaded rust-hsluv v0.1.4
[INFO] [stderr]   Downloaded lapin v2.1.1
[INFO] [stderr]   Downloaded actix-http v3.0.0-beta.11
[INFO] [stderr]   Downloaded actix-files v0.6.0-beta.8
[INFO] [stderr]   Downloaded actix-server v2.0.0-beta.6
[INFO] [stderr]   Downloaded actix-router v0.5.0-beta.4
[INFO] [stderr]   Downloaded tcp-stream v0.24.3
[INFO] [stderr]   Downloaded amq-protocol v7.0.1
[INFO] [stderr]   Downloaded async-global-executor v2.0.4
[INFO] [stderr]   Downloaded amq-protocol-tcp v7.0.1
[INFO] [stderr]   Downloaded async-global-executor-trait v2.1.0
[INFO] [stderr]   Downloaded executor-trait v2.1.0
[INFO] [stderr]   Downloaded amq-protocol-uri v7.0.1
[INFO] [stderr]   Downloaded askama_escape v0.10.2
[INFO] [stderr]   Downloaded async-reactor-trait v1.1.0
[INFO] [stderr]   Downloaded pinky-swear v6.1.0
[INFO] [stderr]   Downloaded actix-cors v0.6.0-beta.3
[INFO] [stderr]   Downloaded actix-rt v2.3.0
[INFO] [stderr]   Downloaded tokio-executor-trait v2.1.0
[INFO] [stderr]   Downloaded des v0.8.1
[INFO] running `Command { std: "docker" "create" "-v" "/var/lib/crater-agent-workspace/builds/worker-5-tc2/target:/opt/rustwide/target:rw,Z" "-v" "/var/lib/crater-agent-workspace/builds/worker-5-tc2/source:/opt/rustwide/workdir:ro,Z" "-v" "/var/lib/crater-agent-workspace/cargo-home:/opt/rustwide/cargo-home:ro,Z" "-v" "/var/lib/crater-agent-workspace/rustup-home:/opt/rustwide/rustup-home:ro,Z" "-e" "SOURCE_DIR=/opt/rustwide/workdir" "-e" "CARGO_TARGET_DIR=/opt/rustwide/target" "-e" "CARGO_HOME=/opt/rustwide/cargo-home" "-e" "RUSTUP_HOME=/opt/rustwide/rustup-home" "-w" "/opt/rustwide/workdir" "-m" "1610612736" "--user" "0:0" "--network" "none" "ghcr.io/rust-lang/crates-build-env/linux@sha256:5ff2268d62e97bff2cde7d5815dd6ed5b47097566f13b8d0ca110b04b60e07ed" "/opt/rustwide/cargo-home/bin/cargo" "+beta-2023-04-20" "metadata" "--no-deps" "--format-version=1", kill_on_drop: false }`
[INFO] [stdout] ed5c5812bd7da8f2b1875d1bf3a40482faeffa940bed4a6dc52fd8a88b891139
[INFO] running `Command { std: "docker" "start" "-a" "ed5c5812bd7da8f2b1875d1bf3a40482faeffa940bed4a6dc52fd8a88b891139", kill_on_drop: false }`
[INFO] running `Command { std: "docker" "inspect" "ed5c5812bd7da8f2b1875d1bf3a40482faeffa940bed4a6dc52fd8a88b891139", kill_on_drop: false }`
[INFO] running `Command { std: "docker" "rm" "-f" "ed5c5812bd7da8f2b1875d1bf3a40482faeffa940bed4a6dc52fd8a88b891139", kill_on_drop: false }`
[INFO] [stdout] ed5c5812bd7da8f2b1875d1bf3a40482faeffa940bed4a6dc52fd8a88b891139
[INFO] running `Command { std: "docker" "create" "-v" "/var/lib/crater-agent-workspace/builds/worker-5-tc2/target:/opt/rustwide/target:rw,Z" "-v" "/var/lib/crater-agent-workspace/builds/worker-5-tc2/source:/opt/rustwide/workdir:ro,Z" "-v" "/var/lib/crater-agent-workspace/cargo-home:/opt/rustwide/cargo-home:ro,Z" "-v" "/var/lib/crater-agent-workspace/rustup-home:/opt/rustwide/rustup-home:ro,Z" "-e" "SOURCE_DIR=/opt/rustwide/workdir" "-e" "CARGO_TARGET_DIR=/opt/rustwide/target" "-e" "CARGO_INCREMENTAL=0" "-e" "RUST_BACKTRACE=full" "-e" "RUSTFLAGS=--cap-lints=warn" "-e" "RUSTDOCFLAGS=--cap-lints=warn" "-e" "CARGO_HOME=/opt/rustwide/cargo-home" "-e" "RUSTUP_HOME=/opt/rustwide/rustup-home" "-w" "/opt/rustwide/workdir" "-m" "1610612736" "--user" "0:0" "--network" "none" "ghcr.io/rust-lang/crates-build-env/linux@sha256:5ff2268d62e97bff2cde7d5815dd6ed5b47097566f13b8d0ca110b04b60e07ed" "/opt/rustwide/cargo-home/bin/cargo" "+beta-2023-04-20" "build" "--frozen" "--message-format=json", kill_on_drop: false }`
[INFO] [stdout] a6114f95fc5e08f2134d4daf6e68b1a18c0c3565e9634bfb5dfc7a62e6c66e6d
[INFO] running `Command { std: "docker" "start" "-a" "a6114f95fc5e08f2134d4daf6e68b1a18c0c3565e9634bfb5dfc7a62e6c66e6d", kill_on_drop: false }`
[INFO] [stderr] warning: skipping duplicate package `frontend` found at `/opt/rustwide/cargo-home/git/checkouts/moonzoon-b4ee803417068292/15cb619/examples/counters/frontend`
[INFO] [stderr] warning: skipping duplicate package `shared` found at `/opt/rustwide/cargo-home/git/checkouts/moonzoon-b4ee803417068292/15cb619/examples/counters/shared`
[INFO] [stderr] warning: skipping duplicate package `backend` found at `/opt/rustwide/cargo-home/git/checkouts/moonzoon-b4ee803417068292/15cb619/examples/counters/backend`
[INFO] [stderr] warning: skipping duplicate package `frontend` found at `/opt/rustwide/cargo-home/git/checkouts/moonzoon-b4ee803417068292/15cb619/examples/todomvc/frontend`
[INFO] [stderr] warning: skipping duplicate package `shared` found at `/opt/rustwide/cargo-home/git/checkouts/moonzoon-b4ee803417068292/15cb619/examples/todomvc/shared`
[INFO] [stderr] warning: skipping duplicate package `backend` found at `/opt/rustwide/cargo-home/git/checkouts/moonzoon-b4ee803417068292/15cb619/examples/todomvc/backend`
[INFO] [stderr] warning: skipping duplicate package `frontend` found at `/opt/rustwide/cargo-home/git/checkouts/moonzoon-b4ee803417068292/15cb619/examples/canvas/frontend`
[INFO] [stderr] warning: skipping duplicate package `shared` found at `/opt/rustwide/cargo-home/git/checkouts/moonzoon-b4ee803417068292/15cb619/examples/canvas/shared`
[INFO] [stderr] warning: skipping duplicate package `backend` found at `/opt/rustwide/cargo-home/git/checkouts/moonzoon-b4ee803417068292/15cb619/examples/canvas/backend`
[INFO] [stderr] warning: skipping duplicate package `frontend` found at `/opt/rustwide/cargo-home/git/checkouts/moonzoon-b4ee803417068292/15cb619/examples/custom_http_client/frontend`
[INFO] [stderr] warning: skipping duplicate package `shared` found at `/opt/rustwide/cargo-home/git/checkouts/moonzoon-b4ee803417068292/15cb619/examples/custom_http_client/shared`
[INFO] [stderr] warning: skipping duplicate package `backend` found at `/opt/rustwide/cargo-home/git/checkouts/moonzoon-b4ee803417068292/15cb619/examples/custom_http_client/backend`
[INFO] [stderr] warning: skipping duplicate package `frontend` found at `/opt/rustwide/cargo-home/git/checkouts/moonzoon-b4ee803417068292/15cb619/examples/counter/frontend`
[INFO] [stderr] warning: skipping duplicate package `shared` found at `/opt/rustwide/cargo-home/git/checkouts/moonzoon-b4ee803417068292/15cb619/examples/counter/shared`
[INFO] [stderr] warning: skipping duplicate package `backend` found at `/opt/rustwide/cargo-home/git/checkouts/moonzoon-b4ee803417068292/15cb619/examples/counter/backend`
[INFO] [stderr] warning: skipping duplicate package `frontend` found at `/opt/rustwide/cargo-home/git/checkouts/moonzoon-b4ee803417068292/15cb619/examples/time_tracker/frontend`
[INFO] [stderr] warning: skipping duplicate package `shared` found at `/opt/rustwide/cargo-home/git/checkouts/moonzoon-b4ee803417068292/15cb619/examples/time_tracker/shared`
[INFO] [stderr] warning: skipping duplicate package `backend` found at `/opt/rustwide/cargo-home/git/checkouts/moonzoon-b4ee803417068292/15cb619/examples/time_tracker/backend`
[INFO] [stderr] warning: skipping duplicate package `frontend` found at `/opt/rustwide/cargo-home/git/checkouts/moonzoon-b4ee803417068292/15cb619/examples/paragraph/frontend`
[INFO] [stderr] warning: skipping duplicate package `shared` found at `/opt/rustwide/cargo-home/git/checkouts/moonzoon-b4ee803417068292/15cb619/examples/paragraph/shared`
[INFO] [stderr] warning: skipping duplicate package `backend` found at `/opt/rustwide/cargo-home/git/checkouts/moonzoon-b4ee803417068292/15cb619/examples/paragraph/backend`
[INFO] [stderr] warning: skipping duplicate package `frontend` found at `/opt/rustwide/cargo-home/git/checkouts/moonzoon-b4ee803417068292/15cb619/examples/viewport/frontend`
[INFO] [stderr] warning: skipping duplicate package `shared` found at `/opt/rustwide/cargo-home/git/checkouts/moonzoon-b4ee803417068292/15cb619/examples/viewport/shared`
[INFO] [stderr] warning: skipping duplicate package `backend` found at `/opt/rustwide/cargo-home/git/checkouts/moonzoon-b4ee803417068292/15cb619/examples/viewport/backend`
[INFO] [stderr] warning: skipping duplicate package `frontend` found at `/opt/rustwide/cargo-home/git/checkouts/moonzoon-b4ee803417068292/15cb619/examples/start_with_app/frontend`
[INFO] [stderr] warning: skipping duplicate package `shared` found at `/opt/rustwide/cargo-home/git/checkouts/moonzoon-b4ee803417068292/15cb619/examples/start_with_app/shared`
[INFO] [stderr] warning: skipping duplicate package `backend` found at `/opt/rustwide/cargo-home/git/checkouts/moonzoon-b4ee803417068292/15cb619/examples/start_with_app/backend`
[INFO] [stderr] warning: skipping duplicate package `frontend` found at `/opt/rustwide/cargo-home/git/checkouts/moonzoon-b4ee803417068292/15cb619/examples/js-framework-benchmark/keyed/frontend`
[INFO] [stderr] warning: skipping duplicate package `shared` found at `/opt/rustwide/cargo-home/git/checkouts/moonzoon-b4ee803417068292/15cb619/examples/js-framework-benchmark/keyed/shared`
[INFO] [stderr] warning: skipping duplicate package `backend` found at `/opt/rustwide/cargo-home/git/checkouts/moonzoon-b4ee803417068292/15cb619/examples/js-framework-benchmark/keyed/backend`
[INFO] [stderr] warning: skipping duplicate package `frontend` found at `/opt/rustwide/cargo-home/git/checkouts/moonzoon-b4ee803417068292/15cb619/examples/svg/frontend`
[INFO] [stderr] warning: skipping duplicate package `backend` found at `/opt/rustwide/cargo-home/git/checkouts/moonzoon-b4ee803417068292/15cb619/examples/svg/backend`
[INFO] [stderr] warning: skipping duplicate package `frontend` found at `/opt/rustwide/cargo-home/git/checkouts/moonzoon-b4ee803417068292/15cb619/examples/chat/frontend`
[INFO] [stderr] warning: skipping duplicate package `shared` found at `/opt/rustwide/cargo-home/git/checkouts/moonzoon-b4ee803417068292/15cb619/examples/chat/shared`
[INFO] [stderr] warning: skipping duplicate package `backend` found at `/opt/rustwide/cargo-home/git/checkouts/moonzoon-b4ee803417068292/15cb619/examples/chat/backend`
[INFO] [stderr] warning: skipping duplicate package `frontend` found at `/opt/rustwide/cargo-home/git/checkouts/moonzoon-b4ee803417068292/15cb619/examples/resize_drag/frontend`
[INFO] [stderr] warning: skipping duplicate package `shared` found at `/opt/rustwide/cargo-home/git/checkouts/moonzoon-b4ee803417068292/15cb619/examples/resize_drag/shared`
[INFO] [stderr] warning: skipping duplicate package `backend` found at `/opt/rustwide/cargo-home/git/checkouts/moonzoon-b4ee803417068292/15cb619/examples/resize_drag/backend`
[INFO] [stderr] warning: skipping duplicate package `frontend` found at `/opt/rustwide/cargo-home/git/checkouts/moonzoon-b4ee803417068292/15cb619/examples/pages/frontend`
[INFO] [stderr] warning: skipping duplicate package `shared` found at `/opt/rustwide/cargo-home/git/checkouts/moonzoon-b4ee803417068292/15cb619/examples/pages/shared`
[INFO] [stderr] warning: skipping duplicate package `backend` found at `/opt/rustwide/cargo-home/git/checkouts/moonzoon-b4ee803417068292/15cb619/examples/pages/backend`
[INFO] [stderr]    Compiling proc-macro2 v1.0.56
[INFO] [stderr]    Compiling libc v0.2.112
[INFO] [stderr]    Compiling quote v1.0.26
[INFO] [stderr]    Compiling unicode-ident v1.0.0
[INFO] [stderr]    Compiling syn v1.0.95
[INFO] [stderr]    Compiling serde_derive v1.0.137
[INFO] [stderr]    Compiling serde v1.0.137
[INFO] [stderr]    Compiling log v0.4.17
[INFO] [stderr]    Compiling once_cell v1.9.0
[INFO] [stderr]    Compiling futures-core v0.3.19
[INFO] [stderr]    Compiling lock_api v0.4.7
[INFO] [stderr]    Compiling smallvec v1.7.0
[INFO] [stderr]    Compiling futures-sink v0.3.19
[INFO] [stderr]    Compiling pkg-config v0.3.25
[INFO] [stderr]    Compiling serde_json v1.0.74
[INFO] [stderr]    Compiling futures-task v0.3.19
[INFO] [stderr]    Compiling spin v0.5.2
[INFO] [stderr]    Compiling untrusted v0.7.1
[INFO] [stderr]    Compiling tracing-core v0.1.21
[INFO] [stderr]    Compiling futures-util v0.3.19
[INFO] [stderr]    Compiling num-traits v0.2.14
[INFO] [stderr]    Compiling num-integer v0.1.44
[INFO] [stderr]    Compiling rand_core v0.4.2
[INFO] [stderr]    Compiling autocfg v0.1.7
[INFO] [stderr]    Compiling cpufeatures v0.2.1
[INFO] [stderr]    Compiling indexmap v1.7.0
[INFO] [stderr]    Compiling async-trait v0.1.68
[INFO] [stderr]    Compiling futures-io v0.3.19
[INFO] [stderr]    Compiling block-padding v0.3.2
[INFO] [stderr]    Compiling ahash v0.7.6
[INFO] [stderr]    Compiling httparse v1.5.1
[INFO] [stderr]    Compiling itoa v0.4.8
[INFO] [stderr]    Compiling futures-channel v0.3.19
[INFO] [stderr]    Compiling hashbrown v0.11.2
[INFO] [stderr]    Compiling wasm-bindgen-shared v0.2.78
[INFO] [stderr]    Compiling inout v0.1.3
[INFO] [stderr]    Compiling rand_core v0.3.1
[INFO] [stderr]    Compiling standback v0.2.17
[INFO] [stderr]    Compiling cache-padded v1.2.0
[INFO] [stderr]    Compiling paste v1.0.6
[INFO] [stderr]    Compiling cipher v0.4.3
[INFO] [stderr]    Compiling local-waker v0.1.2
[INFO] [stderr]    Compiling jobserver v0.1.24
[INFO] [stderr]    Compiling parking_lot_core v0.8.5
[INFO] [stderr]    Compiling num_cpus v1.13.1
[INFO] [stderr]    Compiling signal-hook-registry v1.4.0
[INFO] [stderr]    Compiling getrandom v0.2.3
[INFO] [stderr]    Compiling socket2 v0.4.2
[INFO] [stderr]    Compiling time v0.1.43
[INFO] [stderr]    Compiling cc v1.0.72
[INFO] [stderr]    Compiling syn v2.0.15
[INFO] [stderr]    Compiling parking_lot v0.11.2
[INFO] [stderr]    Compiling rand_core v0.6.3
[INFO] [stderr]    Compiling concurrent-queue v1.2.2
[INFO] [stderr]    Compiling rand_chacha v0.3.1
[INFO] [stderr]    Compiling parking v2.0.0
[INFO] [stderr]    Compiling openssl v0.10.40
[INFO] [stderr]    Compiling waker-fn v1.1.0
[INFO] [stderr]    Compiling bumpalo v3.8.0
[INFO] [stderr]    Compiling rand_pcg v0.1.2
[INFO] [stderr]    Compiling rand_chacha v0.1.1
[INFO] [stderr]    Compiling zstd-safe v3.1.0+zstd.1.4.9
[INFO] [stderr]    Compiling rand v0.8.5
[INFO] [stderr]    Compiling futures-lite v1.12.0
[INFO] [stderr]    Compiling native-tls v0.2.10
[INFO] [stderr]    Compiling version_check v0.1.5
[INFO] [stderr]    Compiling minimal-lexical v0.2.1
[INFO] [stderr]    Compiling const_fn v0.4.9
[INFO] [stderr]    Compiling actix-service v2.0.2
[INFO] [stderr]    Compiling actix-utils v3.0.0
[INFO] [stderr]    Compiling rand v0.6.5
[INFO] [stderr]    Compiling rustls-pemfile v1.0.0
[INFO] [stderr]    Compiling bytestring v1.0.0
[INFO] [stderr]    Compiling nom v7.1.1
[INFO] [stderr]    Compiling time v0.2.27
[INFO] [stderr]    Compiling adler v1.0.2
[INFO] [stderr]    Compiling convert_case v0.4.0
[INFO] [stderr]    Compiling maybe-uninit v2.0.0
[INFO] [stderr]    Compiling event-listener v2.5.2
[INFO] [stderr]    Compiling wasm-bindgen v0.2.78
[INFO] [stderr]    Compiling miniz_oxide v0.5.1
[INFO] [stderr]    Compiling regex v1.5.4
[INFO] [stderr]    Compiling rustls-native-certs v0.6.2
[INFO] [stderr]    Compiling ring v0.16.20
[INFO] [stderr]    Compiling openssl-sys v0.9.73
[INFO] [stderr]    Compiling zstd-sys v1.5.0+zstd.1.4.9
[INFO] [stderr]    Compiling brotli-sys v0.3.2
[INFO] [stderr]    Compiling sha1 v0.10.1
[INFO] [stderr]    Compiling hmac v0.12.1
[INFO] [stderr]    Compiling des v0.8.1
[INFO] [stderr]    Compiling rc2 v0.8.1
[INFO] [stderr]    Compiling cbc v0.1.2
[INFO] [stderr]    Compiling rand v0.4.6
[INFO] [stderr]    Compiling rand_os v0.1.3
[INFO] [stderr]    Compiling rand_hc v0.1.0
[INFO] [stderr]    Compiling rand_isaac v0.1.1
[INFO] [stderr]    Compiling rand_xorshift v0.1.1
[INFO] [stderr]    Compiling mysqlclient-sys v0.2.5
[INFO] [stderr]    Compiling rand_jitter v0.1.4
[INFO] [stderr]    Compiling rustls-pemfile v0.2.1
[INFO] [stderr]    Compiling cookie v0.15.1
[INFO] [stderr]    Compiling cookie-factory v0.3.2
[INFO] [stderr]    Compiling parking_lot_core v0.9.3
[INFO] [stderr]    Compiling time-macros v0.2.3
[INFO] [stderr]    Compiling async-task v4.2.0
[INFO] [stderr]    Compiling ucd-trie v0.1.3
[INFO] [stderr]    Compiling firestorm v0.5.0
[INFO] [stderr]    Compiling yasna v0.5.0
[INFO] [stderr]    Compiling sha-1 v0.9.8
[INFO] [stderr]    Compiling pest v2.1.3
[INFO] [stderr]    Compiling flate2 v1.0.23
[INFO] [stderr]    Compiling async-channel v1.6.1
[INFO] [stderr]    Compiling scheduled-thread-pool v0.2.5
[INFO] [stderr]    Compiling idna v0.1.5
[INFO] [stderr]    Compiling doc-comment v0.3.3
[INFO] [stderr]    Compiling p12 v0.6.3
[INFO] [stderr]    Compiling maplit v1.0.2
[INFO] [stderr]    Compiling atomic-waker v1.0.0
[INFO] [stderr]    Compiling language-tags v0.3.2
[INFO] [stderr]    Compiling percent-encoding v1.0.1
[INFO] [stderr]    Compiling blocking v1.2.0
[INFO] [stderr]    Compiling smallvec v0.6.14
[INFO] [stderr]    Compiling url v1.7.2
[INFO] [stderr]    Compiling uuid v0.7.4
[INFO] [stderr]    Compiling pest_meta v2.1.3
[INFO] [stderr]    Compiling mime_guess v2.0.3
[INFO] [stderr]    Compiling async-executor v1.4.1
[INFO] [stderr]    Compiling async-mutex v1.4.0
[INFO] [stderr]    Compiling nom v4.2.3
[INFO] [stderr]    Compiling atty v0.2.14
[INFO] [stderr]    Compiling spin v0.9.3
[INFO] [stderr]    Compiling stable_deref_trait v1.2.0
[INFO] [stderr]    Compiling time v0.3.5
[INFO] [stderr]    Compiling thiserror v1.0.40
[INFO] [stderr]    Compiling amq-protocol v7.0.1
[INFO] [stderr]    Compiling owning_ref v0.3.3
[INFO] [stderr]    Compiling parking_lot v0.12.0
[INFO] [stderr]    Compiling parking_lot_core v0.2.14
[INFO] [stderr]    Compiling email v0.0.20
[INFO] [stderr]    Compiling hashbrown v0.12.1
[INFO] [stderr]    Compiling pest_generator v2.1.3
[INFO] [stderr]    Compiling syn v0.15.44
[INFO] [stderr]    Compiling enclose v1.1.8
[INFO] [stderr]    Compiling lapin v2.1.1
[INFO] [stderr]    Compiling thiserror-impl v1.0.40
[INFO] [stderr]    Compiling ascii_utils v0.9.3
[INFO] [stderr]    Compiling dlv-list v0.3.0
[INFO] [stderr]    Compiling crossbeam-utils v0.8.8
[INFO] [stderr]    Compiling apply v0.3.0
[INFO] [stderr]    Compiling ordered-multimap v0.4.3
[INFO] [stderr]    Compiling fast_chemail v0.9.6
[INFO] [stderr]    Compiling base64 v0.9.3
[INFO] [stderr]    Compiling parking_lot v0.4.8
[INFO] [stderr]    Compiling quote v0.6.13
[INFO] [stderr]    Compiling base64 v0.10.1
[INFO] [stderr]    Compiling hostname v0.1.5
[INFO] [stderr]    Compiling constant_time_eq v0.1.5
[INFO] [stderr]    Compiling retain_mut v0.1.9
[INFO] [stderr]    Compiling humantime v2.1.0
[INFO] [stderr]    Compiling webpki v0.22.0
[INFO] [stderr]    Compiling sct v0.7.0
[INFO] [stderr]    Compiling http-range v0.1.4
[INFO] [stderr]    Compiling ipnet v2.5.0
[INFO] [stderr]    Compiling anyhow v1.0.71
[INFO] [stderr]    Compiling linked-hash-map v0.5.4
[INFO] [stderr]    Compiling askama_escape v0.10.2
[INFO] [stderr]    Compiling arrayref v0.3.6
[INFO] [stderr]    Compiling wee_alloc v0.4.5
[INFO] [stderr]    Compiling discard v1.0.4
[INFO] [stderr]    Compiling termcolor v1.1.2
[INFO] [stderr]    Compiling blake2b_simd v1.0.0
[INFO] [stderr]    Compiling yaml-rust v0.4.5
[INFO] [stderr]    Compiling chashmap v2.2.2
[INFO] [stderr]    Compiling webpki-roots v0.22.2
[INFO] [stderr]    Compiling rust-ini v0.18.0
[INFO] [stderr]    Compiling colored v2.0.0
[INFO] [stderr]    Compiling moon_entry_macros v0.1.0 (https://github.com/MoonZoon/MoonZoon?rev=15cb619faca5f78a47e08f4af4bfa595f0eb64b1#15cb619f)
[INFO] [stderr]    Compiling uuid v0.8.2
[INFO] [stderr]    Compiling bool_ext v0.5.1
[INFO] [stderr]    Compiling memory_units v0.4.0
[INFO] [stderr]    Compiling executor-trait v2.1.0
[INFO] [stderr]    Compiling reactor-trait v1.1.0
[INFO] [stderr]    Compiling rust-hsluv v0.1.4
[INFO] [stderr]    Compiling zeroize v1.5.5
[INFO] [stderr]    Compiling pathdiff v0.2.1
[INFO] [stderr]    Compiling cfg-if v0.1.10
[INFO] [stderr]    Compiling rust-argon2 v1.0.0
[INFO] [stderr]    Compiling secrecy v0.8.0
[INFO] [stderr]    Compiling send_wrapper v0.5.0
[INFO] [stderr]    Compiling shared v0.1.0 (/opt/rustwide/workdir/shared)
[INFO] [stderr]    Compiling tokio-macros v1.7.0
[INFO] [stderr]    Compiling tracing-attributes v0.1.21
[INFO] [stderr]    Compiling futures-macro v0.3.19
[INFO] [stderr]    Compiling pin-project-internal v1.0.10
[INFO] [stderr]    Compiling openssl-macros v0.1.0
[INFO] [stderr]    Compiling actix-macros v0.2.3
[INFO] [stderr]    Compiling time-macros-impl v0.1.2
[INFO] [stderr]    Compiling derive_more v0.99.17
[INFO] [stderr]    Compiling diesel_derives v1.4.1
[INFO] [stderr]    Compiling pest_derive v2.1.0
[INFO] [stderr]    Compiling time-macros v0.1.1
[INFO] [stderr]    Compiling pin-project v1.0.10
[INFO] [stderr]    Compiling flume v0.10.12
[INFO] [stderr]    Compiling tracing v0.1.29
[INFO] [stderr]    Compiling pinky-swear v6.1.0
[INFO] [stderr]    Compiling hsluv_macro v0.1.0 (https://github.com/MoonZoon/MoonZoon?rev=15cb619faca5f78a47e08f4af4bfa595f0eb64b1#15cb619f)
[INFO] [stderr]    Compiling trait-set v0.2.0
[INFO] [stderr]    Compiling gensym v0.1.0
[INFO] [stderr]    Compiling static_ref_macro v0.1.0 (https://github.com/MoonZoon/MoonZoon?rev=15cb619faca5f78a47e08f4af4bfa595f0eb64b1#15cb619f)
[INFO] [stderr]    Compiling route_macro v0.1.0 (https://github.com/MoonZoon/MoonZoon?rev=15cb619faca5f78a47e08f4af4bfa595f0eb64b1#15cb619f)
[INFO] [stderr]    Compiling hsluv v0.1.0 (https://github.com/MoonZoon/MoonZoon?rev=15cb619faca5f78a47e08f4af4bfa595f0eb64b1#15cb619f)
[INFO] [stderr]    Compiling local-channel v0.1.2
[INFO] [stderr]    Compiling futures v0.3.19
[INFO] [stderr]    Compiling brotli2 v0.3.2
[INFO] [stderr]    Compiling chrono v0.4.19
[INFO] [stderr]    Compiling serde_urlencoded v0.7.1
[INFO] [stderr]    Compiling either v1.6.1
[INFO] [stderr]    Compiling ron v0.7.0
[INFO] [stderr]    Compiling envy v0.4.2
[INFO] [stderr]    Compiling json5 v0.4.1
[INFO] [stderr]    Compiling toml v0.5.9
[INFO] [stderr]    Compiling mio v0.7.14
[INFO] [stderr]    Compiling rustls v0.20.2
[INFO] [stderr]    Compiling wasm-bindgen-backend v0.2.78
[INFO] [stderr]    Compiling polling v2.2.0
[INFO] [stderr]    Compiling actix-router v0.5.0-beta.4
[INFO] [stderr]    Compiling want v0.3.0
[INFO] [stderr]    Compiling r2d2 v0.8.9
[INFO] [stderr]    Compiling env_logger v0.8.4
[INFO] [stderr]    Compiling futures-signals v0.3.24
[INFO] [stderr]    Compiling async-io v1.6.0
[INFO] [stderr]    Compiling simple_logger v2.3.0
[INFO] [stderr]    Compiling tokio v1.15.0
[INFO] [stderr]    Compiling amq-protocol-types v7.0.1
[INFO] [stderr]    Compiling rusty_ulid v0.10.1
[INFO] [stderr]    Compiling async-global-executor v2.0.4
[INFO] [stderr]    Compiling diesel v1.4.8
[INFO] [stderr]    Compiling moonlight v0.1.0 (https://github.com/MoonZoon/MoonZoon?rev=15cb619faca5f78a47e08f4af4bfa595f0eb64b1#15cb619f)
[INFO] [stderr]    Compiling async-global-executor-trait v2.1.0
[INFO] [stderr]    Compiling wasm-bindgen-macro-support v0.2.78
[INFO] [stderr]    Compiling amq-protocol-uri v7.0.1
[INFO] [stderr]    Compiling async-reactor-trait v1.1.0
[INFO] [stderr]    Compiling lettre v0.9.6
[INFO] [stderr]    Compiling actix-web-codegen v0.5.0-rc.1
[INFO] [stderr]    Compiling config v0.13.1
[INFO] [stderr]    Compiling wasm-bindgen-macro v0.2.78
[INFO] [stderr]    Compiling rustls-connector v0.16.1
[INFO] [stderr]    Compiling tcp-stream v0.24.3
[INFO] [stderr]    Compiling amq-protocol-tcp v7.0.1
[INFO] [stderr]    Compiling lettre_email v0.9.4
[INFO] [stderr]    Compiling js-sys v0.3.55
[INFO] [stderr]    Compiling console_error_panic_hook v0.1.7
[INFO] [stderr]    Compiling tokio-util v0.7.2
[INFO] [stderr]    Compiling actix-rt v2.3.0
[INFO] [stderr]    Compiling tokio-util v0.6.9
[INFO] [stderr]    Compiling tokio-rustls v0.23.2
[INFO] [stderr]    Compiling tokio-native-tls v0.3.0
[INFO] [stderr]    Compiling deadpool-runtime v0.1.2
[INFO] [stderr]    Compiling tokio-stream v0.1.8
[INFO] [stderr]    Compiling tokio-executor-trait v2.1.0
[INFO] [stderr]    Compiling deadpool v0.9.5
[INFO] [stderr]    Compiling actix-server v2.0.0-beta.6
[INFO] [stderr]    Compiling h2 v0.3.13
[INFO] [stderr]    Compiling actix-codec v0.4.2
[INFO] [stderr]    Compiling actix-tls v3.0.0-beta.7
[INFO] [stderr]    Compiling wasm-bindgen-futures v0.4.28
[INFO] [stderr]    Compiling web-sys v0.3.55
[INFO] [stderr]    Compiling deadpool-lapin v0.10.0
[INFO] [stderr]    Compiling hyper v0.14.16
[INFO] [stderr]    Compiling migrations_internals v1.4.1
[INFO] [stderr]    Compiling migrations_macros v1.4.2
[INFO] [stderr]    Compiling zstd v0.7.0+zstd.1.4.9
[INFO] [stderr]    Compiling actix-http v3.0.0-beta.11
[INFO] [stderr]    Compiling diesel_migrations v1.4.0
[INFO] [stderr]    Compiling dominator v0.5.23
[INFO] [stderr]    Compiling zoon v0.1.0 (https://github.com/MoonZoon/MoonZoon?rev=15cb619faca5f78a47e08f4af4bfa595f0eb64b1#15cb619f)
[INFO] [stderr]    Compiling actix-web v4.0.0-beta.10
[INFO] [stderr]    Compiling hyper-tls v0.5.0
[INFO] [stderr]    Compiling reqwest v0.11.10
[INFO] [stderr]    Compiling actix-files v0.6.0-beta.8
[INFO] [stderr]    Compiling actix-cors v0.6.0-beta.3
[INFO] [stderr]    Compiling moon v0.1.0 (https://github.com/MoonZoon/MoonZoon?rev=15cb619faca5f78a47e08f4af4bfa595f0eb64b1#15cb619f)
[INFO] [stderr]    Compiling backend v0.1.0 (/opt/rustwide/workdir/backend)
[INFO] [stderr]    Compiling frontend v0.1.0 (/opt/rustwide/workdir/frontend)
[INFO] [stdout] warning: unused import: `rand::prelude::*`
[INFO] [stdout]  --> frontend/src/lib.rs:1:5
[INFO] [stdout]   |
[INFO] [stdout] 1 | use rand::prelude::*;
[INFO] [stdout]   |     ^^^^^^^^^^^^^^^^
[INFO] [stdout]   |
[INFO] [stdout]   = note: `#[warn(unused_imports)]` on by default
[INFO] [stdout] 
[INFO] [stdout] 
[INFO] [stdout] warning: unused imports: `Arc`, `AtomicUsize`, `Ordering`
[INFO] [stdout]  --> frontend/src/lib.rs:3:14
[INFO] [stdout]   |
[INFO] [stdout] 3 |     atomic::{AtomicUsize, Ordering},
[INFO] [stdout]   |              ^^^^^^^^^^^  ^^^^^^^^
[INFO] [stdout] 4 |     Arc,
[INFO] [stdout]   |     ^^^
[INFO] [stdout] 
[INFO] [stdout] 
[INFO] [stdout] warning: unused imports: `array`, `iter::repeat_with`, `ops::Not`
[INFO] [stdout]  --> frontend/src/lib.rs:6:11
[INFO] [stdout]   |
[INFO] [stdout] 6 | use std::{array, iter::repeat_with, ops::Not};
[INFO] [stdout]   |           ^^^^^  ^^^^^^^^^^^^^^^^^  ^^^^^^^^
[INFO] [stdout] 
[INFO] [stdout] 
[INFO] [stdout] warning: unused import: `std::any::Any`
[INFO] [stdout]  --> frontend/src/lib.rs:7:5
[INFO] [stdout]   |
[INFO] [stdout] 7 | use std::any::Any;
[INFO] [stdout]   |     ^^^^^^^^^^^^^
[INFO] [stdout] 
[INFO] [stdout] 
[INFO] [stdout] warning: unused import: `format`
[INFO] [stdout]  --> frontend/src/lib.rs:8:12
[INFO] [stdout]   |
[INFO] [stdout] 8 | use zoon::{format, *};
[INFO] [stdout]   |            ^^^^^^
[INFO] [stdout] 
[INFO] [stdout] 
[INFO] [stdout] warning: unused import: `zoon::dominator::html`
[INFO] [stdout]  --> frontend/src/lib.rs:9:5
[INFO] [stdout]   |
[INFO] [stdout] 9 | use zoon::dominator::html;
[INFO] [stdout]   |     ^^^^^^^^^^^^^^^^^^^^^
[INFO] [stdout] 
[INFO] [stdout] 
[INFO] [stdout] warning: unused imports: `GREEN_7`, `GREEN_8`
[INFO] [stdout]   --> frontend/src/lib.rs:10:25
[INFO] [stdout]    |
[INFO] [stdout] 10 | use zoon::named_color::{GREEN_7, GREEN_8};
[INFO] [stdout]    |                         ^^^^^^^  ^^^^^^^
[INFO] [stdout] 
[INFO] [stdout] 
[INFO] [stdout] warning: unused imports: `Article`, `H1`, `H2`, `Main`
[INFO] [stdout]   --> frontend/src/lib.rs:11:17
[INFO] [stdout]    |
[INFO] [stdout] 11 | use zoon::Tag::{Article, H1, H2, Main};
[INFO] [stdout]    |                 ^^^^^^^  ^^  ^^  ^^^^
[INFO] [stdout] 
[INFO] [stdout] 
[INFO] [stdout] warning: field `username` is never read
[INFO] [stdout]   --> frontend/src/lib.rs:14:5
[INFO] [stdout]    |
[INFO] [stdout] 13 | pub struct UserInfo {
[INFO] [stdout]    |            -------- field in this struct
[INFO] [stdout] 14 |     username: String
[INFO] [stdout]    |     ^^^^^^^^
[INFO] [stdout]    |
[INFO] [stdout]    = note: `#[warn(dead_code)]` on by default
[INFO] [stdout] 
[INFO] [stdout] 
[INFO] [stdout] warning: fields `username` and `raw` are never read
[INFO] [stdout]   --> frontend/src/lib.rs:57:5
[INFO] [stdout]    |
[INFO] [stdout] 56 | pub struct UsernameInput {
[INFO] [stdout]    |            ------------- fields in this struct
[INFO] [stdout] 57 |     username: Mutable<String>,
[INFO] [stdout]    |     ^^^^^^^^
[INFO] [stdout] 58 |     raw: RawHtmlEl,
[INFO] [stdout]    |     ^^^
[INFO] [stdout] 
[INFO] [stdout] 
[INFO] [stdout] warning: unused `#[macro_use]` import
[INFO] [stdout]  --> backend/lib/lib.rs:6:1
[INFO] [stdout]   |
[INFO] [stdout] 6 | #[macro_use]
[INFO] [stdout]   | ^^^^^^^^^^^^
[INFO] [stdout]   |
[INFO] [stdout]   = note: `#[warn(unused_imports)]` on by default
[INFO] [stdout] 
[INFO] [stdout] 
[INFO] [stdout] warning: unused import: `anyhow::Result`
[INFO] [stdout]  --> backend/lib/auth/Credentials.rs:1:5
[INFO] [stdout]   |
[INFO] [stdout] 1 | use anyhow::Result;
[INFO] [stdout]   |     ^^^^^^^^^^^^^^
[INFO] [stdout] 
[INFO] [stdout] 
[INFO] [stdout] warning: unused import: `diesel::Insertable`
[INFO] [stdout]  --> backend/lib/auth/Credentials.rs:2:5
[INFO] [stdout]   |
[INFO] [stdout] 2 | use diesel::Insertable;
[INFO] [stdout]   |     ^^^^^^^^^^^^^^^^^^
[INFO] [stdout] 
[INFO] [stdout] 
[INFO] [stdout] warning: unused import: `CryptoRng`
[INFO] [stdout]  --> backend/lib/auth/Credentials.rs:3:12
[INFO] [stdout]   |
[INFO] [stdout] 3 | use rand::{CryptoRng, RngCore};
[INFO] [stdout]   |            ^^^^^^^^^
[INFO] [stdout] 
[INFO] [stdout] 
[INFO] [stdout] warning: unused imports: `CredentialsCreationError`, `CredentialsVerificationError`
[INFO] [stdout]  --> backend/lib/auth/Credentials.rs:4:27
[INFO] [stdout]   |
[INFO] [stdout] 4 | use crate::auth::Errors::{CredentialsCreationError, CredentialsCreationResult, CredentialsVerificationError, CredentialsVerificationResult};
[INFO] [stdout]   |                           ^^^^^^^^^^^^^^^^^^^^^^^^                             ^^^^^^^^^^^^^^^^^^^^^^^^^^^^
[INFO] [stdout] 
[INFO] [stdout] 
[INFO] [stdout] warning: unused import: `std::fmt`
[INFO] [stdout]  --> backend/lib/auth/Session.rs:1:5
[INFO] [stdout]   |
[INFO] [stdout] 1 | use std::fmt;
[INFO] [stdout]   |     ^^^^^^^^
[INFO] [stdout] 
[INFO] [stdout] 
[INFO] [stdout] warning: unused imports: `Formatter`, `write`
[INFO] [stdout]  --> backend/lib/auth/Session.rs:2:16
[INFO] [stdout]   |
[INFO] [stdout] 2 | use std::fmt::{Formatter, write};
[INFO] [stdout]   |                ^^^^^^^^^  ^^^^^
[INFO] [stdout] 
[INFO] [stdout] 
[INFO] [stdout] warning: unused import: `std::hash::Hash`
[INFO] [stdout]  --> backend/lib/auth/Session.rs:3:5
[INFO] [stdout]   |
[INFO] [stdout] 3 | use std::hash::Hash;
[INFO] [stdout]   |     ^^^^^^^^^^^^^^^
[INFO] [stdout] 
[INFO] [stdout] 
[INFO] [stdout] warning: unused import: `std::io::Write`
[INFO] [stdout]  --> backend/lib/auth/Session.rs:4:5
[INFO] [stdout]   |
[INFO] [stdout] 4 | use std::io::Write;
[INFO] [stdout]   |     ^^^^^^^^^^^^^^
[INFO] [stdout] 
[INFO] [stdout] 
[INFO] [stdout] warning: unused import: `ensure`
[INFO] [stdout]  --> backend/lib/auth/Session.rs:6:14
[INFO] [stdout]   |
[INFO] [stdout] 6 | use anyhow::{ensure, Result};
[INFO] [stdout]   |              ^^^^^^
[INFO] [stdout] 
[INFO] [stdout] 
[INFO] [stdout] warning: unused imports: `ExpressionMethods`, `Insertable`, `MysqlConnection`, `QueryDsl`, `RunQueryDsl`, `Table`
[INFO] [stdout]  --> backend/lib/auth/Session.rs:7:14
[INFO] [stdout]   |
[INFO] [stdout] 7 | use diesel::{ExpressionMethods, Identifiable, Insertable, MysqlConnection, QueryDsl, RunQueryDsl, Table};
[INFO] [stdout]   |              ^^^^^^^^^^^^^^^^^                ^^^^^^^^^^  ^^^^^^^^^^^^^^^  ^^^^^^^^  ^^^^^^^^^^^  ^^^^^
[INFO] [stdout] 
[INFO] [stdout] 
[INFO] [stdout] warning: unused import: `diesel::backend::Backend`
[INFO] [stdout]  --> backend/lib/auth/Session.rs:8:5
[INFO] [stdout]   |
[INFO] [stdout] 8 | use diesel::backend::Backend;
[INFO] [stdout]   |     ^^^^^^^^^^^^^^^^^^^^^^^^
[INFO] [stdout] 
[INFO] [stdout] 
[INFO] [stdout] warning: unused import: `diesel::serialize::Output`
[INFO] [stdout]  --> backend/lib/auth/Session.rs:9:5
[INFO] [stdout]   |
[INFO] [stdout] 9 | use diesel::serialize::Output;
[INFO] [stdout]   |     ^^^^^^^^^^^^^^^^^^^^^^^^^
[INFO] [stdout] 
[INFO] [stdout] 
[INFO] [stdout] warning: unused import: `diesel::sql_types::Text`
[INFO] [stdout]   --> backend/lib/auth/Session.rs:10:5
[INFO] [stdout]    |
[INFO] [stdout] 10 | use diesel::sql_types::Text;
[INFO] [stdout]    |     ^^^^^^^^^^^^^^^^^^^^^^^
[INFO] [stdout] 
[INFO] [stdout] 
[INFO] [stdout] warning: unused imports: `ToSql`, `VarChar`
[INFO] [stdout]   --> backend/lib/auth/Session.rs:11:21
[INFO] [stdout]    |
[INFO] [stdout] 11 | use diesel::types::{ToSql, VarChar};
[INFO] [stdout]    |                     ^^^^^  ^^^^^^^
[INFO] [stdout] 
[INFO] [stdout] 
[INFO] [stdout] warning: unused import: `crate::schema::Sessions::user_id`
[INFO] [stdout]   --> backend/lib/auth/Session.rs:14:5
[INFO] [stdout]    |
[INFO] [stdout] 14 | use crate::schema::Sessions::user_id;
[INFO] [stdout]    |     ^^^^^^^^^^^^^^^^^^^^^^^^^^^^^^^^
[INFO] [stdout] 
[INFO] [stdout] 
[INFO] [stdout] warning: unused import: `derive_more::Display`
[INFO] [stdout]   --> backend/lib/auth/Session.rs:15:5
[INFO] [stdout]    |
[INFO] [stdout] 15 | use derive_more::Display;
[INFO] [stdout]    |     ^^^^^^^^^^^^^^^^^^^^
[INFO] [stdout] 
[INFO] [stdout] 
[INFO] [stdout] warning: unused import: `diesel::deserialize::FromSql`
[INFO] [stdout]   --> backend/lib/auth/Session.rs:16:5
[INFO] [stdout]    |
[INFO] [stdout] 16 | use diesel::deserialize::FromSql;
[INFO] [stdout]    |     ^^^^^^^^^^^^^^^^^^^^^^^^^^^^
[INFO] [stdout] 
[INFO] [stdout] 
[INFO] [stdout] warning: unused import: `CredentialsHolder`
[INFO] [stdout]  --> backend/lib/auth/User.rs:1:32
[INFO] [stdout]   |
[INFO] [stdout] 1 | use crate::auth::Credentials::{CredentialsHolder, IdentityHolder};
[INFO] [stdout]   |                                ^^^^^^^^^^^^^^^^^
[INFO] [stdout] 
[INFO] [stdout] 
[INFO] [stdout] warning: unused import: `diesel::dsl::*`
[INFO] [stdout]  --> backend/lib/auth/User.rs:2:5
[INFO] [stdout]   |
[INFO] [stdout] 2 | use diesel::dsl::*;
[INFO] [stdout]   |     ^^^^^^^^^^^^^^
[INFO] [stdout] 
[INFO] [stdout] 
[INFO] [stdout] warning: unused imports: `Utc`, `chrono`
[INFO] [stdout]  --> backend/lib/auth/User.rs:3:12
[INFO] [stdout]   |
[INFO] [stdout] 3 | use moon::{chrono, Utc};
[INFO] [stdout]   |            ^^^^^^  ^^^
[INFO] [stdout] 
[INFO] [stdout] 
[INFO] [stdout] warning: unused import: `crate::schema::Sessions::dsl::Sessions`
[INFO] [stdout]  --> backend/lib/auth/User.rs:7:5
[INFO] [stdout]   |
[INFO] [stdout] 7 | use crate::schema::Sessions::dsl::Sessions;
[INFO] [stdout]   |     ^^^^^^^^^^^^^^^^^^^^^^^^^^^^^^^^^^^^^^
[INFO] [stdout] 
[INFO] [stdout] 
[INFO] [stdout] warning: unused import: `std::hash::Hash`
[INFO] [stdout]  --> backend/lib/auth/Citizen.rs:1:5
[INFO] [stdout]   |
[INFO] [stdout] 1 | use std::hash::Hash;
[INFO] [stdout]   |     ^^^^^^^^^^^^^^^
[INFO] [stdout] 
[INFO] [stdout] 
[INFO] [stdout] warning: unused import: `anyhow::Result`
[INFO] [stdout]  --> backend/lib/auth/Citizen.rs:2:5
[INFO] [stdout]   |
[INFO] [stdout] 2 | use anyhow::Result;
[INFO] [stdout]   |     ^^^^^^^^^^^^^^
[INFO] [stdout] 
[INFO] [stdout] 
[INFO] [stdout] warning: unused import: `diesel::Identifiable`
[INFO] [stdout]  --> backend/lib/auth/Citizen.rs:4:5
[INFO] [stdout]   |
[INFO] [stdout] 4 | use diesel::Identifiable;
[INFO] [stdout]   |     ^^^^^^^^^^^^^^^^^^^^
[INFO] [stdout] 
[INFO] [stdout] 
[INFO] [stdout] warning: unused import: `diesel::mysql::Mysql`
[INFO] [stdout]  --> backend/lib/auth/Actions.rs:2:5
[INFO] [stdout]   |
[INFO] [stdout] 2 | use diesel::mysql::Mysql;
[INFO] [stdout]   |     ^^^^^^^^^^^^^^^^^^^^
[INFO] [stdout] 
[INFO] [stdout] 
[INFO] [stdout] warning: unused import: `QueryResult`
[INFO] [stdout]  --> backend/lib/auth/Actions.rs:3:96
[INFO] [stdout]   |
[INFO] [stdout] 3 | use diesel::{BoolExpressionMethods, ExpressionMethods, insert_into, MysqlConnection, QueryDsl, QueryResult, RunQueryDsl};
[INFO] [stdout]   |                                                                                                ^^^^^^^^^^^
[INFO] [stdout] 
[INFO] [stdout] 
[INFO] [stdout] warning: unused import: `diesel::result::Error`
[INFO] [stdout]  --> backend/lib/auth/Actions.rs:4:5
[INFO] [stdout]   |
[INFO] [stdout] 4 | use diesel::result::Error;
[INFO] [stdout]   |     ^^^^^^^^^^^^^^^^^^^^^
[INFO] [stdout] 
[INFO] [stdout] 
[INFO] [stdout] warning: unused import: `thiserror::Error`
[INFO] [stdout]  --> backend/lib/auth/Actions.rs:9:5
[INFO] [stdout]   |
[INFO] [stdout] 9 | use thiserror::Error;
[INFO] [stdout]   |     ^^^^^^^^^^^^^^^^
[INFO] [stdout] 
[INFO] [stdout] 
[INFO] [stdout] warning: unused import: `Citizen`
[INFO] [stdout]   --> backend/lib/auth/Actions.rs:10:28
[INFO] [stdout]    |
[INFO] [stdout] 10 | use crate::auth::Citizen::{Citizen, CitizenInfo};
[INFO] [stdout]    |                            ^^^^^^^
[INFO] [stdout] 
[INFO] [stdout] 
[INFO] [stdout] warning: unused imports: `expires`, `token`
[INFO] [stdout]   --> backend/lib/auth/Actions.rs:22:31
[INFO] [stdout]    |
[INFO] [stdout] 22 | use crate::schema::Sessions::{expires, token};
[INFO] [stdout]    |                               ^^^^^^^  ^^^^^
[INFO] [stdout] 
[INFO] [stdout] 
[INFO] [stdout] warning: the item `expires` is imported redundantly
[INFO] [stdout]   --> backend/lib/auth/Actions.rs:56:35
[INFO] [stdout]    |
[INFO] [stdout] 22 | use crate::schema::Sessions::{expires, token};
[INFO] [stdout]    |                               ------- the item `expires` is already imported here
[INFO] [stdout] ...
[INFO] [stdout] 56 |     use crate::schema::Sessions::{expires, token, user_id};
[INFO] [stdout]    |                                   ^^^^^^^
[INFO] [stdout] 
[INFO] [stdout] 
[INFO] [stdout] warning: the item `token` is imported redundantly
[INFO] [stdout]   --> backend/lib/auth/Actions.rs:56:44
[INFO] [stdout]    |
[INFO] [stdout] 22 | use crate::schema::Sessions::{expires, token};
[INFO] [stdout]    |                                        ----- the item `token` is already imported here
[INFO] [stdout] ...
[INFO] [stdout] 56 |     use crate::schema::Sessions::{expires, token, user_id};
[INFO] [stdout]    |                                            ^^^^^
[INFO] [stdout] 
[INFO] [stdout] 
[INFO] [stdout] warning: unused imports: `expires`, `user_id`
[INFO] [stdout]   --> backend/lib/auth/Actions.rs:81:35
[INFO] [stdout]    |
[INFO] [stdout] 81 |     use crate::schema::Sessions::{expires, token, user_id};
[INFO] [stdout]    |                                   ^^^^^^^         ^^^^^^^
[INFO] [stdout] 
[INFO] [stdout] 
[INFO] [stdout] warning: the item `expires` is imported redundantly
[INFO] [stdout]   --> backend/lib/auth/Actions.rs:81:35
[INFO] [stdout]    |
[INFO] [stdout] 22 | use crate::schema::Sessions::{expires, token};
[INFO] [stdout]    |                               ------- the item `expires` is already imported here
[INFO] [stdout] ...
[INFO] [stdout] 81 |     use crate::schema::Sessions::{expires, token, user_id};
[INFO] [stdout]    |                                   ^^^^^^^
[INFO] [stdout] 
[INFO] [stdout] 
[INFO] [stdout] warning: the item `token` is imported redundantly
[INFO] [stdout]   --> backend/lib/auth/Actions.rs:81:44
[INFO] [stdout]    |
[INFO] [stdout] 22 | use crate::schema::Sessions::{expires, token};
[INFO] [stdout]    |                                        ----- the item `token` is already imported here
[INFO] [stdout] ...
[INFO] [stdout] 81 |     use crate::schema::Sessions::{expires, token, user_id};
[INFO] [stdout]    |                                            ^^^^^
[INFO] [stdout] 
[INFO] [stdout] 
[INFO] [stdout] warning: the item `EmployeeInfo` is imported redundantly
[INFO] [stdout]    --> backend/lib/auth/Actions.rs:154:9
[INFO] [stdout]     |
[INFO] [stdout] 17  | use crate::schema::EmployeeInfo::dsl::EmployeeInfo;
[INFO] [stdout]     |     ---------------------------------------------- the item `EmployeeInfo` is already imported here
[INFO] [stdout] ...
[INFO] [stdout] 154 |     use crate::schema::EmployeeInfo::dsl::EmployeeInfo;
[INFO] [stdout]     |         ^^^^^^^^^^^^^^^^^^^^^^^^^^^^^^^^^^^^^^^^^^^^^^
[INFO] [stdout] 
[INFO] [stdout] 
[INFO] [stdout] warning: unused import: `schema::EmployeeSessions`
[INFO] [stdout]    --> backend/lib/auth/Actions.rs:181:9
[INFO] [stdout]     |
[INFO] [stdout] 181 |     use schema::EmployeeSessions;
[INFO] [stdout]     |         ^^^^^^^^^^^^^^^^^^^^^^^^
[INFO] [stdout] 
[INFO] [stdout] 
[INFO] [stdout] warning: unused import: `schema::EmployeeSessions`
[INFO] [stdout]    --> backend/lib/auth/Actions.rs:232:9
[INFO] [stdout]     |
[INFO] [stdout] 232 |     use schema::EmployeeSessions;
[INFO] [stdout]     |         ^^^^^^^^^^^^^^^^^^^^^^^^
[INFO] [stdout] 
[INFO] [stdout] 
[INFO] [stdout] warning: unused imports: `e_id`, `expires`
[INFO] [stdout]    --> backend/lib/auth/Actions.rs:233:36
[INFO] [stdout]     |
[INFO] [stdout] 233 |     use schema::EmployeeSessions::{e_id, token, expires};
[INFO] [stdout]     |                                    ^^^^         ^^^^^^^
[INFO] [stdout] 
[INFO] [stdout] 
[INFO] [stdout] warning: unused import: `schema::EmployeeLogins`
[INFO] [stdout]    --> backend/lib/auth/Actions.rs:234:9
[INFO] [stdout]     |
[INFO] [stdout] 234 |     use schema::EmployeeLogins;
[INFO] [stdout]     |         ^^^^^^^^^^^^^^^^^^^^^^
[INFO] [stdout] 
[INFO] [stdout] 
[INFO] [stdout] warning: unused import: `schema::EmployeeInfo`
[INFO] [stdout]    --> backend/lib/auth/Actions.rs:254:9
[INFO] [stdout]     |
[INFO] [stdout] 254 |     use schema::EmployeeInfo;
[INFO] [stdout]     |         ^^^^^^^^^^^^^^^^^^^^
[INFO] [stdout] 
[INFO] [stdout] 
[INFO] [stdout] warning: unused import: `Either`
[INFO] [stdout]  --> backend/lib/auth/Endpoints.rs:2:17
[INFO] [stdout]   |
[INFO] [stdout] 2 | use actix_web::{Either, Responder, web};
[INFO] [stdout]   |                 ^^^^^^
[INFO] [stdout] 
[INFO] [stdout] 
[INFO] [stdout] warning: unused import: `actix_web::error::Kind::Http`
[INFO] [stdout]  --> backend/lib/auth/Endpoints.rs:4:5
[INFO] [stdout]   |
[INFO] [stdout] 4 | use actix_web::error::Kind::Http;
[INFO] [stdout]   |     ^^^^^^^^^^^^^^^^^^^^^^^^^^^^
[INFO] [stdout] 
[INFO] [stdout] 
[INFO] [stdout] warning: unused import: `StatusCode`
[INFO] [stdout]  --> backend/lib/auth/Endpoints.rs:5:36
[INFO] [stdout]   |
[INFO] [stdout] 5 | use actix_web::http::{HeaderValue, StatusCode};
[INFO] [stdout]   |                                    ^^^^^^^^^^
[INFO] [stdout] 
[INFO] [stdout] 
[INFO] [stdout] warning: unused import: `lettre::smtp::authentication::Mechanism::Login`
[INFO] [stdout]  --> backend/lib/auth/Endpoints.rs:7:5
[INFO] [stdout]   |
[INFO] [stdout] 7 | use lettre::smtp::authentication::Mechanism::Login;
[INFO] [stdout]   |     ^^^^^^^^^^^^^^^^^^^^^^^^^^^^^^^^^^^^^^^^^^^^^^
[INFO] [stdout] 
[INFO] [stdout] 
[INFO] [stdout] warning: unused import: `crate::auth::Credentials::CredentialsPair`
[INFO] [stdout]   --> backend/lib/auth/Endpoints.rs:12:5
[INFO] [stdout]    |
[INFO] [stdout] 12 | use crate::auth::Credentials::CredentialsPair;
[INFO] [stdout]    |     ^^^^^^^^^^^^^^^^^^^^^^^^^^^^^^^^^^^^^^^^^
[INFO] [stdout] 
[INFO] [stdout] 
[INFO] [stdout] warning: unused import: `IntoHttpError`
[INFO] [stdout]   --> backend/lib/auth/Endpoints.rs:14:42
[INFO] [stdout]    |
[INFO] [stdout] 14 | use crate::auth::Errors::{DatabaseError, IntoHttpError, LoginError, LoginResult, SessionRetrievalError, SessionRetrievalResult, UserRegis...
[INFO] [stdout]    |                                          ^^^^^^^^^^^^^
[INFO] [stdout] 
[INFO] [stdout] 
[INFO] [stdout] warning: unused imports: `EmployeeLoginRequestResponse`, `UserLoginRequestResponse`
[INFO] [stdout]   --> backend/lib/auth/Endpoints.rs:15:57
[INFO] [stdout]    |
[INFO] [stdout] 15 | ...e, EmployeeLoginRequestResponse, EmployeeRegisterRequest, ExternalUserLoginRequest, TokenValidateRequest, UserInfoRequestResponse, UserLoginRequest, UserLoginRequestResponse, U...
[INFO] [stdout]    |       ^^^^^^^^^^^^^^^^^^^^^^^^^^^^                                                                                                                      ^^^^^^^^^^^^^^^^^^^^^^^^
[INFO] [stdout] 
[INFO] [stdout] 
[INFO] [stdout] warning: unused imports: `Display`, `Formatter`
[INFO] [stdout]  --> backend/lib/auth/Errors.rs:1:16
[INFO] [stdout]   |
[INFO] [stdout] 1 | use std::fmt::{Display, Formatter};
[INFO] [stdout]   |                ^^^^^^^  ^^^^^^^^^
[INFO] [stdout] 
[INFO] [stdout] 
[INFO] [stdout] warning: unused import: `diesel::r2d2`
[INFO] [stdout]  --> backend/lib/auth/Errors.rs:5:5
[INFO] [stdout]   |
[INFO] [stdout] 5 | use diesel::r2d2;
[INFO] [stdout]   |     ^^^^^^^^^^^^
[INFO] [stdout] 
[INFO] [stdout] 
[INFO] [stdout] warning: unused import: `CredentialsHolder`
[INFO] [stdout]  --> backend/lib/auth/Employee.rs:1:32
[INFO] [stdout]   |
[INFO] [stdout] 1 | use crate::auth::Credentials::{CredentialsHolder, IdentityHolder};
[INFO] [stdout]   |                                ^^^^^^^^^^^^^^^^^
[INFO] [stdout] 
[INFO] [stdout] 
[INFO] [stdout] warning: unused import: `crate::auth::Errors::SessionCreationError`
[INFO] [stdout]  --> backend/lib/auth/Employee.rs:5:5
[INFO] [stdout]   |
[INFO] [stdout] 5 | use crate::auth::Errors::SessionCreationError;
[INFO] [stdout]   |     ^^^^^^^^^^^^^^^^^^^^^^^^^^^^^^^^^^^^^^^^^
[INFO] [stdout] 
[INFO] [stdout] 
[INFO] [stdout] warning: unused import: `serde_json::Value`
[INFO] [stdout]  --> backend/lib/server/routes.rs:2:5
[INFO] [stdout]   |
[INFO] [stdout] 2 | use serde_json::Value;
[INFO] [stdout]   |     ^^^^^^^^^^^^^^^^^
[INFO] [stdout] 
[INFO] [stdout] 
[INFO] [stdout] warning: unused import: `DBPool`
[INFO] [stdout]  --> backend/lib/server/routes.rs:3:40
[INFO] [stdout]   |
[INFO] [stdout] 3 | use crate::server::{BackendServerInfo, DBPool};
[INFO] [stdout]   |                                        ^^^^^^
[INFO] [stdout] 
[INFO] [stdout] 
[INFO] [stdout] warning: unused import: `serde::Deserialize`
[INFO] [stdout]  --> backend/lib/server/routes.rs:4:5
[INFO] [stdout]   |
[INFO] [stdout] 4 | use serde::Deserialize;
[INFO] [stdout]   |     ^^^^^^^^^^^^^^^^^^
[INFO] [stdout] 
[INFO] [stdout] 
[INFO] [stdout] warning: unused import: `actix_web::get`
[INFO] [stdout]  --> backend/lib/server/routes.rs:5:5
[INFO] [stdout]   |
[INFO] [stdout] 5 | use actix_web::get;
[INFO] [stdout]   |     ^^^^^^^^^^^^^^
[INFO] [stdout] 
[INFO] [stdout] 
[INFO] [stdout] warning: unused imports: `login_employee`, `register_employee`
[INFO] [stdout]   --> backend/lib/server.rs:32:53
[INFO] [stdout]    |
[INFO] [stdout] 32 | use crate::auth::Actions::{insert_new_pending_user, login_employee, register_employee, send_citizen_code};
[INFO] [stdout]    |                                                     ^^^^^^^^^^^^^^  ^^^^^^^^^^^^^^^^^
[INFO] [stdout] 
[INFO] [stdout] 
[INFO] [stdout] error[E0554]: `#![feature]` may not be used on the beta release channel
[INFO] [stdout]  --> backend/lib/lib.rs:1:12
[INFO] [stdout]   |
[INFO] [stdout] 1 | #![feature(future_join, future_poll_fn)]
[INFO] [stdout]   |            ^^^^^^^^^^^
[INFO] [stdout] 
[INFO] [stdout] 
[INFO] [stdout] error[E0554]: `#![feature]` may not be used on the beta release channel
[INFO] [stdout]  --> backend/lib/lib.rs:1:25
[INFO] [stdout]   |
[INFO] [stdout] 1 | #![feature(future_join, future_poll_fn)]
[INFO] [stdout]   |                         ^^^^^^^^^^^^^^
[INFO] [stdout] 
[INFO] [stdout] 
[INFO] [stdout] error[E0554]: `#![feature]` may not be used on the beta release channel
[INFO] [stdout]  --> backend/lib/lib.rs:2:12
[INFO] [stdout]   |
[INFO] [stdout] 2 | #![feature(bool_to_option)]
[INFO] [stdout]   |            ^^^^^^^^^^^^^^
[INFO] [stdout] 
[INFO] [stdout] 
[INFO] [stdout] warning: the feature `bool_to_option` has been stable since 1.62.0 and no longer requires an attribute to enable
[INFO] [stdout]  --> backend/lib/lib.rs:2:12
[INFO] [stdout]   |
[INFO] [stdout] 2 | #![feature(bool_to_option)]
[INFO] [stdout]   |            ^^^^^^^^^^^^^^
[INFO] [stdout]   |
[INFO] [stdout]   = note: `#[warn(stable_features)]` on by default
[INFO] [stdout] 
[INFO] [stdout] 
[INFO] [stdout] warning: the feature `future_poll_fn` has been stable since 1.64.0 and no longer requires an attribute to enable
[INFO] [stdout]  --> backend/lib/lib.rs:1:25
[INFO] [stdout]   |
[INFO] [stdout] 1 | #![feature(future_join, future_poll_fn)]
[INFO] [stdout]   |                         ^^^^^^^^^^^^^^
[INFO] [stdout] 
[INFO] [stdout] 
[INFO] [stdout] warning: unused import: `std::io::Write`
[INFO] [stdout]   --> backend/lib/server.rs:22:5
[INFO] [stdout]    |
[INFO] [stdout] 22 | use std::io::Write;
[INFO] [stdout]    |     ^^^^^^^^^^^^^^
[INFO] [stdout] 
[INFO] [stdout] 
[INFO] [stdout] error: aborting due to 3 previous errors; 61 warnings emitted
[INFO] [stdout] 
[INFO] [stdout] 
[INFO] [stdout] For more information about this error, try `rustc --explain E0554`.
[INFO] [stdout] 
[INFO] [stderr] error: could not compile `backend` (lib) due to 4 previous errors; 61 warnings emitted
[INFO] [stderr] warning: build failed, waiting for other jobs to finish...
[INFO] [stdout] warning: 10 warnings emitted
[INFO] [stdout] 
[INFO] [stdout] 
[INFO] running `Command { std: "docker" "inspect" "a6114f95fc5e08f2134d4daf6e68b1a18c0c3565e9634bfb5dfc7a62e6c66e6d", kill_on_drop: false }`
[INFO] running `Command { std: "docker" "rm" "-f" "a6114f95fc5e08f2134d4daf6e68b1a18c0c3565e9634bfb5dfc7a62e6c66e6d", kill_on_drop: false }`
[INFO] [stdout] a6114f95fc5e08f2134d4daf6e68b1a18c0c3565e9634bfb5dfc7a62e6c66e6d
