[INFO] cloning repository https://github.com/Masterchef365/his_name_gort
[INFO] running `Command { std: "git" "-c" "credential.helper=" "-c" "credential.helper=/workspace/cargo-home/bin/git-credential-null" "clone" "--bare" "https://github.com/Masterchef365/his_name_gort" "/workspace/cache/git-repos/https%3A%2F%2Fgithub.com%2FMasterchef365%2Fhis_name_gort", kill_on_drop: false }`
[INFO] [stderr] Cloning into bare repository '/workspace/cache/git-repos/https%3A%2F%2Fgithub.com%2FMasterchef365%2Fhis_name_gort'...
[INFO] running `Command { std: "git" "rev-parse" "HEAD", kill_on_drop: false }`
[INFO] [stdout] 0b2b0c199ceb4b30b21200fbb085da308fbd7183
[INFO] testing Masterchef365/his_name_gort against beta-2023-04-20 for beta-1.70-1
[INFO] running `Command { std: "git" "clone" "/workspace/cache/git-repos/https%3A%2F%2Fgithub.com%2FMasterchef365%2Fhis_name_gort" "/workspace/builds/worker-6-tc2/source", kill_on_drop: false }`
[INFO] [stderr] Cloning into '/workspace/builds/worker-6-tc2/source'...
[INFO] [stderr] done.
[INFO] validating manifest of git repo https://github.com/Masterchef365/his_name_gort on toolchain beta-2023-04-20
[INFO] running `Command { std: CARGO_HOME="/workspace/cargo-home" RUSTUP_HOME="/workspace/rustup-home" "/workspace/cargo-home/bin/cargo" "+beta-2023-04-20" "metadata" "--manifest-path" "Cargo.toml" "--no-deps", kill_on_drop: false }`
[INFO] started tweaking git repo https://github.com/Masterchef365/his_name_gort
[INFO] finished tweaking git repo https://github.com/Masterchef365/his_name_gort
[INFO] tweaked toml for git repo https://github.com/Masterchef365/his_name_gort written to /workspace/builds/worker-6-tc2/source/Cargo.toml
[INFO] crate git repo https://github.com/Masterchef365/his_name_gort already has a lockfile, it will not be regenerated
[INFO] running `Command { std: CARGO_HOME="/workspace/cargo-home" RUSTUP_HOME="/workspace/rustup-home" "/workspace/cargo-home/bin/cargo" "+beta-2023-04-20" "fetch" "--manifest-path" "Cargo.toml", kill_on_drop: false }`
[INFO] [stderr]     Updating crates.io index
[INFO] [stderr]  Downloading crates ...
[INFO] [stderr]   Downloaded anyhow v1.0.49
[INFO] [stderr]   Downloaded erupt v0.18.0+174
[INFO] [stderr]   Downloaded gpu-alloc-erupt v0.4.0
[INFO] [stderr]   Downloaded openxr v0.14.0
[INFO] [stderr]   Downloaded nalgebra v0.26.2
[INFO] [stderr]   Downloaded openxr-sys v0.8.5
[INFO] running `Command { std: "docker" "create" "-v" "/var/lib/crater-agent-workspace/builds/worker-6-tc2/target:/opt/rustwide/target:rw,Z" "-v" "/var/lib/crater-agent-workspace/builds/worker-6-tc2/source:/opt/rustwide/workdir:ro,Z" "-v" "/var/lib/crater-agent-workspace/cargo-home:/opt/rustwide/cargo-home:ro,Z" "-v" "/var/lib/crater-agent-workspace/rustup-home:/opt/rustwide/rustup-home:ro,Z" "-e" "SOURCE_DIR=/opt/rustwide/workdir" "-e" "CARGO_TARGET_DIR=/opt/rustwide/target" "-e" "CARGO_HOME=/opt/rustwide/cargo-home" "-e" "RUSTUP_HOME=/opt/rustwide/rustup-home" "-w" "/opt/rustwide/workdir" "-m" "1610612736" "--user" "0:0" "--network" "none" "ghcr.io/rust-lang/crates-build-env/linux@sha256:5ff2268d62e97bff2cde7d5815dd6ed5b47097566f13b8d0ca110b04b60e07ed" "/opt/rustwide/cargo-home/bin/cargo" "+beta-2023-04-20" "metadata" "--no-deps" "--format-version=1", kill_on_drop: false }`
[INFO] [stdout] 1633aa8cf686460c4b5700e1432722a1d39005a09651286770aae4bb4bf2879e
[INFO] running `Command { std: "docker" "start" "-a" "1633aa8cf686460c4b5700e1432722a1d39005a09651286770aae4bb4bf2879e", kill_on_drop: false }`
[INFO] running `Command { std: "docker" "inspect" "1633aa8cf686460c4b5700e1432722a1d39005a09651286770aae4bb4bf2879e", kill_on_drop: false }`
[INFO] running `Command { std: "docker" "rm" "-f" "1633aa8cf686460c4b5700e1432722a1d39005a09651286770aae4bb4bf2879e", kill_on_drop: false }`
[INFO] [stdout] 1633aa8cf686460c4b5700e1432722a1d39005a09651286770aae4bb4bf2879e
[INFO] running `Command { std: "docker" "create" "-v" "/var/lib/crater-agent-workspace/builds/worker-6-tc2/target:/opt/rustwide/target:rw,Z" "-v" "/var/lib/crater-agent-workspace/builds/worker-6-tc2/source:/opt/rustwide/workdir:ro,Z" "-v" "/var/lib/crater-agent-workspace/cargo-home:/opt/rustwide/cargo-home:ro,Z" "-v" "/var/lib/crater-agent-workspace/rustup-home:/opt/rustwide/rustup-home:ro,Z" "-e" "SOURCE_DIR=/opt/rustwide/workdir" "-e" "CARGO_TARGET_DIR=/opt/rustwide/target" "-e" "CARGO_INCREMENTAL=0" "-e" "RUST_BACKTRACE=full" "-e" "RUSTFLAGS=--cap-lints=warn" "-e" "RUSTDOCFLAGS=--cap-lints=warn" "-e" "CARGO_HOME=/opt/rustwide/cargo-home" "-e" "RUSTUP_HOME=/opt/rustwide/rustup-home" "-w" "/opt/rustwide/workdir" "-m" "1610612736" "--user" "0:0" "--network" "none" "ghcr.io/rust-lang/crates-build-env/linux@sha256:5ff2268d62e97bff2cde7d5815dd6ed5b47097566f13b8d0ca110b04b60e07ed" "/opt/rustwide/cargo-home/bin/cargo" "+beta-2023-04-20" "build" "--frozen" "--message-format=json", kill_on_drop: false }`
[INFO] [stdout] a7c88f6f23ee8fa28b85ccca5c94224d1b0846c3acab0e2e31ee5e83b80c4d72
[INFO] running `Command { std: "docker" "start" "-a" "a7c88f6f23ee8fa28b85ccca5c94224d1b0846c3acab0e2e31ee5e83b80c4d72", kill_on_drop: false }`
[INFO] [stderr]    Compiling libc v0.2.108
[INFO] [stderr]    Compiling proc-macro2 v1.0.32
[INFO] [stderr]    Compiling pkg-config v0.3.22
[INFO] [stderr]    Compiling libloading v0.7.2
[INFO] [stderr]    Compiling crossbeam-utils v0.8.5
[INFO] [stderr]    Compiling smallvec v1.7.0
[INFO] [stderr]    Compiling memchr v2.4.1
[INFO] [stderr]    Compiling log v0.4.14
[INFO] [stderr]    Compiling once_cell v1.8.0
[INFO] [stderr]    Compiling memoffset v0.6.4
[INFO] [stderr]    Compiling num-traits v0.2.14
[INFO] [stderr]    Compiling nom v7.1.0
[INFO] [stderr]    Compiling crossbeam-epoch v0.9.5
[INFO] [stderr]    Compiling crossbeam-queue v0.3.2
[INFO] [stderr]    Compiling cc v1.0.72
[INFO] [stderr]    Compiling raw-window-handle v0.4.2
[INFO] [stderr]    Compiling dlib v0.5.0
[INFO] [stderr]    Compiling num-integer v0.1.44
[INFO] [stderr]    Compiling ab_glyph_rasterizer v0.1.5
[INFO] [stderr]    Compiling parking_lot_core v0.8.5
[INFO] [stderr]    Compiling walkdir v2.3.2
[INFO] [stderr]    Compiling num-rational v0.3.2
[INFO] [stderr]    Compiling typenum v1.14.0
[INFO] [stderr]    Compiling gpu-alloc-types v0.2.0
[INFO] [stderr]    Compiling rusttype v0.9.2
[INFO] [stderr]    Compiling cmake v0.1.46
[INFO] [stderr]    Compiling lock_api v0.4.5
[INFO] [stderr]    Compiling wayland-sys v0.28.6
[INFO] [stderr]    Compiling x11-dl v2.19.1
[INFO] [stderr]    Compiling anyhow v1.0.49
[INFO] [stderr]    Compiling crossbeam-channel v0.5.1
[INFO] [stderr]    Compiling quote v1.0.10
[INFO] [stderr]    Compiling winit v0.25.0
[INFO] [stderr]    Compiling crossbeam-deque v0.8.1
[INFO] [stderr]    Compiling tinyvec_macros v0.1.0
[INFO] [stderr]    Compiling rawpointer v0.2.1
[INFO] [stderr]    Compiling paste v1.0.6
[INFO] [stderr]    Compiling tinyvec v1.5.1
[INFO] [stderr]    Compiling wayland-scanner v0.28.6
[INFO] [stderr]    Compiling matrixmultiply v0.3.2
[INFO] [stderr]    Compiling slotmap v1.0.6
[INFO] [stderr]    Compiling gpu-alloc v0.4.7
[INFO] [stderr]    Compiling crossbeam v0.8.1
[INFO] [stderr]    Compiling openxr-sys v0.8.5
[INFO] [stderr]    Compiling num-complex v0.3.1
[INFO] [stderr]    Compiling approx v0.4.0
[INFO] [stderr]    Compiling bytemuck v1.7.2
[INFO] [stderr]    Compiling nix v0.20.0
[INFO] [stderr]    Compiling dirs-sys v0.3.6
[INFO] [stderr]    Compiling nix v0.18.0
[INFO] [stderr]    Compiling raw-window-handle v0.3.4
[INFO] [stderr]    Compiling mio v0.7.14
[INFO] [stderr]    Compiling memmap2 v0.1.0
[INFO] [stderr]    Compiling simba v0.4.0
[INFO] [stderr]    Compiling nix v0.23.0
[INFO] [stderr]    Compiling dirs v3.0.2
[INFO] [stderr]    Compiling erupt v0.18.0+174
[INFO] [stderr]    Compiling xdg v2.4.0
[INFO] [stderr]    Compiling parking_lot v0.11.2
[INFO] [stderr]    Compiling andrew v0.3.1
[INFO] [stderr]    Compiling mio-misc v1.2.1
[INFO] [stderr]    Compiling wayland-client v0.28.6
[INFO] [stderr]    Compiling wayland-protocols v0.28.6
[INFO] [stderr]    Compiling xcursor v0.3.4
[INFO] [stderr]    Compiling wayland-commons v0.28.6
[INFO] [stderr]    Compiling calloop v0.6.5
[INFO] [stderr]    Compiling ctrlc v3.2.1
[INFO] [stderr]    Compiling wayland-cursor v0.28.6
[INFO] [stderr]    Compiling nalgebra v0.26.2
[INFO] [stderr] error: could not compile `nalgebra` (lib)
[INFO] [stderr] 
[INFO] [stderr] Caused by:
[INFO] [stderr]   process didn't exit successfully: `rustc --crate-name nalgebra --edition=2018 /opt/rustwide/cargo-home/registry/src/index.crates.io-6f17d22bba15001f/nalgebra-0.26.2/src/lib.rs --error-format=json --json=diagnostic-rendered-ansi,artifacts,future-incompat --crate-type lib --emit=dep-info,metadata,link -C embed-bitcode=no -C debuginfo=2 --cfg 'feature="default"' --cfg 'feature="matrixmultiply"' --cfg 'feature="std"' -C metadata=a0ea412d7338535a -C extra-filename=-a0ea412d7338535a --out-dir /opt/rustwide/target/debug/deps -L dependency=/opt/rustwide/target/debug/deps --extern approx=/opt/rustwide/target/debug/deps/libapprox-736da616a328e883.rmeta --extern matrixmultiply=/opt/rustwide/target/debug/deps/libmatrixmultiply-28f5456a9eddd943.rmeta --extern num_complex=/opt/rustwide/target/debug/deps/libnum_complex-3b8917e06d969cb5.rmeta --extern num_rational=/opt/rustwide/target/debug/deps/libnum_rational-13edf6f26428de12.rmeta --extern num_traits=/opt/rustwide/target/debug/deps/libnum_traits-799aa3325356471a.rmeta --extern simba=/opt/rustwide/target/debug/deps/libsimba-637b83cc3ff15fb8.rmeta --extern typenum=/opt/rustwide/target/debug/deps/libtypenum-02b91948c1d41345.rmeta --cap-lints allow --cap-lints=warn` (signal: 9, SIGKILL: kill)
[INFO] [stderr] warning: build failed, waiting for other jobs to finish...
[INFO] [stderr] error: could not compile `erupt` (lib)
[INFO] [stderr] 
[INFO] [stderr] Caused by:
[INFO] [stderr]   process didn't exit successfully: `rustc --crate-name erupt --edition=2018 /opt/rustwide/cargo-home/registry/src/index.crates.io-6f17d22bba15001f/erupt-0.18.0+174/src/lib.rs --error-format=json --json=diagnostic-rendered-ansi,artifacts,future-incompat --crate-type lib --emit=dep-info,metadata,link -C embed-bitcode=no -C debuginfo=2 --cfg 'feature="default"' --cfg 'feature="libloading"' --cfg 'feature="loading"' --cfg 'feature="raw-window-handle"' --cfg 'feature="raw-window-metal"' --cfg 'feature="surface"' -C metadata=b7965928739de75f -C extra-filename=-b7965928739de75f --out-dir /opt/rustwide/target/debug/deps -L dependency=/opt/rustwide/target/debug/deps --extern bitflags=/opt/rustwide/target/debug/deps/libbitflags-610a73087f46ba3b.rmeta --extern libloading=/opt/rustwide/target/debug/deps/liblibloading-62f9b2f3505e6d9b.rmeta --extern raw_window_handle=/opt/rustwide/target/debug/deps/libraw_window_handle-02550e71fe98570f.rmeta --cap-lints allow --cap-lints=warn` (signal: 9, SIGKILL: kill)
[INFO] [stderr] error: failed to run custom build command for `openxr-sys v0.8.5`
[INFO] [stderr] note: To improve backtraces for build dependencies, set the CARGO_PROFILE_DEV_BUILD_OVERRIDE_DEBUG=true environment variable to enable debug information generation.
[INFO] [stderr] 
[INFO] [stderr] Caused by:
[INFO] [stderr]   process didn't exit successfully: `/opt/rustwide/target/debug/build/openxr-sys-7cc87a622dee8bb9/build-script-build` (exit status: 101)
[INFO] [stderr]   --- stdout
[INFO] [stderr]   CMAKE_TOOLCHAIN_FILE_x86_64-unknown-linux-gnu = None
[INFO] [stderr]   CMAKE_TOOLCHAIN_FILE_x86_64_unknown_linux_gnu = None
[INFO] [stderr]   HOST_CMAKE_TOOLCHAIN_FILE = None
[INFO] [stderr]   CMAKE_TOOLCHAIN_FILE = None
[INFO] [stderr]   CMAKE_GENERATOR_x86_64-unknown-linux-gnu = None
[INFO] [stderr]   CMAKE_GENERATOR_x86_64_unknown_linux_gnu = None
[INFO] [stderr]   HOST_CMAKE_GENERATOR = None
[INFO] [stderr]   CMAKE_GENERATOR = None
[INFO] [stderr]   CMAKE_PREFIX_PATH_x86_64-unknown-linux-gnu = None
[INFO] [stderr]   CMAKE_PREFIX_PATH_x86_64_unknown_linux_gnu = None
[INFO] [stderr]   HOST_CMAKE_PREFIX_PATH = None
[INFO] [stderr]   CMAKE_PREFIX_PATH = None
[INFO] [stderr]   CMAKE_x86_64-unknown-linux-gnu = None
[INFO] [stderr]   CMAKE_x86_64_unknown_linux_gnu = None
[INFO] [stderr]   HOST_CMAKE = None
[INFO] [stderr]   CMAKE = None
[INFO] [stderr]   running: cd "/opt/rustwide/target/debug/build/openxr-sys-75e1ff7369af8ae4/out/build" && CMAKE_PREFIX_PATH="" "cmake" "/opt/rustwide/cargo-home/registry/src/index.crates.io-6f17d22bba15001f/openxr-sys-0.8.5/OpenXR-SDK" "-DBUILD_API_LAYERS=OFF" "-DBUILD_TESTS=OFF" "-DOpenGL_GL_PREFERENCE=GLVND" "-DDYNAMIC_LOADER=OFF" "-DCMAKE_INSTALL_LIBDIR=lib" "-DCMAKE_INSTALL_PREFIX=/opt/rustwide/target/debug/build/openxr-sys-75e1ff7369af8ae4/out" "-DCMAKE_C_FLAGS= -ffunction-sections -fdata-sections -fPIC -m64" "-DCMAKE_C_COMPILER=/usr/bin/cc" "-DCMAKE_CXX_FLAGS= -ffunction-sections -fdata-sections -fPIC -m64" "-DCMAKE_CXX_COMPILER=/usr/bin/c++" "-DCMAKE_ASM_FLAGS= -ffunction-sections -fdata-sections -fPIC -m64" "-DCMAKE_ASM_COMPILER=/usr/bin/cc" "-DCMAKE_BUILD_TYPE=Release"
[INFO] [stderr]   -- The C compiler identification is GNU 11.3.0
[INFO] [stderr]   -- The CXX compiler identification is GNU 11.3.0
[INFO] [stderr]   -- Detecting C compiler ABI info
[INFO] [stderr]   -- Detecting C compiler ABI info - done
[INFO] [stderr]   -- Check for working C compiler: /usr/bin/cc - skipped
[INFO] [stderr]   -- Detecting C compile features
[INFO] [stderr]   -- Detecting C compile features - done
[INFO] [stderr]   -- Detecting CXX compiler ABI info
[INFO] [stderr]   -- Detecting CXX compiler ABI info - done
[INFO] [stderr]   -- Check for working CXX compiler: /usr/bin/c++ - skipped
[INFO] [stderr]   -- Detecting CXX compile features
[INFO] [stderr]   -- Detecting CXX compile features - done
[INFO] [stderr]   -- Found PythonInterp: /usr/bin/python3 (found suitable version "3.10.6", minimum required is "3") 
[INFO] [stderr]   -- Performing Test HAVE_FILESYSTEM_IN_STD
[INFO] [stderr]   -- Performing Test HAVE_FILESYSTEM_IN_STD - Success
[INFO] [stderr]   -- Performing Test HAVE_FILESYSTEM_IN_STDEXPERIMENTAL
[INFO] [stderr]   -- Performing Test HAVE_FILESYSTEM_IN_STDEXPERIMENTAL - Failed
[INFO] [stderr]   -- Performing Test HAVE_FILESYSTEM_IN_STD_17
[INFO] [stderr]   -- Performing Test HAVE_FILESYSTEM_IN_STD_17 - Success
[INFO] [stderr]   -- Performing Test HAVE_FILESYSTEM_WITHOUT_LIB
[INFO] [stderr]   -- Performing Test HAVE_FILESYSTEM_WITHOUT_LIB - Success
[INFO] [stderr]   -- Performing Test HAVE_FILESYSTEM_NEEDING_LIBSTDCXXFS
[INFO] [stderr]   -- Performing Test HAVE_FILESYSTEM_NEEDING_LIBSTDCXXFS - Success
[INFO] [stderr]   -- Performing Test HAVE_FILESYSTEM_NEEDING_LIBCXXFS
[INFO] [stderr]   -- Performing Test HAVE_FILESYSTEM_NEEDING_LIBCXXFS - Failed
[INFO] [stderr]   -- Found OpenGL: /usr/lib/x86_64-linux-gnu/libOpenGL.so   
[INFO] [stderr]   -- Enabling OpenGL support
[INFO] [stderr]   -- Found VulkanHeaders: /usr/include  
[INFO] [stderr]   -- Found VulkanRegistry: /usr/share/vulkan/registry  
[INFO] [stderr]   -- Found Vulkan: /usr/lib/x86_64-linux-gnu/libvulkan.so  
[INFO] [stderr]   -- Enabling Vulkan support
[INFO] [stderr]   -- Looking for pthread.h
[INFO] [stderr]   -- Looking for pthread.h - found
[INFO] [stderr]   -- Performing Test CMAKE_HAVE_LIBC_PTHREAD
[INFO] [stderr]   -- Performing Test CMAKE_HAVE_LIBC_PTHREAD - Success
[INFO] [stderr]   -- Found Threads: TRUE  
[INFO] [stderr]   -- Could NOT find JsonCpp (missing: JsonCpp_INCLUDE_DIR JsonCpp_LIBRARY) 
[INFO] [stderr]   -- Presentation backend selected for hello_xr, loader_test, conformance: xlib
[INFO] [stderr]   -- Found X11: /usr/include   
[INFO] [stderr]   -- Looking for XOpenDisplay in /usr/lib/x86_64-linux-gnu/libX11.so;/usr/lib/x86_64-linux-gnu/libXext.so
[INFO] [stderr]   -- Looking for XOpenDisplay in /usr/lib/x86_64-linux-gnu/libX11.so;/usr/lib/x86_64-linux-gnu/libXext.so - found
[INFO] [stderr]   -- Looking for gethostbyname
[INFO] [stderr]   -- Looking for gethostbyname - found
[INFO] [stderr]   -- Looking for connect
[INFO] [stderr]   -- Looking for connect - found
[INFO] [stderr]   -- Looking for remove
[INFO] [stderr]   -- Looking for remove - found
[INFO] [stderr]   -- Looking for shmat
[INFO] [stderr]   -- Looking for shmat - found
[INFO] [stderr]   -- Looking for IceConnectionNumber in ICE
[INFO] [stderr]   -- Looking for IceConnectionNumber in ICE - found
[INFO] [stderr]   -- Found PkgConfig: /usr/bin/pkg-config (found version "0.29.2") 
[INFO] [stderr]   -- Checking for one of the modules 'xcb;xcb-glx'
[INFO] [stderr]   -- Checking for one of the modules 'wayland-client'
[INFO] [stderr]   -- BUILD_WITH_XLIB_HEADERS: ON
[INFO] [stderr]   -- BUILD_WITH_XCB_HEADERS: ON
[INFO] [stderr]   -- BUILD_WITH_WAYLAND_HEADERS: ON
[INFO] [stderr]   -- Could NOT find glslc, using precompiled .spv files
[INFO] [stderr]   -- Looking for secure_getenv
[INFO] [stderr]   -- Looking for secure_getenv - found
[INFO] [stderr]   -- Looking for __secure_getenv
[INFO] [stderr]   -- Looking for __secure_getenv - not found
[INFO] [stderr]   -- Looking for timespec_get
[INFO] [stderr]   -- Looking for timespec_get - found
[INFO] [stderr]   -- Found and will use pre-generated xr_generated_dispatch_table.h in source tree
[INFO] [stderr]   -- Found and will use pre-generated xr_generated_dispatch_table.c in source tree
[INFO] [stderr]   -- Performing Test SUPPORTS_Wall
[INFO] [stderr]   -- Performing Test SUPPORTS_Wall - Success
[INFO] [stderr]   -- Performing Test SUPPORTS_C_Wall
[INFO] [stderr]   -- Performing Test SUPPORTS_C_Wall - Success
[INFO] [stderr]   -- Performing Test SUPPORTS_Werrorunusedparameter
[INFO] [stderr]   -- Performing Test SUPPORTS_Werrorunusedparameter - Success
[INFO] [stderr]   -- Performing Test SUPPORTS_C_Werrorunusedparameter
[INFO] [stderr]   -- Performing Test SUPPORTS_C_Werrorunusedparameter - Success
[INFO] [stderr]   -- Performing Test SUPPORTS_Werrorunusedargument
[INFO] [stderr]   -- Performing Test SUPPORTS_Werrorunusedargument - Failed
[INFO] [stderr]   -- Performing Test SUPPORTS_C_Werrorunusedargument
[INFO] [stderr]   -- Performing Test SUPPORTS_C_Werrorunusedargument - Failed
[INFO] [stderr]   -- Performing Test SUPPORTS_Wpointerarith
[INFO] [stderr]   -- Performing Test SUPPORTS_Wpointerarith - Success
[INFO] [stderr]   -- Performing Test SUPPORTS_C_Wpointerarith
[INFO] [stderr]   -- Performing Test SUPPORTS_C_Wpointerarith - Success
[INFO] [stderr]   -- Found and will use pre-generated xr_generated_loader.hpp in source tree
[INFO] [stderr]   -- Found and will use pre-generated xr_generated_loader.cpp in source tree
[INFO] [stderr]   -- Configuring done
[INFO] [stderr]   -- Generating done
[INFO] [stderr]   -- Build files have been written to: /opt/rustwide/target/debug/build/openxr-sys-75e1ff7369af8ae4/out/build
[INFO] [stderr]   running: cd "/opt/rustwide/target/debug/build/openxr-sys-75e1ff7369af8ae4/out/build" && MAKEFLAGS="-j --jobserver-fds=7,8 --jobserver-auth=7,8" "cmake" "--build" "." "--target" "install" "--config" "Release" "--parallel" "16"
[INFO] [stderr]   [  0%] Built target generate_openxr_header
[INFO] [stderr]   [  0%] Built target xr_global_generated_files
[INFO] [stderr]   [  0%] Built target libopenxr_loader.so.1.0
[INFO] [stderr]   [  6%] Building CXX object src/loader/CMakeFiles/openxr_loader.dir/loader_instance.cpp.o
[INFO] [stderr]   [ 20%] Building CXX object src/loader/CMakeFiles/openxr_loader.dir/manifest_file.cpp.o
[INFO] [stderr]   [ 40%] Building CXX object src/loader/CMakeFiles/openxr_loader.dir/runtime_interface.cpp.o
[INFO] [stderr]   [ 40%] Building C object src/loader/CMakeFiles/openxr_loader.dir/__/xr_generated_dispatch_table.c.o
[INFO] [stderr]   [ 40%] Building CXX object src/loader/CMakeFiles/openxr_loader.dir/api_layer_interface.cpp.o
[INFO] [stderr]   [ 40%] Building CXX object src/loader/CMakeFiles/openxr_loader.dir/loader_logger_recorders.cpp.o
[INFO] [stderr]   [ 46%] Building CXX object src/loader/CMakeFiles/openxr_loader.dir/xr_generated_loader.cpp.o
[INFO] [stderr]   [ 53%] Building CXX object src/loader/CMakeFiles/openxr_loader.dir/loader_logger.cpp.o
[INFO] [stderr]   [ 73%] Building CXX object src/loader/CMakeFiles/openxr_loader.dir/loader_core.cpp.o
[INFO] [stderr]   [ 73%] Building CXX object src/loader/CMakeFiles/openxr_loader.dir/__/external/jsoncpp/src/lib_json/json_value.cpp.o
[INFO] [stderr]   [ 73%] Building CXX object src/loader/CMakeFiles/openxr_loader.dir/__/common/object_info.cpp.o
[INFO] [stderr]   [ 80%] Building CXX object src/loader/CMakeFiles/openxr_loader.dir/__/external/jsoncpp/src/lib_json/json_reader.cpp.o
[INFO] [stderr]   [ 86%] Building CXX object src/loader/CMakeFiles/openxr_loader.dir/__/external/jsoncpp/src/lib_json/json_writer.cpp.o
[INFO] [stderr]   [ 93%] Building CXX object src/loader/CMakeFiles/openxr_loader.dir/__/common/filesystem_utils.cpp.o
[INFO] [stderr] 
[INFO] [stderr]   --- stderr
[INFO] [stderr]   CMake Warning (dev) at /usr/share/cmake-3.22/Modules/FindPackageHandleStandardArgs.cmake:438 (message):
[INFO] [stderr]     The package name passed to `find_package_handle_standard_args`
[INFO] [stderr]     (VulkanRegistry) does not match the name of the calling package
[INFO] [stderr]     (VulkanHeaders).  This can lead to problems in calling code that expects
[INFO] [stderr]     `find_package` result variables (e.g., `_FOUND`) to follow a certain
[INFO] [stderr]     pattern.
[INFO] [stderr]   Call Stack (most recent call first):
[INFO] [stderr]     src/cmake/FindVulkanHeaders.cmake:84 (find_package_handle_standard_args)
[INFO] [stderr]     src/CMakeLists.txt:57 (find_package)
[INFO] [stderr]   This warning is for project developers.  Use -Wno-dev to suppress it.
[INFO] [stderr] 
[INFO] [stderr]   CMake Warning (dev) at src/loader/CMakeLists.txt:47 (add_library):
[INFO] [stderr]     Policy CMP0063 is not set: Honor visibility properties for all target
[INFO] [stderr]     types.  Run "cmake --help-policy CMP0063" for policy details.  Use the
[INFO] [stderr]     cmake_policy command to set the policy and suppress this warning.
[INFO] [stderr] 
[INFO] [stderr]     Target "openxr_loader" of type "STATIC_LIBRARY" has the following
[INFO] [stderr]     visibility properties set for C:
[INFO] [stderr] 
[INFO] [stderr]       C_VISIBILITY_PRESET
[INFO] [stderr] 
[INFO] [stderr]     For compatibility CMake is not honoring them for this target.
[INFO] [stderr]   This warning is for project developers.  Use -Wno-dev to suppress it.
[INFO] [stderr] 
[INFO] [stderr]   CMake Warning:
[INFO] [stderr]     Manually-specified variables were not used by the project:
[INFO] [stderr] 
[INFO] [stderr]       CMAKE_ASM_COMPILER
[INFO] [stderr]       CMAKE_ASM_FLAGS
[INFO] [stderr] 
[INFO] [stderr] 
[INFO] [stderr]   gmake: warning: -j16 forced in submake: resetting jobserver mode.
[INFO] [stderr]   c++: fatal error: Killed signal terminated program cc1plus
[INFO] [stderr]   compilation terminated.
[INFO] [stderr]   gmake[2]: *** [src/loader/CMakeFiles/openxr_loader.dir/build.make:146: src/loader/CMakeFiles/openxr_loader.dir/manifest_file.cpp.o] Error 1
[INFO] [stderr]   gmake[2]: *** Waiting for unfinished jobs....
[INFO] [stderr]   gmake[1]: *** [CMakeFiles/Makefile2:229: src/loader/CMakeFiles/openxr_loader.dir/all] Error 2
[INFO] [stderr]   gmake: *** [Makefile:136: all] Error 2
[INFO] [stderr]   thread 'main' panicked at '
[INFO] [stderr]   command did not execute successfully, got: exit status: 2
[INFO] [stderr] 
[INFO] [stderr]   build script failed, must exit now', /opt/rustwide/cargo-home/registry/src/index.crates.io-6f17d22bba15001f/cmake-0.1.46/src/lib.rs:974:5
[INFO] [stderr]   stack backtrace:
[INFO] [stderr]      0:     0x55d7ab5065ca - std::backtrace_rs::backtrace::libunwind::trace::h2f05d0192276a8f6
[INFO] [stderr]                                  at /rustc/1b7dd2252b99671ce5d1cb9664c5f8636329436d/library/std/src/../../backtrace/src/backtrace/libunwind.rs:93:5
[INFO] [stderr]      1:     0x55d7ab5065ca - std::backtrace_rs::backtrace::trace_unsynchronized::hedc23dff7a1af150
[INFO] [stderr]                                  at /rustc/1b7dd2252b99671ce5d1cb9664c5f8636329436d/library/std/src/../../backtrace/src/backtrace/mod.rs:66:5
[INFO] [stderr]      2:     0x55d7ab5065ca - std::sys_common::backtrace::_print_fmt::h17541ef7592f3ce2
[INFO] [stderr]                                  at /rustc/1b7dd2252b99671ce5d1cb9664c5f8636329436d/library/std/src/sys_common/backtrace.rs:65:5
[INFO] [stderr]      3:     0x55d7ab5065ca - <std::sys_common::backtrace::_print::DisplayBacktrace as core::fmt::Display>::fmt::h20f75df5ab0c0792
[INFO] [stderr]                                  at /rustc/1b7dd2252b99671ce5d1cb9664c5f8636329436d/library/std/src/sys_common/backtrace.rs:44:22
[INFO] [stderr]      4:     0x55d7ab526f0f - core::fmt::write::h78109e6f466b3af6
[INFO] [stderr]                                  at /rustc/1b7dd2252b99671ce5d1cb9664c5f8636329436d/library/core/src/fmt/mod.rs:1254:17
[INFO] [stderr]      5:     0x55d7ab503415 - std::io::Write::write_fmt::hc59e1b02dd273c8a
[INFO] [stderr]                                  at /rustc/1b7dd2252b99671ce5d1cb9664c5f8636329436d/library/std/src/io/mod.rs:1698:15
[INFO] [stderr]      6:     0x55d7ab506395 - std::sys_common::backtrace::_print::h8dac57a9f8fbf9a5
[INFO] [stderr]                                  at /rustc/1b7dd2252b99671ce5d1cb9664c5f8636329436d/library/std/src/sys_common/backtrace.rs:47:5
[INFO] [stderr]      7:     0x55d7ab506395 - std::sys_common::backtrace::print::hf9ecbf41d1aa712f
[INFO] [stderr]                                  at /rustc/1b7dd2252b99671ce5d1cb9664c5f8636329436d/library/std/src/sys_common/backtrace.rs:34:9
[INFO] [stderr]      8:     0x55d7ab507c5e - std::panicking::default_hook::{{closure}}::h04c07acfc84ca028
[INFO] [stderr]                                  at /rustc/1b7dd2252b99671ce5d1cb9664c5f8636329436d/library/std/src/panicking.rs:269:22
[INFO] [stderr]      9:     0x55d7ab507a05 - std::panicking::default_hook::h01f6bb23e1eceb2c
[INFO] [stderr]                                  at /rustc/1b7dd2252b99671ce5d1cb9664c5f8636329436d/library/std/src/panicking.rs:288:9
[INFO] [stderr]     10:     0x55d7ab5081be - std::panicking::rust_panic_with_hook::h2bb3722bbaf2f6df
[INFO] [stderr]                                  at /rustc/1b7dd2252b99671ce5d1cb9664c5f8636329436d/library/std/src/panicking.rs:691:13
[INFO] [stderr]     11:     0x55d7ab5080b9 - std::panicking::begin_panic_handler::{{closure}}::h91bc7f36a4be011b
[INFO] [stderr]                                  at /rustc/1b7dd2252b99671ce5d1cb9664c5f8636329436d/library/std/src/panicking.rs:582:13
[INFO] [stderr]     12:     0x55d7ab506a36 - std::sys_common::backtrace::__rust_end_short_backtrace::h8b3d3717114f9e59
[INFO] [stderr]                                  at /rustc/1b7dd2252b99671ce5d1cb9664c5f8636329436d/library/std/src/sys_common/backtrace.rs:150:18
[INFO] [stderr]     13:     0x55d7ab507e12 - rust_begin_unwind
[INFO] [stderr]                                  at /rustc/1b7dd2252b99671ce5d1cb9664c5f8636329436d/library/std/src/panicking.rs:578:5
[INFO] [stderr]     14:     0x55d7ab4927d3 - core::panicking::panic_fmt::hfd368e3fbdabea26
[INFO] [stderr]                                  at /rustc/1b7dd2252b99671ce5d1cb9664c5f8636329436d/library/core/src/panicking.rs:67:14
[INFO] [stderr]     15:     0x55d7ab49c02f - cmake::fail::h8b3d286af6ddc077
[INFO] [stderr]     16:     0x55d7ab49ba93 - cmake::run::ha033602f76af4a94
[INFO] [stderr]     17:     0x55d7ab498f06 - cmake::Config::build::hda1635c698cb521c
[INFO] [stderr]     18:     0x55d7ab494526 - build_script_build::main::he8f8c55de5ada249
[INFO] [stderr]     19:     0x55d7ab493f03 - core::ops::function::FnOnce::call_once::h68f64e90ac60519e
[INFO] [stderr]     20:     0x55d7ab493456 - std::sys_common::backtrace::__rust_begin_short_backtrace::h9f518fcf7ec14f08
[INFO] [stderr]     21:     0x55d7ab494849 - std::rt::lang_start::{{closure}}::hce699518c2668968
[INFO] [stderr]     22:     0x55d7ab4ff78e - core::ops::function::impls::<impl core::ops::function::FnOnce<A> for &F>::call_once::h2eb19b8ce4148df4
[INFO] [stderr]                                  at /rustc/1b7dd2252b99671ce5d1cb9664c5f8636329436d/library/core/src/ops/function.rs:287:13
[INFO] [stderr]     23:     0x55d7ab4ff78e - std::panicking::try::do_call::h2e900feff5d504c5
[INFO] [stderr]                                  at /rustc/1b7dd2252b99671ce5d1cb9664c5f8636329436d/library/std/src/panicking.rs:485:40
[INFO] [stderr]     24:     0x55d7ab4ff78e - std::panicking::try::h8854836cb85aa9f2
[INFO] [stderr]                                  at /rustc/1b7dd2252b99671ce5d1cb9664c5f8636329436d/library/std/src/panicking.rs:449:19
[INFO] [stderr]     25:     0x55d7ab4ff78e - std::panic::catch_unwind::h706025dd4c48f64b
[INFO] [stderr]                                  at /rustc/1b7dd2252b99671ce5d1cb9664c5f8636329436d/library/std/src/panic.rs:140:14
[INFO] [stderr]     26:     0x55d7ab4ff78e - std::rt::lang_start_internal::{{closure}}::h7be5b97f4a07a91a
[INFO] [stderr]                                  at /rustc/1b7dd2252b99671ce5d1cb9664c5f8636329436d/library/std/src/rt.rs:148:48
[INFO] [stderr]     27:     0x55d7ab4ff78e - std::panicking::try::do_call::h59847e9d0a176965
[INFO] [stderr]                                  at /rustc/1b7dd2252b99671ce5d1cb9664c5f8636329436d/library/std/src/panicking.rs:485:40
[INFO] [stderr]     28:     0x55d7ab4ff78e - std::panicking::try::h399a918ba8522823
[INFO] [stderr]                                  at /rustc/1b7dd2252b99671ce5d1cb9664c5f8636329436d/library/std/src/panicking.rs:449:19
[INFO] [stderr]     29:     0x55d7ab4ff78e - std::panic::catch_unwind::hca7ca6c55b2a2e26
[INFO] [stderr]                                  at /rustc/1b7dd2252b99671ce5d1cb9664c5f8636329436d/library/std/src/panic.rs:140:14
[INFO] [stderr]     30:     0x55d7ab4ff78e - std::rt::lang_start_internal::h2c807a81560459eb
[INFO] [stderr]                                  at /rustc/1b7dd2252b99671ce5d1cb9664c5f8636329436d/library/std/src/rt.rs:148:20
[INFO] [stderr]     31:     0x55d7ab494827 - std::rt::lang_start::hd3a74bbfb57b264b
[INFO] [stderr]     32:     0x55d7ab4947f5 - main
[INFO] [stderr]     33:     0x7fd36d5efd90 - <unknown>
[INFO] [stderr]     34:     0x7fd36d5efe40 - __libc_start_main
[INFO] [stderr]     35:     0x55d7ab492d55 - _start
[INFO] [stderr]     36:                0x0 - <unknown>
[INFO] running `Command { std: "docker" "inspect" "a7c88f6f23ee8fa28b85ccca5c94224d1b0846c3acab0e2e31ee5e83b80c4d72", kill_on_drop: false }`
[INFO] running `Command { std: "docker" "rm" "-f" "a7c88f6f23ee8fa28b85ccca5c94224d1b0846c3acab0e2e31ee5e83b80c4d72", kill_on_drop: false }`
[INFO] [stdout] a7c88f6f23ee8fa28b85ccca5c94224d1b0846c3acab0e2e31ee5e83b80c4d72
