[INFO] cloning repository https://github.com/Martins3/blog-generator
[INFO] running `Command { std: "git" "-c" "credential.helper=" "-c" "credential.helper=/workspace/cargo-home/bin/git-credential-null" "clone" "--bare" "https://github.com/Martins3/blog-generator" "/workspace/cache/git-repos/https%3A%2F%2Fgithub.com%2FMartins3%2Fblog-generator", kill_on_drop: false }`
[INFO] [stderr] Cloning into bare repository '/workspace/cache/git-repos/https%3A%2F%2Fgithub.com%2FMartins3%2Fblog-generator'...
[INFO] running `Command { std: "git" "rev-parse" "HEAD", kill_on_drop: false }`
[INFO] [stdout] 51f83d7bdd470c8bac1506019c8e6d5feef766be
[INFO] testing Martins3/blog-generator against 1.69.0 for beta-1.70-1
[INFO] running `Command { std: "git" "clone" "/workspace/cache/git-repos/https%3A%2F%2Fgithub.com%2FMartins3%2Fblog-generator" "/workspace/builds/worker-1-tc1/source", kill_on_drop: false }`
[INFO] [stderr] Cloning into '/workspace/builds/worker-1-tc1/source'...
[INFO] [stderr] done.
[INFO] validating manifest of git repo https://github.com/Martins3/blog-generator on toolchain 1.69.0
[INFO] running `Command { std: CARGO_HOME="/workspace/cargo-home" RUSTUP_HOME="/workspace/rustup-home" "/workspace/cargo-home/bin/cargo" "+1.69.0" "metadata" "--manifest-path" "Cargo.toml" "--no-deps", kill_on_drop: false }`
[INFO] started tweaking git repo https://github.com/Martins3/blog-generator
[INFO] finished tweaking git repo https://github.com/Martins3/blog-generator
[INFO] tweaked toml for git repo https://github.com/Martins3/blog-generator written to /workspace/builds/worker-1-tc1/source/Cargo.toml
[INFO] crate git repo https://github.com/Martins3/blog-generator already has a lockfile, it will not be regenerated
[INFO] running `Command { std: CARGO_HOME="/workspace/cargo-home" RUSTUP_HOME="/workspace/rustup-home" "/workspace/cargo-home/bin/cargo" "+1.69.0" "fetch" "--manifest-path" "Cargo.toml", kill_on_drop: false }`
[INFO] running `Command { std: "docker" "create" "-v" "/var/lib/crater-agent-workspace/builds/worker-1-tc1/target:/opt/rustwide/target:rw,Z" "-v" "/var/lib/crater-agent-workspace/builds/worker-1-tc1/source:/opt/rustwide/workdir:ro,Z" "-v" "/var/lib/crater-agent-workspace/cargo-home:/opt/rustwide/cargo-home:ro,Z" "-v" "/var/lib/crater-agent-workspace/rustup-home:/opt/rustwide/rustup-home:ro,Z" "-e" "SOURCE_DIR=/opt/rustwide/workdir" "-e" "CARGO_TARGET_DIR=/opt/rustwide/target" "-e" "CARGO_HOME=/opt/rustwide/cargo-home" "-e" "RUSTUP_HOME=/opt/rustwide/rustup-home" "-w" "/opt/rustwide/workdir" "-m" "1610612736" "--user" "0:0" "--network" "none" "ghcr.io/rust-lang/crates-build-env/linux@sha256:5ff2268d62e97bff2cde7d5815dd6ed5b47097566f13b8d0ca110b04b60e07ed" "/opt/rustwide/cargo-home/bin/cargo" "+1.69.0" "metadata" "--no-deps" "--format-version=1", kill_on_drop: false }`
[INFO] [stdout] d3273f8bdf86c3e6f1e08774cdf89f7a742e789a418b7bf56521ef2d29c4087a
[INFO] running `Command { std: "docker" "start" "-a" "d3273f8bdf86c3e6f1e08774cdf89f7a742e789a418b7bf56521ef2d29c4087a", kill_on_drop: false }`
[INFO] running `Command { std: "docker" "inspect" "d3273f8bdf86c3e6f1e08774cdf89f7a742e789a418b7bf56521ef2d29c4087a", kill_on_drop: false }`
[INFO] running `Command { std: "docker" "rm" "-f" "d3273f8bdf86c3e6f1e08774cdf89f7a742e789a418b7bf56521ef2d29c4087a", kill_on_drop: false }`
[INFO] [stdout] d3273f8bdf86c3e6f1e08774cdf89f7a742e789a418b7bf56521ef2d29c4087a
[INFO] running `Command { std: "docker" "create" "-v" "/var/lib/crater-agent-workspace/builds/worker-1-tc1/target:/opt/rustwide/target:rw,Z" "-v" "/var/lib/crater-agent-workspace/builds/worker-1-tc1/source:/opt/rustwide/workdir:ro,Z" "-v" "/var/lib/crater-agent-workspace/cargo-home:/opt/rustwide/cargo-home:ro,Z" "-v" "/var/lib/crater-agent-workspace/rustup-home:/opt/rustwide/rustup-home:ro,Z" "-e" "SOURCE_DIR=/opt/rustwide/workdir" "-e" "CARGO_TARGET_DIR=/opt/rustwide/target" "-e" "CARGO_INCREMENTAL=0" "-e" "RUST_BACKTRACE=full" "-e" "RUSTFLAGS=--cap-lints=warn" "-e" "RUSTDOCFLAGS=--cap-lints=warn" "-e" "CARGO_HOME=/opt/rustwide/cargo-home" "-e" "RUSTUP_HOME=/opt/rustwide/rustup-home" "-w" "/opt/rustwide/workdir" "-m" "1610612736" "--user" "0:0" "--network" "none" "ghcr.io/rust-lang/crates-build-env/linux@sha256:5ff2268d62e97bff2cde7d5815dd6ed5b47097566f13b8d0ca110b04b60e07ed" "/opt/rustwide/cargo-home/bin/cargo" "+1.69.0" "build" "--frozen" "--message-format=json", kill_on_drop: false }`
[INFO] [stdout] 955b8b55e417c89de309759165c48e39987516ce60a6bd2e517cc18d5b7460ec
[INFO] running `Command { std: "docker" "start" "-a" "955b8b55e417c89de309759165c48e39987516ce60a6bd2e517cc18d5b7460ec", kill_on_drop: false }`
[INFO] [stderr]    Compiling blog v0.1.0 (/opt/rustwide/workdir)
[INFO] [stdout] error[E0463]: can't find crate for `glob`
[INFO] [stdout]  --> src/lib.rs:1:1
[INFO] [stdout]   |
[INFO] [stdout] 1 | extern crate glob;
[INFO] [stdout]   | ^^^^^^^^^^^^^^^^^^ can't find crate
[INFO] [stdout] 
[INFO] [stdout] 
[INFO] [stdout] error[E0433]: failed to resolve: use of undeclared crate or module `chrono`
[INFO] [stdout]  --> src/category/mod.rs:2:5
[INFO] [stdout]   |
[INFO] [stdout] 2 | use chrono::prelude::*;
[INFO] [stdout]   |     ^^^^^^ use of undeclared crate or module `chrono`
[INFO] [stdout] 
[INFO] [stdout] 
[INFO] [stdout] error[E0432]: unresolved import `chrono`
[INFO] [stdout]  --> src/category/mod.rs:3:5
[INFO] [stdout]   |
[INFO] [stdout] 3 | use chrono::DateTime;
[INFO] [stdout]   |     ^^^^^^ use of undeclared crate or module `chrono`
[INFO] [stdout] 
[INFO] [stdout] 
[INFO] [stdout] error[E0412]: cannot find type `Local` in this scope
[INFO] [stdout]    --> src/category/mod.rs:113:31
[INFO] [stdout]     |
[INFO] [stdout] 113 |             let utc: DateTime<Local> = Local::now();
[INFO] [stdout]     |                               ^^^^^ not found in this scope
[INFO] [stdout]     |
[INFO] [stdout] help: you might be missing a type parameter
[INFO] [stdout]     |
[INFO] [stdout] 51  | pub fn new<Local>(t: ArticleType) -> Result<(), Box<dyn std::error::Error>> {
[INFO] [stdout]     |           +++++++
[INFO] [stdout] 
[INFO] [stdout] 
[INFO] [stdout] error[E0425]: cannot find value `Local` in this scope
[INFO] [stdout]    --> src/category/mod.rs:114:25
[INFO] [stdout]     |
[INFO] [stdout] 114 |             let start = Local.datetime_from_str("2019-3-1 12:00:00", "%Y-%m-%d %H:%M:%S")?;
[INFO] [stdout]     |                         ^^^^^ not found in this scope
[INFO] [stdout] 
[INFO] [stdout] 
[INFO] [stdout] error[E0433]: failed to resolve: use of undeclared type `Local`
[INFO] [stdout]   --> src/category/mod.rs:53:18
[INFO] [stdout]    |
[INFO] [stdout] 53 |         let dt = Local::now();
[INFO] [stdout]    |                  ^^^^^ use of undeclared type `Local`
[INFO] [stdout] 
[INFO] [stdout] 
[INFO] [stdout] error[E0433]: failed to resolve: use of undeclared type `Local`
[INFO] [stdout]    --> src/category/mod.rs:113:40
[INFO] [stdout]     |
[INFO] [stdout] 113 |             let utc: DateTime<Local> = Local::now();
[INFO] [stdout]     |                                        ^^^^^ use of undeclared type `Local`
[INFO] [stdout] 
[INFO] [stdout] 
[INFO] [stdout] error[E0433]: failed to resolve: use of undeclared type `Local`
[INFO] [stdout]    --> src/category/mod.rs:156:29
[INFO] [stdout]     |
[INFO] [stdout] 156 |                     let t = Local::now().format("%Y-%m-%d %H:%M:%S").to_string();
[INFO] [stdout]     |                             ^^^^^ use of undeclared type `Local`
[INFO] [stdout] 
[INFO] [stdout] 
[INFO] [stdout] error: aborting due to 8 previous errors
[INFO] [stdout] 
[INFO] [stdout] 
[INFO] [stdout] Some errors have detailed explanations: E0412, E0425, E0432, E0433, E0463.
[INFO] [stdout] 
[INFO] [stdout] For more information about an error, try `rustc --explain E0412`.
[INFO] [stdout] 
[INFO] [stderr] error: could not compile `blog` due to 9 previous errors
[INFO] running `Command { std: "docker" "inspect" "955b8b55e417c89de309759165c48e39987516ce60a6bd2e517cc18d5b7460ec", kill_on_drop: false }`
[INFO] running `Command { std: "docker" "rm" "-f" "955b8b55e417c89de309759165c48e39987516ce60a6bd2e517cc18d5b7460ec", kill_on_drop: false }`
[INFO] [stdout] 955b8b55e417c89de309759165c48e39987516ce60a6bd2e517cc18d5b7460ec
