[INFO] cloning repository https://github.com/Mange/prgnome
[INFO] running `Command { std: "git" "-c" "credential.helper=" "-c" "credential.helper=/workspace/cargo-home/bin/git-credential-null" "clone" "--bare" "https://github.com/Mange/prgnome" "/workspace/cache/git-repos/https%3A%2F%2Fgithub.com%2FMange%2Fprgnome", kill_on_drop: false }`
[INFO] [stderr] Cloning into bare repository '/workspace/cache/git-repos/https%3A%2F%2Fgithub.com%2FMange%2Fprgnome'...
[INFO] running `Command { std: "git" "rev-parse" "HEAD", kill_on_drop: false }`
[INFO] [stdout] c7da34183c7af758a032cde09189dd54adab38f5
[INFO] testing Mange/prgnome against beta-2023-04-20 for beta-1.70-1
[INFO] running `Command { std: "git" "clone" "/workspace/cache/git-repos/https%3A%2F%2Fgithub.com%2FMange%2Fprgnome" "/workspace/builds/worker-3-tc2/source", kill_on_drop: false }`
[INFO] [stderr] Cloning into '/workspace/builds/worker-3-tc2/source'...
[INFO] [stderr] done.
[INFO] validating manifest of git repo https://github.com/Mange/prgnome on toolchain beta-2023-04-20
[INFO] running `Command { std: CARGO_HOME="/workspace/cargo-home" RUSTUP_HOME="/workspace/rustup-home" "/workspace/cargo-home/bin/cargo" "+beta-2023-04-20" "metadata" "--manifest-path" "Cargo.toml" "--no-deps", kill_on_drop: false }`
[INFO] started tweaking git repo https://github.com/Mange/prgnome
[INFO] finished tweaking git repo https://github.com/Mange/prgnome
[INFO] tweaked toml for git repo https://github.com/Mange/prgnome written to /workspace/builds/worker-3-tc2/source/Cargo.toml
[INFO] crate git repo https://github.com/Mange/prgnome already has a lockfile, it will not be regenerated
[INFO] running `Command { std: CARGO_HOME="/workspace/cargo-home" RUSTUP_HOME="/workspace/rustup-home" "/workspace/cargo-home/bin/cargo" "+beta-2023-04-20" "fetch" "--manifest-path" "Cargo.toml", kill_on_drop: false }`
[INFO] [stderr]  Downloading crates ...
[INFO] [stderr]   Downloaded syn v0.15.18
[INFO] [stderr]   Downloaded reqwest v0.9.4
[INFO] [stderr]   Downloaded listenfd v0.3.3
[INFO] [stderr]   Downloaded heck v0.3.0
[INFO] [stderr]   Downloaded quote v0.6.9
[INFO] [stderr]   Downloaded regex v1.0.6
[INFO] [stderr]   Downloaded error-chain v0.1.12
[INFO] [stderr]   Downloaded ipconfig v0.1.7
[INFO] [stderr]   Downloaded signal-hook v0.1.5
[INFO] [stderr]   Downloaded miniz_oxide_c_api v0.2.0
[INFO] [stderr]   Downloaded arc-swap v0.3.4
[INFO] [stderr]   Downloaded tokio-signal v0.2.6
[INFO] [stderr]   Downloaded trust-dns-resolver v0.10.0
[INFO] [stderr]   Downloaded actix-web v0.7.13
[INFO] [stderr]   Downloaded encoding_rs v0.8.10
[INFO] [stderr]   Downloaded ring v0.13.3
[INFO] [stderr]   Downloaded structopt-derive v0.2.13
[INFO] [stderr]   Downloaded structopt v0.2.13
[INFO] [stderr]   Downloaded regex-syntax v0.6.3
[INFO] [stderr]   Downloaded miniz_oxide v0.2.0
[INFO] [stderr]   Downloaded flate2 v1.0.4
[INFO] [stderr]   Downloaded resolv-conf v0.6.1
[INFO] [stderr]   Downloaded trust-dns-proto v0.4.3
[INFO] [stderr]   Downloaded trust-dns-resolver v0.9.1
[INFO] [stderr]   Downloaded actix v0.7.5
[INFO] [stderr]   Downloaded actix-net v0.1.1
[INFO] running `Command { std: "docker" "create" "-v" "/var/lib/crater-agent-workspace/builds/worker-3-tc2/target:/opt/rustwide/target:rw,Z" "-v" "/var/lib/crater-agent-workspace/builds/worker-3-tc2/source:/opt/rustwide/workdir:ro,Z" "-v" "/var/lib/crater-agent-workspace/cargo-home:/opt/rustwide/cargo-home:ro,Z" "-v" "/var/lib/crater-agent-workspace/rustup-home:/opt/rustwide/rustup-home:ro,Z" "-e" "SOURCE_DIR=/opt/rustwide/workdir" "-e" "CARGO_TARGET_DIR=/opt/rustwide/target" "-e" "CARGO_HOME=/opt/rustwide/cargo-home" "-e" "RUSTUP_HOME=/opt/rustwide/rustup-home" "-w" "/opt/rustwide/workdir" "-m" "1610612736" "--user" "0:0" "--network" "none" "ghcr.io/rust-lang/crates-build-env/linux@sha256:5ff2268d62e97bff2cde7d5815dd6ed5b47097566f13b8d0ca110b04b60e07ed" "/opt/rustwide/cargo-home/bin/cargo" "+beta-2023-04-20" "metadata" "--no-deps" "--format-version=1", kill_on_drop: false }`
[INFO] [stdout] d8d14e05709889bed6c69d858db260ba7d03b37f110fc06587acb28f5be13c35
[INFO] running `Command { std: "docker" "start" "-a" "d8d14e05709889bed6c69d858db260ba7d03b37f110fc06587acb28f5be13c35", kill_on_drop: false }`
[INFO] running `Command { std: "docker" "inspect" "d8d14e05709889bed6c69d858db260ba7d03b37f110fc06587acb28f5be13c35", kill_on_drop: false }`
[INFO] running `Command { std: "docker" "rm" "-f" "d8d14e05709889bed6c69d858db260ba7d03b37f110fc06587acb28f5be13c35", kill_on_drop: false }`
[INFO] [stdout] d8d14e05709889bed6c69d858db260ba7d03b37f110fc06587acb28f5be13c35
[INFO] running `Command { std: "docker" "create" "-v" "/var/lib/crater-agent-workspace/builds/worker-3-tc2/target:/opt/rustwide/target:rw,Z" "-v" "/var/lib/crater-agent-workspace/builds/worker-3-tc2/source:/opt/rustwide/workdir:ro,Z" "-v" "/var/lib/crater-agent-workspace/cargo-home:/opt/rustwide/cargo-home:ro,Z" "-v" "/var/lib/crater-agent-workspace/rustup-home:/opt/rustwide/rustup-home:ro,Z" "-e" "SOURCE_DIR=/opt/rustwide/workdir" "-e" "CARGO_TARGET_DIR=/opt/rustwide/target" "-e" "CARGO_INCREMENTAL=0" "-e" "RUST_BACKTRACE=full" "-e" "RUSTFLAGS=--cap-lints=warn" "-e" "RUSTDOCFLAGS=--cap-lints=warn" "-e" "CARGO_HOME=/opt/rustwide/cargo-home" "-e" "RUSTUP_HOME=/opt/rustwide/rustup-home" "-w" "/opt/rustwide/workdir" "-m" "1610612736" "--user" "0:0" "--network" "none" "ghcr.io/rust-lang/crates-build-env/linux@sha256:5ff2268d62e97bff2cde7d5815dd6ed5b47097566f13b8d0ca110b04b60e07ed" "/opt/rustwide/cargo-home/bin/cargo" "+beta-2023-04-20" "build" "--frozen" "--message-format=json", kill_on_drop: false }`
[INFO] [stdout] edcf1f9179f94a1ea639d08e4c90b04b5999f64587a91c2040319f7ea1c877f2
[INFO] running `Command { std: "docker" "start" "-a" "edcf1f9179f94a1ea639d08e4c90b04b5999f64587a91c2040319f7ea1c877f2", kill_on_drop: false }`
[INFO] [stderr]    Compiling cc v1.0.25
[INFO] [stderr]    Compiling lazy_static v1.2.0
[INFO] [stderr]    Compiling futures v0.1.25
[INFO] [stderr]    Compiling byteorder v1.2.7
[INFO] [stderr]    Compiling log v0.4.6
[INFO] [stderr]    Compiling net2 v0.2.33
[INFO] [stderr]    Compiling lazycell v1.2.0
[INFO] [stderr]    Compiling proc-macro2 v0.4.20
[INFO] [stderr]    Compiling encoding_index_tests v0.1.4
[INFO] [stderr]    Compiling unicode-xid v0.1.0
[INFO] [stderr]    Compiling winapi-build v0.1.1
[INFO] [stderr]    Compiling unicode-bidi v0.3.4
[INFO] [stderr]    Compiling crossbeam-epoch v0.5.2
[INFO] [stderr]    Compiling bytes v0.4.10
[INFO] [stderr]    Compiling mio v0.6.16
[INFO] [stderr]    Compiling encoding-index-japanese v1.20141219.5
[INFO] [stderr]    Compiling encoding-index-simpchinese v1.20141219.5
[INFO] [stderr]    Compiling encoding-index-korean v1.20141219.5
[INFO] [stderr]    Compiling quote v0.6.9
[INFO] [stderr]    Compiling backtrace-sys v0.1.24
[INFO] [stderr]    Compiling encoding-index-tradchinese v1.20141219.5
[INFO] [stderr]    Compiling encoding-index-singlebyte v1.20141219.5
[INFO] [stderr]    Compiling unicode-normalization v0.1.7
[INFO] [stderr]    Compiling syn v0.15.18
[INFO] [stderr]    Compiling rustc-demangle v0.1.9
[INFO] [stderr]    Compiling encoding v0.2.33
[INFO] [stderr]    Compiling mio-uds v0.6.7
[INFO] [stderr]    Compiling tokio-executor v0.1.5
[INFO] [stderr]    Compiling tokio-io v0.1.10
[INFO] [stderr]    Compiling crossbeam-deque v0.6.1
[INFO] [stderr]    Compiling unicase v1.4.2
[INFO] [stderr]    Compiling tokio-timer v0.2.7
[INFO] [stderr]    Compiling percent-encoding v1.0.1
[INFO] [stderr]    Compiling tokio-threadpool v0.1.8
[INFO] [stderr]    Compiling tokio-reactor v0.1.6
[INFO] [stderr]    Compiling tokio-codec v0.1.1
[INFO] [stderr]    Compiling dbghelp-sys v0.2.0
[INFO] [stderr]    Compiling idna v0.1.5
[INFO] [stderr]    Compiling tokio-udp v0.1.2
[INFO] [stderr]    Compiling tokio-tcp v0.1.2
[INFO] [stderr]    Compiling tokio-uds v0.2.3
[INFO] [stderr]    Compiling tokio-fs v0.1.4
[INFO] [stderr]    Compiling tokio-current-thread v0.1.3
[INFO] [stderr]    Compiling kernel32-sys v0.2.2
[INFO] [stderr]    Compiling winapi v0.2.8
[INFO] [stderr]    Compiling bitflags v1.0.4
[INFO] [stderr]    Compiling siphasher v0.2.3
[INFO] [stderr]    Compiling failure_derive v0.1.3
[INFO] [stderr]    Compiling url v1.7.2
[INFO] [stderr]    Compiling itoa v0.4.3
[INFO] [stderr]    Compiling phf_shared v0.7.23
[INFO] [stderr]    Compiling tokio v0.1.11
[INFO] [stderr]    Compiling openssl-sys v0.9.39
[INFO] [stderr]    Compiling time v0.1.40
[INFO] [stderr]    Compiling backtrace v0.2.3
[INFO] [stderr]    Compiling fnv v1.0.6
[INFO] [stderr]    Compiling quick-error v1.2.2
[INFO] [stderr]    Compiling backtrace v0.3.9
[INFO] [stderr]    Compiling memchr v2.1.1
[INFO] [stderr] The following warnings were emitted during compilation:
[INFO] [stderr] 
[INFO] [stderr] warning: /opt/rustwide/target/debug/build/openssl-sys-8708538117b6f367/out/expando.c:4:24: error: pasting "RUST_VERSION_OPENSSL_" and "(" does not give a valid preprocessing token
[INFO] [stderr] warning:     4 | #define VERSION2(n, v) RUST_VERSION_ ## n ## _ ## v
[INFO] [stderr] warning:       |                        ^~~~~~~~~~~~~
[INFO] [stderr] warning: /opt/rustwide/target/debug/build/openssl-sys-8708538117b6f367/out/expando.c:5:23: note: in expansion of macro 'VERSION2'
[INFO] [stderr] warning:     5 | #define VERSION(n, v) VERSION2(n, v)
[INFO] [stderr] warning:       |                       ^~~~~~~~
[INFO] [stderr] warning: /opt/rustwide/target/debug/build/openssl-sys-8708538117b6f367/out/expando.c:7:1: note: in expansion of macro 'VERSION'
[INFO] [stderr] warning:     7 | VERSION(OPENSSL, OPENSSL_VERSION_NUMBER)
[INFO] [stderr] warning:       | ^~~~~~~
[INFO] [stderr] 
[INFO] [stderr] error: failed to run custom build command for `openssl-sys v0.9.39`
[INFO] [stderr] note: To improve backtraces for build dependencies, set the CARGO_PROFILE_DEV_BUILD_OVERRIDE_DEBUG=true environment variable to enable debug information generation.
[INFO] [stderr] 
[INFO] [stderr] Caused by:
[INFO] [stderr]   process didn't exit successfully: `/opt/rustwide/target/debug/build/openssl-sys-13e8cbe2df97b690/build-script-main` (exit status: 101)
[INFO] [stderr]   --- stdout
[INFO] [stderr]   cargo:rerun-if-env-changed=X86_64_UNKNOWN_LINUX_GNU_OPENSSL_LIB_DIR
[INFO] [stderr]   cargo:rerun-if-env-changed=OPENSSL_LIB_DIR
[INFO] [stderr]   cargo:rerun-if-env-changed=X86_64_UNKNOWN_LINUX_GNU_OPENSSL_INCLUDE_DIR
[INFO] [stderr]   cargo:rerun-if-env-changed=OPENSSL_INCLUDE_DIR
[INFO] [stderr]   cargo:rerun-if-env-changed=X86_64_UNKNOWN_LINUX_GNU_OPENSSL_DIR
[INFO] [stderr]   cargo:rerun-if-env-changed=OPENSSL_DIR
[INFO] [stderr]   cargo:rustc-link-lib=ssl
[INFO] [stderr]   cargo:rustc-link-lib=crypto
[INFO] [stderr]   OPT_LEVEL = Some("0")
[INFO] [stderr]   TARGET = Some("x86_64-unknown-linux-gnu")
[INFO] [stderr]   HOST = Some("x86_64-unknown-linux-gnu")
[INFO] [stderr]   CC_x86_64-unknown-linux-gnu = None
[INFO] [stderr]   CC_x86_64_unknown_linux_gnu = None
[INFO] [stderr]   HOST_CC = None
[INFO] [stderr]   CC = None
[INFO] [stderr]   CFLAGS_x86_64-unknown-linux-gnu = None
[INFO] [stderr]   CFLAGS_x86_64_unknown_linux_gnu = None
[INFO] [stderr]   HOST_CFLAGS = None
[INFO] [stderr]   CFLAGS = None
[INFO] [stderr]   DEBUG = Some("true")
[INFO] [stderr]   running: "cc" "-O0" "-ffunction-sections" "-fdata-sections" "-fPIC" "-g" "-fno-omit-frame-pointer" "-m64" "-Wall" "-Wextra" "-E" "/opt/rustwide/target/debug/build/openssl-sys-8708538117b6f367/out/expando.c"
[INFO] [stderr]   cargo:warning=/opt/rustwide/target/debug/build/openssl-sys-8708538117b6f367/out/expando.c:4:24: error: pasting "RUST_VERSION_OPENSSL_" and "(" does not give a valid preprocessing token
[INFO] [stderr]   cargo:warning=    4 | #define VERSION2(n, v) RUST_VERSION_ ## n ## _ ## v
[INFO] [stderr]   cargo:warning=      |                        ^~~~~~~~~~~~~
[INFO] [stderr]   cargo:warning=/opt/rustwide/target/debug/build/openssl-sys-8708538117b6f367/out/expando.c:5:23: note: in expansion of macro 'VERSION2'
[INFO] [stderr]   cargo:warning=    5 | #define VERSION(n, v) VERSION2(n, v)
[INFO] [stderr]   cargo:warning=      |                       ^~~~~~~~
[INFO] [stderr]   cargo:warning=/opt/rustwide/target/debug/build/openssl-sys-8708538117b6f367/out/expando.c:7:1: note: in expansion of macro 'VERSION'
[INFO] [stderr]   cargo:warning=    7 | VERSION(OPENSSL, OPENSSL_VERSION_NUMBER)
[INFO] [stderr]   cargo:warning=      | ^~~~~~~
[INFO] [stderr]   exit status: 1
[INFO] [stderr] 
[INFO] [stderr]   --- stderr
[INFO] [stderr]   thread 'main' panicked at '
[INFO] [stderr]   Header expansion error:
[INFO] [stderr]   Error { kind: ToolExecError, message: "Command \"cc\" \"-O0\" \"-ffunction-sections\" \"-fdata-sections\" \"-fPIC\" \"-g\" \"-fno-omit-frame-pointer\" \"-m64\" \"-Wall\" \"-Wextra\" \"-E\" \"/opt/rustwide/target/debug/build/openssl-sys-8708538117b6f367/out/expando.c\" with args \"cc\" did not execute successfully (status code exit status: 1)." }
[INFO] [stderr] 
[INFO] [stderr]   Failed to find OpenSSL development headers.
[INFO] [stderr] 
[INFO] [stderr]   You can try fixing this setting the `OPENSSL_DIR` environment variable
[INFO] [stderr]   pointing to your OpenSSL installation or installing OpenSSL headers package
[INFO] [stderr]   specific to your distribution:
[INFO] [stderr] 
[INFO] [stderr]       # On Ubuntu
[INFO] [stderr]       sudo apt-get install libssl-dev
[INFO] [stderr]       # On Arch Linux
[INFO] [stderr]       sudo pacman -S openssl
[INFO] [stderr]       # On Fedora
[INFO] [stderr]       sudo dnf install openssl-devel
[INFO] [stderr] 
[INFO] [stderr]   See rust-openssl README for more information:
[INFO] [stderr] 
[INFO] [stderr]       https://github.com/sfackler/rust-openssl#linux
[INFO] [stderr]   ', /opt/rustwide/cargo-home/registry/src/index.crates.io-6f17d22bba15001f/openssl-sys-0.9.39/build/main.rs:432:13
[INFO] [stderr]   stack backtrace:
[INFO] [stderr]      0:     0x55d39c836dda - std::backtrace_rs::backtrace::libunwind::trace::h2f05d0192276a8f6
[INFO] [stderr]                                  at /rustc/1b7dd2252b99671ce5d1cb9664c5f8636329436d/library/std/src/../../backtrace/src/backtrace/libunwind.rs:93:5
[INFO] [stderr]      1:     0x55d39c836dda - std::backtrace_rs::backtrace::trace_unsynchronized::hedc23dff7a1af150
[INFO] [stderr]                                  at /rustc/1b7dd2252b99671ce5d1cb9664c5f8636329436d/library/std/src/../../backtrace/src/backtrace/mod.rs:66:5
[INFO] [stderr]      2:     0x55d39c836dda - std::sys_common::backtrace::_print_fmt::h17541ef7592f3ce2
[INFO] [stderr]                                  at /rustc/1b7dd2252b99671ce5d1cb9664c5f8636329436d/library/std/src/sys_common/backtrace.rs:65:5
[INFO] [stderr]      3:     0x55d39c836dda - <std::sys_common::backtrace::_print::DisplayBacktrace as core::fmt::Display>::fmt::h20f75df5ab0c0792
[INFO] [stderr]                                  at /rustc/1b7dd2252b99671ce5d1cb9664c5f8636329436d/library/std/src/sys_common/backtrace.rs:44:22
[INFO] [stderr]      4:     0x55d39c85752f - core::fmt::write::h78109e6f466b3af6
[INFO] [stderr]                                  at /rustc/1b7dd2252b99671ce5d1cb9664c5f8636329436d/library/core/src/fmt/mod.rs:1254:17
[INFO] [stderr]      5:     0x55d39c833fe5 - std::io::Write::write_fmt::hc59e1b02dd273c8a
[INFO] [stderr]                                  at /rustc/1b7dd2252b99671ce5d1cb9664c5f8636329436d/library/std/src/io/mod.rs:1698:15
[INFO] [stderr]      6:     0x55d39c836ba5 - std::sys_common::backtrace::_print::h8dac57a9f8fbf9a5
[INFO] [stderr]                                  at /rustc/1b7dd2252b99671ce5d1cb9664c5f8636329436d/library/std/src/sys_common/backtrace.rs:47:5
[INFO] [stderr]      7:     0x55d39c836ba5 - std::sys_common::backtrace::print::hf9ecbf41d1aa712f
[INFO] [stderr]                                  at /rustc/1b7dd2252b99671ce5d1cb9664c5f8636329436d/library/std/src/sys_common/backtrace.rs:34:9
[INFO] [stderr]      8:     0x55d39c83846e - std::panicking::default_hook::{{closure}}::h04c07acfc84ca028
[INFO] [stderr]                                  at /rustc/1b7dd2252b99671ce5d1cb9664c5f8636329436d/library/std/src/panicking.rs:269:22
[INFO] [stderr]      9:     0x55d39c838215 - std::panicking::default_hook::h01f6bb23e1eceb2c
[INFO] [stderr]                                  at /rustc/1b7dd2252b99671ce5d1cb9664c5f8636329436d/library/std/src/panicking.rs:288:9
[INFO] [stderr]     10:     0x55d39c8389ce - std::panicking::rust_panic_with_hook::h2bb3722bbaf2f6df
[INFO] [stderr]                                  at /rustc/1b7dd2252b99671ce5d1cb9664c5f8636329436d/library/std/src/panicking.rs:691:13
[INFO] [stderr]     11:     0x55d39c8388c9 - std::panicking::begin_panic_handler::{{closure}}::h91bc7f36a4be011b
[INFO] [stderr]                                  at /rustc/1b7dd2252b99671ce5d1cb9664c5f8636329436d/library/std/src/panicking.rs:582:13
[INFO] [stderr]     12:     0x55d39c837246 - std::sys_common::backtrace::__rust_end_short_backtrace::h8b3d3717114f9e59
[INFO] [stderr]                                  at /rustc/1b7dd2252b99671ce5d1cb9664c5f8636329436d/library/std/src/sys_common/backtrace.rs:150:18
[INFO] [stderr]     13:     0x55d39c838622 - rust_begin_unwind
[INFO] [stderr]                                  at /rustc/1b7dd2252b99671ce5d1cb9664c5f8636329436d/library/std/src/panicking.rs:578:5
[INFO] [stderr]     14:     0x55d39c7b77f3 - core::panicking::panic_fmt::hfd368e3fbdabea26
[INFO] [stderr]                                  at /rustc/1b7dd2252b99671ce5d1cb9664c5f8636329436d/library/core/src/panicking.rs:67:14
[INFO] [stderr]     15:     0x55d39c7bac93 - build_script_main::validate_headers::h2f093ec65c79ef60
[INFO] [stderr]     16:     0x55d39c7be0d0 - build_script_main::imp::try_pkg_config::hbaf5eaf3fa01331c
[INFO] [stderr]     17:     0x55d39c7bcea6 - build_script_main::imp::find_openssl_dir::ha1d170e824c59fd5
[INFO] [stderr]     18:     0x55d39c7bccf2 - build_script_main::imp::get_openssl::{{closure}}::h70a09d37c79a3777
[INFO] [stderr]     19:     0x55d39c7c581a - core::option::Option<T>::unwrap_or_else::h993b7eb0ccf156f6
[INFO] [stderr]     20:     0x55d39c7bc9f0 - build_script_main::imp::get_openssl::h4f0396cae98f16bd
[INFO] [stderr]     21:     0x55d39c7b9680 - build_script_main::main::hd244a6a25210cde9
[INFO] [stderr]     22:     0x55d39c7c5233 - core::ops::function::FnOnce::call_once::h8c8281b63178f565
[INFO] [stderr]     23:     0x55d39c7bf4a6 - std::sys_common::backtrace::__rust_begin_short_backtrace::h11e965de0c05731b
[INFO] [stderr]     24:     0x55d39c7c50e9 - std::rt::lang_start::{{closure}}::hec8e53d77c879ab6
[INFO] [stderr]     25:     0x55d39c830dfe - core::ops::function::impls::<impl core::ops::function::FnOnce<A> for &F>::call_once::h2eb19b8ce4148df4
[INFO] [stderr]                                  at /rustc/1b7dd2252b99671ce5d1cb9664c5f8636329436d/library/core/src/ops/function.rs:287:13
[INFO] [stderr]     26:     0x55d39c830dfe - std::panicking::try::do_call::h2e900feff5d504c5
[INFO] [stderr]                                  at /rustc/1b7dd2252b99671ce5d1cb9664c5f8636329436d/library/std/src/panicking.rs:485:40
[INFO] [stderr]     27:     0x55d39c830dfe - std::panicking::try::h8854836cb85aa9f2
[INFO] [stderr]                                  at /rustc/1b7dd2252b99671ce5d1cb9664c5f8636329436d/library/std/src/panicking.rs:449:19
[INFO] [stderr]     28:     0x55d39c830dfe - std::panic::catch_unwind::h706025dd4c48f64b
[INFO] [stderr]                                  at /rustc/1b7dd2252b99671ce5d1cb9664c5f8636329436d/library/std/src/panic.rs:140:14
[INFO] [stderr]     29:     0x55d39c830dfe - std::rt::lang_start_internal::{{closure}}::h7be5b97f4a07a91a
[INFO] [stderr]                                  at /rustc/1b7dd2252b99671ce5d1cb9664c5f8636329436d/library/std/src/rt.rs:148:48
[INFO] [stderr]     30:     0x55d39c830dfe - std::panicking::try::do_call::h59847e9d0a176965
[INFO] [stderr]                                  at /rustc/1b7dd2252b99671ce5d1cb9664c5f8636329436d/library/std/src/panicking.rs:485:40
[INFO] [stderr]     31:     0x55d39c830dfe - std::panicking::try::h399a918ba8522823
[INFO] [stderr]                                  at /rustc/1b7dd2252b99671ce5d1cb9664c5f8636329436d/library/std/src/panicking.rs:449:19
[INFO] [stderr]     32:     0x55d39c830dfe - std::panic::catch_unwind::hca7ca6c55b2a2e26
[INFO] [stderr]                                  at /rustc/1b7dd2252b99671ce5d1cb9664c5f8636329436d/library/std/src/panic.rs:140:14
[INFO] [stderr]     33:     0x55d39c830dfe - std::rt::lang_start_internal::h2c807a81560459eb
[INFO] [stderr]                                  at /rustc/1b7dd2252b99671ce5d1cb9664c5f8636329436d/library/std/src/rt.rs:148:20
[INFO] [stderr]     34:     0x55d39c7c50c7 - std::rt::lang_start::h09ab1d2f8756a2fc
[INFO] [stderr]     35:     0x55d39c7bc825 - main
[INFO] [stderr]     36:     0x7f9fa25c2d90 - <unknown>
[INFO] [stderr]     37:     0x7f9fa25c2e40 - __libc_start_main
[INFO] [stderr]     38:     0x55d39c7b7e65 - _start
[INFO] [stderr]     39:                0x0 - <unknown>
[INFO] [stderr] warning: build failed, waiting for other jobs to finish...
[INFO] running `Command { std: "docker" "inspect" "edcf1f9179f94a1ea639d08e4c90b04b5999f64587a91c2040319f7ea1c877f2", kill_on_drop: false }`
[INFO] running `Command { std: "docker" "rm" "-f" "edcf1f9179f94a1ea639d08e4c90b04b5999f64587a91c2040319f7ea1c877f2", kill_on_drop: false }`
[INFO] [stdout] edcf1f9179f94a1ea639d08e4c90b04b5999f64587a91c2040319f7ea1c877f2
