[INFO] cloning repository https://github.com/Macquarie-University-DSC/sysadmin_workshop
[INFO] running `Command { std: "git" "-c" "credential.helper=" "-c" "credential.helper=/workspace/cargo-home/bin/git-credential-null" "clone" "--bare" "https://github.com/Macquarie-University-DSC/sysadmin_workshop" "/workspace/cache/git-repos/https%3A%2F%2Fgithub.com%2FMacquarie-University-DSC%2Fsysadmin_workshop", kill_on_drop: false }`
[INFO] [stderr] Cloning into bare repository '/workspace/cache/git-repos/https%3A%2F%2Fgithub.com%2FMacquarie-University-DSC%2Fsysadmin_workshop'...
[INFO] running `Command { std: "git" "rev-parse" "HEAD", kill_on_drop: false }`
[INFO] [stdout] 5aec209a45d28de52fe71d879f7ea988e6e9f60b
[INFO] testing Macquarie-University-DSC/sysadmin_workshop against beta-2023-04-20 for beta-1.70-1
[INFO] running `Command { std: "git" "clone" "/workspace/cache/git-repos/https%3A%2F%2Fgithub.com%2FMacquarie-University-DSC%2Fsysadmin_workshop" "/workspace/builds/worker-2-tc2/source", kill_on_drop: false }`
[INFO] [stderr] Cloning into '/workspace/builds/worker-2-tc2/source'...
[INFO] [stderr] done.
[INFO] validating manifest of git repo https://github.com/Macquarie-University-DSC/sysadmin_workshop on toolchain beta-2023-04-20
[INFO] running `Command { std: CARGO_HOME="/workspace/cargo-home" RUSTUP_HOME="/workspace/rustup-home" "/workspace/cargo-home/bin/cargo" "+beta-2023-04-20" "metadata" "--manifest-path" "Cargo.toml" "--no-deps", kill_on_drop: false }`
[INFO] started tweaking git repo https://github.com/Macquarie-University-DSC/sysadmin_workshop
[INFO] finished tweaking git repo https://github.com/Macquarie-University-DSC/sysadmin_workshop
[INFO] tweaked toml for git repo https://github.com/Macquarie-University-DSC/sysadmin_workshop written to /workspace/builds/worker-2-tc2/source/Cargo.toml
[INFO] crate git repo https://github.com/Macquarie-University-DSC/sysadmin_workshop already has a lockfile, it will not be regenerated
[INFO] running `Command { std: CARGO_HOME="/workspace/cargo-home" RUSTUP_HOME="/workspace/rustup-home" "/workspace/cargo-home/bin/cargo" "+beta-2023-04-20" "fetch" "--manifest-path" "Cargo.toml", kill_on_drop: false }`
[INFO] [stderr]  Downloading crates ...
[INFO] [stderr]   Downloaded signal-hook v0.3.8
[INFO] [stderr]   Downloaded sqlx-macros v0.5.2
[INFO] [stderr]   Downloaded vec-arena v1.1.0
[INFO] [stderr]   Downloaded sqlx-rt v0.5.2
[INFO] [stderr]   Downloaded async-trait v0.1.49
[INFO] [stderr]   Downloaded ahash v0.7.2
[INFO] [stderr]   Downloaded sqlx-core v0.5.2
[INFO] [stderr]   Downloaded sqlx v0.5.2
[INFO] [stderr]   Downloaded async-io v1.4.0
[INFO] running `Command { std: "docker" "create" "-v" "/var/lib/crater-agent-workspace/builds/worker-2-tc2/target:/opt/rustwide/target:rw,Z" "-v" "/var/lib/crater-agent-workspace/builds/worker-2-tc2/source:/opt/rustwide/workdir:ro,Z" "-v" "/var/lib/crater-agent-workspace/cargo-home:/opt/rustwide/cargo-home:ro,Z" "-v" "/var/lib/crater-agent-workspace/rustup-home:/opt/rustwide/rustup-home:ro,Z" "-e" "SOURCE_DIR=/opt/rustwide/workdir" "-e" "CARGO_TARGET_DIR=/opt/rustwide/target" "-e" "CARGO_HOME=/opt/rustwide/cargo-home" "-e" "RUSTUP_HOME=/opt/rustwide/rustup-home" "-w" "/opt/rustwide/workdir" "-m" "1610612736" "--user" "0:0" "--network" "none" "ghcr.io/rust-lang/crates-build-env/linux@sha256:97d61d7686bf65f8ecb15491ab51835e82dc9176a96a831f143a431b191fc501" "/opt/rustwide/cargo-home/bin/cargo" "+beta-2023-04-20" "metadata" "--no-deps" "--format-version=1", kill_on_drop: false }`
[INFO] [stdout] a975928eec75e58f02baf6785b97d9088ded0d7c962bcd4f1f2ac22560a87854
[INFO] running `Command { std: "docker" "start" "-a" "a975928eec75e58f02baf6785b97d9088ded0d7c962bcd4f1f2ac22560a87854", kill_on_drop: false }`
[INFO] running `Command { std: "docker" "inspect" "a975928eec75e58f02baf6785b97d9088ded0d7c962bcd4f1f2ac22560a87854", kill_on_drop: false }`
[INFO] running `Command { std: "docker" "rm" "-f" "a975928eec75e58f02baf6785b97d9088ded0d7c962bcd4f1f2ac22560a87854", kill_on_drop: false }`
[INFO] [stdout] a975928eec75e58f02baf6785b97d9088ded0d7c962bcd4f1f2ac22560a87854
[INFO] running `Command { std: "docker" "create" "-v" "/var/lib/crater-agent-workspace/builds/worker-2-tc2/target:/opt/rustwide/target:rw,Z" "-v" "/var/lib/crater-agent-workspace/builds/worker-2-tc2/source:/opt/rustwide/workdir:ro,Z" "-v" "/var/lib/crater-agent-workspace/cargo-home:/opt/rustwide/cargo-home:ro,Z" "-v" "/var/lib/crater-agent-workspace/rustup-home:/opt/rustwide/rustup-home:ro,Z" "-e" "SOURCE_DIR=/opt/rustwide/workdir" "-e" "CARGO_TARGET_DIR=/opt/rustwide/target" "-e" "CARGO_INCREMENTAL=0" "-e" "RUST_BACKTRACE=full" "-e" "RUSTFLAGS=--cap-lints=warn" "-e" "RUSTDOCFLAGS=--cap-lints=warn" "-e" "CARGO_HOME=/opt/rustwide/cargo-home" "-e" "RUSTUP_HOME=/opt/rustwide/rustup-home" "-w" "/opt/rustwide/workdir" "-m" "1610612736" "--user" "0:0" "--network" "none" "ghcr.io/rust-lang/crates-build-env/linux@sha256:97d61d7686bf65f8ecb15491ab51835e82dc9176a96a831f143a431b191fc501" "/opt/rustwide/cargo-home/bin/cargo" "+beta-2023-04-20" "build" "--frozen" "--message-format=json", kill_on_drop: false }`
[INFO] [stdout] 6eba49489159747154c47df2bf11d35ab84170fc2cdc562af9fe53459951e844
[INFO] running `Command { std: "docker" "start" "-a" "6eba49489159747154c47df2bf11d35ab84170fc2cdc562af9fe53459951e844", kill_on_drop: false }`
[INFO] [stderr]    Compiling libc v0.2.93
[INFO] [stderr]    Compiling proc-macro2 v1.0.26
[INFO] [stderr]    Compiling unicode-xid v0.2.1
[INFO] [stderr]    Compiling syn v1.0.69
[INFO] [stderr]    Compiling cfg-if v1.0.0
[INFO] [stderr]    Compiling memchr v2.3.4
[INFO] [stderr]    Compiling value-bag v1.0.0-alpha.6
[INFO] [stderr]    Compiling log v0.4.14
[INFO] [stderr]    Compiling version_check v0.9.3
[INFO] [stderr]    Compiling futures-core v0.3.14
[INFO] [stderr]    Compiling pin-project-lite v0.2.6
[INFO] [stderr]    Compiling autocfg v1.0.1
[INFO] [stderr]    Compiling futures-io v0.3.14
[INFO] [stderr]    Compiling lazy_static v1.4.0
[INFO] [stderr]    Compiling slab v0.4.2
[INFO] [stderr]    Compiling proc-macro-hack v0.5.19
[INFO] [stderr]    Compiling futures-sink v0.3.14
[INFO] [stderr]    Compiling pin-utils v0.1.0
[INFO] [stderr]    Compiling proc-macro-nested v0.1.7
[INFO] [stderr]    Compiling cc v1.0.67
[INFO] [stderr]    Compiling futures-task v0.3.14
[INFO] [stderr]    Compiling futures-channel v0.3.14
[INFO] [stderr]    Compiling cfg-if v0.1.10
[INFO] [stderr]    Compiling smallvec v1.6.1
[INFO] [stderr]    Compiling once_cell v1.7.2
[INFO] [stderr]    Compiling bitflags v1.2.1
[INFO] [stderr]    Compiling typenum v1.13.0
[INFO] [stderr]    Compiling instant v0.1.9
[INFO] [stderr]    Compiling scopeguard v1.1.0
[INFO] [stderr]    Compiling matches v0.1.8
[INFO] [stderr]    Compiling bytes v0.5.6
[INFO] [stderr]    Compiling pin-project-lite v0.1.12
[INFO] [stderr]    Compiling generic-array v0.14.4
[INFO] [stderr]    Compiling lock_api v0.4.3
[INFO] [stderr]    Compiling tinyvec_macros v0.1.0
[INFO] [stderr]    Compiling serde_derive v1.0.125
[INFO] [stderr]    Compiling percent-encoding v2.1.0
[INFO] [stderr]    Compiling ryu v1.0.5
[INFO] [stderr]    Compiling pin-project-internal v0.4.28
[INFO] [stderr]    Compiling tinyvec v1.2.0
[INFO] [stderr]    Compiling ppv-lite86 v0.2.10
[INFO] [stderr]    Compiling unicode-bidi v0.3.5
[INFO] [stderr]    Compiling itoa v0.4.7
[INFO] [stderr]    Compiling serde v1.0.125
[INFO] [stderr]    Compiling form_urlencoded v1.0.1
[INFO] [stderr]    Compiling parking v2.0.0
[INFO] [stderr]    Compiling quote v1.0.9
[INFO] [stderr]    Compiling signal-hook-registry v1.3.0
[INFO] [stderr]    Compiling num_cpus v1.13.0
[INFO] [stderr]    Compiling net2 v0.2.37
[INFO] [stderr]    Compiling iovec v0.1.4
[INFO] [stderr]    Compiling parking_lot_core v0.8.3
[INFO] [stderr]    Compiling waker-fn v1.1.0
[INFO] [stderr]    Compiling parking_lot v0.11.1
[INFO] [stderr]    Compiling bytes v1.0.1
[INFO] [stderr]    Compiling cache-padded v1.1.1
[INFO] [stderr]    Compiling getrandom v0.1.16
[INFO] [stderr]    Compiling fastrand v1.4.0
[INFO] [stderr]    Compiling either v1.6.1
[INFO] [stderr]    Compiling unicode-normalization v0.1.17
[INFO] [stderr]    Compiling convert_case v0.4.0
[INFO] [stderr]    Compiling concurrent-queue v1.2.2
[INFO] [stderr]    Compiling futures-lite v1.11.3
[INFO] [stderr]    Compiling threadpool v1.8.1
[INFO] [stderr]    Compiling ring v0.16.20
[INFO] [stderr]    Compiling aho-corasick v0.7.15
[INFO] [stderr]    Compiling event-listener v2.5.1
[INFO] [stderr]    Compiling regex-syntax v0.6.23
[INFO] [stderr]    Compiling ahash v0.4.7
[INFO] [stderr]    Compiling unicode-segmentation v1.7.1
[INFO] [stderr]    Compiling standback v0.2.17
[INFO] [stderr]    Compiling opaque-debug v0.3.0
[INFO] [stderr]    Compiling spin v0.5.2
[INFO] [stderr]    Compiling hashbrown v0.9.1
[INFO] [stderr]    Compiling untrusted v0.7.1
[INFO] [stderr]    Compiling copyless v0.1.5
[INFO] [stderr]    Compiling base64 v0.13.0
[INFO] [stderr]    Compiling rand_core v0.5.1
[INFO] [stderr]    Compiling heck v0.3.2
[INFO] [stderr]    Compiling digest v0.9.0
[INFO] [stderr]    Compiling block-buffer v0.9.0
[INFO] [stderr]    Compiling crossbeam-utils v0.8.3
[INFO] [stderr]    Compiling serde_json v1.0.64
[INFO] [stderr]    Compiling vec-arena v1.1.0
[INFO] [stderr]    Compiling getrandom v0.2.2
[INFO] [stderr]    Compiling cpuid-bool v0.1.2
[INFO] [stderr]    Compiling idna v0.2.3
[INFO] [stderr]    Compiling async-trait v0.1.49
[INFO] [stderr]    Compiling rand_chacha v0.2.2
[INFO] [stderr]    Compiling socket2 v0.4.0
[INFO] [stderr]    Compiling num-traits v0.2.14
[INFO] [stderr]    Compiling fnv v1.0.7
[INFO] [stderr]    Compiling signal-hook v0.3.8
[INFO] [stderr]    Compiling byteorder v1.4.3
[INFO] [stderr]    Compiling radium v0.5.3
[INFO] [stderr]    Compiling const_fn v0.4.6
[INFO] [stderr]    Compiling async-task v4.0.3
[INFO] [stderr]    Compiling match_cfg v0.1.0
[INFO] [stderr]    Compiling hostname v0.3.1
[INFO] [stderr]    Compiling rand v0.7.3
[INFO] [stderr]    Compiling http v0.2.4
[INFO] [stderr]    Compiling sha-1 v0.9.4
[INFO] [stderr]    Compiling url v2.2.1
[INFO] [stderr]    Compiling async-channel v1.6.1
[INFO] [stderr]    Compiling brotli-sys v0.3.2
[INFO] [stderr]    Compiling time v0.2.26
[INFO] [stderr] LLVM ERROR: IO failure on output stream: No space left on device
[INFO] [stderr] LLVM ERROR: IO failure on output stream: No space left on device
[INFO] [stderr] error: could not compile `rand_chacha` (lib)
[INFO] [stderr] warning: build failed, waiting for other jobs to finish...
[INFO] [stdout] error: linking with `cc` failed: exit status: 1
[INFO] [stdout]   |
[INFO] [stdout]   = note: LC_ALL="C" PATH="/opt/rustwide/rustup-home/toolchains/beta-2023-04-20-x86_64-unknown-linux-gnu/lib/rustlib/x86_64-unknown-linux-gnu/bin:/opt/rustwide/cargo-home/bin:/usr/local/sbin:/usr/local/bin:/usr/sbin:/usr/bin:/sbin:/bin" VSLANG="1033" "cc" "-m64" "/tmp/rustcMEIhTz/symbols.o" "/opt/rustwide/target/debug/build/const_fn-7590bd94d118ac8b/build_script_build-7590bd94d118ac8b.build_script_build.07d76550-cgu.0.rcgu.o" "/opt/rustwide/target/debug/build/const_fn-7590bd94d118ac8b/build_script_build-7590bd94d118ac8b.build_script_build.07d76550-cgu.1.rcgu.o" "/opt/rustwide/target/debug/build/const_fn-7590bd94d118ac8b/build_script_build-7590bd94d118ac8b.build_script_build.07d76550-cgu.10.rcgu.o" "/opt/rustwide/target/debug/build/const_fn-7590bd94d118ac8b/build_script_build-7590bd94d118ac8b.build_script_build.07d76550-cgu.11.rcgu.o" "/opt/rustwide/target/debug/build/const_fn-7590bd94d118ac8b/build_script_build-7590bd94d118ac8b.build_script_build.07d76550-cgu.12.rcgu.o" "/opt/rustwide/target/debug/build/const_fn-7590bd94d118ac8b/build_script_build-7590bd94d118ac8b.build_script_build.07d76550-cgu.13.rcgu.o" "/opt/rustwide/target/debug/build/const_fn-7590bd94d118ac8b/build_script_build-7590bd94d118ac8b.build_script_build.07d76550-cgu.14.rcgu.o" "/opt/rustwide/target/debug/build/const_fn-7590bd94d118ac8b/build_script_build-7590bd94d118ac8b.build_script_build.07d76550-cgu.15.rcgu.o" "/opt/rustwide/target/debug/build/const_fn-7590bd94d118ac8b/build_script_build-7590bd94d118ac8b.build_script_build.07d76550-cgu.2.rcgu.o" "/opt/rustwide/target/debug/build/const_fn-7590bd94d118ac8b/build_script_build-7590bd94d118ac8b.build_script_build.07d76550-cgu.3.rcgu.o" "/opt/rustwide/target/debug/build/const_fn-7590bd94d118ac8b/build_script_build-7590bd94d118ac8b.build_script_build.07d76550-cgu.4.rcgu.o" "/opt/rustwide/target/debug/build/const_fn-7590bd94d118ac8b/build_script_build-7590bd94d118ac8b.build_script_build.07d76550-cgu.5.rcgu.o" "/opt/rustwide/target/debug/build/const_fn-7590bd94d118ac8b/build_script_build-7590bd94d118ac8b.build_script_build.07d76550-cgu.6.rcgu.o" "/opt/rustwide/target/debug/build/const_fn-7590bd94d118ac8b/build_script_build-7590bd94d118ac8b.build_script_build.07d76550-cgu.7.rcgu.o" "/opt/rustwide/target/debug/build/const_fn-7590bd94d118ac8b/build_script_build-7590bd94d118ac8b.build_script_build.07d76550-cgu.8.rcgu.o" "/opt/rustwide/target/debug/build/const_fn-7590bd94d118ac8b/build_script_build-7590bd94d118ac8b.build_script_build.07d76550-cgu.9.rcgu.o" "/opt/rustwide/target/debug/build/const_fn-7590bd94d118ac8b/build_script_build-7590bd94d118ac8b.52begqvt063hx64a.rcgu.o" "-Wl,--as-needed" "-L" "/opt/rustwide/target/debug/deps" "-L" "/opt/rustwide/rustup-home/toolchains/beta-2023-04-20-x86_64-unknown-linux-gnu/lib/rustlib/x86_64-unknown-linux-gnu/lib" "-Wl,-Bstatic" "/opt/rustwide/rustup-home/toolchains/beta-2023-04-20-x86_64-unknown-linux-gnu/lib/rustlib/x86_64-unknown-linux-gnu/lib/libstd-0e29cc23c5e02021.rlib" "/opt/rustwide/rustup-home/toolchains/beta-2023-04-20-x86_64-unknown-linux-gnu/lib/rustlib/x86_64-unknown-linux-gnu/lib/libpanic_unwind-d903621768a861d9.rlib" "/opt/rustwide/rustup-home/toolchains/beta-2023-04-20-x86_64-unknown-linux-gnu/lib/rustlib/x86_64-unknown-linux-gnu/lib/libobject-6d0225e655f31c13.rlib" "/opt/rustwide/rustup-home/toolchains/beta-2023-04-20-x86_64-unknown-linux-gnu/lib/rustlib/x86_64-unknown-linux-gnu/lib/libmemchr-9dbaf4eac7eaa079.rlib" "/opt/rustwide/rustup-home/toolchains/beta-2023-04-20-x86_64-unknown-linux-gnu/lib/rustlib/x86_64-unknown-linux-gnu/lib/libaddr2line-27f05b3d42a66dd0.rlib" "/opt/rustwide/rustup-home/toolchains/beta-2023-04-20-x86_64-unknown-linux-gnu/lib/rustlib/x86_64-unknown-linux-gnu/lib/libgimli-4d73f1030321c9a2.rlib" "/opt/rustwide/rustup-home/toolchains/beta-2023-04-20-x86_64-unknown-linux-gnu/lib/rustlib/x86_64-unknown-linux-gnu/lib/librustc_demangle-2846c9e58abd0acb.rlib" "/opt/rustwide/rustup-home/toolchains/beta-2023-04-20-x86_64-unknown-linux-gnu/lib/rustlib/x86_64-unknown-linux-gnu/lib/libstd_detect-a53d0f50415947be.rlib" "/opt/rustwide/rustup-home/toolchains/beta-2023-04-20-x86_64-unknown-linux-gnu/lib/rustlib/x86_64-unknown-linux-gnu/lib/libhashbrown-d48e4b6abc25b9dc.rlib" "/opt/rustwide/rustup-home/toolchains/beta-2023-04-20-x86_64-unknown-linux-gnu/lib/rustlib/x86_64-unknown-linux-gnu/lib/libminiz_oxide-2991859439ef1207.rlib" "/opt/rustwide/rustup-home/toolchains/beta-2023-04-20-x86_64-unknown-linux-gnu/lib/rustlib/x86_64-unknown-linux-gnu/lib/libadler-8a687517e4221bae.rlib" "/opt/rustwide/rustup-home/toolchains/beta-2023-04-20-x86_64-unknown-linux-gnu/lib/rustlib/x86_64-unknown-linux-gnu/lib/librustc_std_workspace_alloc-e07b554f6a67f5b3.rlib" "/opt/rustwide/rustup-home/toolchains/beta-2023-04-20-x86_64-unknown-linux-gnu/lib/rustlib/x86_64-unknown-linux-gnu/lib/libunwind-b68238b7c3c619dd.rlib" "/opt/rustwide/rustup-home/toolchains/beta-2023-04-20-x86_64-unknown-linux-gnu/lib/rustlib/x86_64-unknown-linux-gnu/lib/libcfg_if-d5e213e896c017e4.rlib" "/opt/rustwide/rustup-home/toolchains/beta-2023-04-20-x86_64-unknown-linux-gnu/lib/rustlib/x86_64-unknown-linux-gnu/lib/liblibc-0211a3b2e61d8689.rlib" "/opt/rustwide/rustup-home/toolchains/beta-2023-04-20-x86_64-unknown-linux-gnu/lib/rustlib/x86_64-unknown-linux-gnu/lib/liballoc-b371f055239ba51f.rlib" "/opt/rustwide/rustup-home/toolchains/beta-2023-04-20-x86_64-unknown-linux-gnu/lib/rustlib/x86_64-unknown-linux-gnu/lib/librustc_std_workspace_core-e60518d2760eb01e.rlib" "/opt/rustwide/rustup-home/toolchains/beta-2023-04-20-x86_64-unknown-linux-gnu/lib/rustlib/x86_64-unknown-linux-gnu/lib/libcore-1ad943f92a4b1081.rlib" "/opt/rustwide/rustup-home/toolchains/beta-2023-04-20-x86_64-unknown-linux-gnu/lib/rustlib/x86_64-unknown-linux-gnu/lib/libcompiler_builtins-f0d6e4d0fc1e80b4.rlib" "-Wl,-Bdynamic" "-lgcc_s" "-lutil" "-lrt" "-lpthread" "-lm" "-ldl" "-lc" "-Wl,--eh-frame-hdr" "-Wl,-z,noexecstack" "-L" "/opt/rustwide/rustup-home/toolchains/beta-2023-04-20-x86_64-unknown-linux-gnu/lib/rustlib/x86_64-unknown-linux-gnu/lib" "-o" "/opt/rustwide/target/debug/build/const_fn-7590bd94d118ac8b/build_script_build-7590bd94d118ac8b" "-Wl,--gc-sections" "-pie" "-Wl,-z,relro,-z,now" "-nodefaultlibs"
[INFO] [stdout]   = note: /usr/bin/ld: final link failed: No space left on device
[INFO] [stdout]           collect2: error: ld returned 1 exit status
[INFO] [stdout]           
[INFO] [stdout] 
[INFO] [stdout] 
[INFO] [stdout] error: aborting due to previous error
[INFO] [stdout] 
[INFO] [stdout] 
[INFO] [stderr] error: could not compile `const_fn` (build script) due to 2 previous errors
[INFO] [stderr] error: could not compile `getrandom` (lib)
[INFO] [stderr] thread 'rustc' panicked at 'assertion failed: pos.get() <= self.position()', compiler/rustc_metadata/src/rmeta/encoder.rs:433:9
[INFO] [stderr] LLVM ERROR: IO failure on output stream: No space left on device
[INFO] [stderr] LLVM ERROR: IO failure on output stream: No space left on device
[INFO] [stdout] error: couldn't create a temp dir: No space left on device (os error 28) at path "/opt/rustwide/target/debug/build/brotli-sys-97e4a0cf575a5698/rmetaQ9hjvh"
[INFO] [stdout] 
[INFO] [stdout] 
[INFO] [stdout] error: aborting due to previous error
[INFO] [stdout] 
[INFO] [stdout] 
[INFO] [stderr] error: could not compile `brotli-sys` (build script) due to 2 previous errors
[INFO] [stderr] error: could not compile `sha-1` (lib)
[INFO] [stderr] error: could not compile `aho-corasick` (lib)
[INFO] [stderr] error: failed to run custom build command for `ring v0.16.20`
[INFO] [stderr] note: To improve backtraces for build dependencies, set the CARGO_PROFILE_DEV_BUILD_OVERRIDE_DEBUG=true environment variable to enable debug information generation.
[INFO] [stderr] 
[INFO] [stderr] Caused by:
[INFO] [stderr]   process didn't exit successfully: `/opt/rustwide/target/debug/build/ring-e082d62ba3d793ca/build-script-build` (exit status: 101)
[INFO] [stderr]   --- stdout
[INFO] [stderr]   OPT_LEVEL = Some("0")
[INFO] [stderr]   TARGET = Some("x86_64-unknown-linux-gnu")
[INFO] [stderr]   HOST = Some("x86_64-unknown-linux-gnu")
[INFO] [stderr]   CC_x86_64-unknown-linux-gnu = None
[INFO] [stderr]   CC_x86_64_unknown_linux_gnu = None
[INFO] [stderr]   HOST_CC = None
[INFO] [stderr]   CC = None
[INFO] [stderr]   CFLAGS_x86_64-unknown-linux-gnu = None
[INFO] [stderr]   CFLAGS_x86_64_unknown_linux_gnu = None
[INFO] [stderr]   HOST_CFLAGS = None
[INFO] [stderr]   CFLAGS = None
[INFO] [stderr]   CRATE_CC_NO_DEFAULTS = None
[INFO] [stderr]   DEBUG = Some("true")
[INFO] [stderr]   CARGO_CFG_TARGET_FEATURE = Some("fxsr,sse,sse2")
[INFO] [stderr]   OPT_LEVEL = Some("0")
[INFO] [stderr]   TARGET = Some("x86_64-unknown-linux-gnu")
[INFO] [stderr]   HOST = Some("x86_64-unknown-linux-gnu")
[INFO] [stderr]   CC_x86_64-unknown-linux-gnu = None
[INFO] [stderr]   CC_x86_64_unknown_linux_gnu = None
[INFO] [stderr]   HOST_CC = None
[INFO] [stderr]   CC = None
[INFO] [stderr]   CFLAGS_x86_64-unknown-linux-gnu = None
[INFO] [stderr]   CFLAGS_x86_64_unknown_linux_gnu = None
[INFO] [stderr]   HOST_CFLAGS = None
[INFO] [stderr]   CFLAGS = None
[INFO] [stderr]   CRATE_CC_NO_DEFAULTS = None
[INFO] [stderr]   DEBUG = Some("true")
[INFO] [stderr]   CARGO_CFG_TARGET_FEATURE = Some("fxsr,sse,sse2")
[INFO] [stderr]   OPT_LEVEL = Some("0")
[INFO] [stderr]   TARGET = Some("x86_64-unknown-linux-gnu")
[INFO] [stderr]   HOST = Some("x86_64-unknown-linux-gnu")
[INFO] [stderr]   CC_x86_64-unknown-linux-gnu = None
[INFO] [stderr]   CC_x86_64_unknown_linux_gnu = None
[INFO] [stderr]   HOST_CC = None
[INFO] [stderr]   CC = None
[INFO] [stderr]   CFLAGS_x86_64-unknown-linux-gnu = None
[INFO] [stderr]   CFLAGS_x86_64_unknown_linux_gnu = None
[INFO] [stderr]   HOST_CFLAGS = None
[INFO] [stderr]   CFLAGS = None
[INFO] [stderr]   CRATE_CC_NO_DEFAULTS = None
[INFO] [stderr]   DEBUG = Some("true")
[INFO] [stderr]   CARGO_CFG_TARGET_FEATURE = Some("fxsr,sse,sse2")
[INFO] [stderr]   OPT_LEVEL = Some("0")
[INFO] [stderr]   TARGET = Some("x86_64-unknown-linux-gnu")
[INFO] [stderr]   HOST = Some("x86_64-unknown-linux-gnu")
[INFO] [stderr]   CC_x86_64-unknown-linux-gnu = None
[INFO] [stderr]   CC_x86_64_unknown_linux_gnu = None
[INFO] [stderr]   HOST_CC = None
[INFO] [stderr]   CC = None
[INFO] [stderr]   CFLAGS_x86_64-unknown-linux-gnu = None
[INFO] [stderr]   CFLAGS_x86_64_unknown_linux_gnu = None
[INFO] [stderr]   HOST_CFLAGS = None
[INFO] [stderr]   CFLAGS = None
[INFO] [stderr]   CRATE_CC_NO_DEFAULTS = None
[INFO] [stderr]   DEBUG = Some("true")
[INFO] [stderr]   CARGO_CFG_TARGET_FEATURE = Some("fxsr,sse,sse2")
[INFO] [stderr]   OPT_LEVEL = Some("0")
[INFO] [stderr]   TARGET = Some("x86_64-unknown-linux-gnu")
[INFO] [stderr]   HOST = Some("x86_64-unknown-linux-gnu")
[INFO] [stderr]   CC_x86_64-unknown-linux-gnu = None
[INFO] [stderr]   CC_x86_64_unknown_linux_gnu = None
[INFO] [stderr]   HOST_CC = None
[INFO] [stderr]   CC = None
[INFO] [stderr]   CFLAGS_x86_64-unknown-linux-gnu = None
[INFO] [stderr]   CFLAGS_x86_64_unknown_linux_gnu = None
[INFO] [stderr]   HOST_CFLAGS = None
[INFO] [stderr]   CFLAGS = None
[INFO] [stderr]   CRATE_CC_NO_DEFAULTS = None
[INFO] [stderr]   DEBUG = Some("true")
[INFO] [stderr]   CARGO_CFG_TARGET_FEATURE = Some("fxsr,sse,sse2")
[INFO] [stderr]   OPT_LEVEL = Some("0")
[INFO] [stderr]   TARGET = Some("x86_64-unknown-linux-gnu")
[INFO] [stderr]   HOST = Some("x86_64-unknown-linux-gnu")
[INFO] [stderr]   CC_x86_64-unknown-linux-gnu = None
[INFO] [stderr]   CC_x86_64_unknown_linux_gnu = None
[INFO] [stderr]   HOST_CC = None
[INFO] [stderr]   CC = None
[INFO] [stderr]   CFLAGS_x86_64-unknown-linux-gnu = None
[INFO] [stderr]   CFLAGS_x86_64_unknown_linux_gnu = None
[INFO] [stderr]   HOST_CFLAGS = None
[INFO] [stderr]   CFLAGS = None
[INFO] [stderr]   CRATE_CC_NO_DEFAULTS = None
[INFO] [stderr]   DEBUG = Some("true")
[INFO] [stderr]   CARGO_CFG_TARGET_FEATURE = Some("fxsr,sse,sse2")
[INFO] [stderr]   OPT_LEVEL = Some("0")
[INFO] [stderr]   TARGET = Some("x86_64-unknown-linux-gnu")
[INFO] [stderr]   HOST = Some("x86_64-unknown-linux-gnu")
[INFO] [stderr]   CC_x86_64-unknown-linux-gnu = None
[INFO] [stderr]   CC_x86_64_unknown_linux_gnu = None
[INFO] [stderr]   HOST_CC = None
[INFO] [stderr]   CC = None
[INFO] [stderr]   CFLAGS_x86_64-unknown-linux-gnu = None
[INFO] [stderr]   CFLAGS_x86_64_unknown_linux_gnu = None
[INFO] [stderr]   HOST_CFLAGS = None
[INFO] [stderr]   CFLAGS = None
[INFO] [stderr]   CRATE_CC_NO_DEFAULTS = None
[INFO] [stderr]   DEBUG = Some("true")
[INFO] [stderr]   CARGO_CFG_TARGET_FEATURE = Some("fxsr,sse,sse2")
[INFO] [stderr]   OPT_LEVEL = Some("0")
[INFO] [stderr]   TARGET = Some("x86_64-unknown-linux-gnu")
[INFO] [stderr]   HOST = Some("x86_64-unknown-linux-gnu")
[INFO] [stderr]   CC_x86_64-unknown-linux-gnu = None
[INFO] [stderr]   CC_x86_64_unknown_linux_gnu = None
[INFO] [stderr]   HOST_CC = None
[INFO] [stderr]   CC = None
[INFO] [stderr]   CFLAGS_x86_64-unknown-linux-gnu = None
[INFO] [stderr]   CFLAGS_x86_64_unknown_linux_gnu = None
[INFO] [stderr]   HOST_CFLAGS = None
[INFO] [stderr]   CFLAGS = None
[INFO] [stderr]   CRATE_CC_NO_DEFAULTS = None
[INFO] [stderr]   DEBUG = Some("true")
[INFO] [stderr]   CARGO_CFG_TARGET_FEATURE = Some("fxsr,sse,sse2")
[INFO] [stderr]   OPT_LEVEL = Some("0")
[INFO] [stderr]   TARGET = Some("x86_64-unknown-linux-gnu")
[INFO] [stderr]   HOST = Some("x86_64-unknown-linux-gnu")
[INFO] [stderr]   CC_x86_64-unknown-linux-gnu = None
[INFO] [stderr]   CC_x86_64_unknown_linux_gnu = None
[INFO] [stderr]   HOST_CC = None
[INFO] [stderr]   CC = None
[INFO] [stderr]   CFLAGS_x86_64-unknown-linux-gnu = None
[INFO] [stderr]   CFLAGS_x86_64_unknown_linux_gnu = None
[INFO] [stderr]   HOST_CFLAGS = None
[INFO] [stderr]   CFLAGS = None
[INFO] [stderr]   CRATE_CC_NO_DEFAULTS = None
[INFO] [stderr]   DEBUG = Some("true")
[INFO] [stderr]   CARGO_CFG_TARGET_FEATURE = Some("fxsr,sse,sse2")
[INFO] [stderr]   OPT_LEVEL = Some("0")
[INFO] [stderr]   TARGET = Some("x86_64-unknown-linux-gnu")
[INFO] [stderr]   HOST = Some("x86_64-unknown-linux-gnu")
[INFO] [stderr]   CC_x86_64-unknown-linux-gnu = None
[INFO] [stderr]   CC_x86_64_unknown_linux_gnu = None
[INFO] [stderr]   HOST_CC = None
[INFO] [stderr]   CC = None
[INFO] [stderr]   CFLAGS_x86_64-unknown-linux-gnu = None
[INFO] [stderr]   CFLAGS_x86_64_unknown_linux_gnu = None
[INFO] [stderr]   HOST_CFLAGS = None
[INFO] [stderr]   CFLAGS = None
[INFO] [stderr]   CRATE_CC_NO_DEFAULTS = None
[INFO] [stderr]   DEBUG = Some("true")
[INFO] [stderr]   CARGO_CFG_TARGET_FEATURE = Some("fxsr,sse,sse2")
[INFO] [stderr]   OPT_LEVEL = Some("0")
[INFO] [stderr]   TARGET = Some("x86_64-unknown-linux-gnu")
[INFO] [stderr]   HOST = Some("x86_64-unknown-linux-gnu")
[INFO] [stderr]   CC_x86_64-unknown-linux-gnu = None
[INFO] [stderr]   CC_x86_64_unknown_linux_gnu = None
[INFO] [stderr]   HOST_CC = None
[INFO] [stderr]   CC = None
[INFO] [stderr]   CFLAGS_x86_64-unknown-linux-gnu = None
[INFO] [stderr]   CFLAGS_x86_64_unknown_linux_gnu = None
[INFO] [stderr]   HOST_CFLAGS = None
[INFO] [stderr]   CFLAGS = None
[INFO] [stderr]   CRATE_CC_NO_DEFAULTS = None
[INFO] [stderr]   DEBUG = Some("true")
[INFO] [stderr]   CARGO_CFG_TARGET_FEATURE = Some("fxsr,sse,sse2")
[INFO] [stderr]   OPT_LEVEL = Some("0")
[INFO] [stderr]   TARGET = Some("x86_64-unknown-linux-gnu")
[INFO] [stderr]   HOST = Some("x86_64-unknown-linux-gnu")
[INFO] [stderr]   CC_x86_64-unknown-linux-gnu = None
[INFO] [stderr]   CC_x86_64_unknown_linux_gnu = None
[INFO] [stderr]   HOST_CC = None
[INFO] [stderr]   CC = None
[INFO] [stderr]   CFLAGS_x86_64-unknown-linux-gnu = None
[INFO] [stderr]   CFLAGS_x86_64_unknown_linux_gnu = None
[INFO] [stderr]   HOST_CFLAGS = None
[INFO] [stderr]   CFLAGS = None
[INFO] [stderr]   CRATE_CC_NO_DEFAULTS = None
[INFO] [stderr]   DEBUG = Some("true")
[INFO] [stderr]   CARGO_CFG_TARGET_FEATURE = Some("fxsr,sse,sse2")
[INFO] [stderr]   OPT_LEVEL = Some("0")
[INFO] [stderr]   TARGET = Some("x86_64-unknown-linux-gnu")
[INFO] [stderr]   HOST = Some("x86_64-unknown-linux-gnu")
[INFO] [stderr]   CC_x86_64-unknown-linux-gnu = None
[INFO] [stderr]   CC_x86_64_unknown_linux_gnu = None
[INFO] [stderr]   HOST_CC = None
[INFO] [stderr]   CC = None
[INFO] [stderr]   CFLAGS_x86_64-unknown-linux-gnu = None
[INFO] [stderr]   CFLAGS_x86_64_unknown_linux_gnu = None
[INFO] [stderr]   HOST_CFLAGS = None
[INFO] [stderr]   CFLAGS = None
[INFO] [stderr]   CRATE_CC_NO_DEFAULTS = None
[INFO] [stderr]   DEBUG = Some("true")
[INFO] [stderr]   CARGO_CFG_TARGET_FEATURE = Some("fxsr,sse,sse2")
[INFO] [stderr]   OPT_LEVEL = Some("0")
[INFO] [stderr]   TARGET = Some("x86_64-unknown-linux-gnu")
[INFO] [stderr]   HOST = Some("x86_64-unknown-linux-gnu")
[INFO] [stderr]   CC_x86_64-unknown-linux-gnu = None
[INFO] [stderr]   CC_x86_64_unknown_linux_gnu = None
[INFO] [stderr]   HOST_CC = None
[INFO] [stderr]   CC = None
[INFO] [stderr]   CFLAGS_x86_64-unknown-linux-gnu = None
[INFO] [stderr]   CFLAGS_x86_64_unknown_linux_gnu = None
[INFO] [stderr]   HOST_CFLAGS = None
[INFO] [stderr]   CFLAGS = None
[INFO] [stderr]   CRATE_CC_NO_DEFAULTS = None
[INFO] [stderr]   DEBUG = Some("true")
[INFO] [stderr]   CARGO_CFG_TARGET_FEATURE = Some("fxsr,sse,sse2")
[INFO] [stderr]   OPT_LEVEL = Some("0")
[INFO] [stderr]   TARGET = Some("x86_64-unknown-linux-gnu")
[INFO] [stderr]   HOST = Some("x86_64-unknown-linux-gnu")
[INFO] [stderr]   CC_x86_64-unknown-linux-gnu = None
[INFO] [stderr]   CC_x86_64_unknown_linux_gnu = None
[INFO] [stderr]   HOST_CC = None
[INFO] [stderr]   CC = None
[INFO] [stderr]   CFLAGS_x86_64-unknown-linux-gnu = None
[INFO] [stderr]   CFLAGS_x86_64_unknown_linux_gnu = None
[INFO] [stderr]   HOST_CFLAGS = None
[INFO] [stderr]   CFLAGS = None
[INFO] [stderr]   CRATE_CC_NO_DEFAULTS = None
[INFO] [stderr]   DEBUG = Some("true")
[INFO] [stderr]   CARGO_CFG_TARGET_FEATURE = Some("fxsr,sse,sse2")
[INFO] [stderr] 
[INFO] [stderr]   --- stderr
[INFO] [stderr]   running "cc" "-O0" "-ffunction-sections" "-fdata-sections" "-fPIC" "-g" "-fno-omit-frame-pointer" "-m64" "-I" "include" "-Wall" "-Wextra" "-pedantic" "-pedantic-errors" "-Wall" "-Wextra" "-Wcast-align" "-Wcast-qual" "-Wconversion" "-Wenum-compare" "-Wfloat-equal" "-Wformat=2" "-Winline" "-Winvalid-pch" "-Wmissing-field-initializers" "-Wmissing-include-dirs" "-Wredundant-decls" "-Wshadow" "-Wsign-compare" "-Wsign-conversion" "-Wundef" "-Wuninitialized" "-Wwrite-strings" "-fno-strict-aliasing" "-fvisibility=hidden" "-fstack-protector" "-g3" "-DNDEBUG" "-c" "-o/opt/rustwide/target/debug/build/ring-3a446119ef251f70/out/aesni-x86_64-elf.o" "/opt/rustwide/cargo-home/registry/src/index.crates.io-6f17d22bba15001f/ring-0.16.20/pregenerated/aesni-x86_64-elf.S"
[INFO] [stderr]   running "cc" "-O0" "-ffunction-sections" "-fdata-sections" "-fPIC" "-g" "-fno-omit-frame-pointer" "-m64" "-I" "include" "-Wall" "-Wextra" "-pedantic" "-pedantic-errors" "-Wall" "-Wextra" "-Wcast-align" "-Wcast-qual" "-Wconversion" "-Wenum-compare" "-Wfloat-equal" "-Wformat=2" "-Winline" "-Winvalid-pch" "-Wmissing-field-initializers" "-Wmissing-include-dirs" "-Wredundant-decls" "-Wshadow" "-Wsign-compare" "-Wsign-conversion" "-Wundef" "-Wuninitialized" "-Wwrite-strings" "-fno-strict-aliasing" "-fvisibility=hidden" "-fstack-protector" "-g3" "-DNDEBUG" "-c" "-o/opt/rustwide/target/debug/build/ring-3a446119ef251f70/out/vpaes-x86_64-elf.o" "/opt/rustwide/cargo-home/registry/src/index.crates.io-6f17d22bba15001f/ring-0.16.20/pregenerated/vpaes-x86_64-elf.S"
[INFO] [stderr]   running "cc" "-O0" "-ffunction-sections" "-fdata-sections" "-fPIC" "-g" "-fno-omit-frame-pointer" "-m64" "-I" "include" "-Wall" "-Wextra" "-pedantic" "-pedantic-errors" "-Wall" "-Wextra" "-Wcast-align" "-Wcast-qual" "-Wconversion" "-Wenum-compare" "-Wfloat-equal" "-Wformat=2" "-Winline" "-Winvalid-pch" "-Wmissing-field-initializers" "-Wmissing-include-dirs" "-Wredundant-decls" "-Wshadow" "-Wsign-compare" "-Wsign-conversion" "-Wundef" "-Wuninitialized" "-Wwrite-strings" "-fno-strict-aliasing" "-fvisibility=hidden" "-fstack-protector" "-g3" "-DNDEBUG" "-c" "-o/opt/rustwide/target/debug/build/ring-3a446119ef251f70/out/x86_64-mont-elf.o" "/opt/rustwide/cargo-home/registry/src/index.crates.io-6f17d22bba15001f/ring-0.16.20/pregenerated/x86_64-mont-elf.S"
[INFO] [stderr]   running "cc" "-O0" "-ffunction-sections" "-fdata-sections" "-fPIC" "-g" "-fno-omit-frame-pointer" "-m64" "-I" "include" "-Wall" "-Wextra" "-pedantic" "-pedantic-errors" "-Wall" "-Wextra" "-Wcast-align" "-Wcast-qual" "-Wconversion" "-Wenum-compare" "-Wfloat-equal" "-Wformat=2" "-Winline" "-Winvalid-pch" "-Wmissing-field-initializers" "-Wmissing-include-dirs" "-Wredundant-decls" "-Wshadow" "-Wsign-compare" "-Wsign-conversion" "-Wundef" "-Wuninitialized" "-Wwrite-strings" "-fno-strict-aliasing" "-fvisibility=hidden" "-fstack-protector" "-g3" "-DNDEBUG" "-c" "-o/opt/rustwide/target/debug/build/ring-3a446119ef251f70/out/x86_64-mont5-elf.o" "/opt/rustwide/cargo-home/registry/src/index.crates.io-6f17d22bba15001f/ring-0.16.20/pregenerated/x86_64-mont5-elf.S"
[INFO] [stderr]   running "cc" "-O0" "-ffunction-sections" "-fdata-sections" "-fPIC" "-g" "-fno-omit-frame-pointer" "-m64" "-I" "include" "-Wall" "-Wextra" "-pedantic" "-pedantic-errors" "-Wall" "-Wextra" "-Wcast-align" "-Wcast-qual" "-Wconversion" "-Wenum-compare" "-Wfloat-equal" "-Wformat=2" "-Winline" "-Winvalid-pch" "-Wmissing-field-initializers" "-Wmissing-include-dirs" "-Wredundant-decls" "-Wshadow" "-Wsign-compare" "-Wsign-conversion" "-Wundef" "-Wuninitialized" "-Wwrite-strings" "-fno-strict-aliasing" "-fvisibility=hidden" "-fstack-protector" "-g3" "-DNDEBUG" "-c" "-o/opt/rustwide/target/debug/build/ring-3a446119ef251f70/out/chacha-x86_64-elf.o" "/opt/rustwide/cargo-home/registry/src/index.crates.io-6f17d22bba15001f/ring-0.16.20/pregenerated/chacha-x86_64-elf.S"
[INFO] [stderr]   running "cc" "-O0" "-ffunction-sections" "-fdata-sections" "-fPIC" "-g" "-fno-omit-frame-pointer" "-m64" "-I" "include" "-Wall" "-Wextra" "-pedantic" "-pedantic-errors" "-Wall" "-Wextra" "-Wcast-align" "-Wcast-qual" "-Wconversion" "-Wenum-compare" "-Wfloat-equal" "-Wformat=2" "-Winline" "-Winvalid-pch" "-Wmissing-field-initializers" "-Wmissing-include-dirs" "-Wredundant-decls" "-Wshadow" "-Wsign-compare" "-Wsign-conversion" "-Wundef" "-Wuninitialized" "-Wwrite-strings" "-fno-strict-aliasing" "-fvisibility=hidden" "-fstack-protector" "-g3" "-DNDEBUG" "-c" "-o/opt/rustwide/target/debug/build/ring-3a446119ef251f70/out/p256-x86_64-asm-elf.o" "/opt/rustwide/cargo-home/registry/src/index.crates.io-6f17d22bba15001f/ring-0.16.20/pregenerated/p256-x86_64-asm-elf.S"
[INFO] [stderr]   running "cc" "-O0" "-ffunction-sections" "-fdata-sections" "-fPIC" "-g" "-fno-omit-frame-pointer" "-m64" "-I" "include" "-Wall" "-Wextra" "-pedantic" "-pedantic-errors" "-Wall" "-Wextra" "-Wcast-align" "-Wcast-qual" "-Wconversion" "-Wenum-compare" "-Wfloat-equal" "-Wformat=2" "-Winline" "-Winvalid-pch" "-Wmissing-field-initializers" "-Wmissing-include-dirs" "-Wredundant-decls" "-Wshadow" "-Wsign-compare" "-Wsign-conversion" "-Wundef" "-Wuninitialized" "-Wwrite-strings" "-fno-strict-aliasing" "-fvisibility=hidden" "-fstack-protector" "-g3" "-DNDEBUG" "-c" "-o/opt/rustwide/target/debug/build/ring-3a446119ef251f70/out/aesni-gcm-x86_64-elf.o" "/opt/rustwide/cargo-home/registry/src/index.crates.io-6f17d22bba15001f/ring-0.16.20/pregenerated/aesni-gcm-x86_64-elf.S"
[INFO] [stderr]   running "cc" "-O0" "-ffunction-sections" "-fdata-sections" "-fPIC" "-g" "-fno-omit-frame-pointer" "-m64" "-I" "include" "-Wall" "-Wextra" "-pedantic" "-pedantic-errors" "-Wall" "-Wextra" "-Wcast-align" "-Wcast-qual" "-Wconversion" "-Wenum-compare" "-Wfloat-equal" "-Wformat=2" "-Winline" "-Winvalid-pch" "-Wmissing-field-initializers" "-Wmissing-include-dirs" "-Wredundant-decls" "-Wshadow" "-Wsign-compare" "-Wsign-conversion" "-Wundef" "-Wuninitialized" "-Wwrite-strings" "-fno-strict-aliasing" "-fvisibility=hidden" "-fstack-protector" "-g3" "-DNDEBUG" "-c" "-o/opt/rustwide/target/debug/build/ring-3a446119ef251f70/out/ghash-x86_64-elf.o" "/opt/rustwide/cargo-home/registry/src/index.crates.io-6f17d22bba15001f/ring-0.16.20/pregenerated/ghash-x86_64-elf.S"
[INFO] [stderr]   running "cc" "-O0" "-ffunction-sections" "-fdata-sections" "-fPIC" "-g" "-fno-omit-frame-pointer" "-m64" "-I" "include" "-Wall" "-Wextra" "-pedantic" "-pedantic-errors" "-Wall" "-Wextra" "-Wcast-align" "-Wcast-qual" "-Wconversion" "-Wenum-compare" "-Wfloat-equal" "-Wformat=2" "-Winline" "-Winvalid-pch" "-Wmissing-field-initializers" "-Wmissing-include-dirs" "-Wredundant-decls" "-Wshadow" "-Wsign-compare" "-Wsign-conversion" "-Wundef" "-Wuninitialized" "-Wwrite-strings" "-fno-strict-aliasing" "-fvisibility=hidden" "-fstack-protector" "-g3" "-DNDEBUG" "-c" "-o/opt/rustwide/target/debug/build/ring-3a446119ef251f70/out/sha512-x86_64-elf.o" "/opt/rustwide/cargo-home/registry/src/index.crates.io-6f17d22bba15001f/ring-0.16.20/pregenerated/sha512-x86_64-elf.S"
[INFO] [stderr]   running "cc" "-O0" "-ffunction-sections" "-fdata-sections" "-fPIC" "-g" "-fno-omit-frame-pointer" "-m64" "-I" "include" "-Wall" "-Wextra" "-pedantic" "-pedantic-errors" "-Wall" "-Wextra" "-Wcast-align" "-Wcast-qual" "-Wconversion" "-Wenum-compare" "-Wfloat-equal" "-Wformat=2" "-Winline" "-Winvalid-pch" "-Wmissing-field-initializers" "-Wmissing-include-dirs" "-Wredundant-decls" "-Wshadow" "-Wsign-compare" "-Wsign-conversion" "-Wundef" "-Wuninitialized" "-Wwrite-strings" "-fno-strict-aliasing" "-fvisibility=hidden" "-fstack-protector" "-g3" "-DNDEBUG" "-c" "-o/opt/rustwide/target/debug/build/ring-3a446119ef251f70/out/chacha20_poly1305_x86_64-elf.o" "/opt/rustwide/cargo-home/registry/src/index.crates.io-6f17d22bba15001f/ring-0.16.20/pregenerated/chacha20_poly1305_x86_64-elf.S"
[INFO] [stderr]   running "cc" "-O0" "-ffunction-sections" "-fdata-sections" "-fPIC" "-g" "-fno-omit-frame-pointer" "-m64" "-I" "include" "-Wall" "-Wextra" "-pedantic" "-pedantic-errors" "-Wall" "-Wextra" "-Wcast-align" "-Wcast-qual" "-Wconversion" "-Wenum-compare" "-Wfloat-equal" "-Wformat=2" "-Winline" "-Winvalid-pch" "-Wmissing-field-initializers" "-Wmissing-include-dirs" "-Wredundant-decls" "-Wshadow" "-Wsign-compare" "-Wsign-conversion" "-Wundef" "-Wuninitialized" "-Wwrite-strings" "-fno-strict-aliasing" "-fvisibility=hidden" "-fstack-protector" "-g3" "-DNDEBUG" "-c" "-o/opt/rustwide/target/debug/build/ring-3a446119ef251f70/out/sha256-x86_64-elf.o" "/opt/rustwide/cargo-home/registry/src/index.crates.io-6f17d22bba15001f/ring-0.16.20/pregenerated/sha256-x86_64-elf.S"
[INFO] [stderr]   running "cc" "-O0" "-ffunction-sections" "-fdata-sections" "-fPIC" "-g" "-fno-omit-frame-pointer" "-m64" "-I" "include" "-Wall" "-Wextra" "-std=c1x" "-Wbad-function-cast" "-Wnested-externs" "-Wstrict-prototypes" "-pedantic" "-pedantic-errors" "-Wall" "-Wextra" "-Wcast-align" "-Wcast-qual" "-Wconversion" "-Wenum-compare" "-Wfloat-equal" "-Wformat=2" "-Winline" "-Winvalid-pch" "-Wmissing-field-initializers" "-Wmissing-include-dirs" "-Wredundant-decls" "-Wshadow" "-Wsign-compare" "-Wsign-conversion" "-Wundef" "-Wuninitialized" "-Wwrite-strings" "-fno-strict-aliasing" "-fvisibility=hidden" "-fstack-protector" "-g3" "-DNDEBUG" "-c" "-o/opt/rustwide/target/debug/build/ring-3a446119ef251f70/out/aes_nohw.o" "crypto/fipsmodule/aes/aes_nohw.c"
[INFO] [stderr]   running "cc" "-O0" "-ffunction-sections" "-fdata-sections" "-fPIC" "-g" "-fno-omit-frame-pointer" "-m64" "-I" "include" "-Wall" "-Wextra" "-std=c1x" "-Wbad-function-cast" "-Wnested-externs" "-Wstrict-prototypes" "-pedantic" "-pedantic-errors" "-Wall" "-Wextra" "-Wcast-align" "-Wcast-qual" "-Wconversion" "-Wenum-compare" "-Wfloat-equal" "-Wformat=2" "-Winline" "-Winvalid-pch" "-Wmissing-field-initializers" "-Wmissing-include-dirs" "-Wredundant-decls" "-Wshadow" "-Wsign-compare" "-Wsign-conversion" "-Wundef" "-Wuninitialized" "-Wwrite-strings" "-fno-strict-aliasing" "-fvisibility=hidden" "-fstack-protector" "-g3" "-DNDEBUG" "-c" "-o/opt/rustwide/target/debug/build/ring-3a446119ef251f70/out/montgomery.o" "crypto/fipsmodule/bn/montgomery.c"
[INFO] [stderr]   running "cc" "-O0" "-ffunction-sections" "-fdata-sections" "-fPIC" "-g" "-fno-omit-frame-pointer" "-m64" "-I" "include" "-Wall" "-Wextra" "-std=c1x" "-Wbad-function-cast" "-Wnested-externs" "-Wstrict-prototypes" "-pedantic" "-pedantic-errors" "-Wall" "-Wextra" "-Wcast-align" "-Wcast-qual" "-Wconversion" "-Wenum-compare" "-Wfloat-equal" "-Wformat=2" "-Winline" "-Winvalid-pch" "-Wmissing-field-initializers" "-Wmissing-include-dirs" "-Wredundant-decls" "-Wshadow" "-Wsign-compare" "-Wsign-conversion" "-Wundef" "-Wuninitialized" "-Wwrite-strings" "-fno-strict-aliasing" "-fvisibility=hidden" "-fstack-protector" "-g3" "-DNDEBUG" "-c" "-o/opt/rustwide/target/debug/build/ring-3a446119ef251f70/out/montgomery_inv.o" "crypto/fipsmodule/bn/montgomery_inv.c"
[INFO] [stderr]   running "cc" "-O0" "-ffunction-sections" "-fdata-sections" "-fPIC" "-g" "-fno-omit-frame-pointer" "-m64" "-I" "include" "-Wall" "-Wextra" "-std=c1x" "-Wbad-function-cast" "-Wnested-externs" "-Wstrict-prototypes" "-pedantic" "-pedantic-errors" "-Wall" "-Wextra" "-Wcast-align" "-Wcast-qual" "-Wconversion" "-Wenum-compare" "-Wfloat-equal" "-Wformat=2" "-Winline" "-Winvalid-pch" "-Wmissing-field-initializers" "-Wmissing-include-dirs" "-Wredundant-decls" "-Wshadow" "-Wsign-compare" "-Wsign-conversion" "-Wundef" "-Wuninitialized" "-Wwrite-strings" "-fno-strict-aliasing" "-fvisibility=hidden" "-fstack-protector" "-g3" "-DNDEBUG" "-c" "-o/opt/rustwide/target/debug/build/ring-3a446119ef251f70/out/limbs.o" "crypto/limbs/limbs.c"
[INFO] [stderr]   /tmp/ccrZBo6e.s: Assembler messages:
[INFO] [stderr]   /tmp/ccrZBo6e.s: Fatal error: can't write 22 bytes to section .text.value_barrier_w of /opt/rustwide/target/debug/build/ring-3a446119ef251f70/out/limbs.o: 'No space left on device'
[INFO] [stderr]   /tmp/ccrZBo6e.s: Fatal error: /opt/rustwide/target/debug/build/ring-3a446119ef251f70/out/limbs.o: No space left on device
[INFO] [stderr]   thread 'main' panicked at 'execution failed', /opt/rustwide/cargo-home/registry/src/index.crates.io-6f17d22bba15001f/ring-0.16.20/build.rs:656:9
[INFO] [stderr]   stack backtrace:
[INFO] [stderr]      0:     0x556e4972e17a - std::backtrace_rs::backtrace::libunwind::trace::h2f05d0192276a8f6
[INFO] [stderr]                                  at /rustc/1b7dd2252b99671ce5d1cb9664c5f8636329436d/library/std/src/../../backtrace/src/backtrace/libunwind.rs:93:5
[INFO] [stderr]      1:     0x556e4972e17a - std::backtrace_rs::backtrace::trace_unsynchronized::hedc23dff7a1af150
[INFO] [stderr]                                  at /rustc/1b7dd2252b99671ce5d1cb9664c5f8636329436d/library/std/src/../../backtrace/src/backtrace/mod.rs:66:5
[INFO] [stderr]      2:     0x556e4972e17a - std::sys_common::backtrace::_print_fmt::h17541ef7592f3ce2
[INFO] [stderr]                                  at /rustc/1b7dd2252b99671ce5d1cb9664c5f8636329436d/library/std/src/sys_common/backtrace.rs:65:5
[INFO] [stderr]      3:     0x556e4972e17a - <std::sys_common::backtrace::_print::DisplayBacktrace as core::fmt::Display>::fmt::h20f75df5ab0c0792
[INFO] [stderr]                                  at /rustc/1b7dd2252b99671ce5d1cb9664c5f8636329436d/library/std/src/sys_common/backtrace.rs:44:22
[INFO] [stderr]      4:     0x556e4974f14f - core::fmt::write::h78109e6f466b3af6
[INFO] [stderr]                                  at /rustc/1b7dd2252b99671ce5d1cb9664c5f8636329436d/library/core/src/fmt/mod.rs:1254:17
[INFO] [stderr]      5:     0x556e4972aa35 - std::io::Write::write_fmt::hc59e1b02dd273c8a
[INFO] [stderr]                                  at /rustc/1b7dd2252b99671ce5d1cb9664c5f8636329436d/library/std/src/io/mod.rs:1698:15
[INFO] [stderr]      6:     0x556e4972df45 - std::sys_common::backtrace::_print::h8dac57a9f8fbf9a5
[INFO] [stderr]                                  at /rustc/1b7dd2252b99671ce5d1cb9664c5f8636329436d/library/std/src/sys_common/backtrace.rs:47:5
[INFO] [stderr]      7:     0x556e4972df45 - std::sys_common::backtrace::print::hf9ecbf41d1aa712f
[INFO] [stderr]                                  at /rustc/1b7dd2252b99671ce5d1cb9664c5f8636329436d/library/std/src/sys_common/backtrace.rs:34:9
[INFO] [stderr]      8:     0x556e4972fe7e - std::panicking::default_hook::{{closure}}::h04c07acfc84ca028
[INFO] [stderr]                                  at /rustc/1b7dd2252b99671ce5d1cb9664c5f8636329436d/library/std/src/panicking.rs:269:22
[INFO] [stderr]      9:     0x556e4972fc25 - std::panicking::default_hook::h01f6bb23e1eceb2c
[INFO] [stderr]                                  at /rustc/1b7dd2252b99671ce5d1cb9664c5f8636329436d/library/std/src/panicking.rs:288:9
[INFO] [stderr]     10:     0x556e497303de - std::panicking::rust_panic_with_hook::h2bb3722bbaf2f6df
[INFO] [stderr]                                  at /rustc/1b7dd2252b99671ce5d1cb9664c5f8636329436d/library/std/src/panicking.rs:691:13
[INFO] [stderr]     11:     0x556e496ff28a - std::panicking::begin_panic::{{closure}}::h69935f3b999d7bb1
[INFO] [stderr]     12:     0x556e49700d2a - std::sys_common::backtrace::__rust_end_short_backtrace::h8e45f59924b2f4ee
[INFO] [stderr]     13:     0x556e496ff1db - std::panicking::begin_panic::h6f6dbc7a437795b3
[INFO] [stderr]     14:     0x556e496bcffc - build_script_build::run_command::ha4247c0a68f4243e
[INFO] [stderr]     15:     0x556e496bbaf5 - build_script_build::compile::h81dca46ca96a3bb6
[INFO] [stderr]     16:     0x556e496bb63e - build_script_build::build_library::{{closure}}::h70bed04cabc2309f
[INFO] [stderr]     17:     0x556e496b8acb - core::ops::function::impls::<impl core::ops::function::FnOnce<A> for &mut F>::call_once::h369bbc029c77df7e
[INFO] [stderr]     18:     0x556e496b7237 - core::option::Option<T>::map::h27443d8cd0e318a1
[INFO] [stderr]     19:     0x556e496c2764 - <core::iter::adapters::map::Map<I,F> as core::iter::traits::iterator::Iterator>::next::h63b2434bcfffe6d2
[INFO] [stderr]     20:     0x556e496b3350 - alloc::vec::Vec<T,A>::extend_desugared::hb6e8bd3e851a11ce
[INFO] [stderr]     21:     0x556e496b4536 - <alloc::vec::Vec<T,A> as alloc::vec::spec_extend::SpecExtend<T,I>>::spec_extend::ha8ad7c518ceb5670
[INFO] [stderr]     22:     0x556e496b2c05 - <alloc::vec::Vec<T> as alloc::vec::spec_from_iter_nested::SpecFromIterNested<T,I>>::from_iter::haa1144e15a6cfe18
[INFO] [stderr]     23:     0x556e496b458d - <alloc::vec::Vec<T> as alloc::vec::spec_from_iter::SpecFromIter<T,I>>::from_iter::h0a2551a77a28e1d6
[INFO] [stderr]     24:     0x556e496b4505 - <alloc::vec::Vec<T> as core::iter::traits::collect::FromIterator<T>>::from_iter::he435e8bbec0be192
[INFO] [stderr]     25:     0x556e496c2c2d - core::iter::traits::iterator::Iterator::collect::h0607e69c08423cfd
[INFO] [stderr]     26:     0x556e496bade5 - build_script_build::build_library::hafe50b621e6e559a
[INFO] [stderr]     27:     0x556e496bac0e - build_script_build::build_c_code::{{closure}}::hed501d8aeec8034f
[INFO] [stderr]     28:     0x556e496b5a2d - <core::slice::iter::Iter<T> as core::iter::traits::iterator::Iterator>::for_each::h7eb29a34318831fb
[INFO] [stderr]     29:     0x556e496ba80e - build_script_build::build_c_code::h3f2b92ee766e03c3
[INFO] [stderr]     30:     0x556e496b9455 - build_script_build::ring_build_rs_main::h9b9e35200dc7b9be
[INFO] [stderr]     31:     0x556e496b8cbd - build_script_build::main::h873225042758b1e7
[INFO] [stderr]     32:     0x556e496b8203 - core::ops::function::FnOnce::call_once::hcf96e96b2c7ad921
[INFO] [stderr]     33:     0x556e496b7c76 - std::sys_common::backtrace::__rust_begin_short_backtrace::hcced28cb6e37c74a
[INFO] [stderr]     34:     0x556e496b7ea9 - std::rt::lang_start::{{closure}}::h6a85e96cec474fb3
[INFO] [stderr]     35:     0x556e4972710e - core::ops::function::impls::<impl core::ops::function::FnOnce<A> for &F>::call_once::h2eb19b8ce4148df4
[INFO] [stderr]                                  at /rustc/1b7dd2252b99671ce5d1cb9664c5f8636329436d/library/core/src/ops/function.rs:287:13
[INFO] [stderr]     36:     0x556e4972710e - std::panicking::try::do_call::h2e900feff5d504c5
[INFO] [stderr]                                  at /rustc/1b7dd2252b99671ce5d1cb9664c5f8636329436d/library/std/src/panicking.rs:485:40
[INFO] [stderr]     37:     0x556e4972710e - std::panicking::try::h8854836cb85aa9f2
[INFO] [stderr]                                  at /rustc/1b7dd2252b99671ce5d1cb9664c5f8636329436d/library/std/src/panicking.rs:449:19
[INFO] [stderr]     38:     0x556e4972710e - std::panic::catch_unwind::h706025dd4c48f64b
[INFO] [stderr]                                  at /rustc/1b7dd2252b99671ce5d1cb9664c5f8636329436d/library/std/src/panic.rs:140:14
[INFO] [stderr]     39:     0x556e4972710e - std::rt::lang_start_internal::{{closure}}::h7be5b97f4a07a91a
[INFO] [stderr]                                  at /rustc/1b7dd2252b99671ce5d1cb9664c5f8636329436d/library/std/src/rt.rs:148:48
[INFO] [stderr]     40:     0x556e4972710e - std::panicking::try::do_call::h59847e9d0a176965
[INFO] [stderr]                                  at /rustc/1b7dd2252b99671ce5d1cb9664c5f8636329436d/library/std/src/panicking.rs:485:40
[INFO] [stderr]     41:     0x556e4972710e - std::panicking::try::h399a918ba8522823
[INFO] [stderr]                                  at /rustc/1b7dd2252b99671ce5d1cb9664c5f8636329436d/library/std/src/panicking.rs:449:19
[INFO] [stderr]     42:     0x556e4972710e - std::panic::catch_unwind::hca7ca6c55b2a2e26
[INFO] [stderr]                                  at /rustc/1b7dd2252b99671ce5d1cb9664c5f8636329436d/library/std/src/panic.rs:140:14
[INFO] [stderr]     43:     0x556e4972710e - std::rt::lang_start_internal::h2c807a81560459eb
[INFO] [stderr]                                  at /rustc/1b7dd2252b99671ce5d1cb9664c5f8636329436d/library/std/src/rt.rs:148:20
[INFO] [stderr]     44:     0x556e496b7e87 - std::rt::lang_start::h45e226f31ab99023
[INFO] [stderr]     45:     0x556e496bee45 - main
[INFO] [stderr]     46:     0x7fe29fdc8d90 - <unknown>
[INFO] [stderr]     47:     0x7fe29fdc8e40 - __libc_start_main
[INFO] [stderr]     48:     0x556e496b1d75 - _start
[INFO] [stderr]     49:                0x0 - <unknown>
[INFO] [stdout] error: couldn't create a temp dir: No space left on device (os error 28) at path "/opt/rustwide/target/debug/build/time-7f8d8325418d3aa6/rmetaiq4JUK"
[INFO] [stdout] 
[INFO] [stdout] 
[INFO] [stderr] LLVM ERROR: IO failure on output stream: No space left on device
[INFO] [stderr] error: could not compile `async-channel` (lib)
[INFO] [stderr] error: could not compile `time` (build script) due to previous error
[INFO] [stderr] LLVM ERROR: IO failure on output stream: No space left on device
[INFO] [stderr] error: could not compile `regex-syntax` (lib)
[INFO] [stderr] error: could not compile `idna` (lib)
[INFO] [stderr] thread 'rustc' panicked at 'assertion failed: pos.get() <= self.position()', compiler/rustc_metadata/src/rmeta/encoder.rs:452:9
[INFO] [stderr] error: could not compile `crossbeam-utils` (lib)
[INFO] [stderr] thread 'rustc' panicked at 'assertion failed: pos.get() <= self.position()', compiler/rustc_metadata/src/rmeta/encoder.rs:433:9
[INFO] [stderr] LLVM ERROR: IO failure on output stream: No space left on device
[INFO] [stderr] error: could not compile `url` (lib)
[INFO] [stderr] error: could not compile `rand` (lib)
[INFO] running `Command { std: "docker" "inspect" "6eba49489159747154c47df2bf11d35ab84170fc2cdc562af9fe53459951e844", kill_on_drop: false }`
[INFO] running `Command { std: "docker" "rm" "-f" "6eba49489159747154c47df2bf11d35ab84170fc2cdc562af9fe53459951e844", kill_on_drop: false }`
[INFO] [stdout] 6eba49489159747154c47df2bf11d35ab84170fc2cdc562af9fe53459951e844
