[INFO] cloning repository https://github.com/MabezDev/esp-flash-loader
[INFO] running `Command { std: "git" "-c" "credential.helper=" "-c" "credential.helper=/workspace/cargo-home/bin/git-credential-null" "clone" "--bare" "https://github.com/MabezDev/esp-flash-loader" "/workspace/cache/git-repos/https%3A%2F%2Fgithub.com%2FMabezDev%2Fesp-flash-loader", kill_on_drop: false }`
[INFO] [stderr] Cloning into bare repository '/workspace/cache/git-repos/https%3A%2F%2Fgithub.com%2FMabezDev%2Fesp-flash-loader'...
[INFO] running `Command { std: "git" "rev-parse" "HEAD", kill_on_drop: false }`
[INFO] [stdout] 01d8ea0013baed9e0f70dbcf0429cff080c98950
[INFO] testing MabezDev/esp-flash-loader against 1.69.0 for beta-1.70-1
[INFO] running `Command { std: "git" "clone" "/workspace/cache/git-repos/https%3A%2F%2Fgithub.com%2FMabezDev%2Fesp-flash-loader" "/workspace/builds/worker-5-tc1/source", kill_on_drop: false }`
[INFO] [stderr] Cloning into '/workspace/builds/worker-5-tc1/source'...
[INFO] [stderr] done.
[INFO] validating manifest of git repo https://github.com/MabezDev/esp-flash-loader on toolchain 1.69.0
[INFO] running `Command { std: CARGO_HOME="/workspace/cargo-home" RUSTUP_HOME="/workspace/rustup-home" "/workspace/cargo-home/bin/cargo" "+1.69.0" "metadata" "--manifest-path" "Cargo.toml" "--no-deps", kill_on_drop: false }`
[INFO] removed /workspace/builds/worker-5-tc1/source/.cargo/config.toml
[INFO] started tweaking git repo https://github.com/MabezDev/esp-flash-loader
[INFO] finished tweaking git repo https://github.com/MabezDev/esp-flash-loader
[INFO] tweaked toml for git repo https://github.com/MabezDev/esp-flash-loader written to /workspace/builds/worker-5-tc1/source/Cargo.toml
[INFO] crate git repo https://github.com/MabezDev/esp-flash-loader already has a lockfile, it will not be regenerated
[INFO] running `Command { std: CARGO_HOME="/workspace/cargo-home" RUSTUP_HOME="/workspace/rustup-home" "/workspace/cargo-home/bin/cargo" "+1.69.0" "fetch" "--manifest-path" "Cargo.toml", kill_on_drop: false }`
[INFO] [stderr]     Blocking waiting for file lock on package cache
[INFO] [stderr]     Blocking waiting for file lock on package cache
[INFO] [stderr]  Downloading crates ...
[INFO] [stderr]   Downloaded ufmt-macros v0.1.1
[INFO] [stderr]   Downloaded panic-never v0.1.0
[INFO] [stderr]   Downloaded ufmt v0.1.0
[INFO] running `Command { std: "docker" "create" "-v" "/var/lib/crater-agent-workspace/builds/worker-5-tc1/target:/opt/rustwide/target:rw,Z" "-v" "/var/lib/crater-agent-workspace/builds/worker-5-tc1/source:/opt/rustwide/workdir:ro,Z" "-v" "/var/lib/crater-agent-workspace/cargo-home:/opt/rustwide/cargo-home:ro,Z" "-v" "/var/lib/crater-agent-workspace/rustup-home:/opt/rustwide/rustup-home:ro,Z" "-e" "SOURCE_DIR=/opt/rustwide/workdir" "-e" "CARGO_TARGET_DIR=/opt/rustwide/target" "-e" "CARGO_HOME=/opt/rustwide/cargo-home" "-e" "RUSTUP_HOME=/opt/rustwide/rustup-home" "-w" "/opt/rustwide/workdir" "-m" "1610612736" "--user" "0:0" "--network" "none" "ghcr.io/rust-lang/crates-build-env/linux@sha256:5ff2268d62e97bff2cde7d5815dd6ed5b47097566f13b8d0ca110b04b60e07ed" "/opt/rustwide/cargo-home/bin/cargo" "+1.69.0" "metadata" "--no-deps" "--format-version=1", kill_on_drop: false }`
[INFO] [stdout] ba2ba69defacd2c076b51db7f4fde0660330e09064cf5d1751d945a0424b7929
[INFO] running `Command { std: "docker" "start" "-a" "ba2ba69defacd2c076b51db7f4fde0660330e09064cf5d1751d945a0424b7929", kill_on_drop: false }`
[INFO] running `Command { std: "docker" "inspect" "ba2ba69defacd2c076b51db7f4fde0660330e09064cf5d1751d945a0424b7929", kill_on_drop: false }`
[INFO] running `Command { std: "docker" "rm" "-f" "ba2ba69defacd2c076b51db7f4fde0660330e09064cf5d1751d945a0424b7929", kill_on_drop: false }`
[INFO] [stdout] ba2ba69defacd2c076b51db7f4fde0660330e09064cf5d1751d945a0424b7929
[INFO] running `Command { std: "docker" "create" "-v" "/var/lib/crater-agent-workspace/builds/worker-5-tc1/target:/opt/rustwide/target:rw,Z" "-v" "/var/lib/crater-agent-workspace/builds/worker-5-tc1/source:/opt/rustwide/workdir:ro,Z" "-v" "/var/lib/crater-agent-workspace/cargo-home:/opt/rustwide/cargo-home:ro,Z" "-v" "/var/lib/crater-agent-workspace/rustup-home:/opt/rustwide/rustup-home:ro,Z" "-e" "SOURCE_DIR=/opt/rustwide/workdir" "-e" "CARGO_TARGET_DIR=/opt/rustwide/target" "-e" "CARGO_INCREMENTAL=0" "-e" "RUST_BACKTRACE=full" "-e" "RUSTFLAGS=--cap-lints=warn" "-e" "RUSTDOCFLAGS=--cap-lints=warn" "-e" "CARGO_HOME=/opt/rustwide/cargo-home" "-e" "RUSTUP_HOME=/opt/rustwide/rustup-home" "-w" "/opt/rustwide/workdir" "-m" "1610612736" "--user" "0:0" "--network" "none" "ghcr.io/rust-lang/crates-build-env/linux@sha256:5ff2268d62e97bff2cde7d5815dd6ed5b47097566f13b8d0ca110b04b60e07ed" "/opt/rustwide/cargo-home/bin/cargo" "+1.69.0" "build" "--frozen" "--message-format=json", kill_on_drop: false }`
[INFO] [stdout] 71115b0251f0608d5681bb89a5918ec184009e528dd219ee61cff912694598ff
[INFO] running `Command { std: "docker" "start" "-a" "71115b0251f0608d5681bb89a5918ec184009e528dd219ee61cff912694598ff", kill_on_drop: false }`
[INFO] [stderr]     Blocking waiting for file lock on package cache
[INFO] [stderr]    Compiling esp-flashloader v0.1.0 (/opt/rustwide/workdir)
[INFO] [stderr]    Compiling panic-never v0.1.0
[INFO] [stdout] error[E0425]: cannot find value `chip` in this scope
[INFO] [stdout]   --> build.rs:18:37
[INFO] [stdout]    |
[INFO] [stdout] 18 |         fs::copy(format!("ld/{}.x", chip), out_dir.join(format!("{}.x", chip))).unwrap();
[INFO] [stdout]    |                                     ^^^^ not found in this scope
[INFO] [stdout] 
[INFO] [stdout] 
[INFO] [stdout] error[E0425]: cannot find value `chip` in this scope
[INFO] [stdout]   --> build.rs:18:73
[INFO] [stdout]    |
[INFO] [stdout] 18 |         fs::copy(format!("ld/{}.x", chip), out_dir.join(format!("{}.x", chip))).unwrap();
[INFO] [stdout]    |                                                                         ^^^^ not found in this scope
[INFO] [stdout] 
[INFO] [stdout] 
[INFO] [stdout] error[E0425]: cannot find value `chip` in this scope
[INFO] [stdout]   --> build.rs:19:52
[INFO] [stdout]    |
[INFO] [stdout] 19 |         println!("cargo:rerun-if-changed=ld/{}.x", chip);
[INFO] [stdout]    |                                                    ^^^^ not found in this scope
[INFO] [stdout] 
[INFO] [stdout] 
[INFO] [stdout] error[E0425]: cannot find value `chip` in this scope
[INFO] [stdout]   --> build.rs:20:52
[INFO] [stdout]    |
[INFO] [stdout] 20 |         println!("cargo:rustc-link-arg=-Tld/{}.x", chip);
[INFO] [stdout]    |                                                    ^^^^ not found in this scope
[INFO] [stdout] 
[INFO] [stdout] 
[INFO] [stdout] error: aborting due to 4 previous errors
[INFO] [stdout] 
[INFO] [stdout] 
[INFO] [stdout] For more information about this error, try `rustc --explain E0425`.
[INFO] [stdout] 
[INFO] [stderr] error: could not compile `esp-flashloader` due to 5 previous errors
[INFO] [stderr] warning: build failed, waiting for other jobs to finish...
[INFO] running `Command { std: "docker" "inspect" "71115b0251f0608d5681bb89a5918ec184009e528dd219ee61cff912694598ff", kill_on_drop: false }`
[INFO] running `Command { std: "docker" "rm" "-f" "71115b0251f0608d5681bb89a5918ec184009e528dd219ee61cff912694598ff", kill_on_drop: false }`
[INFO] [stdout] 71115b0251f0608d5681bb89a5918ec184009e528dd219ee61cff912694598ff
