[INFO] cloning repository https://github.com/MTDK1/srml-tcr
[INFO] running `Command { std: "git" "-c" "credential.helper=" "-c" "credential.helper=/workspace/cargo-home/bin/git-credential-null" "clone" "--bare" "https://github.com/MTDK1/srml-tcr" "/workspace/cache/git-repos/https%3A%2F%2Fgithub.com%2FMTDK1%2Fsrml-tcr", kill_on_drop: false }`
[INFO] [stderr] Cloning into bare repository '/workspace/cache/git-repos/https%3A%2F%2Fgithub.com%2FMTDK1%2Fsrml-tcr'...
[INFO] running `Command { std: "git" "rev-parse" "HEAD", kill_on_drop: false }`
[INFO] [stdout] aab15654ab236d963e970e8cb8bee21169071210
[INFO] testing MTDK1/srml-tcr against beta-2023-04-20 for beta-1.70-1
[INFO] running `Command { std: "git" "clone" "/workspace/cache/git-repos/https%3A%2F%2Fgithub.com%2FMTDK1%2Fsrml-tcr" "/workspace/builds/worker-7-tc2/source", kill_on_drop: false }`
[INFO] [stderr] Cloning into '/workspace/builds/worker-7-tc2/source'...
[INFO] [stderr] done.
[INFO] validating manifest of git repo https://github.com/MTDK1/srml-tcr on toolchain beta-2023-04-20
[INFO] running `Command { std: CARGO_HOME="/workspace/cargo-home" RUSTUP_HOME="/workspace/rustup-home" "/workspace/cargo-home/bin/cargo" "+beta-2023-04-20" "metadata" "--manifest-path" "Cargo.toml" "--no-deps", kill_on_drop: false }`
[INFO] started tweaking git repo https://github.com/MTDK1/srml-tcr
[INFO] finished tweaking git repo https://github.com/MTDK1/srml-tcr
[INFO] tweaked toml for git repo https://github.com/MTDK1/srml-tcr written to /workspace/builds/worker-7-tc2/source/Cargo.toml
[INFO] crate git repo https://github.com/MTDK1/srml-tcr already has a lockfile, it will not be regenerated
[INFO] running `Command { std: CARGO_HOME="/workspace/cargo-home" RUSTUP_HOME="/workspace/rustup-home" "/workspace/cargo-home/bin/cargo" "+beta-2023-04-20" "fetch" "--manifest-path" "Cargo.toml", kill_on_drop: false }`
[INFO] [stderr]     Blocking waiting for file lock on package cache
[INFO] [stderr]     Updating crates.io index
[INFO] [stderr]  Downloading crates ...
[INFO] [stderr]   Downloaded merlin v1.2.0
[INFO] [stderr]   Downloaded curve25519-dalek v1.2.1
[INFO] [stderr]   Downloaded fixed-hash v0.4.0
[INFO] [stderr]   Downloaded parity-util-mem v0.2.0
[INFO] [stderr]   Downloaded rustc-hex v2.0.1
[INFO] [stderr]   Downloaded serde_derive v1.0.97
[INFO] [stderr]   Downloaded regex v1.1.9
[INFO] [stderr]   Downloaded safe-mix v1.0.0
[INFO] [stderr]   Downloaded schnorrkel v0.1.1
[INFO] [stderr]   Downloaded paste-impl v0.1.5
[INFO] [stderr]   Downloaded ed25519-dalek v1.0.0-pre.1
[INFO] [stderr]   Downloaded heapsize v0.4.2
[INFO] [stderr]   Downloaded hmac-drbg v0.1.2
[INFO] [stderr]   Downloaded impl-codec v0.3.0
[INFO] [stderr]   Downloaded trie-db v0.14.0
[INFO] [stderr]   Downloaded regex-syntax v0.6.8
[INFO] [stderr]   Downloaded libsecp256k1 v0.2.2
[INFO] [stderr]   Downloaded primitive-types v0.4.0
[INFO] [stderr]   Downloaded malloc_size_of_derive v0.1.0
[INFO] [stderr]   Downloaded tiny-keccak v1.5.0
[INFO] [stderr]   Downloaded hash256-std-hasher v0.14.0
[INFO] [stderr]   Downloaded bitvec v0.11.3
[INFO] [stderr]   Downloaded parity-codec v4.1.2
[INFO] [stderr]   Downloaded uint v0.8.0
[INFO] [stderr]   Downloaded tiny-bip39 v0.6.2
[INFO] [stderr]   Downloaded backtrace v0.3.33
[INFO] [stderr]   Downloaded clear_on_drop v0.2.3
[INFO] [stderr]   Downloaded aho-corasick v0.7.4
[INFO] [stderr]   Downloaded wasmi v0.4.5
[INFO] [stderr]   Downloaded integer-sqrt v0.1.2
[INFO] [stderr]   Downloaded proc-macro-hack v0.5.8
[INFO] [stderr]   Downloaded paste v0.1.5
[INFO] [stderr]   Downloaded environmental v1.0.1
[INFO] [stderr]   Downloaded memory-db v0.14.0
[INFO] [stderr]   Downloaded elastic-array v0.10.2
[INFO] [stderr]   Downloaded trie-root v0.14.0
[INFO] [stderr]   Downloaded hash-db v0.14.0
[INFO] [stderr]   Downloaded impl-serde v0.1.1
[INFO] [stderr]   Downloaded toml v0.5.1
[INFO] [stderr]   Downloaded impl-serde v0.2.0
[INFO] [stderr]   Downloaded serde v1.0.97
[INFO] [stderr]   Downloaded subtle v2.1.0
[INFO] [stderr]   Downloaded twox-hash v1.4.2
[INFO] [stderr]   Downloaded hashmap_core v0.1.10
[INFO] [stderr]   Downloaded parity-codec-derive v3.3.0
[INFO] [stderr]   Downloaded parity-wasm v0.31.3
[INFO] [stderr]   Downloaded substrate-bip39 v0.2.2
[INFO] [stderr]   Downloaded wasmi-validation v0.1.0
[INFO] running `Command { std: "docker" "create" "-v" "/var/lib/crater-agent-workspace/builds/worker-7-tc2/target:/opt/rustwide/target:rw,Z" "-v" "/var/lib/crater-agent-workspace/builds/worker-7-tc2/source:/opt/rustwide/workdir:ro,Z" "-v" "/var/lib/crater-agent-workspace/cargo-home:/opt/rustwide/cargo-home:ro,Z" "-v" "/var/lib/crater-agent-workspace/rustup-home:/opt/rustwide/rustup-home:ro,Z" "-e" "SOURCE_DIR=/opt/rustwide/workdir" "-e" "CARGO_TARGET_DIR=/opt/rustwide/target" "-e" "CARGO_HOME=/opt/rustwide/cargo-home" "-e" "RUSTUP_HOME=/opt/rustwide/rustup-home" "-w" "/opt/rustwide/workdir" "-m" "1610612736" "--user" "0:0" "--network" "none" "ghcr.io/rust-lang/crates-build-env/linux@sha256:97d61d7686bf65f8ecb15491ab51835e82dc9176a96a831f143a431b191fc501" "/opt/rustwide/cargo-home/bin/cargo" "+beta-2023-04-20" "metadata" "--no-deps" "--format-version=1", kill_on_drop: false }`
[INFO] [stdout] d9c66af8d55548f2c045b3d87b894504ba57acd6eaf8f6ef1e68fb575692c9b2
[INFO] running `Command { std: "docker" "start" "-a" "d9c66af8d55548f2c045b3d87b894504ba57acd6eaf8f6ef1e68fb575692c9b2", kill_on_drop: false }`
[INFO] running `Command { std: "docker" "inspect" "d9c66af8d55548f2c045b3d87b894504ba57acd6eaf8f6ef1e68fb575692c9b2", kill_on_drop: false }`
[INFO] running `Command { std: "docker" "rm" "-f" "d9c66af8d55548f2c045b3d87b894504ba57acd6eaf8f6ef1e68fb575692c9b2", kill_on_drop: false }`
[INFO] [stdout] d9c66af8d55548f2c045b3d87b894504ba57acd6eaf8f6ef1e68fb575692c9b2
[INFO] running `Command { std: "docker" "create" "-v" "/var/lib/crater-agent-workspace/builds/worker-7-tc2/target:/opt/rustwide/target:rw,Z" "-v" "/var/lib/crater-agent-workspace/builds/worker-7-tc2/source:/opt/rustwide/workdir:ro,Z" "-v" "/var/lib/crater-agent-workspace/cargo-home:/opt/rustwide/cargo-home:ro,Z" "-v" "/var/lib/crater-agent-workspace/rustup-home:/opt/rustwide/rustup-home:ro,Z" "-e" "SOURCE_DIR=/opt/rustwide/workdir" "-e" "CARGO_TARGET_DIR=/opt/rustwide/target" "-e" "CARGO_INCREMENTAL=0" "-e" "RUST_BACKTRACE=full" "-e" "RUSTFLAGS=--cap-lints=warn" "-e" "RUSTDOCFLAGS=--cap-lints=warn" "-e" "CARGO_HOME=/opt/rustwide/cargo-home" "-e" "RUSTUP_HOME=/opt/rustwide/rustup-home" "-w" "/opt/rustwide/workdir" "-m" "1610612736" "--user" "0:0" "--network" "none" "ghcr.io/rust-lang/crates-build-env/linux@sha256:97d61d7686bf65f8ecb15491ab51835e82dc9176a96a831f143a431b191fc501" "/opt/rustwide/cargo-home/bin/cargo" "+beta-2023-04-20" "build" "--frozen" "--message-format=json", kill_on_drop: false }`
[INFO] [stdout] aac24003a951ba44d9c010d4bcefe2e98ee45e4567ae4047d76750fda68d64e8
[INFO] running `Command { std: "docker" "start" "-a" "aac24003a951ba44d9c010d4bcefe2e98ee45e4567ae4047d76750fda68d64e8", kill_on_drop: false }`
[INFO] [stderr]    Compiling proc-macro2 v0.4.30
[INFO] [stderr]    Compiling unicode-xid v0.1.0
[INFO] [stderr]    Compiling syn v0.15.39
[INFO] [stderr]    Compiling rand_core v0.4.0
[INFO] [stderr]    Compiling typenum v1.10.0
[INFO] [stderr]    Compiling autocfg v0.1.5
[INFO] [stderr]    Compiling libc v0.2.60
[INFO] [stderr]    Compiling semver-parser v0.7.0
[INFO] [stderr]    Compiling byteorder v1.3.2
[INFO] [stderr]    Compiling cc v1.0.37
[INFO] [stderr]    Compiling nodrop v0.1.13
[INFO] [stderr]    Compiling cfg-if v0.1.9
[INFO] [stderr]    Compiling serde v1.0.97
[INFO] [stderr]    Compiling byte-tools v0.3.1
[INFO] [stderr]    Compiling arrayvec v0.4.11
[INFO] [stderr]    Compiling rustc-demangle v0.1.15
[INFO] [stderr]    Compiling fake-simd v0.1.2
[INFO] [stderr]    Compiling block-padding v0.1.4
[INFO] [stderr]    Compiling failure_derive v0.1.5
[INFO] [stderr]    Compiling constant_time_eq v0.1.3
[INFO] [stderr]    Compiling rand_core v0.3.1
[INFO] [stderr]    Compiling semver v0.9.0
[INFO] [stderr]    Compiling rand_jitter v0.1.4
[INFO] [stderr]    Compiling rand_isaac v0.1.1
[INFO] [stderr]    Compiling rand_xorshift v0.1.1
[INFO] [stderr] LLVM ERROR: IO failure on output stream: No space left on device
[INFO] [stdout] error: linking with `cc` failed: exit status: 1
[INFO] [stdout]   |
[INFO] [stdout]   = note: LC_ALL="C" PATH="/opt/rustwide/rustup-home/toolchains/beta-2023-04-20-x86_64-unknown-linux-gnu/lib/rustlib/x86_64-unknown-linux-gnu/bin:/opt/rustwide/cargo-home/bin:/usr/local/sbin:/usr/local/bin:/usr/sbin:/usr/bin:/sbin:/bin" VSLANG="1033" "cc" "-m64" "/tmp/rustc8wWtE0/symbols.o" "/opt/rustwide/target/debug/build/libc-fce2c9362c00c6e2/build_script_build-fce2c9362c00c6e2.build_script_build.11aee707-cgu.0.rcgu.o" "/opt/rustwide/target/debug/build/libc-fce2c9362c00c6e2/build_script_build-fce2c9362c00c6e2.build_script_build.11aee707-cgu.1.rcgu.o" "/opt/rustwide/target/debug/build/libc-fce2c9362c00c6e2/build_script_build-fce2c9362c00c6e2.build_script_build.11aee707-cgu.10.rcgu.o" "/opt/rustwide/target/debug/build/libc-fce2c9362c00c6e2/build_script_build-fce2c9362c00c6e2.build_script_build.11aee707-cgu.11.rcgu.o" "/opt/rustwide/target/debug/build/libc-fce2c9362c00c6e2/build_script_build-fce2c9362c00c6e2.build_script_build.11aee707-cgu.12.rcgu.o" "/opt/rustwide/target/debug/build/libc-fce2c9362c00c6e2/build_script_build-fce2c9362c00c6e2.build_script_build.11aee707-cgu.13.rcgu.o" "/opt/rustwide/target/debug/build/libc-fce2c9362c00c6e2/build_script_build-fce2c9362c00c6e2.build_script_build.11aee707-cgu.14.rcgu.o" "/opt/rustwide/target/debug/build/libc-fce2c9362c00c6e2/build_script_build-fce2c9362c00c6e2.build_script_build.11aee707-cgu.15.rcgu.o" "/opt/rustwide/target/debug/build/libc-fce2c9362c00c6e2/build_script_build-fce2c9362c00c6e2.build_script_build.11aee707-cgu.2.rcgu.o" "/opt/rustwide/target/debug/build/libc-fce2c9362c00c6e2/build_script_build-fce2c9362c00c6e2.build_script_build.11aee707-cgu.3.rcgu.o" "/opt/rustwide/target/debug/build/libc-fce2c9362c00c6e2/build_script_build-fce2c9362c00c6e2.build_script_build.11aee707-cgu.4.rcgu.o" "/opt/rustwide/target/debug/build/libc-fce2c9362c00c6e2/build_script_build-fce2c9362c00c6e2.build_script_build.11aee707-cgu.5.rcgu.o" "/opt/rustwide/target/debug/build/libc-fce2c9362c00c6e2/build_script_build-fce2c9362c00c6e2.build_script_build.11aee707-cgu.6.rcgu.o" "/opt/rustwide/target/debug/build/libc-fce2c9362c00c6e2/build_script_build-fce2c9362c00c6e2.build_script_build.11aee707-cgu.7.rcgu.o" "/opt/rustwide/target/debug/build/libc-fce2c9362c00c6e2/build_script_build-fce2c9362c00c6e2.build_script_build.11aee707-cgu.8.rcgu.o" "/opt/rustwide/target/debug/build/libc-fce2c9362c00c6e2/build_script_build-fce2c9362c00c6e2.build_script_build.11aee707-cgu.9.rcgu.o" "/opt/rustwide/target/debug/build/libc-fce2c9362c00c6e2/build_script_build-fce2c9362c00c6e2.f6yxssngzcs3w9d.rcgu.o" "-Wl,--as-needed" "-L" "/opt/rustwide/target/debug/deps" "-L" "/opt/rustwide/rustup-home/toolchains/beta-2023-04-20-x86_64-unknown-linux-gnu/lib/rustlib/x86_64-unknown-linux-gnu/lib" "-Wl,-Bstatic" "/opt/rustwide/rustup-home/toolchains/beta-2023-04-20-x86_64-unknown-linux-gnu/lib/rustlib/x86_64-unknown-linux-gnu/lib/libstd-0e29cc23c5e02021.rlib" "/opt/rustwide/rustup-home/toolchains/beta-2023-04-20-x86_64-unknown-linux-gnu/lib/rustlib/x86_64-unknown-linux-gnu/lib/libpanic_unwind-d903621768a861d9.rlib" "/opt/rustwide/rustup-home/toolchains/beta-2023-04-20-x86_64-unknown-linux-gnu/lib/rustlib/x86_64-unknown-linux-gnu/lib/libobject-6d0225e655f31c13.rlib" "/opt/rustwide/rustup-home/toolchains/beta-2023-04-20-x86_64-unknown-linux-gnu/lib/rustlib/x86_64-unknown-linux-gnu/lib/libmemchr-9dbaf4eac7eaa079.rlib" "/opt/rustwide/rustup-home/toolchains/beta-2023-04-20-x86_64-unknown-linux-gnu/lib/rustlib/x86_64-unknown-linux-gnu/lib/libaddr2line-27f05b3d42a66dd0.rlib" "/opt/rustwide/rustup-home/toolchains/beta-2023-04-20-x86_64-unknown-linux-gnu/lib/rustlib/x86_64-unknown-linux-gnu/lib/libgimli-4d73f1030321c9a2.rlib" "/opt/rustwide/rustup-home/toolchains/beta-2023-04-20-x86_64-unknown-linux-gnu/lib/rustlib/x86_64-unknown-linux-gnu/lib/librustc_demangle-2846c9e58abd0acb.rlib" "/opt/rustwide/rustup-home/toolchains/beta-2023-04-20-x86_64-unknown-linux-gnu/lib/rustlib/x86_64-unknown-linux-gnu/lib/libstd_detect-a53d0f50415947be.rlib" "/opt/rustwide/rustup-home/toolchains/beta-2023-04-20-x86_64-unknown-linux-gnu/lib/rustlib/x86_64-unknown-linux-gnu/lib/libhashbrown-d48e4b6abc25b9dc.rlib" "/opt/rustwide/rustup-home/toolchains/beta-2023-04-20-x86_64-unknown-linux-gnu/lib/rustlib/x86_64-unknown-linux-gnu/lib/libminiz_oxide-2991859439ef1207.rlib" "/opt/rustwide/rustup-home/toolchains/beta-2023-04-20-x86_64-unknown-linux-gnu/lib/rustlib/x86_64-unknown-linux-gnu/lib/libadler-8a687517e4221bae.rlib" "/opt/rustwide/rustup-home/toolchains/beta-2023-04-20-x86_64-unknown-linux-gnu/lib/rustlib/x86_64-unknown-linux-gnu/lib/librustc_std_workspace_alloc-e07b554f6a67f5b3.rlib" "/opt/rustwide/rustup-home/toolchains/beta-2023-04-20-x86_64-unknown-linux-gnu/lib/rustlib/x86_64-unknown-linux-gnu/lib/libunwind-b68238b7c3c619dd.rlib" "/opt/rustwide/rustup-home/toolchains/beta-2023-04-20-x86_64-unknown-linux-gnu/lib/rustlib/x86_64-unknown-linux-gnu/lib/libcfg_if-d5e213e896c017e4.rlib" "/opt/rustwide/rustup-home/toolchains/beta-2023-04-20-x86_64-unknown-linux-gnu/lib/rustlib/x86_64-unknown-linux-gnu/lib/liblibc-0211a3b2e61d8689.rlib" "/opt/rustwide/rustup-home/toolchains/beta-2023-04-20-x86_64-unknown-linux-gnu/lib/rustlib/x86_64-unknown-linux-gnu/lib/liballoc-b371f055239ba51f.rlib" "/opt/rustwide/rustup-home/toolchains/beta-2023-04-20-x86_64-unknown-linux-gnu/lib/rustlib/x86_64-unknown-linux-gnu/lib/librustc_std_workspace_core-e60518d2760eb01e.rlib" "/opt/rustwide/rustup-home/toolchains/beta-2023-04-20-x86_64-unknown-linux-gnu/lib/rustlib/x86_64-unknown-linux-gnu/lib/libcore-1ad943f92a4b1081.rlib" "/opt/rustwide/rustup-home/toolchains/beta-2023-04-20-x86_64-unknown-linux-gnu/lib/rustlib/x86_64-unknown-linux-gnu/lib/libcompiler_builtins-f0d6e4d0fc1e80b4.rlib" "-Wl,-Bdynamic" "-lgcc_s" "-lutil" "-lrt" "-lpthread" "-lm" "-ldl" "-lc" "-Wl,--eh-frame-hdr" "-Wl,-z,noexecstack" "-L" "/opt/rustwide/rustup-home/toolchains/beta-2023-04-20-x86_64-unknown-linux-gnu/lib/rustlib/x86_64-unknown-linux-gnu/lib" "-o" "/opt/rustwide/target/debug/build/libc-fce2c9362c00c6e2/build_script_build-fce2c9362c00c6e2" "-Wl,--gc-sections" "-pie" "-Wl,-z,relro,-z,now" "-nodefaultlibs"
[INFO] [stdout]   = note: /usr/bin/ld: final link failed: No space left on device
[INFO] [stdout]           collect2: error: ld returned 1 exit status
[INFO] [stdout]           
[INFO] [stdout] 
[INFO] [stdout] 
[INFO] [stderr] error: could not compile `autocfg` (lib)
[INFO] [stderr] warning: build failed, waiting for other jobs to finish...
[INFO] [stdout] error: aborting due to previous error
[INFO] [stdout] 
[INFO] [stdout] 
[INFO] [stderr] error: could not compile `libc` (build script) due to 2 previous errors
[INFO] [stderr] LLVM ERROR: IO failure on output stream: No space left on device
[INFO] [stderr] LLVM ERROR: IO failure on output stream: No space left on device
[INFO] [stdout] error: linking with `cc` failed: exit status: 1
[INFO] [stdout]   |
[INFO] [stdout]   = note: LC_ALL="C" PATH="/opt/rustwide/rustup-home/toolchains/beta-2023-04-20-x86_64-unknown-linux-gnu/lib/rustlib/x86_64-unknown-linux-gnu/bin:/opt/rustwide/cargo-home/bin:/usr/local/sbin:/usr/local/bin:/usr/sbin:/usr/bin:/sbin:/bin" VSLANG="1033" "cc" "-m64" "/tmp/rustcDgOCPm/symbols.o" "/opt/rustwide/target/debug/build/arrayvec-38e22f2eed5bcb1f/build_script_build-38e22f2eed5bcb1f.build_script_build.08d7564b-cgu.0.rcgu.o" "/opt/rustwide/target/debug/build/arrayvec-38e22f2eed5bcb1f/build_script_build-38e22f2eed5bcb1f.build_script_build.08d7564b-cgu.1.rcgu.o" "/opt/rustwide/target/debug/build/arrayvec-38e22f2eed5bcb1f/build_script_build-38e22f2eed5bcb1f.build_script_build.08d7564b-cgu.10.rcgu.o" "/opt/rustwide/target/debug/build/arrayvec-38e22f2eed5bcb1f/build_script_build-38e22f2eed5bcb1f.build_script_build.08d7564b-cgu.11.rcgu.o" "/opt/rustwide/target/debug/build/arrayvec-38e22f2eed5bcb1f/build_script_build-38e22f2eed5bcb1f.build_script_build.08d7564b-cgu.12.rcgu.o" "/opt/rustwide/target/debug/build/arrayvec-38e22f2eed5bcb1f/build_script_build-38e22f2eed5bcb1f.build_script_build.08d7564b-cgu.13.rcgu.o" "/opt/rustwide/target/debug/build/arrayvec-38e22f2eed5bcb1f/build_script_build-38e22f2eed5bcb1f.build_script_build.08d7564b-cgu.14.rcgu.o" "/opt/rustwide/target/debug/build/arrayvec-38e22f2eed5bcb1f/build_script_build-38e22f2eed5bcb1f.build_script_build.08d7564b-cgu.15.rcgu.o" "/opt/rustwide/target/debug/build/arrayvec-38e22f2eed5bcb1f/build_script_build-38e22f2eed5bcb1f.build_script_build.08d7564b-cgu.2.rcgu.o" "/opt/rustwide/target/debug/build/arrayvec-38e22f2eed5bcb1f/build_script_build-38e22f2eed5bcb1f.build_script_build.08d7564b-cgu.3.rcgu.o" "/opt/rustwide/target/debug/build/arrayvec-38e22f2eed5bcb1f/build_script_build-38e22f2eed5bcb1f.build_script_build.08d7564b-cgu.4.rcgu.o" "/opt/rustwide/target/debug/build/arrayvec-38e22f2eed5bcb1f/build_script_build-38e22f2eed5bcb1f.build_script_build.08d7564b-cgu.5.rcgu.o" "/opt/rustwide/target/debug/build/arrayvec-38e22f2eed5bcb1f/build_script_build-38e22f2eed5bcb1f.build_script_build.08d7564b-cgu.6.rcgu.o" "/opt/rustwide/target/debug/build/arrayvec-38e22f2eed5bcb1f/build_script_build-38e22f2eed5bcb1f.build_script_build.08d7564b-cgu.7.rcgu.o" "/opt/rustwide/target/debug/build/arrayvec-38e22f2eed5bcb1f/build_script_build-38e22f2eed5bcb1f.build_script_build.08d7564b-cgu.8.rcgu.o" "/opt/rustwide/target/debug/build/arrayvec-38e22f2eed5bcb1f/build_script_build-38e22f2eed5bcb1f.build_script_build.08d7564b-cgu.9.rcgu.o" "/opt/rustwide/target/debug/build/arrayvec-38e22f2eed5bcb1f/build_script_build-38e22f2eed5bcb1f.f0d72or5q1q6skk.rcgu.o" "-Wl,--as-needed" "-L" "/opt/rustwide/target/debug/deps" "-L" "/opt/rustwide/rustup-home/toolchains/beta-2023-04-20-x86_64-unknown-linux-gnu/lib/rustlib/x86_64-unknown-linux-gnu/lib" "-Wl,-Bstatic" "/opt/rustwide/rustup-home/toolchains/beta-2023-04-20-x86_64-unknown-linux-gnu/lib/rustlib/x86_64-unknown-linux-gnu/lib/libstd-0e29cc23c5e02021.rlib" "/opt/rustwide/rustup-home/toolchains/beta-2023-04-20-x86_64-unknown-linux-gnu/lib/rustlib/x86_64-unknown-linux-gnu/lib/libpanic_unwind-d903621768a861d9.rlib" "/opt/rustwide/rustup-home/toolchains/beta-2023-04-20-x86_64-unknown-linux-gnu/lib/rustlib/x86_64-unknown-linux-gnu/lib/libobject-6d0225e655f31c13.rlib" "/opt/rustwide/rustup-home/toolchains/beta-2023-04-20-x86_64-unknown-linux-gnu/lib/rustlib/x86_64-unknown-linux-gnu/lib/libmemchr-9dbaf4eac7eaa079.rlib" "/opt/rustwide/rustup-home/toolchains/beta-2023-04-20-x86_64-unknown-linux-gnu/lib/rustlib/x86_64-unknown-linux-gnu/lib/libaddr2line-27f05b3d42a66dd0.rlib" "/opt/rustwide/rustup-home/toolchains/beta-2023-04-20-x86_64-unknown-linux-gnu/lib/rustlib/x86_64-unknown-linux-gnu/lib/libgimli-4d73f1030321c9a2.rlib" "/opt/rustwide/rustup-home/toolchains/beta-2023-04-20-x86_64-unknown-linux-gnu/lib/rustlib/x86_64-unknown-linux-gnu/lib/librustc_demangle-2846c9e58abd0acb.rlib" "/opt/rustwide/rustup-home/toolchains/beta-2023-04-20-x86_64-unknown-linux-gnu/lib/rustlib/x86_64-unknown-linux-gnu/lib/libstd_detect-a53d0f50415947be.rlib" "/opt/rustwide/rustup-home/toolchains/beta-2023-04-20-x86_64-unknown-linux-gnu/lib/rustlib/x86_64-unknown-linux-gnu/lib/libhashbrown-d48e4b6abc25b9dc.rlib" "/opt/rustwide/rustup-home/toolchains/beta-2023-04-20-x86_64-unknown-linux-gnu/lib/rustlib/x86_64-unknown-linux-gnu/lib/libminiz_oxide-2991859439ef1207.rlib" "/opt/rustwide/rustup-home/toolchains/beta-2023-04-20-x86_64-unknown-linux-gnu/lib/rustlib/x86_64-unknown-linux-gnu/lib/libadler-8a687517e4221bae.rlib" "/opt/rustwide/rustup-home/toolchains/beta-2023-04-20-x86_64-unknown-linux-gnu/lib/rustlib/x86_64-unknown-linux-gnu/lib/librustc_std_workspace_alloc-e07b554f6a67f5b3.rlib" "/opt/rustwide/rustup-home/toolchains/beta-2023-04-20-x86_64-unknown-linux-gnu/lib/rustlib/x86_64-unknown-linux-gnu/lib/libunwind-b68238b7c3c619dd.rlib" "/opt/rustwide/rustup-home/toolchains/beta-2023-04-20-x86_64-unknown-linux-gnu/lib/rustlib/x86_64-unknown-linux-gnu/lib/libcfg_if-d5e213e896c017e4.rlib" "/opt/rustwide/rustup-home/toolchains/beta-2023-04-20-x86_64-unknown-linux-gnu/lib/rustlib/x86_64-unknown-linux-gnu/lib/liblibc-0211a3b2e61d8689.rlib" "/opt/rustwide/rustup-home/toolchains/beta-2023-04-20-x86_64-unknown-linux-gnu/lib/rustlib/x86_64-unknown-linux-gnu/lib/liballoc-b371f055239ba51f.rlib" "/opt/rustwide/rustup-home/toolchains/beta-2023-04-20-x86_64-unknown-linux-gnu/lib/rustlib/x86_64-unknown-linux-gnu/lib/librustc_std_workspace_core-e60518d2760eb01e.rlib" "/opt/rustwide/rustup-home/toolchains/beta-2023-04-20-x86_64-unknown-linux-gnu/lib/rustlib/x86_64-unknown-linux-gnu/lib/libcore-1ad943f92a4b1081.rlib" "/opt/rustwide/rustup-home/toolchains/beta-2023-04-20-x86_64-unknown-linux-gnu/lib/rustlib/x86_64-unknown-linux-gnu/lib/libcompiler_builtins-f0d6e4d0fc1e80b4.rlib" "-Wl,-Bdynamic" "-lgcc_s" "-lutil" "-lrt" "-lpthread" "-lm" "-ldl" "-lc" "-Wl,--eh-frame-hdr" "-Wl,-z,noexecstack" "-L" "/opt/rustwide/rustup-home/toolchains/beta-2023-04-20-x86_64-unknown-linux-gnu/lib/rustlib/x86_64-unknown-linux-gnu/lib" "-o" "/opt/rustwide/target/debug/build/arrayvec-38e22f2eed5bcb1f/build_script_build-38e22f2eed5bcb1f" "-Wl,--gc-sections" "-pie" "-Wl,-z,relro,-z,now" "-nodefaultlibs"
[INFO] [stdout]   = note: /usr/bin/ld: final link failed: No space left on device
[INFO] [stdout]           collect2: error: ld returned 1 exit status
[INFO] [stdout]           
[INFO] [stdout] 
[INFO] [stdout] 
[INFO] [stdout] error: aborting due to previous error
[INFO] [stdout] 
[INFO] [stdout] 
[INFO] [stdout] error: linking with `cc` failed: exit status: 1
[INFO] [stdout]   |
[INFO] [stdout]   = note: LC_ALL="C" PATH="/opt/rustwide/rustup-home/toolchains/beta-2023-04-20-x86_64-unknown-linux-gnu/lib/rustlib/x86_64-unknown-linux-gnu/bin:/opt/rustwide/cargo-home/bin:/usr/local/sbin:/usr/local/bin:/usr/sbin:/usr/bin:/sbin:/bin" VSLANG="1033" "cc" "-m64" "/tmp/rustcdwGjoM/symbols.o" "/opt/rustwide/target/debug/build/serde-aa5d3769dfa15efb/build_script_build-aa5d3769dfa15efb.build_script_build.8d87d0dc-cgu.0.rcgu.o" "/opt/rustwide/target/debug/build/serde-aa5d3769dfa15efb/build_script_build-aa5d3769dfa15efb.build_script_build.8d87d0dc-cgu.1.rcgu.o" "/opt/rustwide/target/debug/build/serde-aa5d3769dfa15efb/build_script_build-aa5d3769dfa15efb.build_script_build.8d87d0dc-cgu.10.rcgu.o" "/opt/rustwide/target/debug/build/serde-aa5d3769dfa15efb/build_script_build-aa5d3769dfa15efb.build_script_build.8d87d0dc-cgu.11.rcgu.o" "/opt/rustwide/target/debug/build/serde-aa5d3769dfa15efb/build_script_build-aa5d3769dfa15efb.build_script_build.8d87d0dc-cgu.12.rcgu.o" "/opt/rustwide/target/debug/build/serde-aa5d3769dfa15efb/build_script_build-aa5d3769dfa15efb.build_script_build.8d87d0dc-cgu.13.rcgu.o" "/opt/rustwide/target/debug/build/serde-aa5d3769dfa15efb/build_script_build-aa5d3769dfa15efb.build_script_build.8d87d0dc-cgu.14.rcgu.o" "/opt/rustwide/target/debug/build/serde-aa5d3769dfa15efb/build_script_build-aa5d3769dfa15efb.build_script_build.8d87d0dc-cgu.15.rcgu.o" "/opt/rustwide/target/debug/build/serde-aa5d3769dfa15efb/build_script_build-aa5d3769dfa15efb.build_script_build.8d87d0dc-cgu.2.rcgu.o" "/opt/rustwide/target/debug/build/serde-aa5d3769dfa15efb/build_script_build-aa5d3769dfa15efb.build_script_build.8d87d0dc-cgu.3.rcgu.o" "/opt/rustwide/target/debug/build/serde-aa5d3769dfa15efb/build_script_build-aa5d3769dfa15efb.build_script_build.8d87d0dc-cgu.4.rcgu.o" "/opt/rustwide/target/debug/build/serde-aa5d3769dfa15efb/build_script_build-aa5d3769dfa15efb.build_script_build.8d87d0dc-cgu.5.rcgu.o" "/opt/rustwide/target/debug/build/serde-aa5d3769dfa15efb/build_script_build-aa5d3769dfa15efb.build_script_build.8d87d0dc-cgu.6.rcgu.o" "/opt/rustwide/target/debug/build/serde-aa5d3769dfa15efb/build_script_build-aa5d3769dfa15efb.build_script_build.8d87d0dc-cgu.7.rcgu.o" "/opt/rustwide/target/debug/build/serde-aa5d3769dfa15efb/build_script_build-aa5d3769dfa15efb.build_script_build.8d87d0dc-cgu.8.rcgu.o" "/opt/rustwide/target/debug/build/serde-aa5d3769dfa15efb/build_script_build-aa5d3769dfa15efb.build_script_build.8d87d0dc-cgu.9.rcgu.o" "/opt/rustwide/target/debug/build/serde-aa5d3769dfa15efb/build_script_build-aa5d3769dfa15efb.31beedliwyvrjmo8.rcgu.o" "-Wl,--as-needed" "-L" "/opt/rustwide/target/debug/deps" "-L" "/opt/rustwide/rustup-home/toolchains/beta-2023-04-20-x86_64-unknown-linux-gnu/lib/rustlib/x86_64-unknown-linux-gnu/lib" "-Wl,-Bstatic" "/opt/rustwide/rustup-home/toolchains/beta-2023-04-20-x86_64-unknown-linux-gnu/lib/rustlib/x86_64-unknown-linux-gnu/lib/libstd-0e29cc23c5e02021.rlib" "/opt/rustwide/rustup-home/toolchains/beta-2023-04-20-x86_64-unknown-linux-gnu/lib/rustlib/x86_64-unknown-linux-gnu/lib/libpanic_unwind-d903621768a861d9.rlib" "/opt/rustwide/rustup-home/toolchains/beta-2023-04-20-x86_64-unknown-linux-gnu/lib/rustlib/x86_64-unknown-linux-gnu/lib/libobject-6d0225e655f31c13.rlib" "/opt/rustwide/rustup-home/toolchains/beta-2023-04-20-x86_64-unknown-linux-gnu/lib/rustlib/x86_64-unknown-linux-gnu/lib/libmemchr-9dbaf4eac7eaa079.rlib" "/opt/rustwide/rustup-home/toolchains/beta-2023-04-20-x86_64-unknown-linux-gnu/lib/rustlib/x86_64-unknown-linux-gnu/lib/libaddr2line-27f05b3d42a66dd0.rlib" "/opt/rustwide/rustup-home/toolchains/beta-2023-04-20-x86_64-unknown-linux-gnu/lib/rustlib/x86_64-unknown-linux-gnu/lib/libgimli-4d73f1030321c9a2.rlib" "/opt/rustwide/rustup-home/toolchains/beta-2023-04-20-x86_64-unknown-linux-gnu/lib/rustlib/x86_64-unknown-linux-gnu/lib/librustc_demangle-2846c9e58abd0acb.rlib" "/opt/rustwide/rustup-home/toolchains/beta-2023-04-20-x86_64-unknown-linux-gnu/lib/rustlib/x86_64-unknown-linux-gnu/lib/libstd_detect-a53d0f50415947be.rlib" "/opt/rustwide/rustup-home/toolchains/beta-2023-04-20-x86_64-unknown-linux-gnu/lib/rustlib/x86_64-unknown-linux-gnu/lib/libhashbrown-d48e4b6abc25b9dc.rlib" "/opt/rustwide/rustup-home/toolchains/beta-2023-04-20-x86_64-unknown-linux-gnu/lib/rustlib/x86_64-unknown-linux-gnu/lib/libminiz_oxide-2991859439ef1207.rlib" "/opt/rustwide/rustup-home/toolchains/beta-2023-04-20-x86_64-unknown-linux-gnu/lib/rustlib/x86_64-unknown-linux-gnu/lib/libadler-8a687517e4221bae.rlib" "/opt/rustwide/rustup-home/toolchains/beta-2023-04-20-x86_64-unknown-linux-gnu/lib/rustlib/x86_64-unknown-linux-gnu/lib/librustc_std_workspace_alloc-e07b554f6a67f5b3.rlib" "/opt/rustwide/rustup-home/toolchains/beta-2023-04-20-x86_64-unknown-linux-gnu/lib/rustlib/x86_64-unknown-linux-gnu/lib/libunwind-b68238b7c3c619dd.rlib" "/opt/rustwide/rustup-home/toolchains/beta-2023-04-20-x86_64-unknown-linux-gnu/lib/rustlib/x86_64-unknown-linux-gnu/lib/libcfg_if-d5e213e896c017e4.rlib" "/opt/rustwide/rustup-home/toolchains/beta-2023-04-20-x86_64-unknown-linux-gnu/lib/rustlib/x86_64-unknown-linux-gnu/lib/liblibc-0211a3b2e61d8689.rlib" "/opt/rustwide/rustup-home/toolchains/beta-2023-04-20-x86_64-unknown-linux-gnu/lib/rustlib/x86_64-unknown-linux-gnu/lib/liballoc-b371f055239ba51f.rlib" "/opt/rustwide/rustup-home/toolchains/beta-2023-04-20-x86_64-unknown-linux-gnu/lib/rustlib/x86_64-unknown-linux-gnu/lib/librustc_std_workspace_core-e60518d2760eb01e.rlib" "/opt/rustwide/rustup-home/toolchains/beta-2023-04-20-x86_64-unknown-linux-gnu/lib/rustlib/x86_64-unknown-linux-gnu/lib/libcore-1ad943f92a4b1081.rlib" "/opt/rustwide/rustup-home/toolchains/beta-2023-04-20-x86_64-unknown-linux-gnu/lib/rustlib/x86_64-unknown-linux-gnu/lib/libcompiler_builtins-f0d6e4d0fc1e80b4.rlib" "-Wl,-Bdynamic" "-lgcc_s" "-lutil" "-lrt" "-lpthread" "-lm" "-ldl" "-lc" "-Wl,--eh-frame-hdr" "-Wl,-z,noexecstack" "-L" "/opt/rustwide/rustup-home/toolchains/beta-2023-04-20-x86_64-unknown-linux-gnu/lib/rustlib/x86_64-unknown-linux-gnu/lib" "-o" "/opt/rustwide/target/debug/build/serde-aa5d3769dfa15efb/build_script_build-aa5d3769dfa15efb" "-Wl,--gc-sections" "-pie" "-Wl,-z,relro,-z,now" "-nodefaultlibs"
[INFO] [stdout]   = note: /usr/bin/ld: final link failed: No space left on device
[INFO] [stdout]           collect2: error: ld returned 1 exit status
[INFO] [stdout]           
[INFO] [stdout] 
[INFO] [stdout] 
[INFO] [stderr] error: could not compile `arrayvec` (build script) due to 2 previous errors
[INFO] [stderr] error: could not compile `failure_derive` (build script)
[INFO] [stdout] error: aborting due to previous error
[INFO] [stdout] 
[INFO] [stdout] 
[INFO] [stderr] error: could not compile `serde` (build script) due to 2 previous errors
[INFO] [stderr] error: could not compile `rustc-demangle` (lib)
[INFO] [stdout] error: linking with `cc` failed: exit status: 1
[INFO] [stdout]   |
[INFO] [stdout]   = note: LC_ALL="C" PATH="/opt/rustwide/rustup-home/toolchains/beta-2023-04-20-x86_64-unknown-linux-gnu/lib/rustlib/x86_64-unknown-linux-gnu/bin:/opt/rustwide/cargo-home/bin:/usr/local/sbin:/usr/local/bin:/usr/sbin:/usr/bin:/sbin:/bin" VSLANG="1033" "cc" "-m64" "/tmp/rustcDRkwS0/symbols.o" "/opt/rustwide/target/debug/build/byteorder-c8a2b8c34ccb1c09/build_script_build-c8a2b8c34ccb1c09.build_script_build.d0a03ad2-cgu.0.rcgu.o" "/opt/rustwide/target/debug/build/byteorder-c8a2b8c34ccb1c09/build_script_build-c8a2b8c34ccb1c09.build_script_build.d0a03ad2-cgu.1.rcgu.o" "/opt/rustwide/target/debug/build/byteorder-c8a2b8c34ccb1c09/build_script_build-c8a2b8c34ccb1c09.build_script_build.d0a03ad2-cgu.10.rcgu.o" "/opt/rustwide/target/debug/build/byteorder-c8a2b8c34ccb1c09/build_script_build-c8a2b8c34ccb1c09.build_script_build.d0a03ad2-cgu.11.rcgu.o" "/opt/rustwide/target/debug/build/byteorder-c8a2b8c34ccb1c09/build_script_build-c8a2b8c34ccb1c09.build_script_build.d0a03ad2-cgu.12.rcgu.o" "/opt/rustwide/target/debug/build/byteorder-c8a2b8c34ccb1c09/build_script_build-c8a2b8c34ccb1c09.build_script_build.d0a03ad2-cgu.13.rcgu.o" "/opt/rustwide/target/debug/build/byteorder-c8a2b8c34ccb1c09/build_script_build-c8a2b8c34ccb1c09.build_script_build.d0a03ad2-cgu.14.rcgu.o" "/opt/rustwide/target/debug/build/byteorder-c8a2b8c34ccb1c09/build_script_build-c8a2b8c34ccb1c09.build_script_build.d0a03ad2-cgu.15.rcgu.o" "/opt/rustwide/target/debug/build/byteorder-c8a2b8c34ccb1c09/build_script_build-c8a2b8c34ccb1c09.build_script_build.d0a03ad2-cgu.2.rcgu.o" "/opt/rustwide/target/debug/build/byteorder-c8a2b8c34ccb1c09/build_script_build-c8a2b8c34ccb1c09.build_script_build.d0a03ad2-cgu.3.rcgu.o" "/opt/rustwide/target/debug/build/byteorder-c8a2b8c34ccb1c09/build_script_build-c8a2b8c34ccb1c09.build_script_build.d0a03ad2-cgu.4.rcgu.o" "/opt/rustwide/target/debug/build/byteorder-c8a2b8c34ccb1c09/build_script_build-c8a2b8c34ccb1c09.build_script_build.d0a03ad2-cgu.5.rcgu.o" "/opt/rustwide/target/debug/build/byteorder-c8a2b8c34ccb1c09/build_script_build-c8a2b8c34ccb1c09.build_script_build.d0a03ad2-cgu.6.rcgu.o" "/opt/rustwide/target/debug/build/byteorder-c8a2b8c34ccb1c09/build_script_build-c8a2b8c34ccb1c09.build_script_build.d0a03ad2-cgu.7.rcgu.o" "/opt/rustwide/target/debug/build/byteorder-c8a2b8c34ccb1c09/build_script_build-c8a2b8c34ccb1c09.build_script_build.d0a03ad2-cgu.8.rcgu.o" "/opt/rustwide/target/debug/build/byteorder-c8a2b8c34ccb1c09/build_script_build-c8a2b8c34ccb1c09.build_script_build.d0a03ad2-cgu.9.rcgu.o" "/opt/rustwide/target/debug/build/byteorder-c8a2b8c34ccb1c09/build_script_build-c8a2b8c34ccb1c09.1fky7qaeadecwtl2.rcgu.o" "-Wl,--as-needed" "-L" "/opt/rustwide/target/debug/deps" "-L" "/opt/rustwide/rustup-home/toolchains/beta-2023-04-20-x86_64-unknown-linux-gnu/lib/rustlib/x86_64-unknown-linux-gnu/lib" "-Wl,-Bstatic" "/opt/rustwide/rustup-home/toolchains/beta-2023-04-20-x86_64-unknown-linux-gnu/lib/rustlib/x86_64-unknown-linux-gnu/lib/libstd-0e29cc23c5e02021.rlib" "/opt/rustwide/rustup-home/toolchains/beta-2023-04-20-x86_64-unknown-linux-gnu/lib/rustlib/x86_64-unknown-linux-gnu/lib/libpanic_unwind-d903621768a861d9.rlib" "/opt/rustwide/rustup-home/toolchains/beta-2023-04-20-x86_64-unknown-linux-gnu/lib/rustlib/x86_64-unknown-linux-gnu/lib/libobject-6d0225e655f31c13.rlib" "/opt/rustwide/rustup-home/toolchains/beta-2023-04-20-x86_64-unknown-linux-gnu/lib/rustlib/x86_64-unknown-linux-gnu/lib/libmemchr-9dbaf4eac7eaa079.rlib" "/opt/rustwide/rustup-home/toolchains/beta-2023-04-20-x86_64-unknown-linux-gnu/lib/rustlib/x86_64-unknown-linux-gnu/lib/libaddr2line-27f05b3d42a66dd0.rlib" "/opt/rustwide/rustup-home/toolchains/beta-2023-04-20-x86_64-unknown-linux-gnu/lib/rustlib/x86_64-unknown-linux-gnu/lib/libgimli-4d73f1030321c9a2.rlib" "/opt/rustwide/rustup-home/toolchains/beta-2023-04-20-x86_64-unknown-linux-gnu/lib/rustlib/x86_64-unknown-linux-gnu/lib/librustc_demangle-2846c9e58abd0acb.rlib" "/opt/rustwide/rustup-home/toolchains/beta-2023-04-20-x86_64-unknown-linux-gnu/lib/rustlib/x86_64-unknown-linux-gnu/lib/libstd_detect-a53d0f50415947be.rlib" "/opt/rustwide/rustup-home/toolchains/beta-2023-04-20-x86_64-unknown-linux-gnu/lib/rustlib/x86_64-unknown-linux-gnu/lib/libhashbrown-d48e4b6abc25b9dc.rlib" "/opt/rustwide/rustup-home/toolchains/beta-2023-04-20-x86_64-unknown-linux-gnu/lib/rustlib/x86_64-unknown-linux-gnu/lib/libminiz_oxide-2991859439ef1207.rlib" "/opt/rustwide/rustup-home/toolchains/beta-2023-04-20-x86_64-unknown-linux-gnu/lib/rustlib/x86_64-unknown-linux-gnu/lib/libadler-8a687517e4221bae.rlib" "/opt/rustwide/rustup-home/toolchains/beta-2023-04-20-x86_64-unknown-linux-gnu/lib/rustlib/x86_64-unknown-linux-gnu/lib/librustc_std_workspace_alloc-e07b554f6a67f5b3.rlib" "/opt/rustwide/rustup-home/toolchains/beta-2023-04-20-x86_64-unknown-linux-gnu/lib/rustlib/x86_64-unknown-linux-gnu/lib/libunwind-b68238b7c3c619dd.rlib" "/opt/rustwide/rustup-home/toolchains/beta-2023-04-20-x86_64-unknown-linux-gnu/lib/rustlib/x86_64-unknown-linux-gnu/lib/libcfg_if-d5e213e896c017e4.rlib" "/opt/rustwide/rustup-home/toolchains/beta-2023-04-20-x86_64-unknown-linux-gnu/lib/rustlib/x86_64-unknown-linux-gnu/lib/liblibc-0211a3b2e61d8689.rlib" "/opt/rustwide/rustup-home/toolchains/beta-2023-04-20-x86_64-unknown-linux-gnu/lib/rustlib/x86_64-unknown-linux-gnu/lib/liballoc-b371f055239ba51f.rlib" "/opt/rustwide/rustup-home/toolchains/beta-2023-04-20-x86_64-unknown-linux-gnu/lib/rustlib/x86_64-unknown-linux-gnu/lib/librustc_std_workspace_core-e60518d2760eb01e.rlib" "/opt/rustwide/rustup-home/toolchains/beta-2023-04-20-x86_64-unknown-linux-gnu/lib/rustlib/x86_64-unknown-linux-gnu/lib/libcore-1ad943f92a4b1081.rlib" "/opt/rustwide/rustup-home/toolchains/beta-2023-04-20-x86_64-unknown-linux-gnu/lib/rustlib/x86_64-unknown-linux-gnu/lib/libcompiler_builtins-f0d6e4d0fc1e80b4.rlib" "-Wl,-Bdynamic" "-lgcc_s" "-lutil" "-lrt" "-lpthread" "-lm" "-ldl" "-lc" "-Wl,--eh-frame-hdr" "-Wl,-z,noexecstack" "-L" "/opt/rustwide/rustup-home/toolchains/beta-2023-04-20-x86_64-unknown-linux-gnu/lib/rustlib/x86_64-unknown-linux-gnu/lib" "-o" "/opt/rustwide/target/debug/build/byteorder-c8a2b8c34ccb1c09/build_script_build-c8a2b8c34ccb1c09" "-Wl,--gc-sections" "-pie" "-Wl,-z,relro,-z,now" "-nodefaultlibs"
[INFO] [stdout]   = note: /usr/bin/ld: final link failed: No space left on device
[INFO] [stdout]           collect2: error: ld returned 1 exit status
[INFO] [stdout]           
[INFO] [stdout] 
[INFO] [stdout] 
[INFO] [stdout] error: aborting due to previous error
[INFO] [stdout] 
[INFO] [stdout] 
[INFO] [stderr] error: could not compile `byteorder` (build script) due to 2 previous errors
[INFO] [stderr] LLVM ERROR: IO failure on output stream: No space left on device
[INFO] [stderr] LLVM ERROR: IO failure on output stream: No space left on device
[INFO] [stdout] error: linking with `cc` failed: exit status: 1
[INFO] [stdout]   |
[INFO] [stdout]   = note: LC_ALL="C" PATH="/opt/rustwide/rustup-home/toolchains/beta-2023-04-20-x86_64-unknown-linux-gnu/lib/rustlib/x86_64-unknown-linux-gnu/bin:/opt/rustwide/cargo-home/bin:/usr/local/sbin:/usr/local/bin:/usr/sbin:/usr/bin:/sbin:/bin" VSLANG="1033" "cc" "-m64" "/tmp/rustc7SzcXd/symbols.o" "/opt/rustwide/target/debug/build/typenum-ba1a1b4f6222e651/build_script_main-ba1a1b4f6222e651.build_script_main.3c82ad66-cgu.0.rcgu.o" "/opt/rustwide/target/debug/build/typenum-ba1a1b4f6222e651/build_script_main-ba1a1b4f6222e651.build_script_main.3c82ad66-cgu.1.rcgu.o" "/opt/rustwide/target/debug/build/typenum-ba1a1b4f6222e651/build_script_main-ba1a1b4f6222e651.build_script_main.3c82ad66-cgu.10.rcgu.o" "/opt/rustwide/target/debug/build/typenum-ba1a1b4f6222e651/build_script_main-ba1a1b4f6222e651.build_script_main.3c82ad66-cgu.11.rcgu.o" "/opt/rustwide/target/debug/build/typenum-ba1a1b4f6222e651/build_script_main-ba1a1b4f6222e651.build_script_main.3c82ad66-cgu.12.rcgu.o" "/opt/rustwide/target/debug/build/typenum-ba1a1b4f6222e651/build_script_main-ba1a1b4f6222e651.build_script_main.3c82ad66-cgu.13.rcgu.o" "/opt/rustwide/target/debug/build/typenum-ba1a1b4f6222e651/build_script_main-ba1a1b4f6222e651.build_script_main.3c82ad66-cgu.14.rcgu.o" "/opt/rustwide/target/debug/build/typenum-ba1a1b4f6222e651/build_script_main-ba1a1b4f6222e651.build_script_main.3c82ad66-cgu.15.rcgu.o" "/opt/rustwide/target/debug/build/typenum-ba1a1b4f6222e651/build_script_main-ba1a1b4f6222e651.build_script_main.3c82ad66-cgu.2.rcgu.o" "/opt/rustwide/target/debug/build/typenum-ba1a1b4f6222e651/build_script_main-ba1a1b4f6222e651.build_script_main.3c82ad66-cgu.3.rcgu.o" "/opt/rustwide/target/debug/build/typenum-ba1a1b4f6222e651/build_script_main-ba1a1b4f6222e651.build_script_main.3c82ad66-cgu.4.rcgu.o" "/opt/rustwide/target/debug/build/typenum-ba1a1b4f6222e651/build_script_main-ba1a1b4f6222e651.build_script_main.3c82ad66-cgu.5.rcgu.o" "/opt/rustwide/target/debug/build/typenum-ba1a1b4f6222e651/build_script_main-ba1a1b4f6222e651.build_script_main.3c82ad66-cgu.6.rcgu.o" "/opt/rustwide/target/debug/build/typenum-ba1a1b4f6222e651/build_script_main-ba1a1b4f6222e651.build_script_main.3c82ad66-cgu.7.rcgu.o" "/opt/rustwide/target/debug/build/typenum-ba1a1b4f6222e651/build_script_main-ba1a1b4f6222e651.build_script_main.3c82ad66-cgu.8.rcgu.o" "/opt/rustwide/target/debug/build/typenum-ba1a1b4f6222e651/build_script_main-ba1a1b4f6222e651.build_script_main.3c82ad66-cgu.9.rcgu.o" "/opt/rustwide/target/debug/build/typenum-ba1a1b4f6222e651/build_script_main-ba1a1b4f6222e651.41zs7bpp5d92hm01.rcgu.o" "-Wl,--as-needed" "-L" "/opt/rustwide/target/debug/deps" "-L" "/opt/rustwide/rustup-home/toolchains/beta-2023-04-20-x86_64-unknown-linux-gnu/lib/rustlib/x86_64-unknown-linux-gnu/lib" "-Wl,-Bstatic" "/opt/rustwide/rustup-home/toolchains/beta-2023-04-20-x86_64-unknown-linux-gnu/lib/rustlib/x86_64-unknown-linux-gnu/lib/libstd-0e29cc23c5e02021.rlib" "/opt/rustwide/rustup-home/toolchains/beta-2023-04-20-x86_64-unknown-linux-gnu/lib/rustlib/x86_64-unknown-linux-gnu/lib/libpanic_unwind-d903621768a861d9.rlib" "/opt/rustwide/rustup-home/toolchains/beta-2023-04-20-x86_64-unknown-linux-gnu/lib/rustlib/x86_64-unknown-linux-gnu/lib/libobject-6d0225e655f31c13.rlib" "/opt/rustwide/rustup-home/toolchains/beta-2023-04-20-x86_64-unknown-linux-gnu/lib/rustlib/x86_64-unknown-linux-gnu/lib/libmemchr-9dbaf4eac7eaa079.rlib" "/opt/rustwide/rustup-home/toolchains/beta-2023-04-20-x86_64-unknown-linux-gnu/lib/rustlib/x86_64-unknown-linux-gnu/lib/libaddr2line-27f05b3d42a66dd0.rlib" "/opt/rustwide/rustup-home/toolchains/beta-2023-04-20-x86_64-unknown-linux-gnu/lib/rustlib/x86_64-unknown-linux-gnu/lib/libgimli-4d73f1030321c9a2.rlib" "/opt/rustwide/rustup-home/toolchains/beta-2023-04-20-x86_64-unknown-linux-gnu/lib/rustlib/x86_64-unknown-linux-gnu/lib/librustc_demangle-2846c9e58abd0acb.rlib" "/opt/rustwide/rustup-home/toolchains/beta-2023-04-20-x86_64-unknown-linux-gnu/lib/rustlib/x86_64-unknown-linux-gnu/lib/libstd_detect-a53d0f50415947be.rlib" "/opt/rustwide/rustup-home/toolchains/beta-2023-04-20-x86_64-unknown-linux-gnu/lib/rustlib/x86_64-unknown-linux-gnu/lib/libhashbrown-d48e4b6abc25b9dc.rlib" "/opt/rustwide/rustup-home/toolchains/beta-2023-04-20-x86_64-unknown-linux-gnu/lib/rustlib/x86_64-unknown-linux-gnu/lib/libminiz_oxide-2991859439ef1207.rlib" "/opt/rustwide/rustup-home/toolchains/beta-2023-04-20-x86_64-unknown-linux-gnu/lib/rustlib/x86_64-unknown-linux-gnu/lib/libadler-8a687517e4221bae.rlib" "/opt/rustwide/rustup-home/toolchains/beta-2023-04-20-x86_64-unknown-linux-gnu/lib/rustlib/x86_64-unknown-linux-gnu/lib/librustc_std_workspace_alloc-e07b554f6a67f5b3.rlib" "/opt/rustwide/rustup-home/toolchains/beta-2023-04-20-x86_64-unknown-linux-gnu/lib/rustlib/x86_64-unknown-linux-gnu/lib/libunwind-b68238b7c3c619dd.rlib" "/opt/rustwide/rustup-home/toolchains/beta-2023-04-20-x86_64-unknown-linux-gnu/lib/rustlib/x86_64-unknown-linux-gnu/lib/libcfg_if-d5e213e896c017e4.rlib" "/opt/rustwide/rustup-home/toolchains/beta-2023-04-20-x86_64-unknown-linux-gnu/lib/rustlib/x86_64-unknown-linux-gnu/lib/liblibc-0211a3b2e61d8689.rlib" "/opt/rustwide/rustup-home/toolchains/beta-2023-04-20-x86_64-unknown-linux-gnu/lib/rustlib/x86_64-unknown-linux-gnu/lib/liballoc-b371f055239ba51f.rlib" "/opt/rustwide/rustup-home/toolchains/beta-2023-04-20-x86_64-unknown-linux-gnu/lib/rustlib/x86_64-unknown-linux-gnu/lib/librustc_std_workspace_core-e60518d2760eb01e.rlib" "/opt/rustwide/rustup-home/toolchains/beta-2023-04-20-x86_64-unknown-linux-gnu/lib/rustlib/x86_64-unknown-linux-gnu/lib/libcore-1ad943f92a4b1081.rlib" "/opt/rustwide/rustup-home/toolchains/beta-2023-04-20-x86_64-unknown-linux-gnu/lib/rustlib/x86_64-unknown-linux-gnu/lib/libcompiler_builtins-f0d6e4d0fc1e80b4.rlib" "-Wl,-Bdynamic" "-lgcc_s" "-lutil" "-lrt" "-lpthread" "-lm" "-ldl" "-lc" "-Wl,--eh-frame-hdr" "-Wl,-z,noexecstack" "-L" "/opt/rustwide/rustup-home/toolchains/beta-2023-04-20-x86_64-unknown-linux-gnu/lib/rustlib/x86_64-unknown-linux-gnu/lib" "-o" "/opt/rustwide/target/debug/build/typenum-ba1a1b4f6222e651/build_script_main-ba1a1b4f6222e651" "-Wl,--gc-sections" "-pie" "-Wl,-z,relro,-z,now" "-nodefaultlibs"
[INFO] [stdout]   = note: /usr/bin/ld: final link failed: No space left on device
[INFO] [stdout]           collect2: error: ld returned 1 exit status
[INFO] [stdout]           
[INFO] [stdout] 
[INFO] [stdout] 
[INFO] [stdout] error: aborting due to previous error
[INFO] [stdout] 
[INFO] [stdout] 
[INFO] [stderr] error: could not compile `cc` (lib)
[INFO] [stderr] error: could not compile `rand_jitter` (lib)
[INFO] [stderr] error: could not compile `typenum` (build script) due to 2 previous errors
[INFO] [stderr] LLVM ERROR: IO failure on output stream: No space left on device
[INFO] [stdout] error: couldn't create a temp dir: No space left on device (os error 28) at path "/opt/rustwide/target/debug/deps/rmetaT5k6pe"
[INFO] [stdout] 
[INFO] [stdout] 
[INFO] [stderr] error: could not compile `semver` (lib)
[INFO] [stderr] error: could not compile `rand_isaac` (lib) due to previous error
[INFO] running `Command { std: "docker" "inspect" "aac24003a951ba44d9c010d4bcefe2e98ee45e4567ae4047d76750fda68d64e8", kill_on_drop: false }`
[INFO] running `Command { std: "docker" "rm" "-f" "aac24003a951ba44d9c010d4bcefe2e98ee45e4567ae4047d76750fda68d64e8", kill_on_drop: false }`
[INFO] [stdout] aac24003a951ba44d9c010d4bcefe2e98ee45e4567ae4047d76750fda68d64e8
