[INFO] cloning repository https://github.com/MOZGIII/musicbot
[INFO] running `Command { std: "git" "-c" "credential.helper=" "-c" "credential.helper=/workspace/cargo-home/bin/git-credential-null" "clone" "--bare" "https://github.com/MOZGIII/musicbot" "/workspace/cache/git-repos/https%3A%2F%2Fgithub.com%2FMOZGIII%2Fmusicbot", kill_on_drop: false }`
[INFO] [stderr] Cloning into bare repository '/workspace/cache/git-repos/https%3A%2F%2Fgithub.com%2FMOZGIII%2Fmusicbot'...
[INFO] running `Command { std: "git" "rev-parse" "HEAD", kill_on_drop: false }`
[INFO] [stdout] 635dfb6a35742a1bb47a658e04b7e2f72caa6035
[INFO] testing MOZGIII/musicbot against beta-2023-04-20 for beta-1.70-1
[INFO] running `Command { std: "git" "clone" "/workspace/cache/git-repos/https%3A%2F%2Fgithub.com%2FMOZGIII%2Fmusicbot" "/workspace/builds/worker-4-tc2/source", kill_on_drop: false }`
[INFO] [stderr] Cloning into '/workspace/builds/worker-4-tc2/source'...
[INFO] [stderr] done.
[INFO] validating manifest of git repo https://github.com/MOZGIII/musicbot on toolchain beta-2023-04-20
[INFO] running `Command { std: CARGO_HOME="/workspace/cargo-home" RUSTUP_HOME="/workspace/rustup-home" "/workspace/cargo-home/bin/cargo" "+beta-2023-04-20" "metadata" "--manifest-path" "Cargo.toml" "--no-deps", kill_on_drop: false }`
[INFO] started tweaking git repo https://github.com/MOZGIII/musicbot
[INFO] finished tweaking git repo https://github.com/MOZGIII/musicbot
[INFO] tweaked toml for git repo https://github.com/MOZGIII/musicbot written to /workspace/builds/worker-4-tc2/source/Cargo.toml
[INFO] crate git repo https://github.com/MOZGIII/musicbot already has a lockfile, it will not be regenerated
[INFO] running `Command { std: CARGO_HOME="/workspace/cargo-home" RUSTUP_HOME="/workspace/rustup-home" "/workspace/cargo-home/bin/cargo" "+beta-2023-04-20" "fetch" "--manifest-path" "Cargo.toml", kill_on_drop: false }`
[INFO] [stderr]  Downloading crates ...
[INFO] [stderr]   Downloaded tokio-util v0.6.0
[INFO] [stderr]   Downloaded tokio v1.0.1
[INFO] [stderr]   Downloaded command_attr v0.3.3
[INFO] [stderr]   Downloaded webpki v0.21.0
[INFO] [stderr]   Downloaded serde_derive v1.0.88
[INFO] [stderr]   Downloaded serde v1.0.88
[INFO] [stderr]   Downloaded serenity v0.10.2
[INFO] [stderr]   Downloaded typemap_rev v0.1.3
[INFO] [stderr]   Downloaded miniz_oxide v0.3.3
[INFO] [stderr]   Downloaded flate2 v1.0.12
[INFO] [stderr]   Downloaded tokio-stream v0.1.1
[INFO] running `Command { std: "docker" "create" "-v" "/var/lib/crater-agent-workspace/builds/worker-4-tc2/target:/opt/rustwide/target:rw,Z" "-v" "/var/lib/crater-agent-workspace/builds/worker-4-tc2/source:/opt/rustwide/workdir:ro,Z" "-v" "/var/lib/crater-agent-workspace/cargo-home:/opt/rustwide/cargo-home:ro,Z" "-v" "/var/lib/crater-agent-workspace/rustup-home:/opt/rustwide/rustup-home:ro,Z" "-e" "SOURCE_DIR=/opt/rustwide/workdir" "-e" "CARGO_TARGET_DIR=/opt/rustwide/target" "-e" "CARGO_HOME=/opt/rustwide/cargo-home" "-e" "RUSTUP_HOME=/opt/rustwide/rustup-home" "-w" "/opt/rustwide/workdir" "-m" "1610612736" "--user" "0:0" "--network" "none" "ghcr.io/rust-lang/crates-build-env/linux@sha256:5ff2268d62e97bff2cde7d5815dd6ed5b47097566f13b8d0ca110b04b60e07ed" "/opt/rustwide/cargo-home/bin/cargo" "+beta-2023-04-20" "metadata" "--no-deps" "--format-version=1", kill_on_drop: false }`
[INFO] [stdout] 95a21ca3b02db5cf37363bae45cc80c5269587d0280c2b319e2dee363187598f
[INFO] running `Command { std: "docker" "start" "-a" "95a21ca3b02db5cf37363bae45cc80c5269587d0280c2b319e2dee363187598f", kill_on_drop: false }`
[INFO] running `Command { std: "docker" "inspect" "95a21ca3b02db5cf37363bae45cc80c5269587d0280c2b319e2dee363187598f", kill_on_drop: false }`
[INFO] running `Command { std: "docker" "rm" "-f" "95a21ca3b02db5cf37363bae45cc80c5269587d0280c2b319e2dee363187598f", kill_on_drop: false }`
[INFO] [stdout] 95a21ca3b02db5cf37363bae45cc80c5269587d0280c2b319e2dee363187598f
[INFO] running `Command { std: "docker" "create" "-v" "/var/lib/crater-agent-workspace/builds/worker-4-tc2/target:/opt/rustwide/target:rw,Z" "-v" "/var/lib/crater-agent-workspace/builds/worker-4-tc2/source:/opt/rustwide/workdir:ro,Z" "-v" "/var/lib/crater-agent-workspace/cargo-home:/opt/rustwide/cargo-home:ro,Z" "-v" "/var/lib/crater-agent-workspace/rustup-home:/opt/rustwide/rustup-home:ro,Z" "-e" "SOURCE_DIR=/opt/rustwide/workdir" "-e" "CARGO_TARGET_DIR=/opt/rustwide/target" "-e" "CARGO_INCREMENTAL=0" "-e" "RUST_BACKTRACE=full" "-e" "RUSTFLAGS=--cap-lints=warn" "-e" "RUSTDOCFLAGS=--cap-lints=warn" "-e" "CARGO_HOME=/opt/rustwide/cargo-home" "-e" "RUSTUP_HOME=/opt/rustwide/rustup-home" "-w" "/opt/rustwide/workdir" "-m" "1610612736" "--user" "0:0" "--network" "none" "ghcr.io/rust-lang/crates-build-env/linux@sha256:5ff2268d62e97bff2cde7d5815dd6ed5b47097566f13b8d0ca110b04b60e07ed" "/opt/rustwide/cargo-home/bin/cargo" "+beta-2023-04-20" "build" "--frozen" "--message-format=json", kill_on_drop: false }`
[INFO] [stdout] 94dad5a0c966f550e01f345db382e28ab744c9b825ff27b2673a51134071133d
[INFO] running `Command { std: "docker" "start" "-a" "94dad5a0c966f550e01f345db382e28ab744c9b825ff27b2673a51134071133d", kill_on_drop: false }`
[INFO] [stderr]    Compiling libc v0.2.76
[INFO] [stderr]    Compiling proc-macro2 v1.0.24
[INFO] [stderr]    Compiling syn v1.0.58
[INFO] [stderr]    Compiling log v0.4.11
[INFO] [stderr]    Compiling memchr v2.2.0
[INFO] [stderr]    Compiling pin-project-internal v0.4.23
[INFO] [stderr]    Compiling futures-core v0.3.5
[INFO] [stderr]    Compiling ring v0.16.12
[INFO] [stderr]    Compiling autocfg v1.0.1
[INFO] [stderr]    Compiling bytes v1.0.0
[INFO] [stderr]    Compiling itoa v0.4.3
[INFO] [stderr]    Compiling untrusted v0.7.0
[INFO] [stderr]    Compiling tokio v1.0.1
[INFO] [stderr]    Compiling proc-macro2 v0.4.27
[INFO] [stderr]    Compiling slab v0.4.2
[INFO] [stderr]    Compiling spin v0.5.2
[INFO] [stderr]    Compiling bytes v0.5.6
[INFO] [stderr]    Compiling mio v0.7.7
[INFO] [stderr]    Compiling quote v1.0.2
[INFO] [stderr]    Compiling futures-sink v0.3.5
[INFO] [stderr]    Compiling fnv v1.0.6
[INFO] [stderr]    Compiling proc-macro-nested v0.1.6
[INFO] [stderr]    Compiling pin-project-lite v0.2.4
[INFO] [stderr]    Compiling version_check v0.1.5
[INFO] [stderr]    Compiling void v1.0.2
[INFO] [stderr]    Compiling proc-macro-hack v0.5.18
[INFO] [stderr]    Compiling matches v0.1.8
[INFO] [stderr]    Compiling once_cell v1.4.1
[INFO] [stderr]    Compiling typenum v1.12.0
[INFO] [stderr]    Compiling version_check v0.9.2
[INFO] [stderr]    Compiling unicase v2.4.0
[INFO] [stderr]    Compiling futures-task v0.3.5
[INFO] [stderr]    Compiling quote v0.6.11
[INFO] [stderr]    Compiling generic-array v0.14.4
[INFO] [stderr]    Compiling unreachable v1.0.0
[INFO] [stderr]    Compiling http v0.2.1
[INFO] [stderr]    Compiling futures-channel v0.3.5
[INFO] [stderr]    Compiling futures-io v0.3.5
[INFO] [stderr]    Compiling httparse v1.3.4
[INFO] [stderr]    Compiling cfg-if v1.0.0
[INFO] [stderr]    Compiling pin-utils v0.1.0
[INFO] [stderr]    Compiling smallvec v0.6.8
[INFO] [stderr]    Compiling syn v0.15.26
[INFO] [stderr]    Compiling tracing-core v0.1.15
[INFO] [stderr]    Compiling serde v1.0.88
[INFO] [stderr]    Compiling form_urlencoded v1.0.0
[INFO] [stderr]    Compiling webpki v0.21.0
[INFO] [stderr]    Compiling sct v0.6.0
[INFO] [stderr]    Compiling unicode-normalization v0.1.8
[INFO] [stderr]    Compiling getrandom v0.1.12
[INFO] [stderr]    Compiling unicode-bidi v0.3.4
[INFO] [stderr]    Compiling base64 v0.13.0
[INFO] [stderr]    Compiling rand_core v0.5.1
[INFO] [stderr]    Compiling rustls v0.19.0
[INFO] [stderr]    Compiling byteorder v1.3.4
[INFO] [stderr]    Compiling try-lock v0.2.2
[INFO] [stderr]    Compiling idna v0.2.0
[INFO] [stderr]    Compiling indexmap v1.0.2
[INFO] [stderr]    Compiling num-traits v0.2.6
[INFO] [stderr]    Compiling ryu v0.2.7
[INFO] [stderr]    Compiling ryu v1.0.5
[INFO] [stderr]    Compiling serde_derive v1.0.88
[INFO] [stderr]    Compiling url v2.2.0
[INFO] [stderr]    Compiling want v0.3.0
[INFO] [stderr]    Compiling rand_chacha v0.2.1
[INFO] [stderr]    Compiling mime_guess v2.0.1
[INFO] [stderr]    Compiling http-body v0.4.0
[INFO] [stderr]    Compiling digest v0.9.0
[INFO] [stderr]    Compiling block-buffer v0.9.0
[INFO] [stderr]    Compiling socket2 v0.3.19
[INFO] [stderr]    Compiling opaque-debug v0.3.0
[INFO] [stderr]    Compiling encoding_rs v0.8.17
[INFO] [stderr]    Compiling num-integer v0.1.39
[INFO] [stderr]    Compiling tower-service v0.3.0
[INFO] [stderr]    Compiling cpuid-bool v0.1.2
[INFO] [stderr]    Compiling crc32fast v1.1.2
[INFO] [stderr]    Compiling httpdate v0.3.2
[INFO] [stderr]    Compiling sha-1 v0.9.2
[INFO] [stderr]    Compiling rand v0.7.2
[INFO] [stderr]    Compiling mime v0.3.13
[INFO] [stderr]    Compiling input_buffer v0.3.1
[INFO] [stderr]    Compiling iovec v0.1.4
[INFO] [stderr]    Compiling net2 v0.2.33
[INFO] [stderr]    Compiling utf-8 v0.7.5
[INFO] [stderr]    Compiling base64 v0.12.3
[INFO] [stderr]    Compiling adler32 v1.0.3
[INFO] [stderr]    Compiling mio v0.6.22
[INFO] [stderr]    Compiling miniz_oxide v0.3.3
[INFO] [stderr]    Compiling tungstenite v0.11.1
[INFO] [stderr]    Compiling webpki-roots v0.21.0
[INFO] [stderr]    Compiling webpki-roots v0.20.0
[INFO] [stderr]    Compiling time v0.1.42
[INFO] [stderr]    Compiling serenity v0.10.2
[INFO] [stderr]    Compiling arc-swap v0.4.7
[INFO] [stderr]    Compiling tokio-macros v1.0.0
[INFO] [stderr]    Compiling futures-macro v0.3.5
[INFO] [stderr]    Compiling tracing-attributes v0.1.11
[INFO] [stderr]    Compiling pin-project-internal v1.0.4
[INFO] [stderr]    Compiling ipnet v2.3.0
[INFO] [stderr]    Compiling signal-hook-registry v1.2.1
[INFO] [stderr]    Compiling tokio-macros v0.2.5
[INFO] [stderr]    Compiling tracing v0.1.19
[INFO] [stderr]    Compiling command_attr v0.3.3
[INFO] [stderr]    Compiling async-trait v0.1.38
[INFO] [stderr]    Compiling pin-project v0.4.23
[INFO] [stderr]    Compiling flate2 v1.0.12
[INFO] [stderr]    Compiling futures-util v0.3.5
[INFO] [stderr]    Compiling pin-project v1.0.4
[INFO] [stderr]    Compiling tracing-futures v0.2.4
[INFO] [stderr]    Compiling mio-uds v0.6.8
[INFO] [stderr]    Compiling num_cpus v1.13.0
[INFO] [stderr]    Compiling pin-project-lite v0.1.7
[INFO] [stderr]    Compiling bitflags v1.0.4
[INFO] [stderr]    Compiling uwl v0.6.0
[INFO] [stderr]    Compiling static_assertions v1.1.0
[INFO] [stderr]    Compiling typemap_rev v0.1.3
[INFO] [stderr]    Compiling tokio v0.2.22
[INFO] [stderr]    Compiling tokio-stream v0.1.1
[INFO] [stderr]    Compiling tokio-rustls v0.22.0
[INFO] [stderr]    Compiling tokio-util v0.6.0
[INFO] [stderr]    Compiling serde_json v1.0.38
[INFO] [stderr]    Compiling serde_urlencoded v0.7.0
[INFO] [stderr]    Compiling chrono v0.4.6
[INFO] [stderr]    Compiling h2 v0.3.0
[INFO] [stderr]    Compiling async-tungstenite v0.11.0
[INFO] [stderr]    Compiling futures v0.3.5
[INFO] [stderr]    Compiling hyper v0.14.2
[INFO] [stderr]    Compiling hyper-rustls v0.22.1
[INFO] [stderr]    Compiling reqwest v0.11.0
[INFO] [stdout] error[E0015]: cannot call non-const fn `GatewayIntents::all` in constant functions
[INFO] [stdout]    --> /opt/rustwide/cargo-home/registry/src/index.crates.io-6f17d22bba15001f/serenity-0.10.2/src/client/bridge/gateway/intents.rs:149:34
[INFO] [stdout]     |
[INFO] [stdout] 149 |         Self::from_bits_truncate(Self::all().bits() & !Self::privileged().bits())
[INFO] [stdout]     |                                  ^^^^^^^^^^^
[INFO] [stdout]     |
[INFO] [stdout]     = note: calls in constant functions are limited to constant functions, tuple structs and tuple variants
[INFO] [stdout] 
[INFO] [stdout] 
[INFO] [stdout] error[E0015]: cannot call non-const fn `GatewayIntents::bits` in constant functions
[INFO] [stdout]    --> /opt/rustwide/cargo-home/registry/src/index.crates.io-6f17d22bba15001f/serenity-0.10.2/src/client/bridge/gateway/intents.rs:149:46
[INFO] [stdout]     |
[INFO] [stdout] 149 |         Self::from_bits_truncate(Self::all().bits() & !Self::privileged().bits())
[INFO] [stdout]     |                                              ^^^^^^
[INFO] [stdout]     |
[INFO] [stdout]     = note: calls in constant functions are limited to constant functions, tuple structs and tuple variants
[INFO] [stdout] 
[INFO] [stdout] 
[INFO] [stdout] error[E0015]: cannot call non-const fn `GatewayIntents::bits` in constant functions
[INFO] [stdout]    --> /opt/rustwide/cargo-home/registry/src/index.crates.io-6f17d22bba15001f/serenity-0.10.2/src/client/bridge/gateway/intents.rs:149:75
[INFO] [stdout]     |
[INFO] [stdout] 149 |         Self::from_bits_truncate(Self::all().bits() & !Self::privileged().bits())
[INFO] [stdout]     |                                                                           ^^^^^^
[INFO] [stdout]     |
[INFO] [stdout]     = note: calls in constant functions are limited to constant functions, tuple structs and tuple variants
[INFO] [stdout] 
[INFO] [stdout] 
[INFO] [stdout] error[E0015]: cannot call non-const fn `GatewayIntents::from_bits_truncate` in constant functions
[INFO] [stdout]    --> /opt/rustwide/cargo-home/registry/src/index.crates.io-6f17d22bba15001f/serenity-0.10.2/src/client/bridge/gateway/intents.rs:149:9
[INFO] [stdout]     |
[INFO] [stdout] 149 |         Self::from_bits_truncate(Self::all().bits() & !Self::privileged().bits())
[INFO] [stdout]     |         ^^^^^^^^^^^^^^^^^^^^^^^^^^^^^^^^^^^^^^^^^^^^^^^^^^^^^^^^^^^^^^^^^^^^^^^^^
[INFO] [stdout]     |
[INFO] [stdout]     = note: calls in constant functions are limited to constant functions, tuple structs and tuple variants
[INFO] [stdout] 
[INFO] [stdout] 
[INFO] [stdout] error[E0015]: cannot call non-const fn `GatewayIntents::bits` in constant functions
[INFO] [stdout]    --> /opt/rustwide/cargo-home/registry/src/index.crates.io-6f17d22bba15001f/serenity-0.10.2/src/client/bridge/gateway/intents.rs:157:54
[INFO] [stdout]     |
[INFO] [stdout] 157 |         Self::from_bits_truncate(Self::GUILD_MEMBERS.bits() | Self::GUILD_PRESENCES.bits())
[INFO] [stdout]     |                                                      ^^^^^^
[INFO] [stdout]     |
[INFO] [stdout]     = note: calls in constant functions are limited to constant functions, tuple structs and tuple variants
[INFO] [stdout] 
[INFO] [stdout] 
[INFO] [stdout] error[E0015]: cannot call non-const fn `GatewayIntents::bits` in constant functions
[INFO] [stdout]    --> /opt/rustwide/cargo-home/registry/src/index.crates.io-6f17d22bba15001f/serenity-0.10.2/src/client/bridge/gateway/intents.rs:157:85
[INFO] [stdout]     |
[INFO] [stdout] 157 |         Self::from_bits_truncate(Self::GUILD_MEMBERS.bits() | Self::GUILD_PRESENCES.bits())
[INFO] [stdout]     |                                                                                     ^^^^^^
[INFO] [stdout]     |
[INFO] [stdout]     = note: calls in constant functions are limited to constant functions, tuple structs and tuple variants
[INFO] [stdout] 
[INFO] [stdout] 
[INFO] [stdout] error[E0015]: cannot call non-const fn `GatewayIntents::from_bits_truncate` in constant functions
[INFO] [stdout]    --> /opt/rustwide/cargo-home/registry/src/index.crates.io-6f17d22bba15001f/serenity-0.10.2/src/client/bridge/gateway/intents.rs:157:9
[INFO] [stdout]     |
[INFO] [stdout] 157 |         Self::from_bits_truncate(Self::GUILD_MEMBERS.bits() | Self::GUILD_PRESENCES.bits())
[INFO] [stdout]     |         ^^^^^^^^^^^^^^^^^^^^^^^^^^^^^^^^^^^^^^^^^^^^^^^^^^^^^^^^^^^^^^^^^^^^^^^^^^^^^^^^^^^
[INFO] [stdout]     |
[INFO] [stdout]     = note: calls in constant functions are limited to constant functions, tuple structs and tuple variants
[INFO] [stdout] 
[INFO] [stdout] 
[INFO] [stdout] note: erroneous constant used
[INFO] [stdout]    --> /opt/rustwide/cargo-home/registry/src/index.crates.io-6f17d22bba15001f/serenity-0.10.2/src/client/bridge/gateway/intents.rs:157:34
[INFO] [stdout]     |
[INFO] [stdout] 157 |         Self::from_bits_truncate(Self::GUILD_MEMBERS.bits() | Self::GUILD_PRESENCES.bits())
[INFO] [stdout]     |                                  ^^^^^^^^^^^^^^^^^^^^^^^^^^
[INFO] [stdout] 
[INFO] [stdout] 
[INFO] [stdout] note: erroneous constant used
[INFO] [stdout]    --> /opt/rustwide/cargo-home/registry/src/index.crates.io-6f17d22bba15001f/serenity-0.10.2/src/client/bridge/gateway/intents.rs:157:63
[INFO] [stdout]     |
[INFO] [stdout] 157 |         Self::from_bits_truncate(Self::GUILD_MEMBERS.bits() | Self::GUILD_PRESENCES.bits())
[INFO] [stdout]     |                                                               ^^^^^^^^^^^^^^^^^^^^^^^^^^^^
[INFO] [stdout] 
[INFO] [stdout] 
[INFO] [stdout] error: aborting due to 7 previous errors
[INFO] [stdout] 
[INFO] [stdout] 
[INFO] [stdout] For more information about this error, try `rustc --explain E0015`.
[INFO] [stdout] 
[INFO] [stderr] error: could not compile `serenity` (lib) due to 8 previous errors
[INFO] running `Command { std: "docker" "inspect" "94dad5a0c966f550e01f345db382e28ab744c9b825ff27b2673a51134071133d", kill_on_drop: false }`
[INFO] running `Command { std: "docker" "rm" "-f" "94dad5a0c966f550e01f345db382e28ab744c9b825ff27b2673a51134071133d", kill_on_drop: false }`
[INFO] [stdout] 94dad5a0c966f550e01f345db382e28ab744c9b825ff27b2673a51134071133d
