[INFO] cloning repository https://github.com/MBODM/wingetupd-rust
[INFO] running `Command { std: "git" "-c" "credential.helper=" "-c" "credential.helper=/workspace/cargo-home/bin/git-credential-null" "clone" "--bare" "https://github.com/MBODM/wingetupd-rust" "/workspace/cache/git-repos/https%3A%2F%2Fgithub.com%2FMBODM%2Fwingetupd-rust", kill_on_drop: false }`
[INFO] [stderr] Cloning into bare repository '/workspace/cache/git-repos/https%3A%2F%2Fgithub.com%2FMBODM%2Fwingetupd-rust'...
[INFO] running `Command { std: "git" "rev-parse" "HEAD", kill_on_drop: false }`
[INFO] [stdout] 4ea8ea40e275aa7a0552bec5b8a5eab1888a4321
[INFO] testing MBODM/wingetupd-rust against beta-2023-04-20 for beta-1.70-1
[INFO] running `Command { std: "git" "clone" "/workspace/cache/git-repos/https%3A%2F%2Fgithub.com%2FMBODM%2Fwingetupd-rust" "/workspace/builds/worker-7-tc2/source", kill_on_drop: false }`
[INFO] [stderr] Cloning into '/workspace/builds/worker-7-tc2/source'...
[INFO] [stderr] done.
[INFO] validating manifest of git repo https://github.com/MBODM/wingetupd-rust on toolchain beta-2023-04-20
[INFO] running `Command { std: CARGO_HOME="/workspace/cargo-home" RUSTUP_HOME="/workspace/rustup-home" "/workspace/cargo-home/bin/cargo" "+beta-2023-04-20" "metadata" "--manifest-path" "Cargo.toml" "--no-deps", kill_on_drop: false }`
[INFO] started tweaking git repo https://github.com/MBODM/wingetupd-rust
[INFO] finished tweaking git repo https://github.com/MBODM/wingetupd-rust
[INFO] tweaked toml for git repo https://github.com/MBODM/wingetupd-rust written to /workspace/builds/worker-7-tc2/source/Cargo.toml
[INFO] crate git repo https://github.com/MBODM/wingetupd-rust already has a lockfile, it will not be regenerated
[INFO] running `Command { std: CARGO_HOME="/workspace/cargo-home" RUSTUP_HOME="/workspace/rustup-home" "/workspace/cargo-home/bin/cargo" "+beta-2023-04-20" "fetch" "--manifest-path" "Cargo.toml", kill_on_drop: false }`
[INFO] running `Command { std: "docker" "create" "-v" "/var/lib/crater-agent-workspace/builds/worker-7-tc2/target:/opt/rustwide/target:rw,Z" "-v" "/var/lib/crater-agent-workspace/builds/worker-7-tc2/source:/opt/rustwide/workdir:ro,Z" "-v" "/var/lib/crater-agent-workspace/cargo-home:/opt/rustwide/cargo-home:ro,Z" "-v" "/var/lib/crater-agent-workspace/rustup-home:/opt/rustwide/rustup-home:ro,Z" "-e" "SOURCE_DIR=/opt/rustwide/workdir" "-e" "CARGO_TARGET_DIR=/opt/rustwide/target" "-e" "CARGO_HOME=/opt/rustwide/cargo-home" "-e" "RUSTUP_HOME=/opt/rustwide/rustup-home" "-w" "/opt/rustwide/workdir" "-m" "1610612736" "--user" "0:0" "--network" "none" "ghcr.io/rust-lang/crates-build-env/linux@sha256:5ff2268d62e97bff2cde7d5815dd6ed5b47097566f13b8d0ca110b04b60e07ed" "/opt/rustwide/cargo-home/bin/cargo" "+beta-2023-04-20" "metadata" "--no-deps" "--format-version=1", kill_on_drop: false }`
[INFO] [stdout] 4ba741efa840381bd6775f678e1b77ca796154edce2481af7ea3b262e745a0ff
[INFO] running `Command { std: "docker" "start" "-a" "4ba741efa840381bd6775f678e1b77ca796154edce2481af7ea3b262e745a0ff", kill_on_drop: false }`
[INFO] running `Command { std: "docker" "inspect" "4ba741efa840381bd6775f678e1b77ca796154edce2481af7ea3b262e745a0ff", kill_on_drop: false }`
[INFO] running `Command { std: "docker" "rm" "-f" "4ba741efa840381bd6775f678e1b77ca796154edce2481af7ea3b262e745a0ff", kill_on_drop: false }`
[INFO] [stdout] 4ba741efa840381bd6775f678e1b77ca796154edce2481af7ea3b262e745a0ff
[INFO] running `Command { std: "docker" "create" "-v" "/var/lib/crater-agent-workspace/builds/worker-7-tc2/target:/opt/rustwide/target:rw,Z" "-v" "/var/lib/crater-agent-workspace/builds/worker-7-tc2/source:/opt/rustwide/workdir:ro,Z" "-v" "/var/lib/crater-agent-workspace/cargo-home:/opt/rustwide/cargo-home:ro,Z" "-v" "/var/lib/crater-agent-workspace/rustup-home:/opt/rustwide/rustup-home:ro,Z" "-e" "SOURCE_DIR=/opt/rustwide/workdir" "-e" "CARGO_TARGET_DIR=/opt/rustwide/target" "-e" "CARGO_INCREMENTAL=0" "-e" "RUST_BACKTRACE=full" "-e" "RUSTFLAGS=--cap-lints=warn" "-e" "RUSTDOCFLAGS=--cap-lints=warn" "-e" "CARGO_HOME=/opt/rustwide/cargo-home" "-e" "RUSTUP_HOME=/opt/rustwide/rustup-home" "-w" "/opt/rustwide/workdir" "-m" "1610612736" "--user" "0:0" "--network" "none" "ghcr.io/rust-lang/crates-build-env/linux@sha256:5ff2268d62e97bff2cde7d5815dd6ed5b47097566f13b8d0ca110b04b60e07ed" "/opt/rustwide/cargo-home/bin/cargo" "+beta-2023-04-20" "build" "--frozen" "--message-format=json", kill_on_drop: false }`
[INFO] [stdout] 699f019a7d7e2d848634d0cc822f1c7667717cf9417759dcd05709d8085c8161
[INFO] running `Command { std: "docker" "start" "-a" "699f019a7d7e2d848634d0cc822f1c7667717cf9417759dcd05709d8085c8161", kill_on_drop: false }`
[INFO] [stderr]    Compiling memchr v2.5.0
[INFO] [stderr]    Compiling regex-syntax v0.6.25
[INFO] [stderr]    Compiling aho-corasick v0.7.18
[INFO] [stderr]    Compiling regex v1.5.5
[INFO] [stderr]    Compiling wingetupd v1.0.1 (/opt/rustwide/workdir)
[INFO] [stdout] error[E0583]: file not found for module `package_infos_helper`
[INFO] [stdout]   --> src/main.rs:12:1
[INFO] [stdout]    |
[INFO] [stdout] 12 | mod package_infos_helper;
[INFO] [stdout]    | ^^^^^^^^^^^^^^^^^^^^^^^^^
[INFO] [stdout]    |
[INFO] [stdout]    = help: to create the module `package_infos_helper`, create file "src/package_infos_helper.rs" or "src/package_infos_helper/mod.rs"
[INFO] [stdout] 
[INFO] [stdout] 
[INFO] [stdout] error[E0432]: unresolved imports `crate::app::args`, `crate::app::console`
[INFO] [stdout]  --> src/domain.rs:1:18
[INFO] [stdout]   |
[INFO] [stdout] 1 | use crate::app::{args, console};
[INFO] [stdout]   |                  ^^^^  ^^^^^^^ no `console` in `app`
[INFO] [stdout]   |                  |
[INFO] [stdout]   |                  no `args` in `app`
[INFO] [stdout]   |
[INFO] [stdout]   = help: consider importing this module instead:
[INFO] [stdout]           crate::args
[INFO] [stdout]   = help: consider importing this module instead:
[INFO] [stdout]           crate::console
[INFO] [stdout] 
[INFO] [stdout] 
[INFO] [stdout] error[E0432]: unresolved import `super::common`
[INFO] [stdout]  --> src/domain.rs:3:5
[INFO] [stdout]   |
[INFO] [stdout] 3 | use super::common;
[INFO] [stdout]   |     ^^^^^^^^^^^^^ no `common` in the root
[INFO] [stdout] 
[INFO] [stdout] 
[INFO] [stdout] error[E0425]: cannot find function `get_valid_packages` in module `package_infos_helper`
[INFO] [stdout]   --> src/main.rs:64:36
[INFO] [stdout]    |
[INFO] [stdout] 64 |     let vp = package_infos_helper::get_valid_packages(package_infos);
[INFO] [stdout]    |                                    ^^^^^^^^^^^^^^^^^^ not found in `package_infos_helper`
[INFO] [stdout]    |
[INFO] [stdout] help: consider importing this function
[INFO] [stdout]    |
[INFO] [stdout] 1  + use crate::packages::get_valid_packages;
[INFO] [stdout]    |
[INFO] [stdout] help: if you import `get_valid_packages`, refer to it directly
[INFO] [stdout]    |
[INFO] [stdout] 64 -     let vp = package_infos_helper::get_valid_packages(package_infos);
[INFO] [stdout] 64 +     let vp = get_valid_packages(package_infos);
[INFO] [stdout]    |
[INFO] [stdout] 
[INFO] [stdout] 
[INFO] [stdout] error[E0425]: cannot find function `get_invalid_packages` in module `package_infos_helper`
[INFO] [stdout]   --> src/main.rs:65:36
[INFO] [stdout]    |
[INFO] [stdout] 65 |     let ip = package_infos_helper::get_invalid_packages(package_infos);
[INFO] [stdout]    |                                    ^^^^^^^^^^^^^^^^^^^^ not found in `package_infos_helper`
[INFO] [stdout]    |
[INFO] [stdout] help: consider importing this function
[INFO] [stdout]    |
[INFO] [stdout] 1  + use crate::packages::get_invalid_packages;
[INFO] [stdout]    |
[INFO] [stdout] help: if you import `get_invalid_packages`, refer to it directly
[INFO] [stdout]    |
[INFO] [stdout] 65 -     let ip = package_infos_helper::get_invalid_packages(package_infos);
[INFO] [stdout] 65 +     let ip = get_invalid_packages(package_infos);
[INFO] [stdout]    |
[INFO] [stdout] 
[INFO] [stdout] 
[INFO] [stdout] error[E0425]: cannot find function `get_valid_packages` in module `package_infos_helper`
[INFO] [stdout]   --> src/main.rs:76:37
[INFO] [stdout]    |
[INFO] [stdout] 76 |     let vp1 = package_infos_helper::get_valid_packages(package_infos);
[INFO] [stdout]    |                                     ^^^^^^^^^^^^^^^^^^ not found in `package_infos_helper`
[INFO] [stdout]    |
[INFO] [stdout] help: consider importing this function
[INFO] [stdout]    |
[INFO] [stdout] 1  + use crate::packages::get_valid_packages;
[INFO] [stdout]    |
[INFO] [stdout] help: if you import `get_valid_packages`, refer to it directly
[INFO] [stdout]    |
[INFO] [stdout] 76 -     let vp1 = package_infos_helper::get_valid_packages(package_infos);
[INFO] [stdout] 76 +     let vp1 = get_valid_packages(package_infos);
[INFO] [stdout]    |
[INFO] [stdout] 
[INFO] [stdout] 
[INFO] [stdout] error[E0425]: cannot find function `get_invalid_packages` in module `package_infos_helper`
[INFO] [stdout]   --> src/main.rs:77:37
[INFO] [stdout]    |
[INFO] [stdout] 77 |     let ip1 = package_infos_helper::get_invalid_packages(package_infos);
[INFO] [stdout]    |                                     ^^^^^^^^^^^^^^^^^^^^ not found in `package_infos_helper`
[INFO] [stdout]    |
[INFO] [stdout] help: consider importing this function
[INFO] [stdout]    |
[INFO] [stdout] 1  + use crate::packages::get_invalid_packages;
[INFO] [stdout]    |
[INFO] [stdout] help: if you import `get_invalid_packages`, refer to it directly
[INFO] [stdout]    |
[INFO] [stdout] 77 -     let ip1 = package_infos_helper::get_invalid_packages(package_infos);
[INFO] [stdout] 77 +     let ip1 = get_invalid_packages(package_infos);
[INFO] [stdout]    |
[INFO] [stdout] 
[INFO] [stdout] 
[INFO] [stdout] error[E0433]: failed to resolve: use of undeclared type `AppError`
[INFO] [stdout]   --> src/main.rs:83:20
[INFO] [stdout]    |
[INFO] [stdout] 83 |         return Err(AppError::new(String::from("Package-file is empty.")));
[INFO] [stdout]    |                    ^^^^^^^^ use of undeclared type `AppError`
[INFO] [stdout]    |
[INFO] [stdout] help: consider importing this struct
[INFO] [stdout]    |
[INFO] [stdout] 1  + use crate::err::AppError;
[INFO] [stdout]    |
[INFO] [stdout] 
[INFO] [stdout] 
[INFO] [stdout] warning: unused import: `intrinsics::const_eval_select`
[INFO] [stdout]  --> src/console.rs:4:5
[INFO] [stdout]   |
[INFO] [stdout] 4 |     intrinsics::const_eval_select,
[INFO] [stdout]   |     ^^^^^^^^^^^^^^^^^^^^^^^^^^^^^
[INFO] [stdout]   |
[INFO] [stdout]   = note: `#[warn(unused_imports)]` on by default
[INFO] [stdout] 
[INFO] [stdout] 
[INFO] [stdout] warning: unused import: `app::SliceOf`
[INFO] [stdout]  --> src/packages.rs:1:13
[INFO] [stdout]   |
[INFO] [stdout] 1 | use super::{app::SliceOf, commands, err::AppError};
[INFO] [stdout]   |             ^^^^^^^^^^^^
[INFO] [stdout] 
[INFO] [stdout] 
[INFO] [stdout] error[E0658]: use of unstable library feature 'core_intrinsics': intrinsics are unlikely to ever be stabilized, instead they should be used through stabilized interfaces in the rest of the standard library
[INFO] [stdout]  --> src/console.rs:4:5
[INFO] [stdout]   |
[INFO] [stdout] 4 |     intrinsics::const_eval_select,
[INFO] [stdout]   |     ^^^^^^^^^^^^^^^^^^^^^^^^^^^^^
[INFO] [stdout] 
[INFO] [stdout] 
[INFO] [stdout] error[E0308]: mismatched types
[INFO] [stdout]   --> src/main.rs:60:43
[INFO] [stdout]    |
[INFO] [stdout] 60 |     let package_infos = packages::analyze(packages, progress_closure)?;
[INFO] [stdout]    |                         ----------------- ^^^^^^^^
[INFO] [stdout]    |                         |                 |
[INFO] [stdout]    |                         |                 expected `&[String]`, found `Vec<String>`
[INFO] [stdout]    |                         |                 help: consider borrowing here: `&packages`
[INFO] [stdout]    |                         arguments to this function are incorrect
[INFO] [stdout]    |
[INFO] [stdout]    = note: expected reference `&[String]`
[INFO] [stdout]                  found struct `Vec<String>`
[INFO] [stdout] note: function defined here
[INFO] [stdout]   --> src/packages.rs:16:8
[INFO] [stdout]    |
[INFO] [stdout] 16 | pub fn analyze<T>(
[INFO] [stdout]    |        ^^^^^^^
[INFO] [stdout] 17 |     packages_slice: &[String],
[INFO] [stdout]    |     -------------------------
[INFO] [stdout] 
[INFO] [stdout] 
[INFO] [stdout] error: aborting due to 10 previous errors; 2 warnings emitted
[INFO] [stdout] 
[INFO] [stdout] 
[INFO] [stdout] Some errors have detailed explanations: E0308, E0425, E0432, E0433, E0583, E0658.
[INFO] [stdout] 
[INFO] [stdout] For more information about an error, try `rustc --explain E0308`.
[INFO] [stdout] 
[INFO] [stderr] error: could not compile `wingetupd` (bin "wingetupd") due to 11 previous errors; 2 warnings emitted
[INFO] running `Command { std: "docker" "inspect" "699f019a7d7e2d848634d0cc822f1c7667717cf9417759dcd05709d8085c8161", kill_on_drop: false }`
[INFO] running `Command { std: "docker" "rm" "-f" "699f019a7d7e2d848634d0cc822f1c7667717cf9417759dcd05709d8085c8161", kill_on_drop: false }`
[INFO] [stdout] 699f019a7d7e2d848634d0cc822f1c7667717cf9417759dcd05709d8085c8161
