[INFO] cloning repository https://github.com/Lukas412/rust_ato
[INFO] running `Command { std: "git" "-c" "credential.helper=" "-c" "credential.helper=/workspace/cargo-home/bin/git-credential-null" "clone" "--bare" "https://github.com/Lukas412/rust_ato" "/workspace/cache/git-repos/https%3A%2F%2Fgithub.com%2FLukas412%2Frust_ato", kill_on_drop: false }`
[INFO] [stderr] Cloning into bare repository '/workspace/cache/git-repos/https%3A%2F%2Fgithub.com%2FLukas412%2Frust_ato'...
[INFO] running `Command { std: "git" "rev-parse" "HEAD", kill_on_drop: false }`
[INFO] [stdout] 1dfcb8a93af5575a6aaf3328bbf8404ab7093cbd
[INFO] testing Lukas412/rust_ato against beta-2023-04-20 for beta-1.70-1
[INFO] running `Command { std: "git" "clone" "/workspace/cache/git-repos/https%3A%2F%2Fgithub.com%2FLukas412%2Frust_ato" "/workspace/builds/worker-1-tc2/source", kill_on_drop: false }`
[INFO] [stderr] Cloning into '/workspace/builds/worker-1-tc2/source'...
[INFO] [stderr] done.
[INFO] validating manifest of git repo https://github.com/Lukas412/rust_ato on toolchain beta-2023-04-20
[INFO] running `Command { std: CARGO_HOME="/workspace/cargo-home" RUSTUP_HOME="/workspace/rustup-home" "/workspace/cargo-home/bin/cargo" "+beta-2023-04-20" "metadata" "--manifest-path" "Cargo.toml" "--no-deps", kill_on_drop: false }`
[INFO] started tweaking git repo https://github.com/Lukas412/rust_ato
[INFO] finished tweaking git repo https://github.com/Lukas412/rust_ato
[INFO] tweaked toml for git repo https://github.com/Lukas412/rust_ato written to /workspace/builds/worker-1-tc2/source/Cargo.toml
[INFO] crate git repo https://github.com/Lukas412/rust_ato already has a lockfile, it will not be regenerated
[INFO] running `Command { std: CARGO_HOME="/workspace/cargo-home" RUSTUP_HOME="/workspace/rustup-home" "/workspace/cargo-home/bin/cargo" "+beta-2023-04-20" "fetch" "--manifest-path" "Cargo.toml", kill_on_drop: false }`
[INFO] [stderr]     Updating crates.io index
[INFO] [stderr]  Downloading crates ...
[INFO] [stderr]   Downloaded yaserde_derive v0.8.0
[INFO] [stderr]   Downloaded yaserde v0.8.0
[INFO] running `Command { std: "docker" "create" "-v" "/var/lib/crater-agent-workspace/builds/worker-1-tc2/target:/opt/rustwide/target:rw,Z" "-v" "/var/lib/crater-agent-workspace/builds/worker-1-tc2/source:/opt/rustwide/workdir:ro,Z" "-v" "/var/lib/crater-agent-workspace/cargo-home:/opt/rustwide/cargo-home:ro,Z" "-v" "/var/lib/crater-agent-workspace/rustup-home:/opt/rustwide/rustup-home:ro,Z" "-e" "SOURCE_DIR=/opt/rustwide/workdir" "-e" "CARGO_TARGET_DIR=/opt/rustwide/target" "-e" "CARGO_HOME=/opt/rustwide/cargo-home" "-e" "RUSTUP_HOME=/opt/rustwide/rustup-home" "-w" "/opt/rustwide/workdir" "-m" "1610612736" "--user" "0:0" "--network" "none" "ghcr.io/rust-lang/crates-build-env/linux@sha256:5ff2268d62e97bff2cde7d5815dd6ed5b47097566f13b8d0ca110b04b60e07ed" "/opt/rustwide/cargo-home/bin/cargo" "+beta-2023-04-20" "metadata" "--no-deps" "--format-version=1", kill_on_drop: false }`
[INFO] [stdout] ad1fe1a0f16cc3f5c11cd98b726df7ed43d1985481753c06fbfd7734ae4c9323
[INFO] running `Command { std: "docker" "start" "-a" "ad1fe1a0f16cc3f5c11cd98b726df7ed43d1985481753c06fbfd7734ae4c9323", kill_on_drop: false }`
[INFO] running `Command { std: "docker" "inspect" "ad1fe1a0f16cc3f5c11cd98b726df7ed43d1985481753c06fbfd7734ae4c9323", kill_on_drop: false }`
[INFO] running `Command { std: "docker" "rm" "-f" "ad1fe1a0f16cc3f5c11cd98b726df7ed43d1985481753c06fbfd7734ae4c9323", kill_on_drop: false }`
[INFO] [stdout] ad1fe1a0f16cc3f5c11cd98b726df7ed43d1985481753c06fbfd7734ae4c9323
[INFO] running `Command { std: "docker" "create" "-v" "/var/lib/crater-agent-workspace/builds/worker-1-tc2/target:/opt/rustwide/target:rw,Z" "-v" "/var/lib/crater-agent-workspace/builds/worker-1-tc2/source:/opt/rustwide/workdir:ro,Z" "-v" "/var/lib/crater-agent-workspace/cargo-home:/opt/rustwide/cargo-home:ro,Z" "-v" "/var/lib/crater-agent-workspace/rustup-home:/opt/rustwide/rustup-home:ro,Z" "-e" "SOURCE_DIR=/opt/rustwide/workdir" "-e" "CARGO_TARGET_DIR=/opt/rustwide/target" "-e" "CARGO_INCREMENTAL=0" "-e" "RUST_BACKTRACE=full" "-e" "RUSTFLAGS=--cap-lints=warn" "-e" "RUSTDOCFLAGS=--cap-lints=warn" "-e" "CARGO_HOME=/opt/rustwide/cargo-home" "-e" "RUSTUP_HOME=/opt/rustwide/rustup-home" "-w" "/opt/rustwide/workdir" "-m" "1610612736" "--user" "0:0" "--network" "none" "ghcr.io/rust-lang/crates-build-env/linux@sha256:5ff2268d62e97bff2cde7d5815dd6ed5b47097566f13b8d0ca110b04b60e07ed" "/opt/rustwide/cargo-home/bin/cargo" "+beta-2023-04-20" "build" "--frozen" "--message-format=json", kill_on_drop: false }`
[INFO] [stdout] c535e5cdd028ccf6827315b685e299bff4948ad522d0709115026f82b5575c43
[INFO] running `Command { std: "docker" "start" "-a" "c535e5cdd028ccf6827315b685e299bff4948ad522d0709115026f82b5575c43", kill_on_drop: false }`
[INFO] [stderr]    Compiling proc-macro2 v1.0.36
[INFO] [stderr]    Compiling autocfg v1.1.0
[INFO] [stderr]    Compiling unicode-xid v0.2.2
[INFO] [stderr]    Compiling log v0.4.16
[INFO] [stderr]    Compiling cfg-if v1.0.0
[INFO] [stderr]    Compiling serde v1.0.136
[INFO] [stderr]    Compiling syn v1.0.89
[INFO] [stderr]    Compiling rust_decimal v1.22.0
[INFO] [stderr]    Compiling xml-rs v0.8.4
[INFO] [stderr]    Compiling arrayvec v0.7.2
[INFO] [stderr]    Compiling heck v0.4.0
[INFO] [stderr]    Compiling num-traits v0.2.14
[INFO] [stderr]    Compiling same-file v1.0.6
[INFO] [stderr]    Compiling walkdir v2.3.2
[INFO] [stderr]    Compiling yaserde v0.8.0
[INFO] [stderr]    Compiling quote v1.0.17
[INFO] [stderr]    Compiling yaserde_derive v0.8.0
[INFO] [stderr]    Compiling rust_ato v0.1.0 (/opt/rustwide/workdir)
[INFO] [stdout] error[E0432]: unresolved import `crate::core::main::string::pack`
[INFO] [stdout]   --> src/core/main/general/creation.rs:15:32
[INFO] [stdout]    |
[INFO] [stdout] 15 | use crate::core::main::string::pack::StringPack;
[INFO] [stdout]    |                                ^^^^ could not find `pack` in `string`
[INFO] [stdout] 
[INFO] [stdout] 
[INFO] [stdout] error[E0432]: unresolved import `crate::core::main::path::pack`
[INFO] [stdout]  --> src/core/main/general/pack/provider.rs:3:30
[INFO] [stdout]   |
[INFO] [stdout] 3 | use crate::core::main::path::pack::PathPack;
[INFO] [stdout]   |                              ^^^^ could not find `pack` in `path`
[INFO] [stdout] 
[INFO] [stdout] 
[INFO] [stdout] warning: unused import: `Pack`
[INFO] [stdout]  --> src/core/main/general/pack/provider.rs:6:33
[INFO] [stdout]   |
[INFO] [stdout] 6 | use crate::core::traits::pack::{Pack, ProvidePack};
[INFO] [stdout]   |                                 ^^^^
[INFO] [stdout]   |
[INFO] [stdout]   = note: `#[warn(unused_imports)]` on by default
[INFO] [stdout] 
[INFO] [stdout] 
[INFO] [stdout] error[E0308]: mismatched types
[INFO] [stdout]   --> src/core/main/string/operation/get_argument.rs:43:53
[INFO] [stdout]    |
[INFO] [stdout] 43 |     BuildError::new_operation_not_found_error(name, namespace)
[INFO] [stdout]    |     -----------------------------------------       ^^^^^^^^^ expected `Namespace`, found `String`
[INFO] [stdout]    |     |
[INFO] [stdout]    |     arguments to this function are incorrect
[INFO] [stdout]    |
[INFO] [stdout] note: associated function defined here
[INFO] [stdout]   --> src/core/build/error.rs:29:10
[INFO] [stdout]    |
[INFO] [stdout] 29 |   pub fn new_operation_not_found_error(name: String, namespace: Namespace) -> Self {
[INFO] [stdout]    |          ^^^^^^^^^^^^^^^^^^^^^^^^^^^^^               --------------------
[INFO] [stdout] help: try wrapping the expression in `core::traits::namespace::Namespace` (its field is private, but it's local to this crate and its privacy can be changed)
[INFO] [stdout]    |
[INFO] [stdout] 43 |     BuildError::new_operation_not_found_error(name, core::traits::namespace::Namespace(namespace))
[INFO] [stdout]    |                                                     +++++++++++++++++++++++++++++++++++         +
[INFO] [stdout] 
[INFO] [stdout] 
[INFO] [stdout] error[E0308]: mismatched types
[INFO] [stdout]   --> src/core/main/general/creation/value.rs:28:46
[INFO] [stdout]    |
[INFO] [stdout] 28 |           (name, GeneralOperation::Operation(elements)),
[INFO] [stdout]    |                  --------------------------- ^^^^^^^^ expected `Vec<GeneralCreation>`, found `Vec<InnerGeneralCreation>`
[INFO] [stdout]    |                  |
[INFO] [stdout]    |                  arguments to this enum variant are incorrect
[INFO] [stdout]    |
[INFO] [stdout]    = note: expected struct `Vec<GeneralCreation>`
[INFO] [stdout]               found struct `Vec<InnerGeneralCreation>`
[INFO] [stdout] note: tuple variant defined here
[INFO] [stdout]   --> src/core/main/general/operation.rs:13:3
[INFO] [stdout]    |
[INFO] [stdout] 13 |   Operation(Vec<GeneralCreation>),
[INFO] [stdout]    |   ^^^^^^^^^
[INFO] [stdout] 
[INFO] [stdout] 
[INFO] [stdout] error[E0599]: no method named `get_namespace` found for reference `&&GeneralCreation` in the current scope
[INFO] [stdout]   --> src/core/main/general/creation/stack.rs:24:49
[INFO] [stdout]    |
[INFO] [stdout] 24 |       .filter(|requirement_box| requirement_box.get_namespace() == namespace)
[INFO] [stdout]    |                                                 ^^^^^^^^^^^^^ method not found in `&&GeneralCreation`
[INFO] [stdout]    |
[INFO] [stdout]    = help: items from traits can only be used if the trait is implemented and in scope
[INFO] [stdout] note: `GetNamespace` defines an item `get_namespace`, perhaps you need to implement it
[INFO] [stdout]   --> src/core/traits/namespace.rs:24:1
[INFO] [stdout]    |
[INFO] [stdout] 24 | pub trait GetNamespace {
[INFO] [stdout]    | ^^^^^^^^^^^^^^^^^^^^^^
[INFO] [stdout] 
[INFO] [stdout] 
[INFO] [stdout] error[E0599]: no method named `get_namespace` found for reference `&GeneralCreation` in the current scope
[INFO] [stdout]   --> src/core/main/general/creation/stack.rs:32:26
[INFO] [stdout]    |
[INFO] [stdout] 32 |       Some(last) => last.get_namespace(),
[INFO] [stdout]    |                          ^^^^^^^^^^^^^ method not found in `&GeneralCreation`
[INFO] [stdout]    |
[INFO] [stdout]    = help: items from traits can only be used if the trait is implemented and in scope
[INFO] [stdout] note: `GetNamespace` defines an item `get_namespace`, perhaps you need to implement it
[INFO] [stdout]   --> src/core/traits/namespace.rs:24:1
[INFO] [stdout]    |
[INFO] [stdout] 24 | pub trait GetNamespace {
[INFO] [stdout]    | ^^^^^^^^^^^^^^^^^^^^^^
[INFO] [stdout] 
[INFO] [stdout] 
[INFO] [stdout] error[E0609]: no field `namespace` on type `&GeneralCreationStack`
[INFO] [stdout]   --> src/core/main/general/creation/stack.rs:33:21
[INFO] [stdout]    |
[INFO] [stdout] 33 |       None => &self.namespace,
[INFO] [stdout]    |                     ^^^^^^^^^ unknown field
[INFO] [stdout]    |
[INFO] [stdout]    = note: available fields are: `stack`
[INFO] [stdout] 
[INFO] [stdout] 
[INFO] [stdout] error[E0599]: no method named `operation` found for reference `&GeneralCreation` in the current scope
[INFO] [stdout]   --> src/core/main/general/creation/stack.rs:42:48
[INFO] [stdout]    |
[INFO] [stdout] 42 |       Some(requirement_box) => requirement_box.operation(name),
[INFO] [stdout]    |                                                ^^^^^^^^^ method not found in `&GeneralCreation`
[INFO] [stdout]    |
[INFO] [stdout]    = help: items from traits can only be used if the trait is implemented and in scope
[INFO] [stdout]    = note: the following traits define an item `operation`, perhaps you need to implement one of them:
[INFO] [stdout]            candidate #1: `traits::pack::Pack`
[INFO] [stdout]            candidate #2: `ProvideOperation`
[INFO] [stdout]            candidate #3: `ProvideOperationWithNamespace`
[INFO] [stdout] 
[INFO] [stdout] 
[INFO] [stdout] error[E0599]: no method named `pack` found for reference `&PackProvider` in the current scope
[INFO] [stdout]   --> src/core/main/general/creation.rs:33:43
[INFO] [stdout]    |
[INFO] [stdout] 33 |     let pack: &StringPack = pack_provider.pack(&self.namespace)?;
[INFO] [stdout]    |                                           ^^^^ method not found in `&PackProvider`
[INFO] [stdout]    |
[INFO] [stdout]    = help: items from traits can only be used if the trait is implemented and in scope
[INFO] [stdout] note: `ProvidePack` defines an item `pack`, perhaps you need to implement it
[INFO] [stdout]   --> src/core/traits/pack.rs:46:1
[INFO] [stdout]    |
[INFO] [stdout] 46 | pub trait ProvidePack<P, V>
[INFO] [stdout]    | ^^^^^^^^^^^^^^^^^^^^^^^^^^^
[INFO] [stdout] 
[INFO] [stdout] 
[INFO] [stdout] error[E0277]: the trait bound `traits::namespace::Namespace: Eq` is not satisfied
[INFO] [stdout]   --> src/core/traits/pack.rs:38:5
[INFO] [stdout]    |
[INFO] [stdout] 38 |     HashMap::from_iter(packs)
[INFO] [stdout]    |     ^^^^^^^^^^^^^^^^^^ the trait `Eq` is not implemented for `traits::namespace::Namespace`
[INFO] [stdout]    |
[INFO] [stdout]    = help: the trait `FromIterator<(K, V)>` is implemented for `HashMap<K, V, S>`
[INFO] [stdout]    = note: required for `HashMap<traits::namespace::Namespace, Self, _>` to implement `FromIterator<(traits::namespace::Namespace, Self)>`
[INFO] [stdout] help: consider annotating `traits::namespace::Namespace` with `#[derive(Eq)]`
[INFO] [stdout]   --> src/core/traits/namespace.rs:4:1
[INFO] [stdout]    |
[INFO] [stdout] 4  + #[derive(Eq)]
[INFO] [stdout] 5  | use std::path::{Path, PathBuf};
[INFO] [stdout]    |
[INFO] [stdout] 
[INFO] [stdout] 
[INFO] [stdout] error[E0277]: the trait bound `traits::namespace::Namespace: Hash` is not satisfied
[INFO] [stdout]   --> src/core/traits/pack.rs:38:5
[INFO] [stdout]    |
[INFO] [stdout] 38 |     HashMap::from_iter(packs)
[INFO] [stdout]    |     ^^^^^^^^^^^^^^^^^^ the trait `Hash` is not implemented for `traits::namespace::Namespace`
[INFO] [stdout]    |
[INFO] [stdout]    = help: the trait `FromIterator<(K, V)>` is implemented for `HashMap<K, V, S>`
[INFO] [stdout]    = note: required for `HashMap<traits::namespace::Namespace, Self, _>` to implement `FromIterator<(traits::namespace::Namespace, Self)>`
[INFO] [stdout] help: consider annotating `traits::namespace::Namespace` with `#[derive(Hash)]`
[INFO] [stdout]   --> src/core/traits/namespace.rs:4:1
[INFO] [stdout]    |
[INFO] [stdout] 4  + #[derive(Hash)]
[INFO] [stdout] 5  | use std::path::{Path, PathBuf};
[INFO] [stdout]    |
[INFO] [stdout] 
[INFO] [stdout] 
[INFO] [stdout] error[E0599]: the method `get` exists for reference `&HashMap<Namespace, P>`, but its trait bounds were not satisfied
[INFO] [stdout]   --> src/core/traits/pack.rs:52:24
[INFO] [stdout]    |
[INFO] [stdout] 52 |     match self.packs().get(namespace) {
[INFO] [stdout]    |                        ^^^ method cannot be called on `&HashMap<Namespace, P>` due to unsatisfied trait bounds
[INFO] [stdout]    |
[INFO] [stdout]   ::: src/core/traits/namespace.rs:4:1
[INFO] [stdout]    |
[INFO] [stdout] 4  | pub struct Namespace(String);
[INFO] [stdout]    | --------------------
[INFO] [stdout]    | |
[INFO] [stdout]    | doesn't satisfy `traits::namespace::Namespace: Eq`
[INFO] [stdout]    | doesn't satisfy `traits::namespace::Namespace: Hash`
[INFO] [stdout]    | doesn't satisfy `traits::namespace::Namespace: PartialEq`
[INFO] [stdout]    |
[INFO] [stdout]    = note: the following trait bounds were not satisfied:
[INFO] [stdout]            `traits::namespace::Namespace: Eq`
[INFO] [stdout]            `traits::namespace::Namespace: PartialEq`
[INFO] [stdout]            which is required by `traits::namespace::Namespace: Eq`
[INFO] [stdout]            `traits::namespace::Namespace: Hash`
[INFO] [stdout] help: consider annotating `traits::namespace::Namespace` with `#[derive(Eq, Hash, PartialEq)]`
[INFO] [stdout]   --> src/core/traits/namespace.rs:4:1
[INFO] [stdout]    |
[INFO] [stdout] 4  + #[derive(Eq, Hash, PartialEq)]
[INFO] [stdout] 5  | use std::path::{Path, PathBuf};
[INFO] [stdout]    |
[INFO] [stdout] 
[INFO] [stdout] 
[INFO] [stdout] error[E0599]: no function or associated item named `new` found for struct `GeneralCreationStack` in the current scope
[INFO] [stdout]   --> src/main.rs:23:48
[INFO] [stdout]    |
[INFO] [stdout] 23 |   let mut requirements = GeneralCreationStack::new();
[INFO] [stdout]    |                                                ^^^ function or associated item not found in `GeneralCreationStack`
[INFO] [stdout]    |
[INFO] [stdout]   ::: src/core/main/general/creation/stack.rs:10:1
[INFO] [stdout]    |
[INFO] [stdout] 10 | pub struct GeneralCreationStack {
[INFO] [stdout]    | ------------------------------- function or associated item `new` not found for this struct
[INFO] [stdout]    |
[INFO] [stdout]    = help: items from traits can only be used if the trait is implemented and in scope
[INFO] [stdout] note: `Value` defines an item `new`, perhaps you need to implement it
[INFO] [stdout]   --> src/core/traits/value.rs:3:1
[INFO] [stdout]    |
[INFO] [stdout] 3  | pub trait Value {
[INFO] [stdout]    | ^^^^^^^^^^^^^^^
[INFO] [stdout] 
[INFO] [stdout] 
[INFO] [stdout] warning: unused import: `crate::core::traits::build::BuildableWithRequirements`
[INFO] [stdout]   --> src/main.rs:10:5
[INFO] [stdout]    |
[INFO] [stdout] 10 | use crate::core::traits::build::BuildableWithRequirements;
[INFO] [stdout]    |     ^^^^^^^^^^^^^^^^^^^^^^^^^^^^^^^^^^^^^^^^^^^^^^^^^^^^^
[INFO] [stdout] 
[INFO] [stdout] 
[INFO] [stdout] warning: unused import: `ProvidePack`
[INFO] [stdout]   --> src/core/main/general/creation.rs:20:39
[INFO] [stdout]    |
[INFO] [stdout] 20 | use crate::core::traits::pack::{Pack, ProvidePack};
[INFO] [stdout]    |                                       ^^^^^^^^^^^
[INFO] [stdout] 
[INFO] [stdout] 
[INFO] [stdout] warning: unused import: `crate::core::traits::operation::Operation`
[INFO] [stdout]   --> src/core/main/general/creation.rs:19:5
[INFO] [stdout]    |
[INFO] [stdout] 19 | use crate::core::traits::operation::Operation;
[INFO] [stdout]    |     ^^^^^^^^^^^^^^^^^^^^^^^^^^^^^^^^^^^^^^^^^
[INFO] [stdout] 
[INFO] [stdout] 
[INFO] [stdout] warning: unused import: `Pack`
[INFO] [stdout]   --> src/core/main/general/creation.rs:20:33
[INFO] [stdout]    |
[INFO] [stdout] 20 | use crate::core::traits::pack::{Pack, ProvidePack};
[INFO] [stdout]    |                                 ^^^^
[INFO] [stdout] 
[INFO] [stdout] 
[INFO] [stdout] error: aborting due to 13 previous errors; 5 warnings emitted
[INFO] [stdout] 
[INFO] [stdout] 
[INFO] [stdout] Some errors have detailed explanations: E0277, E0308, E0432, E0599, E0609.
[INFO] [stdout] 
[INFO] [stdout] For more information about an error, try `rustc --explain E0277`.
[INFO] [stdout] 
[INFO] [stderr] error: could not compile `rust_ato` (bin "rust_ato") due to 14 previous errors; 5 warnings emitted
[INFO] running `Command { std: "docker" "inspect" "c535e5cdd028ccf6827315b685e299bff4948ad522d0709115026f82b5575c43", kill_on_drop: false }`
[INFO] running `Command { std: "docker" "rm" "-f" "c535e5cdd028ccf6827315b685e299bff4948ad522d0709115026f82b5575c43", kill_on_drop: false }`
[INFO] [stdout] c535e5cdd028ccf6827315b685e299bff4948ad522d0709115026f82b5575c43
