[INFO] cloning repository https://github.com/Luchanso/dota-memory-test
[INFO] running `Command { std: "git" "-c" "credential.helper=" "-c" "credential.helper=/workspace/cargo-home/bin/git-credential-null" "clone" "--bare" "https://github.com/Luchanso/dota-memory-test" "/workspace/cache/git-repos/https%3A%2F%2Fgithub.com%2FLuchanso%2Fdota-memory-test", kill_on_drop: false }`
[INFO] [stderr] Cloning into bare repository '/workspace/cache/git-repos/https%3A%2F%2Fgithub.com%2FLuchanso%2Fdota-memory-test'...
[INFO] running `Command { std: "git" "rev-parse" "HEAD", kill_on_drop: false }`
[INFO] [stdout] 60c37d415051ced600a3f0f622139afaa8e8fbfd
[INFO] testing Luchanso/dota-memory-test against beta-2023-04-20 for beta-1.70-1
[INFO] running `Command { std: "git" "clone" "/workspace/cache/git-repos/https%3A%2F%2Fgithub.com%2FLuchanso%2Fdota-memory-test" "/workspace/builds/worker-6-tc2/source", kill_on_drop: false }`
[INFO] [stderr] Cloning into '/workspace/builds/worker-6-tc2/source'...
[INFO] [stderr] done.
[INFO] validating manifest of git repo https://github.com/Luchanso/dota-memory-test on toolchain beta-2023-04-20
[INFO] running `Command { std: CARGO_HOME="/workspace/cargo-home" RUSTUP_HOME="/workspace/rustup-home" "/workspace/cargo-home/bin/cargo" "+beta-2023-04-20" "metadata" "--manifest-path" "Cargo.toml" "--no-deps", kill_on_drop: false }`
[INFO] started tweaking git repo https://github.com/Luchanso/dota-memory-test
[INFO] finished tweaking git repo https://github.com/Luchanso/dota-memory-test
[INFO] tweaked toml for git repo https://github.com/Luchanso/dota-memory-test written to /workspace/builds/worker-6-tc2/source/Cargo.toml
[INFO] crate git repo https://github.com/Luchanso/dota-memory-test already has a lockfile, it will not be regenerated
[INFO] running `Command { std: CARGO_HOME="/workspace/cargo-home" RUSTUP_HOME="/workspace/rustup-home" "/workspace/cargo-home/bin/cargo" "+beta-2023-04-20" "fetch" "--manifest-path" "Cargo.toml", kill_on_drop: false }`
[INFO] running `Command { std: "docker" "create" "-v" "/var/lib/crater-agent-workspace/builds/worker-6-tc2/target:/opt/rustwide/target:rw,Z" "-v" "/var/lib/crater-agent-workspace/builds/worker-6-tc2/source:/opt/rustwide/workdir:ro,Z" "-v" "/var/lib/crater-agent-workspace/cargo-home:/opt/rustwide/cargo-home:ro,Z" "-v" "/var/lib/crater-agent-workspace/rustup-home:/opt/rustwide/rustup-home:ro,Z" "-e" "SOURCE_DIR=/opt/rustwide/workdir" "-e" "CARGO_TARGET_DIR=/opt/rustwide/target" "-e" "CARGO_HOME=/opt/rustwide/cargo-home" "-e" "RUSTUP_HOME=/opt/rustwide/rustup-home" "-w" "/opt/rustwide/workdir" "-m" "1610612736" "--user" "0:0" "--network" "none" "ghcr.io/rust-lang/crates-build-env/linux@sha256:5ff2268d62e97bff2cde7d5815dd6ed5b47097566f13b8d0ca110b04b60e07ed" "/opt/rustwide/cargo-home/bin/cargo" "+beta-2023-04-20" "metadata" "--no-deps" "--format-version=1", kill_on_drop: false }`
[INFO] [stdout] fc8bc5d853f113e14780c3432215e9653f76e42702e547dba0518d66720490fb
[INFO] running `Command { std: "docker" "start" "-a" "fc8bc5d853f113e14780c3432215e9653f76e42702e547dba0518d66720490fb", kill_on_drop: false }`
[INFO] running `Command { std: "docker" "inspect" "fc8bc5d853f113e14780c3432215e9653f76e42702e547dba0518d66720490fb", kill_on_drop: false }`
[INFO] running `Command { std: "docker" "rm" "-f" "fc8bc5d853f113e14780c3432215e9653f76e42702e547dba0518d66720490fb", kill_on_drop: false }`
[INFO] [stdout] fc8bc5d853f113e14780c3432215e9653f76e42702e547dba0518d66720490fb
[INFO] running `Command { std: "docker" "create" "-v" "/var/lib/crater-agent-workspace/builds/worker-6-tc2/target:/opt/rustwide/target:rw,Z" "-v" "/var/lib/crater-agent-workspace/builds/worker-6-tc2/source:/opt/rustwide/workdir:ro,Z" "-v" "/var/lib/crater-agent-workspace/cargo-home:/opt/rustwide/cargo-home:ro,Z" "-v" "/var/lib/crater-agent-workspace/rustup-home:/opt/rustwide/rustup-home:ro,Z" "-e" "SOURCE_DIR=/opt/rustwide/workdir" "-e" "CARGO_TARGET_DIR=/opt/rustwide/target" "-e" "CARGO_INCREMENTAL=0" "-e" "RUST_BACKTRACE=full" "-e" "RUSTFLAGS=--cap-lints=warn" "-e" "RUSTDOCFLAGS=--cap-lints=warn" "-e" "CARGO_HOME=/opt/rustwide/cargo-home" "-e" "RUSTUP_HOME=/opt/rustwide/rustup-home" "-w" "/opt/rustwide/workdir" "-m" "1610612736" "--user" "0:0" "--network" "none" "ghcr.io/rust-lang/crates-build-env/linux@sha256:5ff2268d62e97bff2cde7d5815dd6ed5b47097566f13b8d0ca110b04b60e07ed" "/opt/rustwide/cargo-home/bin/cargo" "+beta-2023-04-20" "build" "--frozen" "--message-format=json", kill_on_drop: false }`
[INFO] [stdout] 4663c33d33efe6849d3dca537288b67e0174970255f24122a2250786f8857ac4
[INFO] running `Command { std: "docker" "start" "-a" "4663c33d33efe6849d3dca537288b67e0174970255f24122a2250786f8857ac4", kill_on_drop: false }`
[INFO] [stderr]    Compiling winapi v0.3.8
[INFO] [stderr]    Compiling wio v0.2.2
[INFO] [stderr]    Compiling dota-memory-test v0.1.0 (/opt/rustwide/workdir)
[INFO] [stdout] error[E0433]: failed to resolve: could not find `windows` in `os`
[INFO] [stdout]  --> src/mem_lib.rs:7:14
[INFO] [stdout]   |
[INFO] [stdout] 7 | use std::os::windows::prelude::*;
[INFO] [stdout]   |              ^^^^^^^ could not find `windows` in `os`
[INFO] [stdout] 
[INFO] [stdout] 
[INFO] [stdout] error[E0433]: failed to resolve: could not find `shared` in `winapi`
[INFO] [stdout]  --> src/mem_lib.rs:9:13
[INFO] [stdout]   |
[INFO] [stdout] 9 | use winapi::shared::ntdef::HANDLE;
[INFO] [stdout]   |             ^^^^^^ could not find `shared` in `winapi`
[INFO] [stdout] 
[INFO] [stdout] 
[INFO] [stdout] error[E0433]: failed to resolve: could not find `um` in `winapi`
[INFO] [stdout]   --> src/mem_lib.rs:10:13
[INFO] [stdout]    |
[INFO] [stdout] 10 | use winapi::um::memoryapi::ReadProcessMemory;
[INFO] [stdout]    |             ^^ could not find `um` in `winapi`
[INFO] [stdout] 
[INFO] [stdout] 
[INFO] [stdout] error[E0433]: failed to resolve: could not find `um` in `winapi`
[INFO] [stdout]   --> src/mem_lib.rs:11:13
[INFO] [stdout]    |
[INFO] [stdout] 11 | use winapi::um::processthreadsapi::OpenProcess;
[INFO] [stdout]    |             ^^ could not find `um` in `winapi`
[INFO] [stdout] 
[INFO] [stdout] 
[INFO] [stdout] error[E0432]: unresolved import `winapi::ctypes`
[INFO] [stdout]  --> src/mem_lib.rs:8:13
[INFO] [stdout]   |
[INFO] [stdout] 8 | use winapi::ctypes::c_void;
[INFO] [stdout]   |             ^^^^^^ could not find `ctypes` in `winapi`
[INFO] [stdout] 
[INFO] [stdout] 
[INFO] [stdout] error[E0433]: failed to resolve: could not find `um` in `winapi`
[INFO] [stdout]   --> src/mem_lib.rs:13:13
[INFO] [stdout]    |
[INFO] [stdout] 13 | use winapi::um::winnt::PROCESS_VM_READ;
[INFO] [stdout]    |             ^^ could not find `um` in `winapi`
[INFO] [stdout] 
[INFO] [stdout] 
[INFO] [stdout] error[E0432]: unresolved import `winapi::um`
[INFO] [stdout]   --> src/mem_lib.rs:12:13
[INFO] [stdout]    |
[INFO] [stdout] 12 | use winapi::um::tlhelp32;
[INFO] [stdout]    |             ^^ could not find `um` in `winapi`
[INFO] [stdout] 
[INFO] [stdout] 
[INFO] [stdout] error[E0599]: no function or associated item named `from_wide` found for struct `OsString` in the current scope
[INFO] [stdout]   --> src/mem_lib.rs:62:42
[INFO] [stdout]    |
[INFO] [stdout] 62 |             let process_name = OsString::from_wide(&process.szExeFile);
[INFO] [stdout]    |                                          ^^^^^^^^^ function or associated item not found in `OsString`
[INFO] [stdout] 
[INFO] [stdout] 
[INFO] [stdout] error: aborting due to 8 previous errors
[INFO] [stdout] 
[INFO] [stdout] 
[INFO] [stdout] Some errors have detailed explanations: E0432, E0433, E0599.
[INFO] [stdout] 
[INFO] [stdout] For more information about an error, try `rustc --explain E0432`.
[INFO] [stdout] 
[INFO] [stderr] error: could not compile `dota-memory-test` (bin "dota-memory-test") due to 9 previous errors
[INFO] running `Command { std: "docker" "inspect" "4663c33d33efe6849d3dca537288b67e0174970255f24122a2250786f8857ac4", kill_on_drop: false }`
[INFO] running `Command { std: "docker" "rm" "-f" "4663c33d33efe6849d3dca537288b67e0174970255f24122a2250786f8857ac4", kill_on_drop: false }`
[INFO] [stdout] 4663c33d33efe6849d3dca537288b67e0174970255f24122a2250786f8857ac4
