[INFO] cloning repository https://github.com/LtPeriwinkle/tasc
[INFO] running `Command { std: "git" "-c" "credential.helper=" "-c" "credential.helper=/workspace/cargo-home/bin/git-credential-null" "clone" "--bare" "https://github.com/LtPeriwinkle/tasc" "/workspace/cache/git-repos/https%3A%2F%2Fgithub.com%2FLtPeriwinkle%2Ftasc", kill_on_drop: false }`
[INFO] [stderr] Cloning into bare repository '/workspace/cache/git-repos/https%3A%2F%2Fgithub.com%2FLtPeriwinkle%2Ftasc'...
[INFO] running `Command { std: "git" "rev-parse" "HEAD", kill_on_drop: false }`
[INFO] [stdout] dd7f7ac5c540dfe35b48929fb86496657eaae10c
[INFO] testing LtPeriwinkle/tasc against 1.69.0 for beta-1.70-1
[INFO] running `Command { std: "git" "clone" "/workspace/cache/git-repos/https%3A%2F%2Fgithub.com%2FLtPeriwinkle%2Ftasc" "/workspace/builds/worker-4-tc1/source", kill_on_drop: false }`
[INFO] [stderr] Cloning into '/workspace/builds/worker-4-tc1/source'...
[INFO] [stderr] done.
[INFO] validating manifest of git repo https://github.com/LtPeriwinkle/tasc on toolchain 1.69.0
[INFO] running `Command { std: CARGO_HOME="/workspace/cargo-home" RUSTUP_HOME="/workspace/rustup-home" "/workspace/cargo-home/bin/cargo" "+1.69.0" "metadata" "--manifest-path" "Cargo.toml" "--no-deps", kill_on_drop: false }`
[INFO] started tweaking git repo https://github.com/LtPeriwinkle/tasc
[INFO] finished tweaking git repo https://github.com/LtPeriwinkle/tasc
[INFO] tweaked toml for git repo https://github.com/LtPeriwinkle/tasc written to /workspace/builds/worker-4-tc1/source/Cargo.toml
[INFO] crate git repo https://github.com/LtPeriwinkle/tasc already has a lockfile, it will not be regenerated
[INFO] running `Command { std: CARGO_HOME="/workspace/cargo-home" RUSTUP_HOME="/workspace/rustup-home" "/workspace/cargo-home/bin/cargo" "+1.69.0" "fetch" "--manifest-path" "Cargo.toml", kill_on_drop: false }`
[INFO] [stderr]  Downloading crates ...
[INFO] [stderr]   Downloaded vigem-client v0.1.1
[INFO] running `Command { std: "docker" "create" "-v" "/var/lib/crater-agent-workspace/builds/worker-4-tc1/target:/opt/rustwide/target:rw,Z" "-v" "/var/lib/crater-agent-workspace/builds/worker-4-tc1/source:/opt/rustwide/workdir:ro,Z" "-v" "/var/lib/crater-agent-workspace/cargo-home:/opt/rustwide/cargo-home:ro,Z" "-v" "/var/lib/crater-agent-workspace/rustup-home:/opt/rustwide/rustup-home:ro,Z" "-e" "SOURCE_DIR=/opt/rustwide/workdir" "-e" "CARGO_TARGET_DIR=/opt/rustwide/target" "-e" "CARGO_HOME=/opt/rustwide/cargo-home" "-e" "RUSTUP_HOME=/opt/rustwide/rustup-home" "-w" "/opt/rustwide/workdir" "-m" "1610612736" "--user" "0:0" "--network" "none" "ghcr.io/rust-lang/crates-build-env/linux@sha256:5ff2268d62e97bff2cde7d5815dd6ed5b47097566f13b8d0ca110b04b60e07ed" "/opt/rustwide/cargo-home/bin/cargo" "+1.69.0" "metadata" "--no-deps" "--format-version=1", kill_on_drop: false }`
[INFO] [stdout] e323d88f5a5bf9a6469906a5c61ffb949886553f36109df5a5ea57644f76ce6f
[INFO] running `Command { std: "docker" "start" "-a" "e323d88f5a5bf9a6469906a5c61ffb949886553f36109df5a5ea57644f76ce6f", kill_on_drop: false }`
[INFO] running `Command { std: "docker" "inspect" "e323d88f5a5bf9a6469906a5c61ffb949886553f36109df5a5ea57644f76ce6f", kill_on_drop: false }`
[INFO] running `Command { std: "docker" "rm" "-f" "e323d88f5a5bf9a6469906a5c61ffb949886553f36109df5a5ea57644f76ce6f", kill_on_drop: false }`
[INFO] [stdout] e323d88f5a5bf9a6469906a5c61ffb949886553f36109df5a5ea57644f76ce6f
[INFO] running `Command { std: "docker" "create" "-v" "/var/lib/crater-agent-workspace/builds/worker-4-tc1/target:/opt/rustwide/target:rw,Z" "-v" "/var/lib/crater-agent-workspace/builds/worker-4-tc1/source:/opt/rustwide/workdir:ro,Z" "-v" "/var/lib/crater-agent-workspace/cargo-home:/opt/rustwide/cargo-home:ro,Z" "-v" "/var/lib/crater-agent-workspace/rustup-home:/opt/rustwide/rustup-home:ro,Z" "-e" "SOURCE_DIR=/opt/rustwide/workdir" "-e" "CARGO_TARGET_DIR=/opt/rustwide/target" "-e" "CARGO_INCREMENTAL=0" "-e" "RUST_BACKTRACE=full" "-e" "RUSTFLAGS=--cap-lints=warn" "-e" "RUSTDOCFLAGS=--cap-lints=warn" "-e" "CARGO_HOME=/opt/rustwide/cargo-home" "-e" "RUSTUP_HOME=/opt/rustwide/rustup-home" "-w" "/opt/rustwide/workdir" "-m" "1610612736" "--user" "0:0" "--network" "none" "ghcr.io/rust-lang/crates-build-env/linux@sha256:5ff2268d62e97bff2cde7d5815dd6ed5b47097566f13b8d0ca110b04b60e07ed" "/opt/rustwide/cargo-home/bin/cargo" "+1.69.0" "build" "--frozen" "--message-format=json", kill_on_drop: false }`
[INFO] [stdout] 451ccb84860f72e29f5f98de45997167b30b2e23f33f41b9baa2f701fbd13b80
[INFO] running `Command { std: "docker" "start" "-a" "451ccb84860f72e29f5f98de45997167b30b2e23f33f41b9baa2f701fbd13b80", kill_on_drop: false }`
[INFO] [stderr]    Compiling winapi v0.3.9
[INFO] [stderr]    Compiling once_cell v1.8.0
[INFO] [stderr]    Compiling vigem-client v0.1.1
[INFO] [stdout] error[E0433]: failed to resolve: could not find `um` in `winapi`
[INFO] [stdout]  --> /opt/rustwide/cargo-home/registry/src/github.com-1ecc6299db9ec823/vigem-client-0.1.1/src/bus.rs:4:13
[INFO] [stdout]   |
[INFO] [stdout] 4 | use winapi::um::handleapi::*;
[INFO] [stdout]   |             ^^ could not find `um` in `winapi`
[INFO] [stdout] 
[INFO] [stdout] 
[INFO] [stdout] error[E0433]: failed to resolve: could not find `um` in `winapi`
[INFO] [stdout]  --> /opt/rustwide/cargo-home/registry/src/github.com-1ecc6299db9ec823/vigem-client-0.1.1/src/bus.rs:5:13
[INFO] [stdout]   |
[INFO] [stdout] 5 | use winapi::um::ioapiset::*;
[INFO] [stdout]   |             ^^ could not find `um` in `winapi`
[INFO] [stdout] 
[INFO] [stdout] 
[INFO] [stdout] error[E0433]: failed to resolve: could not find `um` in `winapi`
[INFO] [stdout]  --> /opt/rustwide/cargo-home/registry/src/github.com-1ecc6299db9ec823/vigem-client-0.1.1/src/bus.rs:6:13
[INFO] [stdout]   |
[INFO] [stdout] 6 | use winapi::um::minwinbase::*;
[INFO] [stdout]   |             ^^ could not find `um` in `winapi`
[INFO] [stdout] 
[INFO] [stdout] 
[INFO] [stdout] error[E0433]: failed to resolve: could not find `um` in `winapi`
[INFO] [stdout]  --> /opt/rustwide/cargo-home/registry/src/github.com-1ecc6299db9ec823/vigem-client-0.1.1/src/bus.rs:7:13
[INFO] [stdout]   |
[INFO] [stdout] 7 | use winapi::um::synchapi::*;
[INFO] [stdout]   |             ^^ could not find `um` in `winapi`
[INFO] [stdout] 
[INFO] [stdout] 
[INFO] [stdout] error[E0433]: failed to resolve: could not find `um` in `winapi`
[INFO] [stdout]  --> /opt/rustwide/cargo-home/registry/src/github.com-1ecc6299db9ec823/vigem-client-0.1.1/src/bus.rs:8:13
[INFO] [stdout]   |
[INFO] [stdout] 8 | use winapi::um::errhandlingapi::*;
[INFO] [stdout]   |             ^^ could not find `um` in `winapi`
[INFO] [stdout] 
[INFO] [stdout] 
[INFO] [stdout] error[E0433]: failed to resolve: could not find `shared` in `winapi`
[INFO] [stdout]  --> /opt/rustwide/cargo-home/registry/src/github.com-1ecc6299db9ec823/vigem-client-0.1.1/src/bus.rs:9:13
[INFO] [stdout]   |
[INFO] [stdout] 9 | use winapi::shared::ntdef::HANDLE;
[INFO] [stdout]   |             ^^^^^^ could not find `shared` in `winapi`
[INFO] [stdout] 
[INFO] [stdout] 
[INFO] [stdout] error[E0433]: failed to resolve: could not find `shared` in `winapi`
[INFO] [stdout]   --> /opt/rustwide/cargo-home/registry/src/github.com-1ecc6299db9ec823/vigem-client-0.1.1/src/bus.rs:10:13
[INFO] [stdout]    |
[INFO] [stdout] 10 | use winapi::shared::guiddef::GUID;
[INFO] [stdout]    |             ^^^^^^ could not find `shared` in `winapi`
[INFO] [stdout] 
[INFO] [stdout] 
[INFO] [stdout] error[E0433]: failed to resolve: could not find `um` in `winapi`
[INFO] [stdout]  --> /opt/rustwide/cargo-home/registry/src/github.com-1ecc6299db9ec823/vigem-client-0.1.1/src/event.rs:2:13
[INFO] [stdout]   |
[INFO] [stdout] 2 | use winapi::um::handleapi::*;
[INFO] [stdout]   |             ^^ could not find `um` in `winapi`
[INFO] [stdout] 
[INFO] [stdout] 
[INFO] [stdout] error[E0433]: failed to resolve: could not find `um` in `winapi`
[INFO] [stdout]  --> /opt/rustwide/cargo-home/registry/src/github.com-1ecc6299db9ec823/vigem-client-0.1.1/src/event.rs:3:13
[INFO] [stdout]   |
[INFO] [stdout] 3 | use winapi::um::synchapi::*;
[INFO] [stdout]   |             ^^ could not find `um` in `winapi`
[INFO] [stdout] 
[INFO] [stdout] 
[INFO] [stdout] error[E0433]: failed to resolve: could not find `shared` in `winapi`
[INFO] [stdout]  --> /opt/rustwide/cargo-home/registry/src/github.com-1ecc6299db9ec823/vigem-client-0.1.1/src/event.rs:4:13
[INFO] [stdout]   |
[INFO] [stdout] 4 | use winapi::shared::ntdef::HANDLE;
[INFO] [stdout]   |             ^^^^^^ could not find `shared` in `winapi`
[INFO] [stdout] 
[INFO] [stdout] 
[INFO] [stdout] error[E0433]: failed to resolve: could not find `windows` in `os`
[INFO] [stdout]  --> /opt/rustwide/cargo-home/registry/src/github.com-1ecc6299db9ec823/vigem-client-0.1.1/src/client.rs:2:14
[INFO] [stdout]   |
[INFO] [stdout] 2 | use std::os::windows::io::AsRawHandle;
[INFO] [stdout]   |              ^^^^^^^ could not find `windows` in `os`
[INFO] [stdout] 
[INFO] [stdout] 
[INFO] [stdout] error[E0433]: failed to resolve: could not find `um` in `winapi`
[INFO] [stdout]  --> /opt/rustwide/cargo-home/registry/src/github.com-1ecc6299db9ec823/vigem-client-0.1.1/src/client.rs:3:13
[INFO] [stdout]   |
[INFO] [stdout] 3 | use winapi::um::handleapi::*;
[INFO] [stdout]   |             ^^ could not find `um` in `winapi`
[INFO] [stdout] 
[INFO] [stdout] 
[INFO] [stdout] error[E0433]: failed to resolve: could not find `um` in `winapi`
[INFO] [stdout]  --> /opt/rustwide/cargo-home/registry/src/github.com-1ecc6299db9ec823/vigem-client-0.1.1/src/client.rs:4:13
[INFO] [stdout]   |
[INFO] [stdout] 4 | use winapi::um::setupapi::*;
[INFO] [stdout]   |             ^^ could not find `um` in `winapi`
[INFO] [stdout] 
[INFO] [stdout] 
[INFO] [stdout] error[E0433]: failed to resolve: could not find `um` in `winapi`
[INFO] [stdout]  --> /opt/rustwide/cargo-home/registry/src/github.com-1ecc6299db9ec823/vigem-client-0.1.1/src/client.rs:5:13
[INFO] [stdout]   |
[INFO] [stdout] 5 | use winapi::um::fileapi::*;
[INFO] [stdout]   |             ^^ could not find `um` in `winapi`
[INFO] [stdout] 
[INFO] [stdout] 
[INFO] [stdout] error[E0433]: failed to resolve: could not find `um` in `winapi`
[INFO] [stdout]  --> /opt/rustwide/cargo-home/registry/src/github.com-1ecc6299db9ec823/vigem-client-0.1.1/src/client.rs:6:13
[INFO] [stdout]   |
[INFO] [stdout] 6 | use winapi::um::winnt::*;
[INFO] [stdout]   |             ^^ could not find `um` in `winapi`
[INFO] [stdout] 
[INFO] [stdout] 
[INFO] [stdout] error[E0433]: failed to resolve: could not find `um` in `winapi`
[INFO] [stdout]  --> /opt/rustwide/cargo-home/registry/src/github.com-1ecc6299db9ec823/vigem-client-0.1.1/src/client.rs:7:13
[INFO] [stdout]   |
[INFO] [stdout] 7 | use winapi::um::winbase::*;
[INFO] [stdout]   |             ^^ could not find `um` in `winapi`
[INFO] [stdout] 
[INFO] [stdout] 
[INFO] [stdout] error[E0433]: failed to resolve: could not find `um` in `winapi`
[INFO] [stdout]  --> /opt/rustwide/cargo-home/registry/src/github.com-1ecc6299db9ec823/vigem-client-0.1.1/src/client.rs:8:13
[INFO] [stdout]   |
[INFO] [stdout] 8 | use winapi::um::errhandlingapi::*;
[INFO] [stdout]   |             ^^ could not find `um` in `winapi`
[INFO] [stdout] 
[INFO] [stdout] 
[INFO] [stdout] error[E0433]: failed to resolve: could not find `shared` in `winapi`
[INFO] [stdout]  --> /opt/rustwide/cargo-home/registry/src/github.com-1ecc6299db9ec823/vigem-client-0.1.1/src/client.rs:9:13
[INFO] [stdout]   |
[INFO] [stdout] 9 | use winapi::shared::ntdef::HANDLE;
[INFO] [stdout]   |             ^^^^^^ could not find `shared` in `winapi`
[INFO] [stdout] 
[INFO] [stdout] 
[INFO] [stdout] error[E0433]: failed to resolve: could not find `um` in `winapi`
[INFO] [stdout]  --> /opt/rustwide/cargo-home/registry/src/github.com-1ecc6299db9ec823/vigem-client-0.1.1/src/x360.rs:3:13
[INFO] [stdout]   |
[INFO] [stdout] 3 | use winapi::um::xinput::XINPUT_GAMEPAD;
[INFO] [stdout]   |             ^^ could not find `um` in `winapi`
[INFO] [stdout] 
[INFO] [stdout] 
[INFO] [stdout] error[E0432]: unresolved import `winapi::shared`
[INFO] [stdout]  --> /opt/rustwide/cargo-home/registry/src/github.com-1ecc6299db9ec823/vigem-client-0.1.1/src/x360.rs:4:13
[INFO] [stdout]   |
[INFO] [stdout] 4 | use winapi::shared::winerror;
[INFO] [stdout]   |             ^^^^^^ could not find `shared` in `winapi`
[INFO] [stdout] 
[INFO] [stdout] 
[INFO] [stdout] error[E0412]: cannot find type `OVERLAPPED` in this scope
[INFO] [stdout]   --> /opt/rustwide/cargo-home/registry/src/github.com-1ecc6299db9ec823/vigem-client-0.1.1/src/bus.rs:45:23
[INFO] [stdout]    |
[INFO] [stdout] 45 |         let mut overlapped: OVERLAPPED = mem::zeroed();
[INFO] [stdout]    |                             ^^^^^^^^^^ not found in this scope
[INFO] [stdout] 
[INFO] [stdout] 
[INFO] [stdout] error[E0412]: cannot find type `OVERLAPPED` in this scope
[INFO] [stdout]   --> /opt/rustwide/cargo-home/registry/src/github.com-1ecc6299db9ec823/vigem-client-0.1.1/src/bus.rs:97:23
[INFO] [stdout]    |
[INFO] [stdout] 97 |         let mut overlapped: OVERLAPPED = mem::zeroed();
[INFO] [stdout]    |                             ^^^^^^^^^^ not found in this scope
[INFO] [stdout] 
[INFO] [stdout] 
[INFO] [stdout] error[E0412]: cannot find type `OVERLAPPED` in this scope
[INFO] [stdout]    --> /opt/rustwide/cargo-home/registry/src/github.com-1ecc6299db9ec823/vigem-client-0.1.1/src/bus.rs:133:23
[INFO] [stdout]     |
[INFO] [stdout] 133 |         let mut overlapped: OVERLAPPED = mem::zeroed();
[INFO] [stdout]     |                             ^^^^^^^^^^ not found in this scope
[INFO] [stdout] 
[INFO] [stdout] 
[INFO] [stdout] error[E0412]: cannot find type `OVERLAPPED` in this scope
[INFO] [stdout]    --> /opt/rustwide/cargo-home/registry/src/github.com-1ecc6299db9ec823/vigem-client-0.1.1/src/bus.rs:168:23
[INFO] [stdout]     |
[INFO] [stdout] 168 |         let mut overlapped: OVERLAPPED = mem::zeroed();
[INFO] [stdout]     |                             ^^^^^^^^^^ not found in this scope
[INFO] [stdout] 
[INFO] [stdout] 
[INFO] [stdout] error[E0412]: cannot find type `OVERLAPPED` in this scope
[INFO] [stdout]    --> /opt/rustwide/cargo-home/registry/src/github.com-1ecc6299db9ec823/vigem-client-0.1.1/src/bus.rs:205:23
[INFO] [stdout]     |
[INFO] [stdout] 205 |         let mut overlapped: OVERLAPPED = mem::zeroed();
[INFO] [stdout]     |                             ^^^^^^^^^^ not found in this scope
[INFO] [stdout] 
[INFO] [stdout] 
[INFO] [stdout] error[E0412]: cannot find type `OVERLAPPED` in this scope
[INFO] [stdout]    --> /opt/rustwide/cargo-home/registry/src/github.com-1ecc6299db9ec823/vigem-client-0.1.1/src/bus.rs:281:23
[INFO] [stdout]     |
[INFO] [stdout] 281 |         let mut overlapped: OVERLAPPED = mem::zeroed();
[INFO] [stdout]     |                             ^^^^^^^^^^ not found in this scope
[INFO] [stdout] 
[INFO] [stdout] 
[INFO] [stdout] error[E0412]: cannot find type `SP_DEVICE_INTERFACE_DATA` in this scope
[INFO] [stdout]   --> /opt/rustwide/cargo-home/registry/src/github.com-1ecc6299db9ec823/vigem-client-0.1.1/src/client.rs:25:35
[INFO] [stdout]    |
[INFO] [stdout] 25 |             let mut device_interface_data: SP_DEVICE_INTERFACE_DATA = mem::zeroed();
[INFO] [stdout]    |                                            ^^^^^^^^^^^^^^^^^^^^^^^^ not found in this scope
[INFO] [stdout] 
[INFO] [stdout] 
[INFO] [stdout] error[E0425]: cannot find value `DIGCF_PRESENT` in this scope
[INFO] [stdout]   --> /opt/rustwide/cargo-home/registry/src/github.com-1ecc6299db9ec823/vigem-client-0.1.1/src/client.rs:34:5
[INFO] [stdout]    |
[INFO] [stdout] 34 |                 DIGCF_PRESENT | DIGCF_DEVICEINTERFACE);
[INFO] [stdout]    |                 ^^^^^^^^^^^^^ not found in this scope
[INFO] [stdout] 
[INFO] [stdout] 
[INFO] [stdout] error[E0425]: cannot find value `DIGCF_DEVICEINTERFACE` in this scope
[INFO] [stdout]   --> /opt/rustwide/cargo-home/registry/src/github.com-1ecc6299db9ec823/vigem-client-0.1.1/src/client.rs:34:21
[INFO] [stdout]    |
[INFO] [stdout] 34 |                 DIGCF_PRESENT | DIGCF_DEVICEINTERFACE);
[INFO] [stdout]    |                                 ^^^^^^^^^^^^^^^^^^^^^ not found in this scope
[INFO] [stdout] 
[INFO] [stdout] 
[INFO] [stdout] error[E0425]: cannot find value `INVALID_HANDLE_VALUE` in this scope
[INFO] [stdout]   --> /opt/rustwide/cargo-home/registry/src/github.com-1ecc6299db9ec823/vigem-client-0.1.1/src/client.rs:36:26
[INFO] [stdout]    |
[INFO] [stdout] 36 |             if device_info_set == INVALID_HANDLE_VALUE {
[INFO] [stdout]    |                                   ^^^^^^^^^^^^^^^^^^^^ not found in this scope
[INFO] [stdout] 
[INFO] [stdout] 
[INFO] [stdout] error[E0412]: cannot find type `PSP_DEVICE_INTERFACE_DETAIL_DATA_W` in this scope
[INFO] [stdout]   --> /opt/rustwide/cargo-home/registry/src/github.com-1ecc6299db9ec823/vigem-client-0.1.1/src/client.rs:52:62
[INFO] [stdout]    |
[INFO] [stdout] 52 |                 let detail_data_ptr = detail_data_buffer.as_mut_ptr() as PSP_DEVICE_INTERFACE_DETAIL_DATA_W;
[INFO] [stdout]    |                                                                          ^^^^^^^^^^^^^^^^^^^^^^^^^^^^^^^^^^ not found in this scope
[INFO] [stdout] 
[INFO] [stdout] 
[INFO] [stdout] error[E0412]: cannot find type `SP_DEVICE_INTERFACE_DETAIL_DATA_W` in this scope
[INFO] [stdout]   --> /opt/rustwide/cargo-home/registry/src/github.com-1ecc6299db9ec823/vigem-client-0.1.1/src/client.rs:53:48
[INFO] [stdout]    |
[INFO] [stdout] 53 |                 (*detail_data_ptr).cbSize = mem::size_of::<SP_DEVICE_INTERFACE_DETAIL_DATA_W>() as u32;
[INFO] [stdout]    |                                                            ^^^^^^^^^^^^^^^^^^^^^^^^^^^^^^^^^ not found in this scope
[INFO] [stdout]    |
[INFO] [stdout] help: you might be missing a type parameter
[INFO] [stdout]    |
[INFO] [stdout] 18 | impl<SP_DEVICE_INTERFACE_DETAIL_DATA_W> Client {
[INFO] [stdout]    |     +++++++++++++++++++++++++++++++++++
[INFO] [stdout] 
[INFO] [stdout] 
[INFO] [stdout] error[E0425]: cannot find value `GENERIC_READ` in this scope
[INFO] [stdout]   --> /opt/rustwide/cargo-home/registry/src/github.com-1ecc6299db9ec823/vigem-client-0.1.1/src/client.rs:73:6
[INFO] [stdout]    |
[INFO] [stdout] 73 |                     GENERIC_READ | GENERIC_WRITE,
[INFO] [stdout]    |                     ^^^^^^^^^^^^ not found in this scope
[INFO] [stdout] 
[INFO] [stdout] 
[INFO] [stdout] error[E0425]: cannot find value `GENERIC_WRITE` in this scope
[INFO] [stdout]   --> /opt/rustwide/cargo-home/registry/src/github.com-1ecc6299db9ec823/vigem-client-0.1.1/src/client.rs:73:21
[INFO] [stdout]    |
[INFO] [stdout] 73 |                     GENERIC_READ | GENERIC_WRITE,
[INFO] [stdout]    |                                    ^^^^^^^^^^^^^ not found in this scope
[INFO] [stdout] 
[INFO] [stdout] 
[INFO] [stdout] error[E0425]: cannot find value `FILE_SHARE_READ` in this scope
[INFO] [stdout]   --> /opt/rustwide/cargo-home/registry/src/github.com-1ecc6299db9ec823/vigem-client-0.1.1/src/client.rs:74:6
[INFO] [stdout]    |
[INFO] [stdout] 74 |                     FILE_SHARE_READ | FILE_SHARE_WRITE,
[INFO] [stdout]    |                     ^^^^^^^^^^^^^^^ not found in this scope
[INFO] [stdout] 
[INFO] [stdout] 
[INFO] [stdout] error[E0425]: cannot find value `FILE_SHARE_WRITE` in this scope
[INFO] [stdout]   --> /opt/rustwide/cargo-home/registry/src/github.com-1ecc6299db9ec823/vigem-client-0.1.1/src/client.rs:74:24
[INFO] [stdout]    |
[INFO] [stdout] 74 |                     FILE_SHARE_READ | FILE_SHARE_WRITE,
[INFO] [stdout]    |                                       ^^^^^^^^^^^^^^^^ not found in this scope
[INFO] [stdout] 
[INFO] [stdout] 
[INFO] [stdout] error[E0425]: cannot find value `OPEN_EXISTING` in this scope
[INFO] [stdout]   --> /opt/rustwide/cargo-home/registry/src/github.com-1ecc6299db9ec823/vigem-client-0.1.1/src/client.rs:76:6
[INFO] [stdout]    |
[INFO] [stdout] 76 |                     OPEN_EXISTING,
[INFO] [stdout]    |                     ^^^^^^^^^^^^^ not found in this scope
[INFO] [stdout] 
[INFO] [stdout] 
[INFO] [stdout] error[E0425]: cannot find value `FILE_ATTRIBUTE_NORMAL` in this scope
[INFO] [stdout]   --> /opt/rustwide/cargo-home/registry/src/github.com-1ecc6299db9ec823/vigem-client-0.1.1/src/client.rs:77:6
[INFO] [stdout]    |
[INFO] [stdout] 77 |                     FILE_ATTRIBUTE_NORMAL | FILE_FLAG_NO_BUFFERING | FILE_FLAG_WRITE_THROUGH | FILE_FLAG_OVERLAPPED,
[INFO] [stdout]    |                     ^^^^^^^^^^^^^^^^^^^^^ not found in this scope
[INFO] [stdout] 
[INFO] [stdout] 
[INFO] [stdout] error[E0425]: cannot find value `FILE_FLAG_NO_BUFFERING` in this scope
[INFO] [stdout]   --> /opt/rustwide/cargo-home/registry/src/github.com-1ecc6299db9ec823/vigem-client-0.1.1/src/client.rs:77:30
[INFO] [stdout]    |
[INFO] [stdout] 77 |                     FILE_ATTRIBUTE_NORMAL | FILE_FLAG_NO_BUFFERING | FILE_FLAG_WRITE_THROUGH | FILE_FLAG_OVERLAPPED,
[INFO] [stdout]    |                                             ^^^^^^^^^^^^^^^^^^^^^^ not found in this scope
[INFO] [stdout] 
[INFO] [stdout] 
[INFO] [stdout] error[E0425]: cannot find value `FILE_FLAG_WRITE_THROUGH` in this scope
[INFO] [stdout]   --> /opt/rustwide/cargo-home/registry/src/github.com-1ecc6299db9ec823/vigem-client-0.1.1/src/client.rs:77:55
[INFO] [stdout]    |
[INFO] [stdout] 77 |                     FILE_ATTRIBUTE_NORMAL | FILE_FLAG_NO_BUFFERING | FILE_FLAG_WRITE_THROUGH | FILE_FLAG_OVERLAPPED,
[INFO] [stdout]    |                                                                      ^^^^^^^^^^^^^^^^^^^^^^^ not found in this scope
[INFO] [stdout] 
[INFO] [stdout] 
[INFO] [stdout] error[E0425]: cannot find value `FILE_FLAG_OVERLAPPED` in this scope
[INFO] [stdout]   --> /opt/rustwide/cargo-home/registry/src/github.com-1ecc6299db9ec823/vigem-client-0.1.1/src/client.rs:77:81
[INFO] [stdout]    |
[INFO] [stdout] 77 |                     FILE_ATTRIBUTE_NORMAL | FILE_FLAG_NO_BUFFERING | FILE_FLAG_WRITE_THROUGH | FILE_FLAG_OVERLAPPED,
[INFO] [stdout]    |                                                                                                ^^^^^^^^^^^^^^^^^^^^ not found in this scope
[INFO] [stdout] 
[INFO] [stdout] 
[INFO] [stdout] error[E0425]: cannot find value `INVALID_HANDLE_VALUE` in this scope
[INFO] [stdout]   --> /opt/rustwide/cargo-home/registry/src/github.com-1ecc6299db9ec823/vigem-client-0.1.1/src/client.rs:80:18
[INFO] [stdout]    |
[INFO] [stdout] 80 |                 if device == INVALID_HANDLE_VALUE {
[INFO] [stdout]    |                              ^^^^^^^^^^^^^^^^^^^^ not found in this scope
[INFO] [stdout] 
[INFO] [stdout] 
[INFO] [stdout] error[E0425]: cannot find function, tuple struct or tuple variant `CreateEventW` in this scope
[INFO] [stdout]   --> /opt/rustwide/cargo-home/registry/src/github.com-1ecc6299db9ec823/vigem-client-0.1.1/src/bus.rs:46:23
[INFO] [stdout]    |
[INFO] [stdout] 46 |         overlapped.hEvent = CreateEventW(ptr::null_mut(), 0, 0, ptr::null());
[INFO] [stdout]    |                             ^^^^^^^^^^^^ not found in this scope
[INFO] [stdout] 
[INFO] [stdout] 
[INFO] [stdout] error[E0425]: cannot find function, tuple struct or tuple variant `DeviceIoControl` in this scope
[INFO] [stdout]   --> /opt/rustwide/cargo-home/registry/src/github.com-1ecc6299db9ec823/vigem-client-0.1.1/src/bus.rs:48:3
[INFO] [stdout]    |
[INFO] [stdout] 48 |         DeviceIoControl(
[INFO] [stdout]    |         ^^^^^^^^^^^^^^^ not found in this scope
[INFO] [stdout] 
[INFO] [stdout] 
[INFO] [stdout] error[E0425]: cannot find function, tuple struct or tuple variant `GetOverlappedResult` in this scope
[INFO] [stdout]   --> /opt/rustwide/cargo-home/registry/src/github.com-1ecc6299db9ec823/vigem-client-0.1.1/src/bus.rs:58:16
[INFO] [stdout]    |
[INFO] [stdout] 58 |         let result = GetOverlappedResult(device, &mut overlapped, &mut transferred, 1);
[INFO] [stdout]    |                      ^^^^^^^^^^^^^^^^^^^ not found in this scope
[INFO] [stdout] 
[INFO] [stdout] 
[INFO] [stdout] error[E0425]: cannot find function, tuple struct or tuple variant `CloseHandle` in this scope
[INFO] [stdout]   --> /opt/rustwide/cargo-home/registry/src/github.com-1ecc6299db9ec823/vigem-client-0.1.1/src/bus.rs:59:3
[INFO] [stdout]    |
[INFO] [stdout] 59 |         CloseHandle(overlapped.hEvent);
[INFO] [stdout]    |         ^^^^^^^^^^^ not found in this scope
[INFO] [stdout] 
[INFO] [stdout] 
[INFO] [stdout] error[E0425]: cannot find function, tuple struct or tuple variant `DeviceIoControl` in this scope
[INFO] [stdout]    --> /opt/rustwide/cargo-home/registry/src/github.com-1ecc6299db9ec823/vigem-client-0.1.1/src/bus.rs:100:3
[INFO] [stdout]     |
[INFO] [stdout] 100 |         DeviceIoControl(
[INFO] [stdout]     |         ^^^^^^^^^^^^^^^ not found in this scope
[INFO] [stdout] 
[INFO] [stdout] 
[INFO] [stdout] error[E0425]: cannot find function, tuple struct or tuple variant `GetOverlappedResult` in this scope
[INFO] [stdout]    --> /opt/rustwide/cargo-home/registry/src/github.com-1ecc6299db9ec823/vigem-client-0.1.1/src/bus.rs:110:19
[INFO] [stdout]     |
[INFO] [stdout] 110 |         let result = if GetOverlappedResult(device, &mut overlapped, &mut transferred, 1) != 0 { Ok(()) }
[INFO] [stdout]     |                         ^^^^^^^^^^^^^^^^^^^ not found in this scope
[INFO] [stdout] 
[INFO] [stdout] 
[INFO] [stdout] error[E0425]: cannot find function, tuple struct or tuple variant `GetLastError` in this scope
[INFO] [stdout]    --> /opt/rustwide/cargo-home/registry/src/github.com-1ecc6299db9ec823/vigem-client-0.1.1/src/bus.rs:111:14
[INFO] [stdout]     |
[INFO] [stdout] 111 |         else { Err(GetLastError()) };
[INFO] [stdout]     |                    ^^^^^^^^^^^^ not found in this scope
[INFO] [stdout] 
[INFO] [stdout] 
[INFO] [stdout] error[E0425]: cannot find function, tuple struct or tuple variant `DeviceIoControl` in this scope
[INFO] [stdout]    --> /opt/rustwide/cargo-home/registry/src/github.com-1ecc6299db9ec823/vigem-client-0.1.1/src/bus.rs:136:3
[INFO] [stdout]     |
[INFO] [stdout] 136 |         DeviceIoControl(
[INFO] [stdout]     |         ^^^^^^^^^^^^^^^ not found in this scope
[INFO] [stdout] 
[INFO] [stdout] 
[INFO] [stdout] error[E0425]: cannot find function, tuple struct or tuple variant `GetOverlappedResult` in this scope
[INFO] [stdout]    --> /opt/rustwide/cargo-home/registry/src/github.com-1ecc6299db9ec823/vigem-client-0.1.1/src/bus.rs:146:19
[INFO] [stdout]     |
[INFO] [stdout] 146 |         let result = if GetOverlappedResult(device, &mut overlapped, &mut transferred, 1) != 0 { Ok(()) }
[INFO] [stdout]     |                         ^^^^^^^^^^^^^^^^^^^ not found in this scope
[INFO] [stdout] 
[INFO] [stdout] 
[INFO] [stdout] error[E0425]: cannot find function, tuple struct or tuple variant `GetLastError` in this scope
[INFO] [stdout]    --> /opt/rustwide/cargo-home/registry/src/github.com-1ecc6299db9ec823/vigem-client-0.1.1/src/bus.rs:147:14
[INFO] [stdout]     |
[INFO] [stdout] 147 |         else { Err(GetLastError()) };
[INFO] [stdout]     |                    ^^^^^^^^^^^^ not found in this scope
[INFO] [stdout] 
[INFO] [stdout] 
[INFO] [stdout] error[E0425]: cannot find function, tuple struct or tuple variant `DeviceIoControl` in this scope
[INFO] [stdout]    --> /opt/rustwide/cargo-home/registry/src/github.com-1ecc6299db9ec823/vigem-client-0.1.1/src/bus.rs:171:3
[INFO] [stdout]     |
[INFO] [stdout] 171 |         DeviceIoControl(
[INFO] [stdout]     |         ^^^^^^^^^^^^^^^ not found in this scope
[INFO] [stdout] 
[INFO] [stdout] 
[INFO] [stdout] error[E0425]: cannot find function, tuple struct or tuple variant `GetOverlappedResult` in this scope
[INFO] [stdout]    --> /opt/rustwide/cargo-home/registry/src/github.com-1ecc6299db9ec823/vigem-client-0.1.1/src/bus.rs:181:19
[INFO] [stdout]     |
[INFO] [stdout] 181 |         let result = if GetOverlappedResult(device, &mut overlapped, &mut transferred, 1) != 0 { Ok(()) }
[INFO] [stdout]     |                         ^^^^^^^^^^^^^^^^^^^ not found in this scope
[INFO] [stdout] 
[INFO] [stdout] 
[INFO] [stdout] error[E0425]: cannot find function, tuple struct or tuple variant `GetLastError` in this scope
[INFO] [stdout]    --> /opt/rustwide/cargo-home/registry/src/github.com-1ecc6299db9ec823/vigem-client-0.1.1/src/bus.rs:182:14
[INFO] [stdout]     |
[INFO] [stdout] 182 |         else { Err(GetLastError()) };
[INFO] [stdout]     |                    ^^^^^^^^^^^^ not found in this scope
[INFO] [stdout] 
[INFO] [stdout] 
[INFO] [stdout] error[E0425]: cannot find function, tuple struct or tuple variant `DeviceIoControl` in this scope
[INFO] [stdout]    --> /opt/rustwide/cargo-home/registry/src/github.com-1ecc6299db9ec823/vigem-client-0.1.1/src/bus.rs:208:3
[INFO] [stdout]     |
[INFO] [stdout] 208 |         DeviceIoControl(
[INFO] [stdout]     |         ^^^^^^^^^^^^^^^ not found in this scope
[INFO] [stdout] 
[INFO] [stdout] 
[INFO] [stdout] error[E0425]: cannot find function, tuple struct or tuple variant `GetOverlappedResult` in this scope
[INFO] [stdout]    --> /opt/rustwide/cargo-home/registry/src/github.com-1ecc6299db9ec823/vigem-client-0.1.1/src/bus.rs:218:19
[INFO] [stdout]     |
[INFO] [stdout] 218 |         let result = if GetOverlappedResult(device, &mut overlapped, &mut transferred, 1) != 0 { Ok(()) }
[INFO] [stdout]     |                         ^^^^^^^^^^^^^^^^^^^ not found in this scope
[INFO] [stdout] 
[INFO] [stdout] 
[INFO] [stdout] error[E0425]: cannot find function, tuple struct or tuple variant `GetLastError` in this scope
[INFO] [stdout]    --> /opt/rustwide/cargo-home/registry/src/github.com-1ecc6299db9ec823/vigem-client-0.1.1/src/bus.rs:219:14
[INFO] [stdout]     |
[INFO] [stdout] 219 |         else { Err(GetLastError()) };
[INFO] [stdout]     |                    ^^^^^^^^^^^^ not found in this scope
[INFO] [stdout] 
[INFO] [stdout] 
[INFO] [stdout] error[E0425]: cannot find function, tuple struct or tuple variant `DeviceIoControl` in this scope
[INFO] [stdout]    --> /opt/rustwide/cargo-home/registry/src/github.com-1ecc6299db9ec823/vigem-client-0.1.1/src/bus.rs:284:3
[INFO] [stdout]     |
[INFO] [stdout] 284 |         DeviceIoControl(
[INFO] [stdout]     |         ^^^^^^^^^^^^^^^ not found in this scope
[INFO] [stdout] 
[INFO] [stdout] 
[INFO] [stdout] error[E0425]: cannot find function, tuple struct or tuple variant `GetOverlappedResult` in this scope
[INFO] [stdout]    --> /opt/rustwide/cargo-home/registry/src/github.com-1ecc6299db9ec823/vigem-client-0.1.1/src/bus.rs:294:19
[INFO] [stdout]     |
[INFO] [stdout] 294 |         let result = if GetOverlappedResult(device, &mut overlapped, &mut transferred, 1) != 0 { Ok(()) }
[INFO] [stdout]     |                         ^^^^^^^^^^^^^^^^^^^ not found in this scope
[INFO] [stdout] 
[INFO] [stdout] 
[INFO] [stdout] error[E0425]: cannot find function, tuple struct or tuple variant `GetLastError` in this scope
[INFO] [stdout]    --> /opt/rustwide/cargo-home/registry/src/github.com-1ecc6299db9ec823/vigem-client-0.1.1/src/bus.rs:295:14
[INFO] [stdout]     |
[INFO] [stdout] 295 |         else { Err(GetLastError()) };
[INFO] [stdout]     |                    ^^^^^^^^^^^^ not found in this scope
[INFO] [stdout] 
[INFO] [stdout] 
[INFO] [stdout] error[E0425]: cannot find function, tuple struct or tuple variant `CreateEventW` in this scope
[INFO] [stdout]   --> /opt/rustwide/cargo-home/registry/src/github.com-1ecc6299db9ec823/vigem-client-0.1.1/src/event.rs:14:17
[INFO] [stdout]    |
[INFO] [stdout] 14 |             let handle = CreateEventW(ptr::null_mut(), manual_reset as i32, initial_state as i32, ptr::null());
[INFO] [stdout]    |                          ^^^^^^^^^^^^ not found in this scope
[INFO] [stdout] 
[INFO] [stdout] 
[INFO] [stdout] error[E0425]: cannot find function, tuple struct or tuple variant `CloseHandle` in this scope
[INFO] [stdout]   --> /opt/rustwide/cargo-home/registry/src/github.com-1ecc6299db9ec823/vigem-client-0.1.1/src/event.rs:27:12
[INFO] [stdout]    |
[INFO] [stdout] 27 |         unsafe { CloseHandle(self.handle) };
[INFO] [stdout]    |                  ^^^^^^^^^^^ not found in this scope
[INFO] [stdout] 
[INFO] [stdout] 
[INFO] [stdout] error[E0425]: cannot find function, tuple struct or tuple variant `SetupDiGetClassDevsW` in this scope
[INFO] [stdout]   --> /opt/rustwide/cargo-home/registry/src/github.com-1ecc6299db9ec823/vigem-client-0.1.1/src/client.rs:30:26
[INFO] [stdout]    |
[INFO] [stdout] 30 |             let device_info_set = SetupDiGetClassDevsW(
[INFO] [stdout]    |                                   ^^^^^^^^^^^^^^^^^^^^ not found in this scope
[INFO] [stdout] 
[INFO] [stdout] 
[INFO] [stdout] error[E0425]: cannot find function, tuple struct or tuple variant `GetLastError` in this scope
[INFO] [stdout]   --> /opt/rustwide/cargo-home/registry/src/github.com-1ecc6299db9ec823/vigem-client-0.1.1/src/client.rs:37:32
[INFO] [stdout]    |
[INFO] [stdout] 37 |                 return Err(Error::WinError(GetLastError()));
[INFO] [stdout]    |                                            ^^^^^^^^^^^^ not found in this scope
[INFO] [stdout] 
[INFO] [stdout] 
[INFO] [stdout] error[E0425]: cannot find function, tuple struct or tuple variant `SetupDiEnumDeviceInterfaces` in this scope
[INFO] [stdout]   --> /opt/rustwide/cargo-home/registry/src/github.com-1ecc6299db9ec823/vigem-client-0.1.1/src/client.rs:41:10
[INFO] [stdout]    |
[INFO] [stdout] 41 |             while SetupDiEnumDeviceInterfaces(
[INFO] [stdout]    |                   ^^^^^^^^^^^^^^^^^^^^^^^^^^^ not found in this scope
[INFO] [stdout] 
[INFO] [stdout] 
[INFO] [stdout] error[E0425]: cannot find function, tuple struct or tuple variant `SetupDiGetDeviceInterfaceDetailW` in this scope
[INFO] [stdout]   --> /opt/rustwide/cargo-home/registry/src/github.com-1ecc6299db9ec823/vigem-client-0.1.1/src/client.rs:57:8
[INFO] [stdout]    |
[INFO] [stdout] 57 |                 if SetupDiGetDeviceInterfaceDetailW(
[INFO] [stdout]    |                    ^^^^^^^^^^^^^^^^^^^^^^^^^^^^^^^^ not found in this scope
[INFO] [stdout] 
[INFO] [stdout] 
[INFO] [stdout] error[E0425]: cannot find function, tuple struct or tuple variant `GetLastError` in this scope
[INFO] [stdout]   --> /opt/rustwide/cargo-home/registry/src/github.com-1ecc6299db9ec823/vigem-client-0.1.1/src/client.rs:65:30
[INFO] [stdout]    |
[INFO] [stdout] 65 |                     error = Error::WinError(GetLastError());
[INFO] [stdout]    |                                             ^^^^^^^^^^^^ not found in this scope
[INFO] [stdout] 
[INFO] [stdout] 
[INFO] [stdout] error[E0425]: cannot find function, tuple struct or tuple variant `CreateFileW` in this scope
[INFO] [stdout]   --> /opt/rustwide/cargo-home/registry/src/github.com-1ecc6299db9ec823/vigem-client-0.1.1/src/client.rs:71:18
[INFO] [stdout]    |
[INFO] [stdout] 71 |                 let device = CreateFileW(
[INFO] [stdout]    |                              ^^^^^^^^^^^ not found in this scope
[INFO] [stdout] 
[INFO] [stdout] 
[INFO] [stdout] error[E0425]: cannot find function, tuple struct or tuple variant `GetLastError` in this scope
[INFO] [stdout]   --> /opt/rustwide/cargo-home/registry/src/github.com-1ecc6299db9ec823/vigem-client-0.1.1/src/client.rs:81:37
[INFO] [stdout]    |
[INFO] [stdout] 81 |                     error = Error::BusAccessFailed(GetLastError());
[INFO] [stdout]    |                                                    ^^^^^^^^^^^^ not found in this scope
[INFO] [stdout] 
[INFO] [stdout] 
[INFO] [stdout] error[E0425]: cannot find function, tuple struct or tuple variant `SetupDiDestroyDeviceInfoList` in this scope
[INFO] [stdout]   --> /opt/rustwide/cargo-home/registry/src/github.com-1ecc6299db9ec823/vigem-client-0.1.1/src/client.rs:87:6
[INFO] [stdout]    |
[INFO] [stdout] 87 |                     SetupDiDestroyDeviceInfoList(device_info_set);
[INFO] [stdout]    |                     ^^^^^^^^^^^^^^^^^^^^^^^^^^^^ not found in this scope
[INFO] [stdout] 
[INFO] [stdout] 
[INFO] [stdout] error[E0425]: cannot find function, tuple struct or tuple variant `CloseHandle` in this scope
[INFO] [stdout]   --> /opt/rustwide/cargo-home/registry/src/github.com-1ecc6299db9ec823/vigem-client-0.1.1/src/client.rs:92:5
[INFO] [stdout]    |
[INFO] [stdout] 92 |                 CloseHandle(device);
[INFO] [stdout]    |                 ^^^^^^^^^^^ not found in this scope
[INFO] [stdout] 
[INFO] [stdout] 
[INFO] [stdout] error[E0425]: cannot find function, tuple struct or tuple variant `SetupDiDestroyDeviceInfoList` in this scope
[INFO] [stdout]   --> /opt/rustwide/cargo-home/registry/src/github.com-1ecc6299db9ec823/vigem-client-0.1.1/src/client.rs:96:4
[INFO] [stdout]    |
[INFO] [stdout] 96 |             SetupDiDestroyDeviceInfoList(device_info_set);
[INFO] [stdout]    |             ^^^^^^^^^^^^^^^^^^^^^^^^^^^^ not found in this scope
[INFO] [stdout] 
[INFO] [stdout] 
[INFO] [stdout] error[E0425]: cannot find function, tuple struct or tuple variant `CloseHandle` in this scope
[INFO] [stdout]    --> /opt/rustwide/cargo-home/registry/src/github.com-1ecc6299db9ec823/vigem-client-0.1.1/src/client.rs:114:4
[INFO] [stdout]     |
[INFO] [stdout] 114 |             CloseHandle(self.device);
[INFO] [stdout]     |             ^^^^^^^^^^^ not found in this scope
[INFO] [stdout] 
[INFO] [stdout] 
[INFO] [stdout] error: aborting due to 74 previous errors
[INFO] [stdout] 
[INFO] [stdout] 
[INFO] [stdout] Some errors have detailed explanations: E0412, E0425, E0432, E0433.
[INFO] [stdout] 
[INFO] [stdout] For more information about an error, try `rustc --explain E0412`.
[INFO] [stdout] 
[INFO] [stderr] error: could not compile `vigem-client` due to 75 previous errors
[INFO] running `Command { std: "docker" "inspect" "451ccb84860f72e29f5f98de45997167b30b2e23f33f41b9baa2f701fbd13b80", kill_on_drop: false }`
[INFO] running `Command { std: "docker" "rm" "-f" "451ccb84860f72e29f5f98de45997167b30b2e23f33f41b9baa2f701fbd13b80", kill_on_drop: false }`
[INFO] [stdout] 451ccb84860f72e29f5f98de45997167b30b2e23f33f41b9baa2f701fbd13b80
