[INFO] cloning repository https://github.com/LorenzSelv/rescaling-examples
[INFO] running `Command { std: "git" "-c" "credential.helper=" "-c" "credential.helper=/workspace/cargo-home/bin/git-credential-null" "clone" "--bare" "https://github.com/LorenzSelv/rescaling-examples" "/workspace/cache/git-repos/https%3A%2F%2Fgithub.com%2FLorenzSelv%2Frescaling-examples", kill_on_drop: false }`
[INFO] [stderr] Cloning into bare repository '/workspace/cache/git-repos/https%3A%2F%2Fgithub.com%2FLorenzSelv%2Frescaling-examples'...
[INFO] running `Command { std: "git" "rev-parse" "HEAD", kill_on_drop: false }`
[INFO] [stdout] 1eadced8f1d04b5e84d8a6179a895a5d1b6fe11a
[INFO] testing LorenzSelv/rescaling-examples against beta-2023-04-20 for beta-1.70-1
[INFO] running `Command { std: "git" "clone" "/workspace/cache/git-repos/https%3A%2F%2Fgithub.com%2FLorenzSelv%2Frescaling-examples" "/workspace/builds/worker-6-tc2/source", kill_on_drop: false }`
[INFO] [stderr] Cloning into '/workspace/builds/worker-6-tc2/source'...
[INFO] [stderr] done.
[INFO] validating manifest of git repo https://github.com/LorenzSelv/rescaling-examples on toolchain beta-2023-04-20
[INFO] running `Command { std: CARGO_HOME="/workspace/cargo-home" RUSTUP_HOME="/workspace/rustup-home" "/workspace/cargo-home/bin/cargo" "+beta-2023-04-20" "metadata" "--manifest-path" "Cargo.toml" "--no-deps", kill_on_drop: false }`
[INFO] started tweaking git repo https://github.com/LorenzSelv/rescaling-examples
[INFO] finished tweaking git repo https://github.com/LorenzSelv/rescaling-examples
[INFO] tweaked toml for git repo https://github.com/LorenzSelv/rescaling-examples written to /workspace/builds/worker-6-tc2/source/Cargo.toml
[INFO] crate git repo https://github.com/LorenzSelv/rescaling-examples already has a lockfile, it will not be regenerated
[INFO] running `Command { std: CARGO_HOME="/workspace/cargo-home" RUSTUP_HOME="/workspace/rustup-home" "/workspace/cargo-home/bin/cargo" "+beta-2023-04-20" "fetch" "--manifest-path" "Cargo.toml", kill_on_drop: false }`
[INFO] [stderr]     Updating crates.io index
[INFO] [stderr]  Downloading crates ...
[INFO] [stderr]   Downloaded streaming-harness-hdrhist v0.2.1
[INFO] [stderr]   Downloaded rgb v0.8.14
[INFO] [stderr]   Downloaded abomonation_derive v0.4.0
[INFO] [stderr]   Downloaded math v0.0.2
[INFO] [stderr]   Downloaded abomonation v0.7.3
[INFO] [stderr]   Downloaded zipf v4.0.1
[INFO] [stderr]   Downloaded hdrhist v0.5.0
[INFO] [stderr]   Downloaded streaming-harness v0.1.1
[INFO] [stderr]   Downloaded abomonation_derive v0.3.0
[INFO] [stderr]   Downloaded rdkafka-sys v0.11.3-1
[INFO] [stderr]   Downloaded rdkafka v0.14.1
[INFO] running `Command { std: "docker" "create" "-v" "/var/lib/crater-agent-workspace/builds/worker-6-tc2/target:/opt/rustwide/target:rw,Z" "-v" "/var/lib/crater-agent-workspace/builds/worker-6-tc2/source:/opt/rustwide/workdir:ro,Z" "-v" "/var/lib/crater-agent-workspace/cargo-home:/opt/rustwide/cargo-home:ro,Z" "-v" "/var/lib/crater-agent-workspace/rustup-home:/opt/rustwide/rustup-home:ro,Z" "-e" "SOURCE_DIR=/opt/rustwide/workdir" "-e" "CARGO_TARGET_DIR=/opt/rustwide/target" "-e" "CARGO_HOME=/opt/rustwide/cargo-home" "-e" "RUSTUP_HOME=/opt/rustwide/rustup-home" "-w" "/opt/rustwide/workdir" "-m" "1610612736" "--user" "0:0" "--network" "none" "ghcr.io/rust-lang/crates-build-env/linux@sha256:5ff2268d62e97bff2cde7d5815dd6ed5b47097566f13b8d0ca110b04b60e07ed" "/opt/rustwide/cargo-home/bin/cargo" "+beta-2023-04-20" "metadata" "--no-deps" "--format-version=1", kill_on_drop: false }`
[INFO] [stdout] 7f55fed44fa3addd3f2974f6b78cfcc8e7bb538aab719f251d7acf7df22b1c06
[INFO] running `Command { std: "docker" "start" "-a" "7f55fed44fa3addd3f2974f6b78cfcc8e7bb538aab719f251d7acf7df22b1c06", kill_on_drop: false }`
[INFO] running `Command { std: "docker" "inspect" "7f55fed44fa3addd3f2974f6b78cfcc8e7bb538aab719f251d7acf7df22b1c06", kill_on_drop: false }`
[INFO] running `Command { std: "docker" "rm" "-f" "7f55fed44fa3addd3f2974f6b78cfcc8e7bb538aab719f251d7acf7df22b1c06", kill_on_drop: false }`
[INFO] [stdout] 7f55fed44fa3addd3f2974f6b78cfcc8e7bb538aab719f251d7acf7df22b1c06
[INFO] running `Command { std: "docker" "create" "-v" "/var/lib/crater-agent-workspace/builds/worker-6-tc2/target:/opt/rustwide/target:rw,Z" "-v" "/var/lib/crater-agent-workspace/builds/worker-6-tc2/source:/opt/rustwide/workdir:ro,Z" "-v" "/var/lib/crater-agent-workspace/cargo-home:/opt/rustwide/cargo-home:ro,Z" "-v" "/var/lib/crater-agent-workspace/rustup-home:/opt/rustwide/rustup-home:ro,Z" "-e" "SOURCE_DIR=/opt/rustwide/workdir" "-e" "CARGO_TARGET_DIR=/opt/rustwide/target" "-e" "CARGO_INCREMENTAL=0" "-e" "RUST_BACKTRACE=full" "-e" "RUSTFLAGS=--cap-lints=warn" "-e" "RUSTDOCFLAGS=--cap-lints=warn" "-e" "CARGO_HOME=/opt/rustwide/cargo-home" "-e" "RUSTUP_HOME=/opt/rustwide/rustup-home" "-w" "/opt/rustwide/workdir" "-m" "1610612736" "--user" "0:0" "--network" "none" "ghcr.io/rust-lang/crates-build-env/linux@sha256:5ff2268d62e97bff2cde7d5815dd6ed5b47097566f13b8d0ca110b04b60e07ed" "/opt/rustwide/cargo-home/bin/cargo" "+beta-2023-04-20" "build" "--frozen" "--message-format=json", kill_on_drop: false }`
[INFO] [stdout] b31c7a67d438926646d0d384f77654709a88d7dbe11e15a320bf3894e4a65851
[INFO] running `Command { std: "docker" "start" "-a" "b31c7a67d438926646d0d384f77654709a88d7dbe11e15a320bf3894e4a65851", kill_on_drop: false }`
[INFO] [stderr]    Compiling autocfg v0.1.6
[INFO] [stderr]    Compiling libc v0.2.62
[INFO] [stderr]    Compiling proc-macro2 v0.4.30
[INFO] [stderr]    Compiling proc-macro2 v1.0.1
[INFO] [stderr]    Compiling unicode-xid v0.2.0
[INFO] [stderr]    Compiling unicode-xid v0.1.0
[INFO] [stderr]    Compiling serde v1.0.99
[INFO] [stderr]    Compiling syn v1.0.5
[INFO] [stderr]    Compiling syn v0.15.44
[INFO] [stderr]    Compiling pkg-config v0.3.15
[INFO] [stderr]    Compiling cfg-if v0.1.9
[INFO] [stderr]    Compiling unicode-xid v0.0.4
[INFO] [stderr]    Compiling winapi v0.3.8
[INFO] [stderr]    Compiling cgmath v0.16.1
[INFO] [stderr]    Compiling unicode-width v0.1.6
[INFO] [stderr]    Compiling cc v1.0.41
[INFO] [stderr]    Compiling approx v0.1.1
[INFO] [stderr]    Compiling synom v0.11.3
[INFO] [stderr]    Compiling quote v0.3.15
[INFO] [stderr]    Compiling num-bigint v0.2.2
[INFO] [stderr]    Compiling getrandom v0.1.11
[INFO] [stderr]    Compiling log v0.4.8
[INFO] [stderr]    Compiling ryu v1.0.0
[INFO] [stderr]    Compiling syn v0.11.11
[INFO] [stderr]    Compiling num-traits v0.2.8
[INFO] [stderr]    Compiling num-integer v0.1.41
[INFO] [stderr]    Compiling num-iter v0.1.39
[INFO] [stderr]    Compiling num-complex v0.2.3
[INFO] [stderr]    Compiling num-rational v0.2.2
[INFO] [stderr]    Compiling rgb v0.8.14
[INFO] [stderr]    Compiling rand_core v0.4.2
[INFO] [stderr]    Compiling getopts v0.2.21
[INFO] [stderr]    Compiling bitflags v1.1.0
[INFO] [stderr]    Compiling timely_bytes v0.10.0 (https://github.com/strymon-system/timely-dataflow/?branch=rescaling-p2p#a8b3b93e)
[INFO] [stderr]    Compiling rand_core v0.3.1
[INFO] [stderr]    Compiling ppv-lite86 v0.2.5
[INFO] [stderr]    Compiling quote v0.6.13
[INFO] [stderr]    Compiling rand v0.4.6
[INFO] [stderr]    Compiling quote v1.0.2
[INFO] [stderr]    Compiling num_cpus v0.2.13
[INFO] [stderr]    Compiling timely_logging v0.10.0 (https://github.com/strymon-system/timely-dataflow/?branch=rescaling-p2p#a8b3b93e)
[INFO] [stderr]    Compiling abomonation v0.7.3
[INFO] [stderr]    Compiling rdkafka-sys v0.11.3-1
[INFO] [stderr]    Compiling libz-sys v1.0.25
[INFO] [stderr]    Compiling synstructure v0.6.1
[INFO] [stderr]    Compiling rand_core v0.5.1
[INFO] [stderr]    Compiling c2-chacha v0.2.2
[INFO] [stderr]    Compiling rand v0.5.6
[INFO] [stderr]    Compiling itoa v0.4.4
[INFO] [stderr]    Compiling rand_chacha v0.2.1
[INFO] [stderr]    Compiling log v0.3.9
[INFO] [stderr]    Compiling atty v0.2.13
[INFO] [stderr]    Compiling num-traits v0.1.43
[INFO] [stderr]    Compiling textwrap v0.11.0
[INFO] [stderr]    Compiling strsim v0.8.0
[INFO] [stderr]    Compiling vec_map v0.8.1
[INFO] [stderr]    Compiling ansi_term v0.11.0
[INFO] [stderr]    Compiling fnv v1.0.6
[INFO] [stderr]    Compiling streaming-harness-hdrhist v0.2.1
[INFO] [stderr]    Compiling abomonation_derive v0.3.0
[INFO] [stderr]    Compiling futures v0.1.28
[INFO] [stderr]    Compiling clap v2.33.0
[INFO] [stderr]    Compiling streaming-harness v0.1.1
[INFO] [stderr]    Compiling rand v0.7.0
[INFO] [stderr]    Compiling math v0.0.2
[INFO] [stderr]    Compiling zipf v4.0.1
[INFO] [stderr]    Compiling hdrhist v0.5.0
[INFO] [stderr]    Compiling winconsole v0.10.0
[INFO] [stderr]    Compiling serde_derive v1.0.99
[INFO] [stderr]    Compiling num v0.2.0
[INFO] [stderr]    Compiling colored v1.8.0
[INFO] [stderr] error: failed to run custom build command for `rdkafka-sys v0.11.3-1`
[INFO] [stderr] note: To improve backtraces for build dependencies, set the CARGO_PROFILE_DEV_BUILD_OVERRIDE_DEBUG=true environment variable to enable debug information generation.
[INFO] [stderr] 
[INFO] [stderr] Caused by:
[INFO] [stderr]   process didn't exit successfully: `/opt/rustwide/target/debug/build/rdkafka-sys-afa8c271af3a6599/build-script-build` (exit status: 101)
[INFO] [stderr]   --- stdout
[INFO] [stderr]   Configuring librdkafka
[INFO] [stderr]   checking for OS or distribution... ok (Linux)
[INFO] [stderr]   checking for C compiler from CC env... failed
[INFO] [stderr]   checking for gcc (by command)... ok
[INFO] [stderr]   checking for C++ compiler from CXX env... failed
[INFO] [stderr]   checking for C++ compiler (g++)... ok
[INFO] [stderr]   checking executable ld... ok
[INFO] [stderr]   checking executable nm... ok
[INFO] [stderr]   checking executable objdump... ok
[INFO] [stderr]   checking executable strip... ok
[INFO] [stderr]   checking for pkgconfig (by command)... ok
[INFO] [stderr]   checking for install (by command)... ok
[INFO] [stderr]   checking for PIC (by compile)... failed (disable)
[INFO] [stderr]   checking for GNU-compatible linker options... failed
[INFO] [stderr]   checking for OSX linker options... failed
[INFO] [stderr]   checking for GNU linker-script ld flag... failed
[INFO] [stderr]   checking for Solaris linker-script ld flag... failed (ignore)
[INFO] [stderr]   checking for __atomic_32 (by compile)... failed
[INFO] [stderr]   checking for __atomic_32_lib (by compile)... failed
[INFO] [stderr]   checking for __sync_32 (by compile)... failed (disable)
[INFO] [stderr]   checking for __atomic_64 (by compile)... failed
[INFO] [stderr]   checking for __atomic_64_lib (by compile)... failed
[INFO] [stderr]   checking for __sync_64 (by compile)... failed (disable)
[INFO] [stderr]   checking for socket (by compile)... failed
[INFO] [stderr]   checking for socket_nsl (by compile)... failed (fail)
[INFO] [stderr]   parsing version '0x000b01ff'... ok (0.11.1)
[INFO] [stderr]   checking for libpthread (by pkg-config)... failed
[INFO] [stderr]   checking for libpthread (by compile)... failed (fail)
[INFO] [stderr]   checking for zlib (by pkg-config)... ok
[INFO] [stderr]   checking for zlib (by compile)... ok (cached)
[INFO] [stderr]   checking for libcrypto (by pkg-config)... ok
[INFO] [stderr]   checking for libcrypto (by compile)... ok (cached)
[INFO] [stderr]   checking for crc32chw (by compile)... failed (disable)
[INFO] [stderr]   checking for regex (by compile)... failed (disable)
[INFO] [stderr]   checking for librt (by pkg-config)... failed
[INFO] [stderr]   checking for librt (by compile)... failed
[INFO] [stderr]   checking for strndup (by compile)... failed (disable)
[INFO] [stderr]   checking for strerror_r (by compile)... failed (disable)
[INFO] [stderr]   checking for libdl (by pkg-config)... failed
[INFO] [stderr]   checking for libdl (by compile)... failed (disable)
[INFO] [stderr]   checking for pthread_setname_gnu (by compile)... failed (disable)
[INFO] [stderr]   checking for nm (by env NM)... ok (cached)
[INFO] [stderr] 
[INFO] [stderr] 
[INFO] [stderr] 
[INFO] [stderr] 
[INFO] [stderr]   --- stderr
[INFO] [stderr]   Building and linking librdkafka statically
[INFO] [stderr]   Running command: "./configure --disable-sasl --disable-ssl --disable-lz4 --enable-static" in dir: librdkafka
[INFO] [stderr]   mklove/modules/configure.base: line 609: config.log: Read-only file system
[INFO] [stderr]   mklove/modules/configure.base: line 609: config.log: Read-only file system
[INFO] [stderr]   mklove/modules/configure.base: line 609: config.log: Read-only file system
[INFO] [stderr]   mklove/modules/configure.base: line 609: config.log: Read-only file system
[INFO] [stderr]   mklove/modules/configure.base: line 609: config.log: Read-only file system
[INFO] [stderr]   mklove/modules/configure.base: line 609: config.log: Read-only file system
[INFO] [stderr]   mklove/modules/configure.base: line 609: config.log: Read-only file system
[INFO] [stderr]   mklove/modules/configure.base: line 609: config.log: Read-only file system
[INFO] [stderr]   mklove/modules/configure.base: line 609: config.log: Read-only file system
[INFO] [stderr]   mklove/modules/configure.base: line 609: config.log: Read-only file system
[INFO] [stderr]   mklove/modules/configure.base: line 609: config.log: Read-only file system
[INFO] [stderr]   mklove/modules/configure.base: line 609: config.log: Read-only file system
[INFO] [stderr]   mklove/modules/configure.base: line 609: config.log: Read-only file system
[INFO] [stderr]   ./configure: line 186: config.log: Read-only file system
[INFO] [stderr]   ./configure: line 187: config.log: Read-only file system
[INFO] [stderr]   mklove/modules/configure.base: line 609: config.log: Read-only file system
[INFO] [stderr]   mklove/modules/configure.base: line 609: config.log: Read-only file system
[INFO] [stderr]   mklove/modules/configure.base: line 609: config.log: Read-only file system
[INFO] [stderr]   mklove/modules/configure.base: line 609: config.log: Read-only file system
[INFO] [stderr]   mktemp: failed to create file via template '_mkltmpXXXXXX': Read-only file system
[INFO] [stderr]   mv: cannot stat '': No such file or directory
[INFO] [stderr]   mklove/modules/configure.base: line 951: .c: Read-only file system
[INFO] [stderr]   mklove/modules/configure.base: line 954: .c: Read-only file system
[INFO] [stderr]   mklove/modules/configure.base: line 609: config.log: Read-only file system
[INFO] [stderr]   mklove/modules/configure.base: line 609: config.log: Read-only file system
[INFO] [stderr]   mklove/modules/configure.base: line 609: config.log: Read-only file system
[INFO] [stderr]   mktemp: failed to create file via template '_mkltmpXXXXXX': Read-only file system
[INFO] [stderr]   mv: cannot stat '': No such file or directory
[INFO] [stderr]   mklove/modules/configure.base: line 951: .c: Read-only file system
[INFO] [stderr]   mklove/modules/configure.base: line 954: .c: Read-only file system
[INFO] [stderr]   mklove/modules/configure.base: line 609: config.log: Read-only file system
[INFO] [stderr]   mklove/modules/configure.base: line 609: config.log: Read-only file system
[INFO] [stderr]   mklove/modules/configure.base: line 609: config.log: Read-only file system
[INFO] [stderr]   mktemp: failed to create file via template '_mkltmpXXXXXX': Read-only file system
[INFO] [stderr]   mv: cannot stat '': No such file or directory
[INFO] [stderr]   mklove/modules/configure.base: line 951: .c: Read-only file system
[INFO] [stderr]   mklove/modules/configure.base: line 954: .c: Read-only file system
[INFO] [stderr]   mklove/modules/configure.base: line 609: config.log: Read-only file system
[INFO] [stderr]   mklove/modules/configure.base: line 609: config.log: Read-only file system
[INFO] [stderr]   mklove/modules/configure.base: line 609: config.log: Read-only file system
[INFO] [stderr]   mktemp: failed to create file via template '_mkltmpXXXXXX': Read-only file system
[INFO] [stderr]   mklove/modules/configure.base: line 691: $ldsfile: ambiguous redirect
[INFO] [stderr]   mktemp: failed to create file via template '_mkltmpXXXXXX': Read-only file system
[INFO] [stderr]   mv: cannot stat '': No such file or directory
[INFO] [stderr]   mklove/modules/configure.base: line 951: .c: Read-only file system
[INFO] [stderr]   mklove/modules/configure.base: line 954: .c: Read-only file system
[INFO] [stderr]   mklove/modules/configure.base: line 609: config.log: Read-only file system
[INFO] [stderr]   mklove/modules/configure.base: line 609: config.log: Read-only file system
[INFO] [stderr]   mklove/modules/configure.base: line 609: config.log: Read-only file system
[INFO] [stderr]   mktemp: failed to create file via template '_mkltmpXXXXXX': Read-only file system
[INFO] [stderr]   mv: cannot stat '': No such file or directory
[INFO] [stderr]   mklove/modules/configure.base: line 951: .c: Read-only file system
[INFO] [stderr]   mklove/modules/configure.base: line 954: .c: Read-only file system
[INFO] [stderr]   mklove/modules/configure.base: line 609: config.log: Read-only file system
[INFO] [stderr]   mklove/modules/configure.base: line 609: config.log: Read-only file system
[INFO] [stderr]   mklove/modules/configure.base: line 609: config.log: Read-only file system
[INFO] [stderr]   mktemp: failed to create file via template '_mkltmpXXXXXX': Read-only file system
[INFO] [stderr]   mv: cannot stat '': No such file or directory
[INFO] [stderr]   mklove/modules/configure.base: line 951: .c: Read-only file system
[INFO] [stderr]   mklove/modules/configure.base: line 954: .c: Read-only file system
[INFO] [stderr]   mklove/modules/configure.base: line 609: config.log: Read-only file system
[INFO] [stderr]   mklove/modules/configure.base: line 609: config.log: Read-only file system
[INFO] [stderr]   mklove/modules/configure.base: line 609: config.log: Read-only file system
[INFO] [stderr]   mktemp: failed to create file via template '_mkltmpXXXXXX': Read-only file system
[INFO] [stderr]   mv: cannot stat '': No such file or directory
[INFO] [stderr]   mklove/modules/configure.base: line 951: .c: Read-only file system
[INFO] [stderr]   mklove/modules/configure.base: line 954: .c: Read-only file system
[INFO] [stderr]   mklove/modules/configure.base: line 609: config.log: Read-only file system
[INFO] [stderr]   mklove/modules/configure.base: line 609: config.log: Read-only file system
[INFO] [stderr]   mklove/modules/configure.base: line 609: config.log: Read-only file system
[INFO] [stderr]   mktemp: failed to create file via template '_mkltmpXXXXXX': Read-only file system
[INFO] [stderr]   mv: cannot stat '': No such file or directory
[INFO] [stderr]   mklove/modules/configure.base: line 951: .c: Read-only file system
[INFO] [stderr]   mklove/modules/configure.base: line 954: .c: Read-only file system
[INFO] [stderr]   mklove/modules/configure.base: line 609: config.log: Read-only file system
[INFO] [stderr]   mklove/modules/configure.base: line 609: config.log: Read-only file system
[INFO] [stderr]   mklove/modules/configure.base: line 609: config.log: Read-only file system
[INFO] [stderr]   mktemp: failed to create file via template '_mkltmpXXXXXX': Read-only file system
[INFO] [stderr]   mv: cannot stat '': No such file or directory
[INFO] [stderr]   mklove/modules/configure.base: line 951: .c: Read-only file system
[INFO] [stderr]   mklove/modules/configure.base: line 954: .c: Read-only file system
[INFO] [stderr]   mklove/modules/configure.base: line 609: config.log: Read-only file system
[INFO] [stderr]   mklove/modules/configure.base: line 609: config.log: Read-only file system
[INFO] [stderr]   mklove/modules/configure.base: line 609: config.log: Read-only file system
[INFO] [stderr]   mktemp: failed to create file via template '_mkltmpXXXXXX': Read-only file system
[INFO] [stderr]   mv: cannot stat '': No such file or directory
[INFO] [stderr]   mklove/modules/configure.base: line 951: .c: Read-only file system
[INFO] [stderr]   mklove/modules/configure.base: line 954: .c: Read-only file system
[INFO] [stderr]   mklove/modules/configure.base: line 609: config.log: Read-only file system
[INFO] [stderr]   mklove/modules/configure.base: line 609: config.log: Read-only file system
[INFO] [stderr]   mklove/modules/configure.base: line 609: config.log: Read-only file system
[INFO] [stderr]   mktemp: failed to create file via template '_mkltmpXXXXXX': Read-only file system
[INFO] [stderr]   mv: cannot stat '': No such file or directory
[INFO] [stderr]   mklove/modules/configure.base: line 951: .c: Read-only file system
[INFO] [stderr]   mklove/modules/configure.base: line 954: .c: Read-only file system
[INFO] [stderr]   mklove/modules/configure.base: line 609: config.log: Read-only file system
[INFO] [stderr]   mklove/modules/configure.base: line 609: config.log: Read-only file system
[INFO] [stderr]   mklove/modules/configure.base: line 609: config.log: Read-only file system
[INFO] [stderr]   mktemp: failed to create file via template '_mkltmpXXXXXX': Read-only file system
[INFO] [stderr]   mv: cannot stat '': No such file or directory
[INFO] [stderr]   mklove/modules/configure.base: line 951: .c: Read-only file system
[INFO] [stderr]   mklove/modules/configure.base: line 954: .c: Read-only file system
[INFO] [stderr]   mklove/modules/configure.base: line 609: config.log: Read-only file system
[INFO] [stderr]   mklove/modules/configure.base: line 609: config.log: Read-only file system
[INFO] [stderr]   mklove/modules/configure.base: line 609: config.log: Read-only file system
[INFO] [stderr]   mktemp: failed to create file via template '_mkltmpXXXXXX': Read-only file system
[INFO] [stderr]   mv: cannot stat '': No such file or directory
[INFO] [stderr]   mklove/modules/configure.base: line 951: .c: Read-only file system
[INFO] [stderr]   mklove/modules/configure.base: line 954: .c: Read-only file system
[INFO] [stderr]   mklove/modules/configure.base: line 609: config.log: Read-only file system
[INFO] [stderr]   mklove/modules/configure.base: line 609: config.log: Read-only file system
[INFO] [stderr]   mklove/modules/configure.base: line 609: config.log: Read-only file system
[INFO] [stderr]   mklove/modules/configure.base: line 609: config.log: Read-only file system
[INFO] [stderr]   mklove/modules/configure.base: line 609: config.log: Read-only file system
[INFO] [stderr]   mklove/modules/configure.base: line 609: config.log: Read-only file system
[INFO] [stderr]   mktemp: failed to create file via template '_mkltmpXXXXXX': Read-only file system
[INFO] [stderr]   mv: cannot stat '': No such file or directory
[INFO] [stderr]   mklove/modules/configure.base: line 951: .c: Read-only file system
[INFO] [stderr]   mklove/modules/configure.base: line 954: .c: Read-only file system
[INFO] [stderr]   mklove/modules/configure.base: line 609: config.log: Read-only file system
[INFO] [stderr]   mklove/modules/configure.base: line 609: config.log: Read-only file system
[INFO] [stderr]   mklove/modules/configure.base: line 609: config.log: Read-only file system
[INFO] [stderr]   mklove/modules/configure.base: line 609: config.log: Read-only file system
[INFO] [stderr]   mklove/modules/configure.base: line 609: config.log: Read-only file system
[INFO] [stderr]   mktemp: failed to create file via template '_mkltmpXXXXXX': Read-only file system
[INFO] [stderr]   mv: cannot stat '': No such file or directory
[INFO] [stderr]   mklove/modules/configure.base: line 951: .c: Read-only file system
[INFO] [stderr]   mklove/modules/configure.base: line 954: .c: Read-only file system
[INFO] [stderr]   mklove/modules/configure.base: line 609: config.log: Read-only file system
[INFO] [stderr]   mklove/modules/configure.base: line 609: config.log: Read-only file system
[INFO] [stderr]   mklove/modules/configure.base: line 609: config.log: Read-only file system
[INFO] [stderr]   mktemp: failed to create file via template '_mkltmpXXXXXX': Read-only file system
[INFO] [stderr]   mv: cannot stat '': No such file or directory
[INFO] [stderr]   mklove/modules/configure.base: line 951: .c: Read-only file system
[INFO] [stderr]   mklove/modules/configure.base: line 954: .c: Read-only file system
[INFO] [stderr]   mklove/modules/configure.base: line 609: config.log: Read-only file system
[INFO] [stderr]   mklove/modules/configure.base: line 609: config.log: Read-only file system
[INFO] [stderr]   mklove/modules/configure.base: line 609: config.log: Read-only file system
[INFO] [stderr]   mklove/modules/configure.base: line 609: config.log: Read-only file system
[INFO] [stderr]   mklove/modules/configure.base: line 609: config.log: Read-only file system
[INFO] [stderr]   mklove/modules/configure.base: line 609: config.log: Read-only file system
[INFO] [stderr]   mktemp: failed to create file via template '_mkltmpXXXXXX': Read-only file system
[INFO] [stderr]   mv: cannot stat '': No such file or directory
[INFO] [stderr]   mklove/modules/configure.base: line 951: .c: Read-only file system
[INFO] [stderr]   mklove/modules/configure.base: line 954: .c: Read-only file system
[INFO] [stderr]   mklove/modules/configure.base: line 609: config.log: Read-only file system
[INFO] [stderr]   mklove/modules/configure.base: line 609: config.log: Read-only file system
[INFO] [stderr]   mklove/modules/configure.base: line 609: config.log: Read-only file system
[INFO] [stderr]   mktemp: failed to create file via template '_mkltmpXXXXXX': Read-only file system
[INFO] [stderr]   mv: cannot stat '': No such file or directory
[INFO] [stderr]   mklove/modules/configure.base: line 951: .c: Read-only file system
[INFO] [stderr]   mklove/modules/configure.base: line 954: .c: Read-only file system
[INFO] [stderr]   mklove/modules/configure.base: line 609: config.log: Read-only file system
[INFO] [stderr]   mklove/modules/configure.base: line 609: config.log: Read-only file system
[INFO] [stderr]   mklove/modules/configure.base: line 609: config.log: Read-only file system
[INFO] [stderr]   mktemp: failed to create file via template '_mkltmpXXXXXX': Read-only file system
[INFO] [stderr]   mv: cannot stat '': No such file or directory
[INFO] [stderr]   mklove/modules/configure.base: line 951: .c: Read-only file system
[INFO] [stderr]   mklove/modules/configure.base: line 954: .c: Read-only file system
[INFO] [stderr]   mklove/modules/configure.base: line 609: config.log: Read-only file system
[INFO] [stderr]   mklove/modules/configure.base: line 609: config.log: Read-only file system
[INFO] [stderr]   mklove/modules/configure.base: line 609: config.log: Read-only file system
[INFO] [stderr]   mklove/modules/configure.base: line 609: config.log: Read-only file system
[INFO] [stderr]   mklove/modules/configure.base: line 609: config.log: Read-only file system
[INFO] [stderr]   mklove/modules/configure.base: line 609: config.log: Read-only file system
[INFO] [stderr]   mktemp: failed to create file via template '_mkltmpXXXXXX': Read-only file system
[INFO] [stderr]   mv: cannot stat '': No such file or directory
[INFO] [stderr]   mklove/modules/configure.base: line 951: .c: Read-only file system
[INFO] [stderr]   mklove/modules/configure.base: line 954: .c: Read-only file system
[INFO] [stderr]   mklove/modules/configure.base: line 609: config.log: Read-only file system
[INFO] [stderr]   mklove/modules/configure.base: line 609: config.log: Read-only file system
[INFO] [stderr]   mklove/modules/configure.base: line 609: config.log: Read-only file system
[INFO] [stderr]   mktemp: failed to create file via template '_mkltmpXXXXXX': Read-only file system
[INFO] [stderr]   mv: cannot stat '': No such file or directory
[INFO] [stderr]   mklove/modules/configure.base: line 951: .c: Read-only file system
[INFO] [stderr]   mklove/modules/configure.base: line 954: .c: Read-only file system
[INFO] [stderr]   mklove/modules/configure.base: line 609: config.log: Read-only file system
[INFO] [stderr]   mklove/modules/configure.base: line 609: config.log: Read-only file system
[INFO] [stderr]   mklove/modules/configure.base: line 609: config.log: Read-only file system
[INFO] [stderr]   ###########################################################
[INFO] [stderr]   mklove/modules/configure.base: line 618: config.log: Read-only file system
[INFO] [stderr]   ###                  Configure failed                   ###
[INFO] [stderr]   mklove/modules/configure.base: line 618: config.log: Read-only file system
[INFO] [stderr]   ###########################################################
[INFO] [stderr]   mklove/modules/configure.base: line 618: config.log: Read-only file system
[INFO] [stderr]   ### Accumulated failures:                               ###
[INFO] [stderr]   mklove/modules/configure.base: line 618: config.log: Read-only file system
[INFO] [stderr]   ###########################################################
[INFO] [stderr]   mklove/modules/configure.base: line 618: config.log: Read-only file system
[INFO] [stderr]    socket_nsl () 
[INFO] [stderr]   mklove/modules/configure.base: line 618: config.log: Read-only file system
[INFO] [stderr]       module: socket
[INFO] [stderr]   mklove/modules/configure.base: line 626: config.log: Read-only file system
[INFO] [stderr]       action: fail
[INFO] [stderr]   mklove/modules/configure.base: line 626: config.log: Read-only file system
[INFO] [stderr]       reason:
[INFO] [stderr]   compile check failed:
[INFO] [stderr]   CC: CC
[INFO] [stderr]   flags: 
[INFO] [stderr]   gcc  -g -O2 -Wall -Wsign-compare -Wfloat-equal -Wpointer-arith -Wcast-align -Wall -Werror .c -o .c.o -lsocket -lnsl  :
[INFO] [stderr]   /usr/bin/ld: cannot open output file .c.o: Read-only file system
[INFO] [stderr]   collect2: error: ld returned 1 exit status
[INFO] [stderr]   source: 
[INFO] [stderr]   #include <sys/types.h>
[INFO] [stderr]   #include <sys/socket.h>
[INFO] [stderr]   #include <unistd.h>
[INFO] [stderr]   void foo (void) {
[INFO] [stderr]      int s = socket(0, 0, 0);
[INFO] [stderr]      close(s);
[INFO] [stderr]   }
[INFO] [stderr] 
[INFO] [stderr]   mklove/modules/configure.base: line 626: config.log: Read-only file system
[INFO] [stderr]    libpthread () 
[INFO] [stderr]   mklove/modules/configure.base: line 618: config.log: Read-only file system
[INFO] [stderr]       module: librdkafka
[INFO] [stderr]   mklove/modules/configure.base: line 626: config.log: Read-only file system
[INFO] [stderr]       action: fail
[INFO] [stderr]   mklove/modules/configure.base: line 626: config.log: Read-only file system
[INFO] [stderr]       reason:
[INFO] [stderr]   compile check failed:
[INFO] [stderr]   CC: CC
[INFO] [stderr]   flags: -lpthread
[INFO] [stderr]   gcc  -g -O2 -Wall -Wsign-compare -Wfloat-equal -Wpointer-arith -Wcast-align -Wall -Werror .c -o .c.o   -lpthread:
[INFO] [stderr]   /usr/bin/ld: cannot open output file .c.o: Read-only file system
[INFO] [stderr]   collect2: error: ld returned 1 exit status
[INFO] [stderr]   source: #include <pthread.h>
[INFO] [stderr] 
[INFO] [stderr]   mklove/modules/configure.base: line 626: config.log: Read-only file system
[INFO] [stderr]   thread 'main' panicked at 'Command failed with error code 1', /opt/rustwide/cargo-home/registry/src/index.crates.io-6f17d22bba15001f/rdkafka-sys-0.11.3-1/build.rs:23:35
[INFO] [stderr]   stack backtrace:
[INFO] [stderr]      0:     0x563d0c61774a - std::backtrace_rs::backtrace::libunwind::trace::h2f05d0192276a8f6
[INFO] [stderr]                                  at /rustc/1b7dd2252b99671ce5d1cb9664c5f8636329436d/library/std/src/../../backtrace/src/backtrace/libunwind.rs:93:5
[INFO] [stderr]      1:     0x563d0c61774a - std::backtrace_rs::backtrace::trace_unsynchronized::hedc23dff7a1af150
[INFO] [stderr]                                  at /rustc/1b7dd2252b99671ce5d1cb9664c5f8636329436d/library/std/src/../../backtrace/src/backtrace/mod.rs:66:5
[INFO] [stderr]      2:     0x563d0c61774a - std::sys_common::backtrace::_print_fmt::h17541ef7592f3ce2
[INFO] [stderr]                                  at /rustc/1b7dd2252b99671ce5d1cb9664c5f8636329436d/library/std/src/sys_common/backtrace.rs:65:5
[INFO] [stderr]      3:     0x563d0c61774a - <std::sys_common::backtrace::_print::DisplayBacktrace as core::fmt::Display>::fmt::h20f75df5ab0c0792
[INFO] [stderr]                                  at /rustc/1b7dd2252b99671ce5d1cb9664c5f8636329436d/library/std/src/sys_common/backtrace.rs:44:22
[INFO] [stderr]      4:     0x563d0c6365bf - core::fmt::write::h78109e6f466b3af6
[INFO] [stderr]                                  at /rustc/1b7dd2252b99671ce5d1cb9664c5f8636329436d/library/core/src/fmt/mod.rs:1254:17
[INFO] [stderr]      5:     0x563d0c614b65 - std::io::Write::write_fmt::hc59e1b02dd273c8a
[INFO] [stderr]                                  at /rustc/1b7dd2252b99671ce5d1cb9664c5f8636329436d/library/std/src/io/mod.rs:1698:15
[INFO] [stderr]      6:     0x563d0c617515 - std::sys_common::backtrace::_print::h8dac57a9f8fbf9a5
[INFO] [stderr]                                  at /rustc/1b7dd2252b99671ce5d1cb9664c5f8636329436d/library/std/src/sys_common/backtrace.rs:47:5
[INFO] [stderr]      7:     0x563d0c617515 - std::sys_common::backtrace::print::hf9ecbf41d1aa712f
[INFO] [stderr]                                  at /rustc/1b7dd2252b99671ce5d1cb9664c5f8636329436d/library/std/src/sys_common/backtrace.rs:34:9
[INFO] [stderr]      8:     0x563d0c618cbe - std::panicking::default_hook::{{closure}}::h04c07acfc84ca028
[INFO] [stderr]                                  at /rustc/1b7dd2252b99671ce5d1cb9664c5f8636329436d/library/std/src/panicking.rs:269:22
[INFO] [stderr]      9:     0x563d0c618a65 - std::panicking::default_hook::h01f6bb23e1eceb2c
[INFO] [stderr]                                  at /rustc/1b7dd2252b99671ce5d1cb9664c5f8636329436d/library/std/src/panicking.rs:288:9
[INFO] [stderr]     10:     0x563d0c61921e - std::panicking::rust_panic_with_hook::h2bb3722bbaf2f6df
[INFO] [stderr]                                  at /rustc/1b7dd2252b99671ce5d1cb9664c5f8636329436d/library/std/src/panicking.rs:691:13
[INFO] [stderr]     11:     0x563d0c619119 - std::panicking::begin_panic_handler::{{closure}}::h91bc7f36a4be011b
[INFO] [stderr]                                  at /rustc/1b7dd2252b99671ce5d1cb9664c5f8636329436d/library/std/src/panicking.rs:582:13
[INFO] [stderr]     12:     0x563d0c617bb6 - std::sys_common::backtrace::__rust_end_short_backtrace::h8b3d3717114f9e59
[INFO] [stderr]                                  at /rustc/1b7dd2252b99671ce5d1cb9664c5f8636329436d/library/std/src/sys_common/backtrace.rs:150:18
[INFO] [stderr]     13:     0x563d0c618e72 - rust_begin_unwind
[INFO] [stderr]                                  at /rustc/1b7dd2252b99671ce5d1cb9664c5f8636329436d/library/std/src/panicking.rs:578:5
[INFO] [stderr]     14:     0x563d0c5d73c3 - core::panicking::panic_fmt::hfd368e3fbdabea26
[INFO] [stderr]                                  at /rustc/1b7dd2252b99671ce5d1cb9664c5f8636329436d/library/core/src/panicking.rs:67:14
[INFO] [stderr]     15:     0x563d0c5d96ce - build_script_build::run_command_or_fail::he2dba76453a3b70e
[INFO] [stderr]     16:     0x563d0c5da2c0 - build_script_build::build_librdkafka::h1c888619b0cc565d
[INFO] [stderr]     17:     0x563d0c5d9f34 - build_script_build::main::hf67dc9b710129f81
[INFO] [stderr]     18:     0x563d0c5da943 - core::ops::function::FnOnce::call_once::h13dd9fd934661671
[INFO] [stderr]     19:     0x563d0c5da8f6 - std::sys_common::backtrace::__rust_begin_short_backtrace::h71a5da7fe4f6a5af
[INFO] [stderr]     20:     0x563d0c5da8d9 - std::rt::lang_start::{{closure}}::h8169f628bfa2cf05
[INFO] [stderr]     21:     0x563d0c611e5e - core::ops::function::impls::<impl core::ops::function::FnOnce<A> for &F>::call_once::h2eb19b8ce4148df4
[INFO] [stderr]                                  at /rustc/1b7dd2252b99671ce5d1cb9664c5f8636329436d/library/core/src/ops/function.rs:287:13
[INFO] [stderr]     22:     0x563d0c611e5e - std::panicking::try::do_call::h2e900feff5d504c5
[INFO] [stderr]                                  at /rustc/1b7dd2252b99671ce5d1cb9664c5f8636329436d/library/std/src/panicking.rs:485:40
[INFO] [stderr]     23:     0x563d0c611e5e - std::panicking::try::h8854836cb85aa9f2
[INFO] [stderr]                                  at /rustc/1b7dd2252b99671ce5d1cb9664c5f8636329436d/library/std/src/panicking.rs:449:19
[INFO] [stderr]     24:     0x563d0c611e5e - std::panic::catch_unwind::h706025dd4c48f64b
[INFO] [stderr]                                  at /rustc/1b7dd2252b99671ce5d1cb9664c5f8636329436d/library/std/src/panic.rs:140:14
[INFO] [stderr]     25:     0x563d0c611e5e - std::rt::lang_start_internal::{{closure}}::h7be5b97f4a07a91a
[INFO] [stderr]                                  at /rustc/1b7dd2252b99671ce5d1cb9664c5f8636329436d/library/std/src/rt.rs:148:48
[INFO] [stderr]     26:     0x563d0c611e5e - std::panicking::try::do_call::h59847e9d0a176965
[INFO] [stderr]                                  at /rustc/1b7dd2252b99671ce5d1cb9664c5f8636329436d/library/std/src/panicking.rs:485:40
[INFO] [stderr]     27:     0x563d0c611e5e - std::panicking::try::h399a918ba8522823
[INFO] [stderr]                                  at /rustc/1b7dd2252b99671ce5d1cb9664c5f8636329436d/library/std/src/panicking.rs:449:19
[INFO] [stderr]     28:     0x563d0c611e5e - std::panic::catch_unwind::hca7ca6c55b2a2e26
[INFO] [stderr]                                  at /rustc/1b7dd2252b99671ce5d1cb9664c5f8636329436d/library/std/src/panic.rs:140:14
[INFO] [stderr]     29:     0x563d0c611e5e - std::rt::lang_start_internal::h2c807a81560459eb
[INFO] [stderr]                                  at /rustc/1b7dd2252b99671ce5d1cb9664c5f8636329436d/library/std/src/rt.rs:148:20
[INFO] [stderr]     30:     0x563d0c5da8b7 - std::rt::lang_start::he1f1f4d8a61262fe
[INFO] [stderr]     31:     0x563d0c5da595 - main
[INFO] [stderr]     32:     0x7f7605e29d90 - <unknown>
[INFO] [stderr]     33:     0x7f7605e29e40 - __libc_start_main
[INFO] [stderr]     34:     0x563d0c5d79e5 - _start
[INFO] [stderr]     35:                0x0 - <unknown>
[INFO] [stderr] warning: build failed, waiting for other jobs to finish...
[INFO] running `Command { std: "docker" "inspect" "b31c7a67d438926646d0d384f77654709a88d7dbe11e15a320bf3894e4a65851", kill_on_drop: false }`
[INFO] running `Command { std: "docker" "rm" "-f" "b31c7a67d438926646d0d384f77654709a88d7dbe11e15a320bf3894e4a65851", kill_on_drop: false }`
[INFO] [stdout] b31c7a67d438926646d0d384f77654709a88d7dbe11e15a320bf3894e4a65851
