[INFO] cloning repository https://github.com/LavaMoat/basalt
[INFO] running `Command { std: "git" "-c" "credential.helper=" "-c" "credential.helper=/workspace/cargo-home/bin/git-credential-null" "clone" "--bare" "https://github.com/LavaMoat/basalt" "/workspace/cache/git-repos/https%3A%2F%2Fgithub.com%2FLavaMoat%2Fbasalt", kill_on_drop: false }`
[INFO] [stderr] Cloning into bare repository '/workspace/cache/git-repos/https%3A%2F%2Fgithub.com%2FLavaMoat%2Fbasalt'...
[INFO] running `Command { std: "git" "rev-parse" "HEAD", kill_on_drop: false }`
[INFO] [stdout] bc70f2916040fd63d2c97ab83ecf602ea2a9f99a
[INFO] testing LavaMoat/basalt against 1.69.0 for beta-1.70-1
[INFO] running `Command { std: "git" "clone" "/workspace/cache/git-repos/https%3A%2F%2Fgithub.com%2FLavaMoat%2Fbasalt" "/workspace/builds/worker-0-tc1/source", kill_on_drop: false }`
[INFO] [stderr] Cloning into '/workspace/builds/worker-0-tc1/source'...
[INFO] [stderr] done.
[INFO] validating manifest of git repo https://github.com/LavaMoat/basalt on toolchain 1.69.0
[INFO] running `Command { std: CARGO_HOME="/workspace/cargo-home" RUSTUP_HOME="/workspace/rustup-home" "/workspace/cargo-home/bin/cargo" "+1.69.0" "metadata" "--manifest-path" "Cargo.toml" "--no-deps", kill_on_drop: false }`
[INFO] removed /workspace/builds/worker-0-tc1/source/rust-toolchain
[INFO] started tweaking git repo https://github.com/LavaMoat/basalt
[INFO] finished tweaking git repo https://github.com/LavaMoat/basalt
[INFO] tweaked toml for git repo https://github.com/LavaMoat/basalt written to /workspace/builds/worker-0-tc1/source/Cargo.toml
[INFO] crate git repo https://github.com/LavaMoat/basalt already has a lockfile, it will not be regenerated
[INFO] running `Command { std: CARGO_HOME="/workspace/cargo-home" RUSTUP_HOME="/workspace/rustup-home" "/workspace/cargo-home/bin/cargo" "+1.69.0" "fetch" "--manifest-path" "Cargo.toml", kill_on_drop: false }`
[INFO] [stderr]  Downloading crates ...
[INFO] [stderr]   Downloaded is-macro v0.1.9
[INFO] [stderr]   Downloaded enum_kind v0.2.1
[INFO] [stderr]   Downloaded string_enum v0.3.1
[INFO] [stderr]   Downloaded swc_atoms v0.2.7
[INFO] [stderr]   Downloaded lru v0.6.5
[INFO] [stderr]   Downloaded relative-path v1.4.0
[INFO] [stderr]   Downloaded from_variant v0.1.3
[INFO] [stderr]   Downloaded swc_eq_ignore_macros v0.1.0
[INFO] [stderr]   Downloaded sourcemap v6.0.1
[INFO] [stderr]   Downloaded ast_node v0.7.3
[INFO] [stderr]   Downloaded ordered-float v2.5.1
[INFO] [stderr]   Downloaded sha-1 v0.9.6
[INFO] [stderr]   Downloaded swc_ecma_codegen_macros v0.5.2
[INFO] [stderr]   Downloaded static-map-macro v0.2.1
[INFO] [stderr]   Downloaded swc_visit v0.2.6
[INFO] [stderr]   Downloaded st-map v0.1.4
[INFO] [stderr]   Downloaded swc_visit_macros v0.2.3
[INFO] [stderr]   Downloaded swc_macros_common v0.3.3
[INFO] [stderr]   Downloaded swc_ecmascript v0.66.0
[INFO] [stderr]   Downloaded swc_ecma_ast v0.53.0
[INFO] [stderr]   Downloaded swc_ecma_transforms_react v0.42.0
[INFO] [stderr]   Downloaded swc_ecma_transforms_proposal v0.41.0
[INFO] [stderr]   Downloaded swc_ecma_utils v0.45.0
[INFO] [stderr]   Downloaded swc_ecma_ext_transforms v0.30.0
[INFO] [stderr]   Downloaded swc_ecma_visit v0.39.0
[INFO] [stderr]   Downloaded swc_ecma_transforms_classes v0.19.0
[INFO] [stderr]   Downloaded swc_ecma_loader v0.19.0
[INFO] [stderr]   Downloaded swc_ecma_transforms_macros v0.2.1
[INFO] [stderr]   Downloaded swc_ecma_transforms_typescript v0.43.0
[INFO] [stderr]   Downloaded swc_ecma_dep_graph v0.41.0
[INFO] [stderr]   Downloaded swc_ecma_transforms_module v0.41.0
[INFO] [stderr]   Downloaded swc_ecma_transforms v0.74.0
[INFO] [stderr]   Downloaded swc_ecma_preset_env v0.45.0
[INFO] [stderr]   Downloaded swc_ecma_codegen v0.72.0
[INFO] [stderr]   Downloaded swc_bundler v0.61.0
[INFO] [stderr]   Downloaded swc_ecma_parser v0.72.0
[INFO] [stderr]   Downloaded swc_ecma_minifier v0.30.1
[INFO] [stderr]   Downloaded swc_ecma_transforms_compat v0.37.0
[INFO] [stderr]   Downloaded swc_ecma_transforms_optimization v0.44.1
[INFO] [stderr]   Downloaded swc_ecma_transforms_base v0.33.0
[INFO] [stderr]   Downloaded swc v0.58.0
[INFO] [stderr]   Downloaded swc_common v0.13.0
[INFO] running `Command { std: "docker" "create" "-v" "/var/lib/crater-agent-workspace/builds/worker-0-tc1/target:/opt/rustwide/target:rw,Z" "-v" "/var/lib/crater-agent-workspace/builds/worker-0-tc1/source:/opt/rustwide/workdir:ro,Z" "-v" "/var/lib/crater-agent-workspace/cargo-home:/opt/rustwide/cargo-home:ro,Z" "-v" "/var/lib/crater-agent-workspace/rustup-home:/opt/rustwide/rustup-home:ro,Z" "-e" "SOURCE_DIR=/opt/rustwide/workdir" "-e" "CARGO_TARGET_DIR=/opt/rustwide/target" "-e" "CARGO_HOME=/opt/rustwide/cargo-home" "-e" "RUSTUP_HOME=/opt/rustwide/rustup-home" "-w" "/opt/rustwide/workdir" "-m" "1610612736" "--user" "0:0" "--network" "none" "ghcr.io/rust-lang/crates-build-env/linux@sha256:5ff2268d62e97bff2cde7d5815dd6ed5b47097566f13b8d0ca110b04b60e07ed" "/opt/rustwide/cargo-home/bin/cargo" "+1.69.0" "metadata" "--no-deps" "--format-version=1", kill_on_drop: false }`
[INFO] [stdout] 7720adf03ce7fc105d7270f360489597bfb7edcdd9149dfc6281c6a98cf26eed
[INFO] running `Command { std: "docker" "start" "-a" "7720adf03ce7fc105d7270f360489597bfb7edcdd9149dfc6281c6a98cf26eed", kill_on_drop: false }`
[INFO] running `Command { std: "docker" "inspect" "7720adf03ce7fc105d7270f360489597bfb7edcdd9149dfc6281c6a98cf26eed", kill_on_drop: false }`
[INFO] running `Command { std: "docker" "rm" "-f" "7720adf03ce7fc105d7270f360489597bfb7edcdd9149dfc6281c6a98cf26eed", kill_on_drop: false }`
[INFO] [stdout] 7720adf03ce7fc105d7270f360489597bfb7edcdd9149dfc6281c6a98cf26eed
[INFO] running `Command { std: "docker" "create" "-v" "/var/lib/crater-agent-workspace/builds/worker-0-tc1/target:/opt/rustwide/target:rw,Z" "-v" "/var/lib/crater-agent-workspace/builds/worker-0-tc1/source:/opt/rustwide/workdir:ro,Z" "-v" "/var/lib/crater-agent-workspace/cargo-home:/opt/rustwide/cargo-home:ro,Z" "-v" "/var/lib/crater-agent-workspace/rustup-home:/opt/rustwide/rustup-home:ro,Z" "-e" "SOURCE_DIR=/opt/rustwide/workdir" "-e" "CARGO_TARGET_DIR=/opt/rustwide/target" "-e" "CARGO_INCREMENTAL=0" "-e" "RUST_BACKTRACE=full" "-e" "RUSTFLAGS=--cap-lints=warn" "-e" "RUSTDOCFLAGS=--cap-lints=warn" "-e" "CARGO_HOME=/opt/rustwide/cargo-home" "-e" "RUSTUP_HOME=/opt/rustwide/rustup-home" "-w" "/opt/rustwide/workdir" "-m" "1610612736" "--user" "0:0" "--network" "none" "ghcr.io/rust-lang/crates-build-env/linux@sha256:5ff2268d62e97bff2cde7d5815dd6ed5b47097566f13b8d0ca110b04b60e07ed" "/opt/rustwide/cargo-home/bin/cargo" "+1.69.0" "build" "--frozen" "--message-format=json", kill_on_drop: false }`
[INFO] [stdout] 41191f82a30153deafdf075fc7c2528a58ab69b44324d6f88605d695924cefd1
[INFO] running `Command { std: "docker" "start" "-a" "41191f82a30153deafdf075fc7c2528a58ab69b44324d6f88605d695924cefd1", kill_on_drop: false }`
[INFO] [stderr]    Compiling proc-macro2 v1.0.27
[INFO] [stderr]    Compiling unicode-xid v0.2.2
[INFO] [stderr]    Compiling syn v1.0.65
[INFO] [stderr]    Compiling libc v0.2.97
[INFO] [stderr]    Compiling serde_derive v1.0.126
[INFO] [stderr]    Compiling serde v1.0.126
[INFO] [stderr]    Compiling memchr v2.4.0
[INFO] [stderr]    Compiling getrandom v0.1.16
[INFO] [stderr]    Compiling rand_core v0.4.2
[INFO] [stderr]    Compiling siphasher v0.3.5
[INFO] [stderr]    Compiling ppv-lite86 v0.2.10
[INFO] [stderr]    Compiling phf_shared v0.8.0
[INFO] [stderr]    Compiling rand_core v0.3.1
[INFO] [stderr]    Compiling semver-parser v0.7.0
[INFO] [stderr]    Compiling rand_pcg v0.1.2
[INFO] [stderr]    Compiling rand_chacha v0.1.1
[INFO] [stderr]    Compiling num-traits v0.2.14
[INFO] [stderr]    Compiling tinyvec v1.2.0
[INFO] [stderr]    Compiling aho-corasick v0.7.18
[INFO] [stderr]    Compiling rand v0.6.5
[INFO] [stderr]    Compiling strsim v0.9.3
[INFO] [stderr]    Compiling quote v1.0.9
[INFO] [stderr]    Compiling atty v0.2.14
[INFO] [stderr]    Compiling fnv v1.0.7
[INFO] [stderr]    Compiling ident_case v1.0.1
[INFO] [stderr]    Compiling rand_os v0.1.3
[INFO] [stderr]    Compiling rand_core v0.5.1
[INFO] [stderr]    Compiling unicode-normalization v0.1.19
[INFO] [stderr]    Compiling rand_chacha v0.2.2
[INFO] [stderr]    Compiling rand_pcg v0.2.1
[INFO] [stderr]    Compiling regex v1.5.4
[INFO] [stderr]    Compiling rand_hc v0.1.0
[INFO] [stderr]    Compiling rand_isaac v0.1.1
[INFO] [stderr]    Compiling rand v0.7.3
[INFO] [stderr]    Compiling rand_xorshift v0.1.1
[INFO] [stderr]    Compiling rand_jitter v0.1.4
[INFO] [stderr]    Compiling num-integer v0.1.44
[INFO] [stderr]    Compiling serde_json v1.0.64
[INFO] [stderr]    Compiling unicode-width v0.1.8
[INFO] [stderr]    Compiling owning_ref v0.4.1
[INFO] [stderr]    Compiling idna v0.2.3
[INFO] [stderr]    Compiling ahash v0.7.4
[INFO] [stderr]    Compiling num-bigint v0.2.6
[INFO] [stderr]    Compiling new_debug_unreachable v1.0.4
[INFO] [stderr]    Compiling itoa v0.4.7
[INFO] [stderr]    Compiling precomputed-hash v0.1.1
[INFO] [stderr]    Compiling scopeguard v0.3.3
[INFO] [stderr]    Compiling phf_generator v0.8.0
[INFO] [stderr]    Compiling Inflector v0.11.4
[INFO] [stderr]    Compiling string_cache_codegen v0.5.1
[INFO] [stderr]    Compiling url v2.2.2
[INFO] [stderr]    Compiling lock_api v0.1.5
[INFO] [stderr]    Compiling getrandom v0.2.3
[INFO] [stderr]    Compiling tracing-core v0.1.20
[INFO] [stderr]    Compiling if_chain v1.0.1
[INFO] [stderr]    Compiling swc_atoms v0.2.7
[INFO] [stderr]    Compiling base64 v0.11.0
[INFO] [stderr]    Compiling once_cell v1.8.0
[INFO] [stderr]    Compiling lexical-core v0.7.6
[INFO] [stderr]    Compiling num_cpus v1.13.0
[INFO] [stderr]    Compiling hashbrown v0.11.2
[INFO] [stderr]    Compiling dashmap v4.0.2
[INFO] [stderr]    Compiling ahash v0.4.7
[INFO] [stderr]    Compiling anyhow v1.0.41
[INFO] [stderr]    Compiling hashbrown v0.9.1
[INFO] [stderr]    Compiling block-buffer v0.9.0
[INFO] [stderr]    Compiling sha-1 v0.9.6
[INFO] [stderr]    Compiling ordered-float v2.5.1
[INFO] [stderr]    Compiling pathdiff v0.2.0
[INFO] [stderr]    Compiling retain_mut v0.1.3
[INFO] [stderr]    Compiling build_const v0.2.2
[INFO] [stderr]    Compiling lru v0.6.5
[INFO] [stderr]    Compiling log v0.4.14
[INFO] [stderr]    Compiling rayon-core v1.9.1
[INFO] [stderr]    Compiling proc-macro-error-attr v1.0.4
[INFO] [stderr]    Compiling crc v1.8.1
[INFO] [stderr]    Compiling swc_bundler v0.61.0
[INFO] [stderr]    Compiling fixedbitset v0.2.0
[INFO] [stderr]    Compiling unicode-segmentation v1.7.1
[INFO] [stderr]    Compiling same-file v1.0.6
[INFO] [stderr]    Compiling pmutil v0.5.3
[INFO] [stderr]    Compiling darling_core v0.10.2
[INFO] [stderr]    Compiling walkdir v2.3.2
[INFO] [stderr]    Compiling swc_macros_common v0.3.3
[INFO] [stderr]    Compiling heck v0.3.3
[INFO] [stderr]    Compiling proc-macro-error v1.0.4
[INFO] [stderr]    Compiling rayon v1.5.1
[INFO] [stderr]    Compiling textwrap v0.11.0
[INFO] [stderr]    Compiling lexical v5.2.2
[INFO] [stderr]    Compiling relative-path v1.4.0
[INFO] [stderr]    Compiling strsim v0.8.0
[INFO] [stderr]    Compiling ansi_term v0.11.0
[INFO] [stderr]    Compiling vec_map v0.8.2
[INFO] [stderr]    Compiling radix_fmt v1.0.0
[INFO] [stderr]    Compiling clap v2.33.3
[INFO] [stderr]    Compiling env_logger v0.7.1
[INFO] [stderr]    Compiling pretty_env_logger v0.4.0
[INFO] [stderr]    Compiling darling_macro v0.10.2
[INFO] [stderr]    Compiling swc_visit_macros v0.2.3
[INFO] [stderr]    Compiling tracing-attributes v0.1.16
[INFO] [stderr]    Compiling swc_eq_ignore_macros v0.1.0
[INFO] [stderr]    Compiling from_variant v0.1.3
[INFO] [stderr]    Compiling darling v0.10.2
[INFO] [stderr]    Compiling ast_node v0.7.3
[INFO] [stderr]    Compiling is-macro v0.1.9
[INFO] [stderr]    Compiling string_enum v0.3.1
[INFO] [stderr]    Compiling enum_kind v0.2.1
[INFO] [stderr]    Compiling tracing v0.1.28
[INFO] [stderr]    Compiling phf_macros v0.8.0
[INFO] [stderr]    Compiling swc_ecma_transforms_macros v0.2.1
[INFO] [stderr]    Compiling swc_ecma_codegen_macros v0.5.2
[INFO] [stderr]    Compiling static-map-macro v0.2.1
[INFO] [stderr]    Compiling structopt-derive v0.4.14
[INFO] [stderr]    Compiling swc_visit v0.2.6
[INFO] [stderr]    Compiling phf v0.8.0
[INFO] [stderr]    Compiling st-map v0.1.4
[INFO] [stderr]    Compiling structopt v0.3.21
[INFO] [stderr]    Compiling semver v0.9.0
[INFO] [stderr]    Compiling string_cache v0.8.1
[INFO] [stderr]    Compiling indexmap v1.7.0
[INFO] [stderr]    Compiling serde_regex v1.1.0
[INFO] [stderr]    Compiling rustc_version v0.2.3
[INFO] [stderr]    Compiling petgraph v0.5.1
[INFO] [stderr]    Compiling parking_lot_core v0.4.0
[INFO] [stderr]    Compiling parking_lot v0.7.1
[INFO] [stderr]    Compiling sourcemap v6.0.1
[INFO] [stderr]    Compiling swc_common v0.13.0
[INFO] [stderr]    Compiling swc_ecma_ast v0.53.0
[INFO] [stderr]    Compiling swc_ecma_visit v0.39.0
[INFO] [stderr]    Compiling swc_ecma_parser v0.72.0
[INFO] [stderr]    Compiling swc_ecma_utils v0.45.0
[INFO] [stderr]    Compiling swc_ecma_loader v0.19.0
[INFO] [stderr]    Compiling swc_ecma_dep_graph v0.41.0
[INFO] [stderr]    Compiling swc_ecma_transforms_base v0.33.0
[INFO] [stderr]    Compiling swc_ecma_codegen v0.72.0
[INFO] [stderr]    Compiling swc_ecma_ext_transforms v0.30.0
[INFO] [stderr]    Compiling swc_ecmascript v0.66.0
[INFO] [stderr]    Compiling swc_ecma_transforms_classes v0.19.0
[INFO] [stderr]    Compiling swc_ecma_transforms_module v0.41.0
[INFO] [stderr]    Compiling swc_ecma_transforms_typescript v0.43.0
[INFO] [stderr]    Compiling swc_ecma_transforms_optimization v0.44.1
[INFO] [stderr]    Compiling swc_ecma_transforms_react v0.42.0
[INFO] [stderr]    Compiling swc_ecma_transforms_proposal v0.41.0
[INFO] [stderr]    Compiling swc_ecma_transforms_compat v0.37.0
[INFO] [stderr]    Compiling swc_ecma_transforms v0.74.0
[INFO] [stderr]    Compiling swc_ecma_preset_env v0.45.0
[INFO] [stderr]    Compiling swc_ecma_minifier v0.30.1
[INFO] [stderr]    Compiling swc v0.58.0
[INFO] [stderr]    Compiling basalt v0.3.3 (/opt/rustwide/workdir)
[INFO] [stdout] error[E0432]: unresolved import `std::lazy`
[INFO] [stdout]   --> src/module/node.rs:15:10
[INFO] [stdout]    |
[INFO] [stdout] 15 | use std::lazy::SyncLazy;
[INFO] [stdout]    |          ^^^^ could not find `lazy` in `std`
[INFO] [stdout] 
[INFO] [stdout] 
[INFO] [stdout] error[E0554]: `#![feature]` may not be used on the stable release channel
[INFO] [stdout]  --> src/lib.rs:2:1
[INFO] [stdout]   |
[INFO] [stdout] 2 | #![feature(unboxed_closures)]
[INFO] [stdout]   | ^^^^^^^^^^^^^^^^^^^^^^^^^^^^^
[INFO] [stdout] 
[INFO] [stdout] 
[INFO] [stdout] error[E0554]: `#![feature]` may not be used on the stable release channel
[INFO] [stdout]  --> src/lib.rs:3:1
[INFO] [stdout]   |
[INFO] [stdout] 3 | #![feature(fn_traits)]
[INFO] [stdout]   | ^^^^^^^^^^^^^^^^^^^^^^
[INFO] [stdout] 
[INFO] [stdout] 
[INFO] [stdout] error[E0554]: `#![feature]` may not be used on the stable release channel
[INFO] [stdout]  --> src/lib.rs:4:1
[INFO] [stdout]   |
[INFO] [stdout] 4 | #![feature(once_cell)]
[INFO] [stdout]   | ^^^^^^^^^^^^^^^^^^^^^^
[INFO] [stdout] 
[INFO] [stdout] 
[INFO] [stdout] warning: use of deprecated struct `policy::analysis::builtin::BuiltinAnalysis`: Merged in with scope builder, use scope builder instead
[INFO] [stdout]   --> src/policy/analysis/builtin.rs:50:6
[INFO] [stdout]    |
[INFO] [stdout] 50 | impl BuiltinAnalysis {
[INFO] [stdout]    |      ^^^^^^^^^^^^^^^
[INFO] [stdout]    |
[INFO] [stdout]    = note: `#[warn(deprecated)]` on by default
[INFO] [stdout] 
[INFO] [stdout] 
[INFO] [stdout] error[E0554]: `#![feature]` may not be used on the stable release channel
[INFO] [stdout]  --> src/lib.rs:3:12
[INFO] [stdout]   |
[INFO] [stdout] 3 | #![feature(fn_traits)]
[INFO] [stdout]   |            ^^^^^^^^^
[INFO] [stdout] 
[INFO] [stdout] 
[INFO] [stdout] error[E0554]: `#![feature]` may not be used on the stable release channel
[INFO] [stdout]  --> src/lib.rs:4:12
[INFO] [stdout]   |
[INFO] [stdout] 4 | #![feature(once_cell)]
[INFO] [stdout]   |            ^^^^^^^^^
[INFO] [stdout] 
[INFO] [stdout] 
[INFO] [stdout] error: aborting due to 6 previous errors; 1 warning emitted
[INFO] [stdout] 
[INFO] [stdout] 
[INFO] [stdout] Some errors have detailed explanations: E0432, E0554.
[INFO] [stdout] 
[INFO] [stdout] For more information about an error, try `rustc --explain E0432`.
[INFO] [stdout] 
[INFO] [stderr] error: could not compile `basalt` due to 7 previous errors; 1 warning emitted
[INFO] [stderr] warning: build failed, waiting for other jobs to finish...
[INFO] running `Command { std: "docker" "inspect" "41191f82a30153deafdf075fc7c2528a58ab69b44324d6f88605d695924cefd1", kill_on_drop: false }`
[INFO] running `Command { std: "docker" "rm" "-f" "41191f82a30153deafdf075fc7c2528a58ab69b44324d6f88605d695924cefd1", kill_on_drop: false }`
[INFO] [stdout] 41191f82a30153deafdf075fc7c2528a58ab69b44324d6f88605d695924cefd1
