[INFO] cloning repository https://github.com/LGUG2Z/komorebi
[INFO] running `Command { std: "git" "-c" "credential.helper=" "-c" "credential.helper=/workspace/cargo-home/bin/git-credential-null" "clone" "--bare" "https://github.com/LGUG2Z/komorebi" "/workspace/cache/git-repos/https%3A%2F%2Fgithub.com%2FLGUG2Z%2Fkomorebi", kill_on_drop: false }`
[INFO] [stderr] Cloning into bare repository '/workspace/cache/git-repos/https%3A%2F%2Fgithub.com%2FLGUG2Z%2Fkomorebi'...
[INFO] running `Command { std: "git" "rev-parse" "HEAD", kill_on_drop: false }`
[INFO] [stdout] b647fdf01a1efb691b8c8959cacb243c7cfb3d3c
[INFO] testing LGUG2Z/komorebi against beta-2023-04-20 for beta-1.70-1
[INFO] running `Command { std: "git" "clone" "/workspace/cache/git-repos/https%3A%2F%2Fgithub.com%2FLGUG2Z%2Fkomorebi" "/workspace/builds/worker-2-tc2/source", kill_on_drop: false }`
[INFO] [stderr] Cloning into '/workspace/builds/worker-2-tc2/source'...
[INFO] [stderr] done.
[INFO] validating manifest of git repo https://github.com/LGUG2Z/komorebi on toolchain beta-2023-04-20
[INFO] running `Command { std: CARGO_HOME="/workspace/cargo-home" RUSTUP_HOME="/workspace/rustup-home" "/workspace/cargo-home/bin/cargo" "+beta-2023-04-20" "metadata" "--manifest-path" "Cargo.toml" "--no-deps", kill_on_drop: false }`
[INFO] removed /workspace/builds/worker-2-tc2/source/rust-toolchain.toml
[INFO] started tweaking git repo https://github.com/LGUG2Z/komorebi
[INFO] finished tweaking git repo https://github.com/LGUG2Z/komorebi
[INFO] tweaked toml for git repo https://github.com/LGUG2Z/komorebi written to /workspace/builds/worker-2-tc2/source/Cargo.toml
[INFO] crate git repo https://github.com/LGUG2Z/komorebi already has a lockfile, it will not be regenerated
[INFO] running `Command { std: CARGO_HOME="/workspace/cargo-home" RUSTUP_HOME="/workspace/rustup-home" "/workspace/cargo-home/bin/cargo" "+beta-2023-04-20" "fetch" "--manifest-path" "Cargo.toml", kill_on_drop: false }`
[INFO] [stderr]     Updating crates.io index
[INFO] [stderr]  Downloading crates ...
[INFO] [stderr]   Downloaded windows-interface v0.48.0
[INFO] [stderr]   Downloaded powershell_script v1.1.0
[INFO] [stderr]   Downloaded miow v0.5.0
[INFO] [stderr]   Downloaded fs-tail v0.1.4
[INFO] [stderr]   Downloaded windows-implement v0.48.0
[INFO] [stderr]   Downloaded winput v0.2.5
[INFO] running `Command { std: "docker" "create" "-v" "/var/lib/crater-agent-workspace/builds/worker-2-tc2/target:/opt/rustwide/target:rw,Z" "-v" "/var/lib/crater-agent-workspace/builds/worker-2-tc2/source:/opt/rustwide/workdir:ro,Z" "-v" "/var/lib/crater-agent-workspace/cargo-home:/opt/rustwide/cargo-home:ro,Z" "-v" "/var/lib/crater-agent-workspace/rustup-home:/opt/rustwide/rustup-home:ro,Z" "-e" "SOURCE_DIR=/opt/rustwide/workdir" "-e" "CARGO_TARGET_DIR=/opt/rustwide/target" "-e" "CARGO_HOME=/opt/rustwide/cargo-home" "-e" "RUSTUP_HOME=/opt/rustwide/rustup-home" "-w" "/opt/rustwide/workdir" "-m" "1610612736" "--user" "0:0" "--network" "none" "ghcr.io/rust-lang/crates-build-env/linux@sha256:5ff2268d62e97bff2cde7d5815dd6ed5b47097566f13b8d0ca110b04b60e07ed" "/opt/rustwide/cargo-home/bin/cargo" "+beta-2023-04-20" "metadata" "--no-deps" "--format-version=1", kill_on_drop: false }`
[INFO] [stdout] 1e8fa08a4df7cd744cc8f89ae9f7be63cb17005d45ba7daa2392692b50a37d50
[INFO] running `Command { std: "docker" "start" "-a" "1e8fa08a4df7cd744cc8f89ae9f7be63cb17005d45ba7daa2392692b50a37d50", kill_on_drop: false }`
[INFO] running `Command { std: "docker" "inspect" "1e8fa08a4df7cd744cc8f89ae9f7be63cb17005d45ba7daa2392692b50a37d50", kill_on_drop: false }`
[INFO] running `Command { std: "docker" "rm" "-f" "1e8fa08a4df7cd744cc8f89ae9f7be63cb17005d45ba7daa2392692b50a37d50", kill_on_drop: false }`
[INFO] [stdout] 1e8fa08a4df7cd744cc8f89ae9f7be63cb17005d45ba7daa2392692b50a37d50
[INFO] running `Command { std: "docker" "create" "-v" "/var/lib/crater-agent-workspace/builds/worker-2-tc2/target:/opt/rustwide/target:rw,Z" "-v" "/var/lib/crater-agent-workspace/builds/worker-2-tc2/source:/opt/rustwide/workdir:ro,Z" "-v" "/var/lib/crater-agent-workspace/cargo-home:/opt/rustwide/cargo-home:ro,Z" "-v" "/var/lib/crater-agent-workspace/rustup-home:/opt/rustwide/rustup-home:ro,Z" "-e" "SOURCE_DIR=/opt/rustwide/workdir" "-e" "CARGO_TARGET_DIR=/opt/rustwide/target" "-e" "CARGO_INCREMENTAL=0" "-e" "RUST_BACKTRACE=full" "-e" "RUSTFLAGS=--cap-lints=warn" "-e" "RUSTDOCFLAGS=--cap-lints=warn" "-e" "CARGO_HOME=/opt/rustwide/cargo-home" "-e" "RUSTUP_HOME=/opt/rustwide/rustup-home" "-w" "/opt/rustwide/workdir" "-m" "1610612736" "--user" "0:0" "--network" "none" "ghcr.io/rust-lang/crates-build-env/linux@sha256:5ff2268d62e97bff2cde7d5815dd6ed5b47097566f13b8d0ca110b04b60e07ed" "/opt/rustwide/cargo-home/bin/cargo" "+beta-2023-04-20" "build" "--frozen" "--message-format=json", kill_on_drop: false }`
[INFO] [stdout] dd839236be702570ded6ec35aa9bfa3eebe7642dd97700b5a0274c4b1dc311da
[INFO] running `Command { std: "docker" "start" "-a" "dd839236be702570ded6ec35aa9bfa3eebe7642dd97700b5a0274c4b1dc311da", kill_on_drop: false }`
[INFO] [stderr]    Compiling libc v0.2.141
[INFO] [stderr]    Compiling cfg-if v1.0.0
[INFO] [stderr]    Compiling proc-macro2 v1.0.56
[INFO] [stderr]    Compiling quote v1.0.26
[INFO] [stderr]    Compiling unicode-ident v1.0.8
[INFO] [stderr]    Compiling autocfg v1.1.0
[INFO] [stderr]    Compiling syn v1.0.109
[INFO] [stderr]    Compiling log v0.4.17
[INFO] [stderr]    Compiling once_cell v1.17.1
[INFO] [stderr]    Compiling bitflags v1.3.2
[INFO] [stderr]    Compiling crossbeam-utils v0.8.15
[INFO] [stderr]    Compiling memchr v2.5.0
[INFO] [stderr]    Compiling io-lifetimes v1.0.10
[INFO] [stderr]    Compiling regex-syntax v0.6.29
[INFO] [stderr]    Compiling rustix v0.37.11
[INFO] [stderr]    Compiling serde_derive v1.0.160
[INFO] [stderr]    Compiling smallvec v1.10.0
[INFO] [stderr]    Compiling lazy_static v1.4.0
[INFO] [stderr]    Compiling scopeguard v1.1.0
[INFO] [stderr]    Compiling tracing-core v0.1.30
[INFO] [stderr]    Compiling windows_x86_64_gnu v0.48.0
[INFO] [stderr]    Compiling pin-project-lite v0.2.9
[INFO] [stderr]    Compiling linux-raw-sys v0.3.1
[INFO] [stderr]    Compiling serde v1.0.160
[INFO] [stderr]    Compiling overload v0.1.1
[INFO] [stderr]    Compiling memoffset v0.8.0
[INFO] [stderr]    Compiling indexmap v1.9.3
[INFO] [stderr]    Compiling cc v1.0.79
[INFO] [stderr]    Compiling nu-ansi-term v0.46.0
[INFO] [stderr]    Compiling crossbeam-epoch v0.9.14
[INFO] [stderr]    Compiling tracing-log v0.1.3
[INFO] [stderr]    Compiling sharded-slab v0.1.4
[INFO] [stderr]    Compiling thread_local v1.1.7
[INFO] [stderr]    Compiling adler v1.0.2
[INFO] [stderr]    Compiling itoa v1.0.6
[INFO] [stderr]    Compiling gimli v0.27.2
[INFO] [stderr]    Compiling hashbrown v0.12.3
[INFO] [stderr]    Compiling version_check v0.9.4
[INFO] [stderr]    Compiling syn v2.0.15
[INFO] [stderr]    Compiling miniz_oxide v0.6.2
[INFO] [stderr]    Compiling object v0.30.3
[INFO] [stderr]    Compiling slab v0.4.8
[INFO] [stderr]    Compiling heck v0.4.1
[INFO] [stderr]    Compiling utf8parse v0.2.1
[INFO] [stderr]    Compiling rustversion v1.0.12
[INFO] [stderr]    Compiling rustc-demangle v0.1.22
[INFO] [stderr]    Compiling anstyle-parse v0.2.0
[INFO] [stderr]    Compiling windows-targets v0.48.0
[INFO] [stderr]    Compiling crossbeam-channel v0.5.8
[INFO] [stderr]    Compiling colorchoice v1.0.0
[INFO] [stderr]    Compiling ryu v1.0.13
[INFO] [stderr]    Compiling eyre v0.6.8
[INFO] [stderr]    Compiling serde_json v1.0.96
[INFO] [stderr]    Compiling cfg-if v0.1.10
[INFO] [stderr]    Compiling backtrace v0.3.67
[INFO] [stderr]    Compiling anstyle v1.0.0
[INFO] [stderr]    Compiling regex-automata v0.1.10
[INFO] [stderr]    Compiling regex v1.7.3
[INFO] [stderr]    Compiling rayon-core v1.11.0
[INFO] [stderr]    Compiling anstyle-query v1.0.0
[INFO] [stderr]    Compiling net2 v0.2.38
[INFO] [stderr]    Compiling crossbeam-deque v0.8.3
[INFO] [stderr]    Compiling getrandom v0.2.9
[INFO] [stderr]    Compiling iovec v0.1.4
[INFO] [stderr]    Compiling num_cpus v1.15.0
[INFO] [stderr]    Compiling proc-macro-error-attr v1.0.4
[INFO] [stderr]    Compiling either v1.8.1
[INFO] [stderr]    Compiling clap_lex v0.4.1
[INFO] [stderr]    Compiling schemars v0.8.12
[INFO] [stderr]    Compiling owo-colors v3.5.0
[INFO] [stderr]    Compiling strsim v0.10.0
[INFO] [stderr]    Compiling indenter v0.3.3
[INFO] [stderr]    Compiling matchers v0.1.0
[INFO] [stderr]    Compiling mio v0.6.23
[INFO] [stderr]    Compiling rand_core v0.6.4
[INFO] [stderr]    Compiling inotify-sys v0.1.5
[INFO] [stderr]    Compiling proc-macro-error v1.0.4
[INFO] [stderr]    Compiling lock_api v0.4.9
[INFO] [stderr]    Compiling addr2line v0.19.0
[INFO] [stderr]    Compiling winapi v0.3.9
[INFO] [stderr]    Compiling ppv-lite86 v0.2.17
[INFO] [stderr]    Compiling dyn-clone v1.0.11
[INFO] [stderr]    Compiling unsafe-libyaml v0.2.8
[INFO] [stderr]    Compiling same-file v1.0.6
[INFO] [stderr]    Compiling paste v1.0.12
[INFO] [stderr]    Compiling lazycell v1.3.0
[INFO] [stderr]    Compiling parking_lot_core v0.9.7
[INFO] [stderr]    Compiling is-terminal v0.4.7
[INFO] [stderr]    Compiling terminal_size v0.2.6
[INFO] [stderr]    Compiling fixedbitset v0.4.2
[INFO] [stderr]    Compiling anstream v0.3.0
[INFO] [stderr]    Compiling mio-extras v2.0.6
[INFO] [stderr]    Compiling rand_chacha v0.3.1
[INFO] [stderr]    Compiling walkdir v2.3.3
[INFO] [stderr]    Compiling rayon v1.7.0
[INFO] [stderr]    Compiling petgraph v0.6.3
[INFO] [stderr]    Compiling clap_builder v4.2.4
[INFO] [stderr]    Compiling inotify v0.7.1
[INFO] [stderr]    Compiling thread-id v4.0.0
[INFO] [stderr]    Compiling filetime v0.2.21
[INFO] [stderr]    Compiling dirs-sys v0.4.0
[INFO] [stderr]    Compiling static_assertions v1.1.0
[INFO] [stderr]    Compiling time-core v0.1.0
[INFO] [stderr]    Compiling nix v0.26.2
[INFO] [stderr]    Compiling notify v4.0.17
[INFO] [stderr]    Compiling time v0.3.20
[INFO] [stderr]    Compiling dirs v5.0.0
[INFO] [stderr]    Compiling rand v0.8.5
[INFO] [stderr]    Compiling windows-sys v0.48.0
[INFO] [stderr]    Compiling uds_windows v1.0.2
[INFO] [stderr]    Compiling serde_derive_internals v0.26.0
[INFO] [stderr]    Compiling windows-sys v0.42.0
[INFO] [stderr]    Compiling winput v0.2.5
[INFO] [stdout] error[E0433]: failed to resolve: could not find `um` in `winapi`
[INFO] [stdout]   --> /opt/rustwide/cargo-home/registry/src/index.crates.io-6f17d22bba15001f/winput-0.2.5/src/error.rs:26:21
[INFO] [stdout]    |
[INFO] [stdout] 26 |         use winapi::um::errhandlingapi::GetLastError;
[INFO] [stdout]    |                     ^^ could not find `um` in `winapi`
[INFO] [stdout] 
[INFO] [stdout] 
[INFO] [stdout] error[E0433]: failed to resolve: could not find `um` in `winapi`
[INFO] [stdout]    --> /opt/rustwide/cargo-home/registry/src/index.crates.io-6f17d22bba15001f/winput-0.2.5/src/vk.rs:707:21
[INFO] [stdout]     |
[INFO] [stdout] 707 |         use winapi::um::winuser::GetAsyncKeyState;
[INFO] [stdout]     |                     ^^ could not find `um` in `winapi`
[INFO] [stdout] 
[INFO] [stdout] 
[INFO] [stdout] error[E0433]: failed to resolve: could not find `um` in `winapi`
[INFO] [stdout]    --> /opt/rustwide/cargo-home/registry/src/index.crates.io-6f17d22bba15001f/winput-0.2.5/src/vk.rs:733:21
[INFO] [stdout]     |
[INFO] [stdout] 733 |         use winapi::um::winuser::GetKeyState;
[INFO] [stdout]     |                     ^^ could not find `um` in `winapi`
[INFO] [stdout] 
[INFO] [stdout] 
[INFO] [stdout] error[E0432]: unresolved import `winapi::um`
[INFO] [stdout]   --> /opt/rustwide/cargo-home/registry/src/index.crates.io-6f17d22bba15001f/winput-0.2.5/src/error.rs:47:21
[INFO] [stdout]    |
[INFO] [stdout] 47 |         use winapi::um::winbase;
[INFO] [stdout]    |                     ^^ could not find `um` in `winapi`
[INFO] [stdout] 
[INFO] [stdout] 
[INFO] [stdout] error[E0432]: unresolved import `winapi::um`
[INFO] [stdout]  --> /opt/rustwide/cargo-home/registry/src/index.crates.io-6f17d22bba15001f/winput-0.2.5/src/input.rs:3:13
[INFO] [stdout]   |
[INFO] [stdout] 3 | use winapi::um::winuser;
[INFO] [stdout]   |             ^^ could not find `um` in `winapi`
[INFO] [stdout] 
[INFO] [stdout] 
[INFO] [stdout] error[E0432]: unresolved import `winapi::shared`
[INFO] [stdout]  --> /opt/rustwide/cargo-home/registry/src/index.crates.io-6f17d22bba15001f/winput-0.2.5/src/mouse.rs:6:13
[INFO] [stdout]   |
[INFO] [stdout] 6 | use winapi::shared::windef;
[INFO] [stdout]   |             ^^^^^^ could not find `shared` in `winapi`
[INFO] [stdout] 
[INFO] [stdout] 
[INFO] [stdout] error[E0433]: failed to resolve: could not find `windows` in `os`
[INFO] [stdout]   --> /opt/rustwide/cargo-home/registry/src/index.crates.io-6f17d22bba15001f/winput-0.2.5/src/message_loop.rs:35:14
[INFO] [stdout]    |
[INFO] [stdout] 35 | use std::os::windows::ffi::OsStrExt;
[INFO] [stdout]    |              ^^^^^^^ could not find `windows` in `os`
[INFO] [stdout] 
[INFO] [stdout] 
[INFO] [stdout] error[E0432]: unresolved import `winapi::um`
[INFO] [stdout]  --> /opt/rustwide/cargo-home/registry/src/index.crates.io-6f17d22bba15001f/winput-0.2.5/src/mouse.rs:7:13
[INFO] [stdout]   |
[INFO] [stdout] 7 | use winapi::um::winuser;
[INFO] [stdout]   |             ^^ could not find `um` in `winapi`
[INFO] [stdout] 
[INFO] [stdout] 
[INFO] [stdout] error[E0432]: unresolved import `winapi::shared`
[INFO] [stdout]   --> /opt/rustwide/cargo-home/registry/src/index.crates.io-6f17d22bba15001f/winput-0.2.5/src/message_loop.rs:41:13
[INFO] [stdout]    |
[INFO] [stdout] 41 | use winapi::shared::{hidusage, minwindef, windef};
[INFO] [stdout]    |             ^^^^^^ could not find `shared` in `winapi`
[INFO] [stdout] 
[INFO] [stdout] 
[INFO] [stdout] error[E0432]: unresolved import `winapi::um`
[INFO] [stdout]   --> /opt/rustwide/cargo-home/registry/src/index.crates.io-6f17d22bba15001f/winput-0.2.5/src/message_loop.rs:42:13
[INFO] [stdout]    |
[INFO] [stdout] 42 | use winapi::um::{libloaderapi, winuser};
[INFO] [stdout]    |             ^^ could not find `um` in `winapi`
[INFO] [stdout] 
[INFO] [stdout] 
[INFO] [stdout] error[E0599]: no method named `encode_wide` found for reference `&OsStr` in the current scope
[INFO] [stdout]    --> /opt/rustwide/cargo-home/registry/src/index.crates.io-6f17d22bba15001f/winput-0.2.5/src/message_loop.rs:372:18
[INFO] [stdout]     |
[INFO] [stdout] 371 |               let class_name = OsStr::new("winput_message_loop")
[INFO] [stdout]     |  ______________________________-
[INFO] [stdout] 372 | |                 .encode_wide()
[INFO] [stdout]     | |                 -^^^^^^^^^^^ method not found in `&OsStr`
[INFO] [stdout]     | |_________________|
[INFO] [stdout]     | 
[INFO] [stdout] 
[INFO] [stdout] 
[INFO] [stdout] error: aborting due to 11 previous errors
[INFO] [stdout] 
[INFO] [stdout] 
[INFO] [stdout] Some errors have detailed explanations: E0432, E0433, E0599.
[INFO] [stdout] 
[INFO] [stdout] For more information about an error, try `rustc --explain E0432`.
[INFO] [stdout] 
[INFO] [stderr] error: could not compile `winput` (lib) due to 12 previous errors
[INFO] [stderr] warning: build failed, waiting for other jobs to finish...
[INFO] running `Command { std: "docker" "inspect" "dd839236be702570ded6ec35aa9bfa3eebe7642dd97700b5a0274c4b1dc311da", kill_on_drop: false }`
[INFO] running `Command { std: "docker" "rm" "-f" "dd839236be702570ded6ec35aa9bfa3eebe7642dd97700b5a0274c4b1dc311da", kill_on_drop: false }`
[INFO] [stdout] dd839236be702570ded6ec35aa9bfa3eebe7642dd97700b5a0274c4b1dc311da
