[INFO] cloning repository https://github.com/Kliemann-Service-GmbH/CO-NO2-Kombisensor-Mod-Kalibrator
[INFO] running `Command { std: "git" "-c" "credential.helper=" "-c" "credential.helper=/workspace/cargo-home/bin/git-credential-null" "clone" "--bare" "https://github.com/Kliemann-Service-GmbH/CO-NO2-Kombisensor-Mod-Kalibrator" "/workspace/cache/git-repos/https%3A%2F%2Fgithub.com%2FKliemann-Service-GmbH%2FCO-NO2-Kombisensor-Mod-Kalibrator", kill_on_drop: false }`
[INFO] [stderr] Cloning into bare repository '/workspace/cache/git-repos/https%3A%2F%2Fgithub.com%2FKliemann-Service-GmbH%2FCO-NO2-Kombisensor-Mod-Kalibrator'...
[INFO] running `Command { std: "git" "rev-parse" "HEAD", kill_on_drop: false }`
[INFO] [stdout] d5aaca9e46a0a840564fa5c30a33b1c3da527071
[INFO] testing Kliemann-Service-GmbH/CO-NO2-Kombisensor-Mod-Kalibrator against beta-2023-04-20 for beta-1.70-1
[INFO] running `Command { std: "git" "clone" "/workspace/cache/git-repos/https%3A%2F%2Fgithub.com%2FKliemann-Service-GmbH%2FCO-NO2-Kombisensor-Mod-Kalibrator" "/workspace/builds/worker-0-tc2/source", kill_on_drop: false }`
[INFO] [stderr] Cloning into '/workspace/builds/worker-0-tc2/source'...
[INFO] [stderr] done.
[INFO] validating manifest of git repo https://github.com/Kliemann-Service-GmbH/CO-NO2-Kombisensor-Mod-Kalibrator on toolchain beta-2023-04-20
[INFO] running `Command { std: CARGO_HOME="/workspace/cargo-home" RUSTUP_HOME="/workspace/rustup-home" "/workspace/cargo-home/bin/cargo" "+beta-2023-04-20" "metadata" "--manifest-path" "Cargo.toml" "--no-deps", kill_on_drop: false }`
[INFO] started tweaking git repo https://github.com/Kliemann-Service-GmbH/CO-NO2-Kombisensor-Mod-Kalibrator
[INFO] finished tweaking git repo https://github.com/Kliemann-Service-GmbH/CO-NO2-Kombisensor-Mod-Kalibrator
[INFO] tweaked toml for git repo https://github.com/Kliemann-Service-GmbH/CO-NO2-Kombisensor-Mod-Kalibrator written to /workspace/builds/worker-0-tc2/source/Cargo.toml
[INFO] crate git repo https://github.com/Kliemann-Service-GmbH/CO-NO2-Kombisensor-Mod-Kalibrator already has a lockfile, it will not be regenerated
[INFO] running `Command { std: CARGO_HOME="/workspace/cargo-home" RUSTUP_HOME="/workspace/rustup-home" "/workspace/cargo-home/bin/cargo" "+beta-2023-04-20" "fetch" "--manifest-path" "Cargo.toml", kill_on_drop: false }`
[INFO] [stderr]  Downloading crates ...
[INFO] [stderr]   Downloaded c_vec v1.2.0
[INFO] [stderr]   Downloaded gcc v0.3.43
[INFO] [stderr]   Downloaded bitflags v0.1.1
[INFO] [stderr]   Downloaded libc v0.2.20
[INFO] running `Command { std: "docker" "create" "-v" "/var/lib/crater-agent-workspace/builds/worker-0-tc2/target:/opt/rustwide/target:rw,Z" "-v" "/var/lib/crater-agent-workspace/builds/worker-0-tc2/source:/opt/rustwide/workdir:ro,Z" "-v" "/var/lib/crater-agent-workspace/cargo-home:/opt/rustwide/cargo-home:ro,Z" "-v" "/var/lib/crater-agent-workspace/rustup-home:/opt/rustwide/rustup-home:ro,Z" "-e" "SOURCE_DIR=/opt/rustwide/workdir" "-e" "CARGO_TARGET_DIR=/opt/rustwide/target" "-e" "CARGO_HOME=/opt/rustwide/cargo-home" "-e" "RUSTUP_HOME=/opt/rustwide/rustup-home" "-w" "/opt/rustwide/workdir" "-m" "1610612736" "--user" "0:0" "--network" "none" "ghcr.io/rust-lang/crates-build-env/linux@sha256:5ff2268d62e97bff2cde7d5815dd6ed5b47097566f13b8d0ca110b04b60e07ed" "/opt/rustwide/cargo-home/bin/cargo" "+beta-2023-04-20" "metadata" "--no-deps" "--format-version=1", kill_on_drop: false }`
[INFO] [stdout] bfe2a9d50c62ff5542b40122190b60adbb37c079e31927821a6852bbf8cdce1e
[INFO] running `Command { std: "docker" "start" "-a" "bfe2a9d50c62ff5542b40122190b60adbb37c079e31927821a6852bbf8cdce1e", kill_on_drop: false }`
[INFO] running `Command { std: "docker" "inspect" "bfe2a9d50c62ff5542b40122190b60adbb37c079e31927821a6852bbf8cdce1e", kill_on_drop: false }`
[INFO] running `Command { std: "docker" "rm" "-f" "bfe2a9d50c62ff5542b40122190b60adbb37c079e31927821a6852bbf8cdce1e", kill_on_drop: false }`
[INFO] [stdout] bfe2a9d50c62ff5542b40122190b60adbb37c079e31927821a6852bbf8cdce1e
[INFO] running `Command { std: "docker" "create" "-v" "/var/lib/crater-agent-workspace/builds/worker-0-tc2/target:/opt/rustwide/target:rw,Z" "-v" "/var/lib/crater-agent-workspace/builds/worker-0-tc2/source:/opt/rustwide/workdir:ro,Z" "-v" "/var/lib/crater-agent-workspace/cargo-home:/opt/rustwide/cargo-home:ro,Z" "-v" "/var/lib/crater-agent-workspace/rustup-home:/opt/rustwide/rustup-home:ro,Z" "-e" "SOURCE_DIR=/opt/rustwide/workdir" "-e" "CARGO_TARGET_DIR=/opt/rustwide/target" "-e" "CARGO_INCREMENTAL=0" "-e" "RUST_BACKTRACE=full" "-e" "RUSTFLAGS=--cap-lints=warn" "-e" "RUSTDOCFLAGS=--cap-lints=warn" "-e" "CARGO_HOME=/opt/rustwide/cargo-home" "-e" "RUSTUP_HOME=/opt/rustwide/rustup-home" "-w" "/opt/rustwide/workdir" "-m" "1610612736" "--user" "0:0" "--network" "none" "ghcr.io/rust-lang/crates-build-env/linux@sha256:5ff2268d62e97bff2cde7d5815dd6ed5b47097566f13b8d0ca110b04b60e07ed" "/opt/rustwide/cargo-home/bin/cargo" "+beta-2023-04-20" "build" "--frozen" "--message-format=json", kill_on_drop: false }`
[INFO] [stdout] 7ca1f1824db98b3828c35adb17fa5048482633b678b8f48c10a1c693825123db
[INFO] running `Command { std: "docker" "start" "-a" "7ca1f1824db98b3828c35adb17fa5048482633b678b8f48c10a1c693825123db", kill_on_drop: false }`
[INFO] [stderr]    Compiling pkg-config v0.3.9
[INFO] [stderr]    Compiling libc v0.2.20
[INFO] [stderr]    Compiling bitflags v0.4.0
[INFO] [stderr]    Compiling bitflags v0.5.0
[INFO] [stderr]    Compiling gdk-pixbuf v0.1.1 (https://github.com/gtk-rs/gdk-pixbuf#739fe928)
[INFO] [stderr]    Compiling gio v0.1.1 (https://github.com/gtk-rs/gio.git#07d4601b)
[INFO] [stderr]    Compiling gcc v0.3.43
[INFO] [stderr]    Compiling cairo-rs v0.1.1 (https://github.com/gtk-rs/cairo#411ffb9c)
[INFO] [stderr]    Compiling c_vec v1.2.0
[INFO] [stderr]    Compiling gdk v0.5.1 (https://github.com/gtk-rs/gdk.git#8b334252)
[INFO] [stderr]    Compiling gtk v0.1.1 (https://github.com/gtk-rs/gtk.git#7e02f509)
[INFO] [stderr]    Compiling kalibrator v0.3.8 (/opt/rustwide/workdir)
[INFO] [stderr]    Compiling bitflags v0.1.1
[INFO] [stderr]    Compiling glib-sys v0.3.2 (https://github.com/gtk-rs/sys.git#9ae84c22)
[INFO] [stderr]    Compiling gobject-sys v0.3.2 (https://github.com/gtk-rs/sys.git#9ae84c22)
[INFO] [stderr]    Compiling gio-sys v0.3.2 (https://github.com/gtk-rs/sys.git#9ae84c22)
[INFO] [stderr]    Compiling cairo-sys-rs v0.3.2 (https://github.com/gtk-rs/cairo#411ffb9c)
[INFO] [stderr]    Compiling gdk-pixbuf-sys v0.3.2 (https://github.com/gtk-rs/sys.git#9ae84c22)
[INFO] [stderr]    Compiling pango-sys v0.3.2 (https://github.com/gtk-rs/sys.git#9ae84c22)
[INFO] [stderr]    Compiling gdk-sys v0.3.2 (https://github.com/gtk-rs/sys.git#9ae84c22)
[INFO] [stderr]    Compiling atk-sys v0.3.2 (https://github.com/gtk-rs/sys.git#9ae84c22)
[INFO] [stderr]    Compiling gtk-sys v0.3.2 (https://github.com/gtk-rs/sys.git#9ae84c22)
[INFO] [stderr]    Compiling libmodbus-sys v0.2.1 (https://github.com/zzeroo/libmodbus-rs.git#7939c466)
[INFO] [stderr]    Compiling glib v0.1.1 (https://github.com/gtk-rs/glib.git#91f2ceb4)
[INFO] [stdout] error[E0119]: conflicting implementations of trait `SetValue` for type `&_`
[INFO] [stdout]    --> /opt/rustwide/cargo-home/git/checkouts/glib-928cf7b282977403/91f2ceb/src/value.rs:483:1
[INFO] [stdout]     |
[INFO] [stdout] 452 | impl<'a, T: ?Sized + SetValue> SetValue for &'a T {
[INFO] [stdout]     | ------------------------------------------------- first implementation here
[INFO] [stdout] ...
[INFO] [stdout] 483 | impl<T: IsA<Object>> SetValue for T {
[INFO] [stdout]     | ^^^^^^^^^^^^^^^^^^^^^^^^^^^^^^^^^^^ conflicting implementation for `&_`
[INFO] [stdout]     |
[INFO] [stdout]     = note: downstream crates may implement trait `object::IsA<object::Object>` for type `&_`
[INFO] [stdout] 
[INFO] [stdout] 
[INFO] [stdout] error[E0119]: conflicting implementations of trait `SetValueOptional` for type `&_`
[INFO] [stdout]    --> /opt/rustwide/cargo-home/git/checkouts/glib-928cf7b282977403/91f2ceb/src/value.rs:489:1
[INFO] [stdout]     |
[INFO] [stdout] 458 | impl<'a, T: ?Sized + SetValueOptional> SetValueOptional for &'a T {
[INFO] [stdout]     | ----------------------------------------------------------------- first implementation here
[INFO] [stdout] ...
[INFO] [stdout] 489 | impl<T: IsA<Object>> SetValueOptional for T {
[INFO] [stdout]     | ^^^^^^^^^^^^^^^^^^^^^^^^^^^^^^^^^^^^^^^^^^^ conflicting implementation for `&_`
[INFO] [stdout]     |
[INFO] [stdout]     = note: downstream crates may implement trait `object::IsA<object::Object>` for type `&_`
[INFO] [stdout] 
[INFO] [stdout] 
[INFO] [stdout] error: aborting due to 2 previous errors
[INFO] [stdout] 
[INFO] [stdout] 
[INFO] [stdout] For more information about this error, try `rustc --explain E0119`.
[INFO] [stdout] 
[INFO] [stderr] error: could not compile `glib` (lib) due to 3 previous errors
[INFO] [stderr] warning: build failed, waiting for other jobs to finish...
[INFO] [stderr] error: failed to run custom build command for `libmodbus-sys v0.2.1 (https://github.com/zzeroo/libmodbus-rs.git#7939c466)`
[INFO] [stderr] note: To improve backtraces for build dependencies, set the CARGO_PROFILE_DEV_BUILD_OVERRIDE_DEBUG=true environment variable to enable debug information generation.
[INFO] [stderr] 
[INFO] [stderr] Caused by:
[INFO] [stderr]   process didn't exit successfully: `/opt/rustwide/target/debug/build/libmodbus-sys-6d7b548b932f0263/build-script-build` (exit status: 101)
[INFO] [stderr]   --- stdout
[INFO] [stderr]   running: cd "/opt/rustwide/cargo-home/git/checkouts/libmodbus-rs-9c8cd7e93aa5b371/7939c46/libmodbus-sys/libmodbus" && "sh" "-c" "/opt/rustwide/cargo-home/git/checkouts/libmodbus-rs-9c8cd7e93aa5b371/7939c46/libmodbus-sys/libmodbus/autogen.sh"
[INFO] [stderr] 
[INFO] [stderr]   --------------------------
[INFO] [stderr]   Running autoreconf failed.
[INFO] [stderr]   --------------------------
[INFO] [stderr] 
[INFO] [stderr]   running: cd "/opt/rustwide/target/debug/build/libmodbus-sys-9556b4ca7d3aa466/out/build" && "sh" "-c" "\"/opt/rustwide/cargo-home/git/checkouts/libmodbus-rs-9c8cd7e93aa5b371/7939c46/libmodbus-sys/libmodbus/configure\" --prefix=\"/opt/rustwide/target/debug/build/libmodbus-sys-9556b4ca7d3aa466/out\""
[INFO] [stderr] 
[INFO] [stderr]   --- stderr
[INFO] [stderr]   autom4te: error: cannot create autom4te.cache in /opt/rustwide/cargo-home/git/checkouts/libmodbus-rs-9c8cd7e93aa5b371/7939c46/libmodbus-sys/libmodbus: Read-only file system
[INFO] [stderr]   aclocal: error: /usr/bin/autom4te failed with exit status: 1
[INFO] [stderr]   autoreconf: error: aclocal failed with exit status: 1
[INFO] [stderr]   sh: 1: /opt/rustwide/cargo-home/git/checkouts/libmodbus-rs-9c8cd7e93aa5b371/7939c46/libmodbus-sys/libmodbus/configure: not found
[INFO] [stderr]   thread 'main' panicked at 'assertion failed: cmd.stdout(Stdio::inherit()).stderr(Stdio::inherit()).status().unwrap().success()', /opt/rustwide/cargo-home/git/checkouts/libmodbus-rs-9c8cd7e93aa5b371/7939c46/libmodbus-sys/build.rs:78:5
[INFO] [stderr]   stack backtrace:
[INFO] [stderr]      0:     0x558223a5d9aa - std::backtrace_rs::backtrace::libunwind::trace::h2f05d0192276a8f6
[INFO] [stderr]                                  at /rustc/1b7dd2252b99671ce5d1cb9664c5f8636329436d/library/std/src/../../backtrace/src/backtrace/libunwind.rs:93:5
[INFO] [stderr]      1:     0x558223a5d9aa - std::backtrace_rs::backtrace::trace_unsynchronized::hedc23dff7a1af150
[INFO] [stderr]                                  at /rustc/1b7dd2252b99671ce5d1cb9664c5f8636329436d/library/std/src/../../backtrace/src/backtrace/mod.rs:66:5
[INFO] [stderr]      2:     0x558223a5d9aa - std::sys_common::backtrace::_print_fmt::h17541ef7592f3ce2
[INFO] [stderr]                                  at /rustc/1b7dd2252b99671ce5d1cb9664c5f8636329436d/library/std/src/sys_common/backtrace.rs:65:5
[INFO] [stderr]      3:     0x558223a5d9aa - <std::sys_common::backtrace::_print::DisplayBacktrace as core::fmt::Display>::fmt::h20f75df5ab0c0792
[INFO] [stderr]                                  at /rustc/1b7dd2252b99671ce5d1cb9664c5f8636329436d/library/std/src/sys_common/backtrace.rs:44:22
[INFO] [stderr]      4:     0x558223a7d10f - core::fmt::write::h78109e6f466b3af6
[INFO] [stderr]                                  at /rustc/1b7dd2252b99671ce5d1cb9664c5f8636329436d/library/core/src/fmt/mod.rs:1254:17
[INFO] [stderr]      5:     0x558223a5ae55 - std::io::Write::write_fmt::hc59e1b02dd273c8a
[INFO] [stderr]                                  at /rustc/1b7dd2252b99671ce5d1cb9664c5f8636329436d/library/std/src/io/mod.rs:1698:15
[INFO] [stderr]      6:     0x558223a5d775 - std::sys_common::backtrace::_print::h8dac57a9f8fbf9a5
[INFO] [stderr]                                  at /rustc/1b7dd2252b99671ce5d1cb9664c5f8636329436d/library/std/src/sys_common/backtrace.rs:47:5
[INFO] [stderr]      7:     0x558223a5d775 - std::sys_common::backtrace::print::hf9ecbf41d1aa712f
[INFO] [stderr]                                  at /rustc/1b7dd2252b99671ce5d1cb9664c5f8636329436d/library/std/src/sys_common/backtrace.rs:34:9
[INFO] [stderr]      8:     0x558223a5ef1e - std::panicking::default_hook::{{closure}}::h04c07acfc84ca028
[INFO] [stderr]                                  at /rustc/1b7dd2252b99671ce5d1cb9664c5f8636329436d/library/std/src/panicking.rs:269:22
[INFO] [stderr]      9:     0x558223a5ecc5 - std::panicking::default_hook::h01f6bb23e1eceb2c
[INFO] [stderr]                                  at /rustc/1b7dd2252b99671ce5d1cb9664c5f8636329436d/library/std/src/panicking.rs:288:9
[INFO] [stderr]     10:     0x558223a5f47e - std::panicking::rust_panic_with_hook::h2bb3722bbaf2f6df
[INFO] [stderr]                                  at /rustc/1b7dd2252b99671ce5d1cb9664c5f8636329436d/library/std/src/panicking.rs:691:13
[INFO] [stderr]     11:     0x558223a5f332 - std::panicking::begin_panic_handler::{{closure}}::h91bc7f36a4be011b
[INFO] [stderr]                                  at /rustc/1b7dd2252b99671ce5d1cb9664c5f8636329436d/library/std/src/panicking.rs:580:13
[INFO] [stderr]     12:     0x558223a5de16 - std::sys_common::backtrace::__rust_end_short_backtrace::h8b3d3717114f9e59
[INFO] [stderr]                                  at /rustc/1b7dd2252b99671ce5d1cb9664c5f8636329436d/library/std/src/sys_common/backtrace.rs:150:18
[INFO] [stderr]     13:     0x558223a5f0d2 - rust_begin_unwind
[INFO] [stderr]                                  at /rustc/1b7dd2252b99671ce5d1cb9664c5f8636329436d/library/std/src/panicking.rs:578:5
[INFO] [stderr]     14:     0x558223a1f723 - core::panicking::panic_fmt::hfd368e3fbdabea26
[INFO] [stderr]                                  at /rustc/1b7dd2252b99671ce5d1cb9664c5f8636329436d/library/core/src/panicking.rs:67:14
[INFO] [stderr]     15:     0x558223a1f7bd - core::panicking::panic::h3f9042d09bd0bf2e
[INFO] [stderr]                                  at /rustc/1b7dd2252b99671ce5d1cb9664c5f8636329436d/library/core/src/panicking.rs:117:5
[INFO] [stderr]     16:     0x558223a22af8 - build_script_build::run::hcfc74fcb1c89cb87
[INFO] [stderr]     17:     0x558223a2219e - build_script_build::main::h3069ee28f714efaf
[INFO] [stderr]     18:     0x558223a230b3 - core::ops::function::FnOnce::call_once::h850b2334a9815bbe
[INFO] [stderr]     19:     0x558223a22f06 - std::sys_common::backtrace::__rust_begin_short_backtrace::h5647d612c776a7ae
[INFO] [stderr]     20:     0x558223a22ee9 - std::rt::lang_start::{{closure}}::hec65053c562c634b
[INFO] [stderr]     21:     0x558223a57fde - core::ops::function::impls::<impl core::ops::function::FnOnce<A> for &F>::call_once::h2eb19b8ce4148df4
[INFO] [stderr]                                  at /rustc/1b7dd2252b99671ce5d1cb9664c5f8636329436d/library/core/src/ops/function.rs:287:13
[INFO] [stderr]     22:     0x558223a57fde - std::panicking::try::do_call::h2e900feff5d504c5
[INFO] [stderr]                                  at /rustc/1b7dd2252b99671ce5d1cb9664c5f8636329436d/library/std/src/panicking.rs:485:40
[INFO] [stderr]     23:     0x558223a57fde - std::panicking::try::h8854836cb85aa9f2
[INFO] [stderr]                                  at /rustc/1b7dd2252b99671ce5d1cb9664c5f8636329436d/library/std/src/panicking.rs:449:19
[INFO] [stderr]     24:     0x558223a57fde - std::panic::catch_unwind::h706025dd4c48f64b
[INFO] [stderr]                                  at /rustc/1b7dd2252b99671ce5d1cb9664c5f8636329436d/library/std/src/panic.rs:140:14
[INFO] [stderr]     25:     0x558223a57fde - std::rt::lang_start_internal::{{closure}}::h7be5b97f4a07a91a
[INFO] [stderr]                                  at /rustc/1b7dd2252b99671ce5d1cb9664c5f8636329436d/library/std/src/rt.rs:148:48
[INFO] [stderr]     26:     0x558223a57fde - std::panicking::try::do_call::h59847e9d0a176965
[INFO] [stderr]                                  at /rustc/1b7dd2252b99671ce5d1cb9664c5f8636329436d/library/std/src/panicking.rs:485:40
[INFO] [stderr]     27:     0x558223a57fde - std::panicking::try::h399a918ba8522823
[INFO] [stderr]                                  at /rustc/1b7dd2252b99671ce5d1cb9664c5f8636329436d/library/std/src/panicking.rs:449:19
[INFO] [stderr]     28:     0x558223a57fde - std::panic::catch_unwind::hca7ca6c55b2a2e26
[INFO] [stderr]                                  at /rustc/1b7dd2252b99671ce5d1cb9664c5f8636329436d/library/std/src/panic.rs:140:14
[INFO] [stderr]     29:     0x558223a57fde - std::rt::lang_start_internal::h2c807a81560459eb
[INFO] [stderr]                                  at /rustc/1b7dd2252b99671ce5d1cb9664c5f8636329436d/library/std/src/rt.rs:148:20
[INFO] [stderr]     30:     0x558223a22ec7 - std::rt::lang_start::h916e4ef32170f07b
[INFO] [stderr]     31:     0x558223a22b15 - main
[INFO] [stderr]     32:     0x7fd168257d90 - <unknown>
[INFO] [stderr]     33:     0x7fd168257e40 - __libc_start_main
[INFO] [stderr]     34:     0x558223a1fc55 - _start
[INFO] [stderr]     35:                0x0 - <unknown>
[INFO] running `Command { std: "docker" "inspect" "7ca1f1824db98b3828c35adb17fa5048482633b678b8f48c10a1c693825123db", kill_on_drop: false }`
[INFO] running `Command { std: "docker" "rm" "-f" "7ca1f1824db98b3828c35adb17fa5048482633b678b8f48c10a1c693825123db", kill_on_drop: false }`
[INFO] [stdout] 7ca1f1824db98b3828c35adb17fa5048482633b678b8f48c10a1c693825123db
