[INFO] cloning repository https://github.com/Kixiron/cranial-coitus
[INFO] running `Command { std: "git" "-c" "credential.helper=" "-c" "credential.helper=/workspace/cargo-home/bin/git-credential-null" "clone" "--bare" "https://github.com/Kixiron/cranial-coitus" "/workspace/cache/git-repos/https%3A%2F%2Fgithub.com%2FKixiron%2Fcranial-coitus", kill_on_drop: false }`
[INFO] [stderr] Cloning into bare repository '/workspace/cache/git-repos/https%3A%2F%2Fgithub.com%2FKixiron%2Fcranial-coitus'...
[INFO] running `Command { std: "git" "rev-parse" "HEAD", kill_on_drop: false }`
[INFO] [stdout] 2f0b158709b23f23a4d84045846829b250779f31
[INFO] testing Kixiron/cranial-coitus against beta-2023-04-20 for beta-1.70-1
[INFO] running `Command { std: "git" "clone" "/workspace/cache/git-repos/https%3A%2F%2Fgithub.com%2FKixiron%2Fcranial-coitus" "/workspace/builds/worker-7-tc2/source", kill_on_drop: false }`
[INFO] [stderr] Cloning into '/workspace/builds/worker-7-tc2/source'...
[INFO] [stderr] done.
[INFO] validating manifest of git repo https://github.com/Kixiron/cranial-coitus on toolchain beta-2023-04-20
[INFO] running `Command { std: CARGO_HOME="/workspace/cargo-home" RUSTUP_HOME="/workspace/rustup-home" "/workspace/cargo-home/bin/cargo" "+beta-2023-04-20" "metadata" "--manifest-path" "Cargo.toml" "--no-deps", kill_on_drop: false }`
[INFO] removed /workspace/builds/worker-7-tc2/source/rust-toolchain.toml
[INFO] started tweaking git repo https://github.com/Kixiron/cranial-coitus
[INFO] finished tweaking git repo https://github.com/Kixiron/cranial-coitus
[INFO] tweaked toml for git repo https://github.com/Kixiron/cranial-coitus written to /workspace/builds/worker-7-tc2/source/Cargo.toml
[INFO] crate git repo https://github.com/Kixiron/cranial-coitus already has a lockfile, it will not be regenerated
[INFO] running `Command { std: CARGO_HOME="/workspace/cargo-home" RUSTUP_HOME="/workspace/rustup-home" "/workspace/cargo-home/bin/cargo" "+beta-2023-04-20" "fetch" "--manifest-path" "Cargo.toml", kill_on_drop: false }`
[INFO] [stderr]     Updating crates.io index
[INFO] [stderr]  Downloading crates ...
[INFO] [stderr]   Downloaded union-find v0.3.3
[INFO] [stderr]   Downloaded roaring v0.9.0
[INFO] [stderr]   Downloaded pretty v0.11.2
[INFO] [stderr]   Downloaded expect-test v1.1.0
[INFO] [stderr]   Downloaded refpool v0.4.3
[INFO] [stderr]   Downloaded superluminal-perf v0.1.1
[INFO] [stderr]   Downloaded superluminal-perf-sys v0.1.2
[INFO] [stderr]   Downloaded tracing-subscriber v0.3.3
[INFO] [stderr]   Downloaded target-lexicon v0.12.3
[INFO] [stderr]   Downloaded cranelift-bforest v0.82.1
[INFO] [stderr]   Downloaded cranelift-frontend v0.82.1
[INFO] [stderr]   Downloaded clap v3.1.15
[INFO] [stderr]   Downloaded cranelift-codegen v0.82.1
[INFO] [stderr]   Downloaded cranelift-jit v0.82.1
[INFO] [stderr]   Downloaded anyhow v1.0.45
[INFO] [stderr]   Downloaded tracing-tree v0.2.0
[INFO] [stderr]   Downloaded xxhash-rust v0.8.2
[INFO] [stderr]   Downloaded cranelift v0.82.1
[INFO] [stderr]   Downloaded region v2.2.0
[INFO] [stderr]   Downloaded cranelift-module v0.82.1
[INFO] [stderr]   Downloaded cranelift-codegen-meta v0.82.1
[INFO] [stderr]   Downloaded cranelift-codegen-shared v0.82.1
[INFO] [stderr]   Downloaded cranelift-entity v0.82.1
[INFO] [stderr]   Downloaded cranelift-native v0.82.1
[INFO] [stderr]   Downloaded dissimilar v1.0.3
[INFO] running `Command { std: "docker" "create" "-v" "/var/lib/crater-agent-workspace/builds/worker-7-tc2/target:/opt/rustwide/target:rw,Z" "-v" "/var/lib/crater-agent-workspace/builds/worker-7-tc2/source:/opt/rustwide/workdir:ro,Z" "-v" "/var/lib/crater-agent-workspace/cargo-home:/opt/rustwide/cargo-home:ro,Z" "-v" "/var/lib/crater-agent-workspace/rustup-home:/opt/rustwide/rustup-home:ro,Z" "-e" "SOURCE_DIR=/opt/rustwide/workdir" "-e" "CARGO_TARGET_DIR=/opt/rustwide/target" "-e" "CARGO_HOME=/opt/rustwide/cargo-home" "-e" "RUSTUP_HOME=/opt/rustwide/rustup-home" "-w" "/opt/rustwide/workdir" "-m" "1610612736" "--user" "0:0" "--network" "none" "ghcr.io/rust-lang/crates-build-env/linux@sha256:5ff2268d62e97bff2cde7d5815dd6ed5b47097566f13b8d0ca110b04b60e07ed" "/opt/rustwide/cargo-home/bin/cargo" "+beta-2023-04-20" "metadata" "--no-deps" "--format-version=1", kill_on_drop: false }`
[INFO] [stdout] 037da7136364b06a77243cca821373afcbf6a566d2532e9a65c1133298631c89
[INFO] running `Command { std: "docker" "start" "-a" "037da7136364b06a77243cca821373afcbf6a566d2532e9a65c1133298631c89", kill_on_drop: false }`
[INFO] running `Command { std: "docker" "inspect" "037da7136364b06a77243cca821373afcbf6a566d2532e9a65c1133298631c89", kill_on_drop: false }`
[INFO] running `Command { std: "docker" "rm" "-f" "037da7136364b06a77243cca821373afcbf6a566d2532e9a65c1133298631c89", kill_on_drop: false }`
[INFO] [stdout] 037da7136364b06a77243cca821373afcbf6a566d2532e9a65c1133298631c89
[INFO] running `Command { std: "docker" "create" "-v" "/var/lib/crater-agent-workspace/builds/worker-7-tc2/target:/opt/rustwide/target:rw,Z" "-v" "/var/lib/crater-agent-workspace/builds/worker-7-tc2/source:/opt/rustwide/workdir:ro,Z" "-v" "/var/lib/crater-agent-workspace/cargo-home:/opt/rustwide/cargo-home:ro,Z" "-v" "/var/lib/crater-agent-workspace/rustup-home:/opt/rustwide/rustup-home:ro,Z" "-e" "SOURCE_DIR=/opt/rustwide/workdir" "-e" "CARGO_TARGET_DIR=/opt/rustwide/target" "-e" "CARGO_INCREMENTAL=0" "-e" "RUST_BACKTRACE=full" "-e" "RUSTFLAGS=--cap-lints=warn" "-e" "RUSTDOCFLAGS=--cap-lints=warn" "-e" "CARGO_HOME=/opt/rustwide/cargo-home" "-e" "RUSTUP_HOME=/opt/rustwide/rustup-home" "-w" "/opt/rustwide/workdir" "-m" "1610612736" "--user" "0:0" "--network" "none" "ghcr.io/rust-lang/crates-build-env/linux@sha256:5ff2268d62e97bff2cde7d5815dd6ed5b47097566f13b8d0ca110b04b60e07ed" "/opt/rustwide/cargo-home/bin/cargo" "+beta-2023-04-20" "build" "--frozen" "--message-format=json", kill_on_drop: false }`
[INFO] [stdout] bc81bb94a7b7ef09fc87a0bc2ff5b9dbf50dc5ff2061794dff9e826597a548a0
[INFO] running `Command { std: "docker" "start" "-a" "bc81bb94a7b7ef09fc87a0bc2ff5b9dbf50dc5ff2061794dff9e826597a548a0", kill_on_drop: false }`
[INFO] [stderr]    Compiling log v0.4.14
[INFO] [stderr]    Compiling proc-macro2 v1.0.29
[INFO] [stderr]    Compiling syn v1.0.76
[INFO] [stderr]    Compiling cranelift-codegen-shared v0.82.1
[INFO] [stderr]    Compiling target-lexicon v0.12.3
[INFO] [stderr]    Compiling libc v0.2.121
[INFO] [stderr]    Compiling rustc-hash v1.1.0
[INFO] [stderr]    Compiling cranelift-entity v0.82.1
[INFO] [stderr]    Compiling cranelift-codegen-meta v0.82.1
[INFO] [stderr]    Compiling proc-macro-error-attr v1.0.4
[INFO] [stderr]    Compiling cranelift-bforest v0.82.1
[INFO] [stderr]    Compiling typenum v1.15.0
[INFO] [stderr]    Compiling regex-syntax v0.6.25
[INFO] [stderr]    Compiling regalloc v0.0.34
[INFO] [stderr]    Compiling indexmap v1.7.0
[INFO] [stderr]    Compiling quote v1.0.9
[INFO] [stderr]    Compiling tracing-core v0.1.21
[INFO] [stderr]    Compiling proc-macro-error v1.0.4
[INFO] [stderr]    Compiling anyhow v1.0.45
[INFO] [stderr]    Compiling hashbrown v0.11.2
[INFO] [stderr]    Compiling pin-project-lite v0.2.7
[INFO] [stderr]    Compiling thread_local v1.1.3
[INFO] [stderr]    Compiling bitmaps v2.1.0
[INFO] [stderr]    Compiling tracing-log v0.1.2
[INFO] [stderr]    Compiling regex-automata v0.1.10
[INFO] [stderr]    Compiling regex v1.5.4
[INFO] [stderr]    Compiling atty v0.2.14
[INFO] [stderr]    Compiling sharded-slab v0.1.4
[INFO] [stderr]    Compiling im-rc v15.0.0
[INFO] [stderr]    Compiling cranelift-codegen v0.82.1
[INFO] [stderr]    Compiling matchers v0.1.0
[INFO] [stderr]    Compiling rand_core v0.5.1
[INFO] [stderr]    Compiling os_str_bytes v6.0.0
[INFO] [stderr]    Compiling ansi_term v0.12.1
[INFO] [stderr]    Compiling heck v0.4.0
[INFO] [stderr]    Compiling refpool v0.4.3
[INFO] [stderr]    Compiling clap_lex v0.2.0
[INFO] [stderr]    Compiling rand_xoshiro v0.4.0
[INFO] [stderr]    Compiling sized-chunks v0.6.5
[INFO] [stderr]    Compiling region v2.2.0
[INFO] [stderr]    Compiling termcolor v1.1.2
[INFO] [stderr]    Compiling textwrap v0.15.0
[INFO] [stderr]    Compiling bytemuck v1.9.1
[INFO] [stderr]    Compiling fixedbitset v0.4.1
[INFO] [stderr]    Compiling byteorder v1.4.3
[INFO] [stderr]    Compiling tinyvec_macros v0.1.0
[INFO] [stderr]    Compiling typed-arena v2.0.1
[INFO] [stderr]    Compiling arrayvec v0.5.2
[INFO] [stderr]    Compiling retain_mut v0.1.7
[INFO] [stderr]    Compiling unicode-segmentation v1.8.0
[INFO] [stderr]    Compiling static_assertions v1.1.0
[INFO] [stderr]    Compiling strsim v0.10.0
[INFO] [stderr]    Compiling roaring v0.9.0
[INFO] [stderr]    Compiling iced-x86 v1.15.0 (https://github.com/icedland/iced#1cd7f930)
[INFO] [stderr]    Compiling tinyvec v1.5.0
[INFO] [stdout] error[E0554]: `#![feature]` may not be used on the beta release channel
[INFO] [stdout]   --> /opt/rustwide/cargo-home/registry/src/index.crates.io-6f17d22bba15001f/roaring-0.9.0/src/lib.rs:10:39
[INFO] [stdout]    |
[INFO] [stdout] 10 | #![cfg_attr(feature = "simd", feature(portable_simd))]
[INFO] [stdout]    |                                       ^^^^^^^^^^^^^
[INFO] [stdout] 
[INFO] [stdout] 
[INFO] [stdout] error[E0599]: no method named `lanes_eq` found for struct `Simd` in the current scope
[INFO] [stdout]   --> /opt/rustwide/cargo-home/registry/src/index.crates.io-6f17d22bba15001f/roaring-0.9.0/src/bitmap/store/array_store/vector.rs:39:30
[INFO] [stdout]    |
[INFO] [stdout] 39 |         let mask = 255 - tmp.lanes_eq(new).to_bitmask();
[INFO] [stdout]    |                              ^^^^^^^^ help: there is a method with a similar name: `lanes`
[INFO] [stdout] 
[INFO] [stdout] 
[INFO] [stderr]    Compiling pretty v0.11.2
[INFO] [stdout] error[E0599]: no method named `lanes_eq` found for struct `Simd` in the current scope
[INFO] [stdout]    --> /opt/rustwide/cargo-home/registry/src/index.crates.io-6f17d22bba15001f/roaring-0.9.0/src/bitmap/store/array_store/vector.rs:182:35
[INFO] [stdout]     |
[INFO] [stdout] 182 |         let eq_l: mask16x8 = tmp2.lanes_eq(tmp1);
[INFO] [stdout]     |                                   ^^^^^^^^ help: there is a method with a similar name: `lanes`
[INFO] [stdout] 
[INFO] [stdout] 
[INFO] [stdout] error[E0599]: no method named `lanes_eq` found for struct `Simd` in the current scope
[INFO] [stdout]    --> /opt/rustwide/cargo-home/registry/src/index.crates.io-6f17d22bba15001f/roaring-0.9.0/src/bitmap/store/array_store/vector.rs:183:35
[INFO] [stdout]     |
[INFO] [stdout] 183 |         let eq_r: mask16x8 = tmp2.lanes_eq(new);
[INFO] [stdout]     |                                   ^^^^^^^^ help: there is a method with a similar name: `lanes`
[INFO] [stdout] 
[INFO] [stdout] 
[INFO] [stdout] error[E0599]: no method named `lanes_le` found for struct `Simd` in the current scope
[INFO] [stdout]    --> /opt/rustwide/cargo-home/registry/src/index.crates.io-6f17d22bba15001f/roaring-0.9.0/src/bitmap/store/array_store/vector.rs:356:9
[INFO] [stdout]     |
[INFO] [stdout] 356 |     lhs.lanes_le(rhs).select(lhs, rhs)
[INFO] [stdout]     |         ^^^^^^^^ help: there is a method with a similar name: `lanes`
[INFO] [stdout] 
[INFO] [stdout] 
[INFO] [stderr]    Compiling petgraph v0.6.0
[INFO] [stdout] error[E0599]: no method named `lanes_gt` found for struct `Simd` in the current scope
[INFO] [stdout]    --> /opt/rustwide/cargo-home/registry/src/index.crates.io-6f17d22bba15001f/roaring-0.9.0/src/bitmap/store/array_store/vector.rs:366:9
[INFO] [stdout]     |
[INFO] [stdout] 366 |     lhs.lanes_gt(rhs).select(lhs, rhs)
[INFO] [stdout]     |         ^^^^^^^^ help: there is a method with a similar name: `lanes`
[INFO] [stdout] 
[INFO] [stdout] 
[INFO] [stdout] error[E0599]: no method named `lanes_eq` found for struct `Simd` in the current scope
[INFO] [stdout]    --> /opt/rustwide/cargo-home/registry/src/index.crates.io-6f17d22bba15001f/roaring-0.9.0/src/bitmap/store/array_store/vector.rs:437:7
[INFO] [stdout]     |
[INFO] [stdout] 437 |     a.lanes_eq(b)
[INFO] [stdout]     |       ^^^^^^^^ help: there is a method with a similar name: `lanes`
[INFO] [stdout] 
[INFO] [stdout] 
[INFO] [stdout] error[E0599]: no method named `lanes_eq` found for struct `Simd` in the current scope
[INFO] [stdout]    --> /opt/rustwide/cargo-home/registry/src/index.crates.io-6f17d22bba15001f/roaring-0.9.0/src/bitmap/store/array_store/vector.rs:438:13
[INFO] [stdout]     |
[INFO] [stdout] 438 |         | a.lanes_eq(b.rotate_lanes_left::<1>())
[INFO] [stdout]     |             ^^^^^^^^ help: there is a method with a similar name: `lanes`
[INFO] [stdout] 
[INFO] [stdout] 
[INFO] [stdout] error[E0599]: no method named `lanes_eq` found for struct `Simd` in the current scope
[INFO] [stdout]    --> /opt/rustwide/cargo-home/registry/src/index.crates.io-6f17d22bba15001f/roaring-0.9.0/src/bitmap/store/array_store/vector.rs:439:13
[INFO] [stdout]     |
[INFO] [stdout] 439 |         | a.lanes_eq(b.rotate_lanes_left::<2>())
[INFO] [stdout]     |             ^^^^^^^^ help: there is a method with a similar name: `lanes`
[INFO] [stdout] 
[INFO] [stdout] 
[INFO] [stdout] error[E0599]: no method named `lanes_eq` found for struct `Simd` in the current scope
[INFO] [stdout]    --> /opt/rustwide/cargo-home/registry/src/index.crates.io-6f17d22bba15001f/roaring-0.9.0/src/bitmap/store/array_store/vector.rs:440:13
[INFO] [stdout]     |
[INFO] [stdout] 440 |         | a.lanes_eq(b.rotate_lanes_left::<3>())
[INFO] [stdout]     |             ^^^^^^^^ help: there is a method with a similar name: `lanes`
[INFO] [stdout] 
[INFO] [stdout] 
[INFO] [stdout] error[E0599]: no method named `lanes_eq` found for struct `Simd` in the current scope
[INFO] [stdout]    --> /opt/rustwide/cargo-home/registry/src/index.crates.io-6f17d22bba15001f/roaring-0.9.0/src/bitmap/store/array_store/vector.rs:441:13
[INFO] [stdout]     |
[INFO] [stdout] 441 |         | a.lanes_eq(b.rotate_lanes_left::<4>())
[INFO] [stdout]     |             ^^^^^^^^ help: there is a method with a similar name: `lanes`
[INFO] [stdout] 
[INFO] [stdout] 
[INFO] [stdout] error[E0599]: no method named `lanes_eq` found for struct `Simd` in the current scope
[INFO] [stdout]    --> /opt/rustwide/cargo-home/registry/src/index.crates.io-6f17d22bba15001f/roaring-0.9.0/src/bitmap/store/array_store/vector.rs:442:13
[INFO] [stdout]     |
[INFO] [stdout] 442 |         | a.lanes_eq(b.rotate_lanes_left::<5>())
[INFO] [stdout]     |             ^^^^^^^^ help: there is a method with a similar name: `lanes`
[INFO] [stdout] 
[INFO] [stdout] 
[INFO] [stdout] error[E0599]: no method named `lanes_eq` found for struct `Simd` in the current scope
[INFO] [stdout]    --> /opt/rustwide/cargo-home/registry/src/index.crates.io-6f17d22bba15001f/roaring-0.9.0/src/bitmap/store/array_store/vector.rs:443:13
[INFO] [stdout]     |
[INFO] [stdout] 443 |         | a.lanes_eq(b.rotate_lanes_left::<6>())
[INFO] [stdout]     |             ^^^^^^^^ help: there is a method with a similar name: `lanes`
[INFO] [stdout] 
[INFO] [stdout] 
[INFO] [stdout] error[E0599]: no method named `lanes_eq` found for struct `Simd` in the current scope
[INFO] [stdout]    --> /opt/rustwide/cargo-home/registry/src/index.crates.io-6f17d22bba15001f/roaring-0.9.0/src/bitmap/store/array_store/vector.rs:444:13
[INFO] [stdout]     |
[INFO] [stdout] 444 |         | a.lanes_eq(b.rotate_lanes_left::<7>())
[INFO] [stdout]     |             ^^^^^^^^ help: there is a method with a similar name: `lanes`
[INFO] [stdout] 
[INFO] [stdout] 
[INFO] [stdout] error: aborting due to 14 previous errors
[INFO] [stdout] 
[INFO] [stdout] 
[INFO] [stdout] Some errors have detailed explanations: E0554, E0599.
[INFO] [stdout] 
[INFO] [stdout] For more information about an error, try `rustc --explain E0554`.
[INFO] [stdout] 
[INFO] [stderr] error: could not compile `roaring` (lib) due to 15 previous errors
[INFO] [stderr] warning: build failed, waiting for other jobs to finish...
[INFO] running `Command { std: "docker" "inspect" "bc81bb94a7b7ef09fc87a0bc2ff5b9dbf50dc5ff2061794dff9e826597a548a0", kill_on_drop: false }`
[INFO] running `Command { std: "docker" "rm" "-f" "bc81bb94a7b7ef09fc87a0bc2ff5b9dbf50dc5ff2061794dff9e826597a548a0", kill_on_drop: false }`
[INFO] [stdout] bc81bb94a7b7ef09fc87a0bc2ff5b9dbf50dc5ff2061794dff9e826597a548a0
