[INFO] cloning repository https://github.com/Kitasio/sg_cli
[INFO] running `Command { std: "git" "-c" "credential.helper=" "-c" "credential.helper=/workspace/cargo-home/bin/git-credential-null" "clone" "--bare" "https://github.com/Kitasio/sg_cli" "/workspace/cache/git-repos/https%3A%2F%2Fgithub.com%2FKitasio%2Fsg_cli", kill_on_drop: false }`
[INFO] [stderr] Cloning into bare repository '/workspace/cache/git-repos/https%3A%2F%2Fgithub.com%2FKitasio%2Fsg_cli'...
[INFO] running `Command { std: "git" "rev-parse" "HEAD", kill_on_drop: false }`
[INFO] [stdout] e4c655277e1066ca5ed451c7ac1a78d497370b23
[INFO] testing Kitasio/sg_cli against beta-2023-04-20 for beta-1.70-1
[INFO] running `Command { std: "git" "clone" "/workspace/cache/git-repos/https%3A%2F%2Fgithub.com%2FKitasio%2Fsg_cli" "/workspace/builds/worker-4-tc2/source", kill_on_drop: false }`
[INFO] [stderr] Cloning into '/workspace/builds/worker-4-tc2/source'...
[INFO] [stderr] done.
[INFO] validating manifest of git repo https://github.com/Kitasio/sg_cli on toolchain beta-2023-04-20
[INFO] running `Command { std: CARGO_HOME="/workspace/cargo-home" RUSTUP_HOME="/workspace/rustup-home" "/workspace/cargo-home/bin/cargo" "+beta-2023-04-20" "metadata" "--manifest-path" "Cargo.toml" "--no-deps", kill_on_drop: false }`
[INFO] started tweaking git repo https://github.com/Kitasio/sg_cli
[INFO] finished tweaking git repo https://github.com/Kitasio/sg_cli
[INFO] tweaked toml for git repo https://github.com/Kitasio/sg_cli written to /workspace/builds/worker-4-tc2/source/Cargo.toml
[INFO] crate git repo https://github.com/Kitasio/sg_cli already has a lockfile, it will not be regenerated
[INFO] running `Command { std: CARGO_HOME="/workspace/cargo-home" RUSTUP_HOME="/workspace/rustup-home" "/workspace/cargo-home/bin/cargo" "+beta-2023-04-20" "fetch" "--manifest-path" "Cargo.toml", kill_on_drop: false }`
[INFO] running `Command { std: "docker" "create" "-v" "/var/lib/crater-agent-workspace/builds/worker-4-tc2/target:/opt/rustwide/target:rw,Z" "-v" "/var/lib/crater-agent-workspace/builds/worker-4-tc2/source:/opt/rustwide/workdir:ro,Z" "-v" "/var/lib/crater-agent-workspace/cargo-home:/opt/rustwide/cargo-home:ro,Z" "-v" "/var/lib/crater-agent-workspace/rustup-home:/opt/rustwide/rustup-home:ro,Z" "-e" "SOURCE_DIR=/opt/rustwide/workdir" "-e" "CARGO_TARGET_DIR=/opt/rustwide/target" "-e" "CARGO_HOME=/opt/rustwide/cargo-home" "-e" "RUSTUP_HOME=/opt/rustwide/rustup-home" "-w" "/opt/rustwide/workdir" "-m" "1610612736" "--user" "0:0" "--network" "none" "ghcr.io/rust-lang/crates-build-env/linux@sha256:5ff2268d62e97bff2cde7d5815dd6ed5b47097566f13b8d0ca110b04b60e07ed" "/opt/rustwide/cargo-home/bin/cargo" "+beta-2023-04-20" "metadata" "--no-deps" "--format-version=1", kill_on_drop: false }`
[INFO] [stdout] cf0df3defec659c5470ab06f1a841bd749b3584bde13a9b5adb796d9520066bb
[INFO] running `Command { std: "docker" "start" "-a" "cf0df3defec659c5470ab06f1a841bd749b3584bde13a9b5adb796d9520066bb", kill_on_drop: false }`
[INFO] running `Command { std: "docker" "inspect" "cf0df3defec659c5470ab06f1a841bd749b3584bde13a9b5adb796d9520066bb", kill_on_drop: false }`
[INFO] running `Command { std: "docker" "rm" "-f" "cf0df3defec659c5470ab06f1a841bd749b3584bde13a9b5adb796d9520066bb", kill_on_drop: false }`
[INFO] [stdout] cf0df3defec659c5470ab06f1a841bd749b3584bde13a9b5adb796d9520066bb
[INFO] running `Command { std: "docker" "create" "-v" "/var/lib/crater-agent-workspace/builds/worker-4-tc2/target:/opt/rustwide/target:rw,Z" "-v" "/var/lib/crater-agent-workspace/builds/worker-4-tc2/source:/opt/rustwide/workdir:ro,Z" "-v" "/var/lib/crater-agent-workspace/cargo-home:/opt/rustwide/cargo-home:ro,Z" "-v" "/var/lib/crater-agent-workspace/rustup-home:/opt/rustwide/rustup-home:ro,Z" "-e" "SOURCE_DIR=/opt/rustwide/workdir" "-e" "CARGO_TARGET_DIR=/opt/rustwide/target" "-e" "CARGO_INCREMENTAL=0" "-e" "RUST_BACKTRACE=full" "-e" "RUSTFLAGS=--cap-lints=warn" "-e" "RUSTDOCFLAGS=--cap-lints=warn" "-e" "CARGO_HOME=/opt/rustwide/cargo-home" "-e" "RUSTUP_HOME=/opt/rustwide/rustup-home" "-w" "/opt/rustwide/workdir" "-m" "1610612736" "--user" "0:0" "--network" "none" "ghcr.io/rust-lang/crates-build-env/linux@sha256:5ff2268d62e97bff2cde7d5815dd6ed5b47097566f13b8d0ca110b04b60e07ed" "/opt/rustwide/cargo-home/bin/cargo" "+beta-2023-04-20" "build" "--frozen" "--message-format=json", kill_on_drop: false }`
[INFO] [stdout] 7b80f2295fe125f2be811273d66ffe47f2b6877cbbd30fac293d3903f2af5269
[INFO] running `Command { std: "docker" "start" "-a" "7b80f2295fe125f2be811273d66ffe47f2b6877cbbd30fac293d3903f2af5269", kill_on_drop: false }`
[INFO] [stderr]    Compiling libc v0.2.123
[INFO] [stderr]    Compiling version_check v0.9.4
[INFO] [stderr]    Compiling proc-macro2 v1.0.37
[INFO] [stderr]    Compiling once_cell v1.10.0
[INFO] [stderr]    Compiling syn v1.0.91
[INFO] [stderr]    Compiling log v0.4.16
[INFO] [stderr]    Compiling cc v1.0.73
[INFO] [stderr]    Compiling pin-project-lite v0.2.8
[INFO] [stderr]    Compiling parking_lot_core v0.9.2
[INFO] [stderr]    Compiling bytes v1.1.0
[INFO] [stderr]    Compiling futures-core v0.3.21
[INFO] [stderr]    Compiling typenum v1.15.0
[INFO] [stderr]    Compiling spin v0.5.2
[INFO] [stderr]    Compiling untrusted v0.7.1
[INFO] [stderr]    Compiling serde_derive v1.0.136
[INFO] [stderr]    Compiling futures-task v0.3.21
[INFO] [stderr]    Compiling itoa v1.0.1
[INFO] [stderr]    Compiling serde v1.0.136
[INFO] [stderr]    Compiling futures-util v0.3.21
[INFO] [stderr]    Compiling num-traits v0.2.14
[INFO] [stderr]    Compiling pin-utils v0.1.0
[INFO] [stderr]    Compiling pkg-config v0.3.25
[INFO] [stderr]    Compiling tinyvec v1.5.1
[INFO] [stderr]    Compiling generic-array v0.14.5
[INFO] [stderr]    Compiling ahash v0.7.6
[INFO] [stderr]    Compiling indexmap v1.8.1
[INFO] [stderr]    Compiling futures-sink v0.3.21
[INFO] [stderr]    Compiling matches v0.1.9
[INFO] [stderr]    Compiling num-integer v0.1.44
[INFO] [stderr]    Compiling cpufeatures v0.2.2
[INFO] [stderr]    Compiling parking_lot_core v0.8.5
[INFO] [stderr]    Compiling unicode-bidi v0.3.7
[INFO] [stderr]    Compiling percent-encoding v2.1.0
[INFO] [stderr]    Compiling instant v0.1.12
[INFO] [stderr]    Compiling crossbeam-utils v0.8.8
[INFO] [stderr]    Compiling form_urlencoded v1.0.1
[INFO] [stderr]    Compiling subtle v2.4.1
[INFO] [stderr]    Compiling quote v1.0.18
[INFO] [stderr]    Compiling futures-channel v0.3.21
[INFO] [stderr]    Compiling ryu v1.0.9
[INFO] [stderr]    Compiling tracing-core v0.1.25
[INFO] [stderr]    Compiling crossbeam-queue v0.3.5
[INFO] [stderr]    Compiling openssl v0.10.38
[INFO] [stderr]    Compiling fnv v1.0.7
[INFO] [stderr]    Compiling serde_json v1.0.79
[INFO] [stderr]    Compiling minimal-lexical v0.2.1
[INFO] [stderr]    Compiling socket2 v0.4.4
[INFO] [stderr]    Compiling mio v0.8.2
[INFO] [stderr]    Compiling num_cpus v1.13.1
[INFO] [stderr]    Compiling signal-hook-registry v1.4.0
[INFO] [stderr]    Compiling getrandom v0.2.6
[INFO] [stderr]    Compiling ring v0.16.20
[INFO] [stderr]    Compiling openssl-sys v0.9.72
[INFO] [stderr]    Compiling unicode-normalization v0.1.19
[INFO] [stderr]    Compiling parking_lot v0.12.0
[INFO] [stderr]    Compiling block-buffer v0.9.0
[INFO] [stderr]    Compiling digest v0.9.0
[INFO] [stderr]    Compiling crypto-mac v0.11.1
[INFO] [stderr]    Compiling tokio v1.17.0
[INFO] [stderr]    Compiling rand_core v0.6.3
[INFO] [stderr]    Compiling foreign-types-shared v0.1.1
[INFO] [stderr]    Compiling ppv-lite86 v0.2.16
[INFO] [stderr]    Compiling parking_lot v0.11.2
[INFO] [stderr]    Compiling hashbrown v0.11.2
[INFO] [stderr]    Compiling foreign-types v0.3.2
[INFO] [stderr]    Compiling nom v7.1.1
[INFO] [stderr]    Compiling dirs-sys v0.3.7
[INFO] [stderr]    Compiling http v0.2.6
[INFO] [stderr]    Compiling idna v0.2.3
[INFO] [stderr]    Compiling proc-macro-error-attr v1.0.4
[INFO] [stderr]    Compiling rand_chacha v0.3.1
[INFO] [stderr]    Compiling crc-catalog v1.1.1
[INFO] [stderr]    Compiling unicode_categories v0.1.1
[INFO] [stderr]    Compiling native-tls v0.2.10
[INFO] [stderr]    Compiling httparse v1.7.0
[INFO] [stderr]    Compiling hashlink v0.7.0
[INFO] [stderr]    Compiling url v2.2.2
[INFO] [stderr]    Compiling rand v0.8.5
[INFO] [stderr]    Compiling crc v2.1.0
[INFO] [stderr]    Compiling futures-intrusive v0.4.0
[INFO] [stderr]    Compiling dirs v4.0.0
[INFO] [stderr]    Compiling stringprep v0.1.2
[INFO] [stderr]    Compiling atoi v0.4.0
[INFO] [stderr]    Compiling proc-macro-error v1.0.4
[INFO] [stderr]    Compiling slab v0.4.6
[INFO] [stderr]    Compiling try-lock v0.2.3
[INFO] [stderr]    Compiling byteorder v1.4.3
[INFO] [stderr]    Compiling whoami v1.2.1
[INFO] [stderr]    Compiling uuid v0.8.2
[INFO] [stderr]    Compiling openssl-probe v0.1.5
[INFO] [stderr]    Compiling paste v1.0.7
[INFO] [stderr]    Compiling want v0.3.0
[INFO] [stderr]    Compiling hmac v0.11.0
[INFO] [stderr]    Compiling chrono v0.4.19
[INFO] [stderr]    Compiling sha2 v0.9.9
[INFO] [stderr]    Compiling md-5 v0.9.1
[INFO] [stderr]    Compiling sha-1 v0.9.8
[INFO] [stderr]    Compiling time v0.1.43
[INFO] [stderr]    Compiling http-body v0.4.4
[INFO] [stderr]    Compiling unicode-segmentation v1.9.0
[INFO] [stderr]    Compiling bitflags v1.3.2
[INFO] [stderr]    Compiling tower-service v0.3.1
[INFO] [stderr]    Compiling httpdate v1.0.2
[INFO] [stderr]    Compiling encoding_rs v0.8.31
[INFO] [stderr]    Compiling dotenv v0.15.0
[INFO] [stderr]    Compiling heck v0.4.0
[INFO] [stderr]    Compiling heck v0.3.3
[INFO] [stderr]    Compiling atty v0.2.14
[INFO] [stderr]    Compiling os_str_bytes v6.0.0
[INFO] [stderr]    Compiling strsim v0.10.0
[INFO] [stderr]    Compiling mime v0.3.16
[INFO] [stderr]    Compiling termcolor v1.1.3
[INFO] [stderr]    Compiling textwrap v0.15.0
[INFO] [stderr]    Compiling webpki v0.21.4
[INFO] [stderr]    Compiling sct v0.6.1
[INFO] [stderr]    Compiling ipnet v2.4.0
[INFO] [stderr]    Compiling rustls v0.19.1
[INFO] [stderr]    Compiling webpki-roots v0.21.1
[INFO] [stderr]    Compiling actix-rt v2.7.0
[INFO] [stderr]    Compiling tokio-stream v0.1.8
[INFO] [stderr]    Compiling tokio-macros v1.7.0
[INFO] [stderr]    Compiling tracing-attributes v0.1.20
[INFO] [stderr]    Compiling thiserror-impl v1.0.30
[INFO] [stderr]    Compiling clap_derive v3.1.7
[INFO] [stderr]    Compiling tokio-rustls v0.22.0
[INFO] [stderr]    Compiling sqlx-rt v0.5.11
[INFO] [stderr]    Compiling thiserror v1.0.30
[INFO] [stderr]    Compiling tracing v0.1.33
[INFO] [stderr]    Compiling clap v3.1.8
[INFO] [stderr]    Compiling tokio-util v0.7.1
[INFO] [stderr]    Compiling tokio-native-tls v0.3.0
[INFO] [stderr]    Compiling h2 v0.3.13
[INFO] [stderr]    Compiling either v1.6.1
[INFO] [stderr]    Compiling serde_urlencoded v0.7.1
[INFO] [stderr]    Compiling itertools v0.10.3
[INFO] [stderr]    Compiling hyper v0.14.18
[INFO] [stderr]    Compiling sqlformat v0.1.8
[INFO] [stderr]    Compiling sqlx-core v0.5.11
[INFO] [stderr]    Compiling hyper-tls v0.5.0
[INFO] [stderr]    Compiling reqwest v0.11.10
[INFO] [stderr]    Compiling sqlx-macros v0.5.11
[INFO] [stderr]    Compiling sqlx v0.5.11
[INFO] [stderr]    Compiling sg_cli v0.1.0 (/opt/rustwide/workdir)
[INFO] [stdout] error: error communicating with database: failed to lookup address information: Temporary failure in name resolution
[INFO] [stdout]   --> src/functions.rs:15:17
[INFO] [stdout]    |
[INFO] [stdout] 15 |           let _ = sqlx::query!(
[INFO] [stdout]    |  _________________^
[INFO] [stdout] 16 | |             r#"
[INFO] [stdout] 17 | |         INSERT INTO metadata (edition, data)
[INFO] [stdout] 18 | |         VALUES ($1, $2)
[INFO] [stdout] ...  |
[INFO] [stdout] 22 | |             sqlx::types::Json(i) as _
[INFO] [stdout] 23 | |         )
[INFO] [stdout]    | |_________^
[INFO] [stdout]    |
[INFO] [stdout]    = note: this error originates in the macro `$crate::sqlx_macros::expand_query` which comes from the expansion of the macro `sqlx::query` (in Nightly builds, run with -Z macro-backtrace for more info)
[INFO] [stdout] 
[INFO] [stdout] 
[INFO] [stdout] error: error communicating with database: failed to lookup address information: Temporary failure in name resolution
[INFO] [stdout]   --> src/functions.rs:37:9
[INFO] [stdout]    |
[INFO] [stdout] 37 |         sqlx::query!("SELECT edition, data FROM metadata")
[INFO] [stdout]    |         ^^^^^^^^^^^^^^^^^^^^^^^^^^^^^^^^^^^^^^^^^^^^^^^^^^
[INFO] [stdout]    |
[INFO] [stdout]    = note: this error originates in the macro `$crate::sqlx_macros::expand_query` which comes from the expansion of the macro `sqlx::query` (in Nightly builds, run with -Z macro-backtrace for more info)
[INFO] [stdout] 
[INFO] [stdout] 
[INFO] [stdout] error: error communicating with database: failed to lookup address information: Temporary failure in name resolution
[INFO] [stdout]   --> src/functions.rs:52:29
[INFO] [stdout]    |
[INFO] [stdout] 52 |           let update_record = sqlx::query!(
[INFO] [stdout]    |  _____________________________^
[INFO] [stdout] 53 | |             "UPDATE metadata SET data = $1 WHERE edition = $2 RETURNING edition",
[INFO] [stdout] 54 | |             d,
[INFO] [stdout] 55 | |             r.edition
[INFO] [stdout] 56 | |         )
[INFO] [stdout]    | |_________^
[INFO] [stdout]    |
[INFO] [stdout]    = note: this error originates in the macro `$crate::sqlx_macros::expand_query` which comes from the expansion of the macro `sqlx::query` (in Nightly builds, run with -Z macro-backtrace for more info)
[INFO] [stdout] 
[INFO] [stdout] 
[INFO] [stdout] error: error communicating with database: failed to lookup address information: Temporary failure in name resolution
[INFO] [stdout]   --> src/functions.rs:68:15
[INFO] [stdout]    |
[INFO] [stdout] 68 |       let rec = sqlx::query!(
[INFO] [stdout]    |  _______________^
[INFO] [stdout] 69 | |         "UPDATE current_stage SET stage = $1 RETURNING stage",
[INFO] [stdout] 70 | |         stage as i16
[INFO] [stdout] 71 | |     )
[INFO] [stdout]    | |_____^
[INFO] [stdout]    |
[INFO] [stdout]    = note: this error originates in the macro `$crate::sqlx_macros::expand_query` which comes from the expansion of the macro `sqlx::query` (in Nightly builds, run with -Z macro-backtrace for more info)
[INFO] [stdout] 
[INFO] [stdout] 
[INFO] [stdout] error: error communicating with database: failed to lookup address information: Temporary failure in name resolution
[INFO] [stdout]   --> src/functions.rs:80:9
[INFO] [stdout]    |
[INFO] [stdout] 80 |         sqlx::query!("SELECT edition, data FROM metadata WHERE data -> 'frozen' = 'false'")
[INFO] [stdout]    |         ^^^^^^^^^^^^^^^^^^^^^^^^^^^^^^^^^^^^^^^^^^^^^^^^^^^^^^^^^^^^^^^^^^^^^^^^^^^^^^^^^^^
[INFO] [stdout]    |
[INFO] [stdout]    = note: this error originates in the macro `$crate::sqlx_macros::expand_query` which comes from the expansion of the macro `sqlx::query` (in Nightly builds, run with -Z macro-backtrace for more info)
[INFO] [stdout] 
[INFO] [stdout] 
[INFO] [stdout] error: error communicating with database: failed to lookup address information: Temporary failure in name resolution
[INFO] [stdout]   --> src/functions.rs:93:29
[INFO] [stdout]    |
[INFO] [stdout] 93 |           let update_record = sqlx::query!(
[INFO] [stdout]    |  _____________________________^
[INFO] [stdout] 94 | |             "UPDATE metadata SET data = $1 WHERE edition = $2 RETURNING edition",
[INFO] [stdout] 95 | |             d,
[INFO] [stdout] 96 | |             r.edition
[INFO] [stdout] 97 | |         )
[INFO] [stdout]    | |_________^
[INFO] [stdout]    |
[INFO] [stdout]    = note: this error originates in the macro `$crate::sqlx_macros::expand_query` which comes from the expansion of the macro `sqlx::query` (in Nightly builds, run with -Z macro-backtrace for more info)
[INFO] [stdout] 
[INFO] [stdout] 
[INFO] [stdout] error: error communicating with database: failed to lookup address information: Temporary failure in name resolution
[INFO] [stdout]    --> src/functions.rs:113:19
[INFO] [stdout]     |
[INFO] [stdout] 113 |     let records = sqlx::query!("SELECT data -> 'image' as image, data -> 'stage' as stage FROM metadata WHERE data -> 'frozen' = 'true'")
[INFO] [stdout]     |                   ^^^^^^^^^^^^^^^^^^^^^^^^^^^^^^^^^^^^^^^^^^^^^^^^^^^^^^^^^^^^^^^^^^^^^^^^^^^^^^^^^^^^^^^^^^^^^^^^^^^^^^^^^^^^^^^^^^^^^^^
[INFO] [stdout]     |
[INFO] [stdout]     = note: this error originates in the macro `$crate::sqlx_macros::expand_query` which comes from the expansion of the macro `sqlx::query` (in Nightly builds, run with -Z macro-backtrace for more info)
[INFO] [stdout] 
[INFO] [stdout] 
[INFO] [stdout] error: error communicating with database: failed to lookup address information: Temporary failure in name resolution
[INFO] [stdout]    --> src/functions.rs:128:19
[INFO] [stdout]     |
[INFO] [stdout] 128 |     let records = sqlx::query!("SELECT edition, data FROM metadata ORDER BY edition")
[INFO] [stdout]     |                   ^^^^^^^^^^^^^^^^^^^^^^^^^^^^^^^^^^^^^^^^^^^^^^^^^^^^^^^^^^^^^^^^^^^
[INFO] [stdout]     |
[INFO] [stdout]     = note: this error originates in the macro `$crate::sqlx_macros::expand_query` which comes from the expansion of the macro `sqlx::query` (in Nightly builds, run with -Z macro-backtrace for more info)
[INFO] [stdout] 
[INFO] [stdout] 
[INFO] [stdout] error: error communicating with database: failed to lookup address information: Temporary failure in name resolution
[INFO] [stdout]    --> src/functions.rs:154:27
[INFO] [stdout]     |
[INFO] [stdout] 154 |             let records = sqlx::query!("SELECT edition, data FROM metadata")
[INFO] [stdout]     |                           ^^^^^^^^^^^^^^^^^^^^^^^^^^^^^^^^^^^^^^^^^^^^^^^^^^
[INFO] [stdout]     |
[INFO] [stdout]     = note: this error originates in the macro `$crate::sqlx_macros::expand_query` which comes from the expansion of the macro `sqlx::query` (in Nightly builds, run with -Z macro-backtrace for more info)
[INFO] [stdout] 
[INFO] [stdout] 
[INFO] [stdout] error: error communicating with database: failed to lookup address information: Temporary failure in name resolution
[INFO] [stdout]    --> src/functions.rs:170:37
[INFO] [stdout]     |
[INFO] [stdout] 170 |                   let update_record = sqlx::query!(
[INFO] [stdout]     |  _____________________________________^
[INFO] [stdout] 171 | |                     "UPDATE metadata SET data = $1 WHERE edition = $2 RETURNING edition",
[INFO] [stdout] 172 | |                     d,
[INFO] [stdout] 173 | |                     r.edition
[INFO] [stdout] 174 | |                 )
[INFO] [stdout]     | |_________________^
[INFO] [stdout]     |
[INFO] [stdout]     = note: this error originates in the macro `$crate::sqlx_macros::expand_query` which comes from the expansion of the macro `sqlx::query` (in Nightly builds, run with -Z macro-backtrace for more info)
[INFO] [stdout] 
[INFO] [stdout] 
[INFO] [stdout] error: error communicating with database: failed to lookup address information: Temporary failure in name resolution
[INFO] [stdout]    --> src/functions.rs:187:27
[INFO] [stdout]     |
[INFO] [stdout] 187 |             let records = sqlx::query!("SELECT edition, data FROM metadata WHERE data -> 'frozen' = 'false'")
[INFO] [stdout]     |                           ^^^^^^^^^^^^^^^^^^^^^^^^^^^^^^^^^^^^^^^^^^^^^^^^^^^^^^^^^^^^^^^^^^^^^^^^^^^^^^^^^^^
[INFO] [stdout]     |
[INFO] [stdout]     = note: this error originates in the macro `$crate::sqlx_macros::expand_query` which comes from the expansion of the macro `sqlx::query` (in Nightly builds, run with -Z macro-backtrace for more info)
[INFO] [stdout] 
[INFO] [stdout] 
[INFO] [stdout] error: error communicating with database: failed to lookup address information: Temporary failure in name resolution
[INFO] [stdout]    --> src/functions.rs:203:37
[INFO] [stdout]     |
[INFO] [stdout] 203 |                   let update_record = sqlx::query!(
[INFO] [stdout]     |  _____________________________________^
[INFO] [stdout] 204 | |                     "UPDATE metadata SET data = $1 WHERE edition = $2 RETURNING edition",
[INFO] [stdout] 205 | |                     d,
[INFO] [stdout] 206 | |                     r.edition
[INFO] [stdout] 207 | |                 )
[INFO] [stdout]     | |_________________^
[INFO] [stdout]     |
[INFO] [stdout]     = note: this error originates in the macro `$crate::sqlx_macros::expand_query` which comes from the expansion of the macro `sqlx::query` (in Nightly builds, run with -Z macro-backtrace for more info)
[INFO] [stdout] 
[INFO] [stdout] 
[INFO] [stdout] error: error communicating with database: failed to lookup address information: Temporary failure in name resolution
[INFO] [stdout]    --> src/functions.rs:230:9
[INFO] [stdout]     |
[INFO] [stdout] 230 |         sqlx::query!("SELECT edition, data FROM metadata WHERE data -> 'frozen' = 'false'")
[INFO] [stdout]     |         ^^^^^^^^^^^^^^^^^^^^^^^^^^^^^^^^^^^^^^^^^^^^^^^^^^^^^^^^^^^^^^^^^^^^^^^^^^^^^^^^^^^
[INFO] [stdout]     |
[INFO] [stdout]     = note: this error originates in the macro `$crate::sqlx_macros::expand_query` which comes from the expansion of the macro `sqlx::query` (in Nightly builds, run with -Z macro-backtrace for more info)
[INFO] [stdout] 
[INFO] [stdout] 
[INFO] [stdout] error: error communicating with database: failed to lookup address information: Temporary failure in name resolution
[INFO] [stdout]    --> src/functions.rs:246:37
[INFO] [stdout]     |
[INFO] [stdout] 246 |                   let update_record = sqlx::query!(
[INFO] [stdout]     |  _____________________________________^
[INFO] [stdout] 247 | |                     "UPDATE metadata SET data = $1 WHERE edition = $2 RETURNING edition",
[INFO] [stdout] 248 | |                     d,
[INFO] [stdout] 249 | |                     r.edition
[INFO] [stdout] 250 | |                 )
[INFO] [stdout]     | |_________________^
[INFO] [stdout]     |
[INFO] [stdout]     = note: this error originates in the macro `$crate::sqlx_macros::expand_query` which comes from the expansion of the macro `sqlx::query` (in Nightly builds, run with -Z macro-backtrace for more info)
[INFO] [stdout] 
[INFO] [stdout] 
[INFO] [stdout] error: error communicating with database: failed to lookup address information: Temporary failure in name resolution
[INFO] [stdout]    --> src/functions.rs:268:37
[INFO] [stdout]     |
[INFO] [stdout] 268 |                   let update_record = sqlx::query!(
[INFO] [stdout]     |  _____________________________________^
[INFO] [stdout] 269 | |                     "UPDATE metadata SET data = $1 WHERE edition = $2 RETURNING edition",
[INFO] [stdout] 270 | |                     d,
[INFO] [stdout] 271 | |                     r.edition
[INFO] [stdout] 272 | |                 )
[INFO] [stdout]     | |_________________^
[INFO] [stdout]     |
[INFO] [stdout]     = note: this error originates in the macro `$crate::sqlx_macros::expand_query` which comes from the expansion of the macro `sqlx::query` (in Nightly builds, run with -Z macro-backtrace for more info)
[INFO] [stdout] 
[INFO] [stdout] 
[INFO] [stdout] error: error communicating with database: failed to lookup address information: Temporary failure in name resolution
[INFO] [stdout]    --> src/functions.rs:285:37
[INFO] [stdout]     |
[INFO] [stdout] 285 |                   let update_record = sqlx::query!(
[INFO] [stdout]     |  _____________________________________^
[INFO] [stdout] 286 | |                     "UPDATE metadata SET data = $1 WHERE edition = $2 RETURNING edition",
[INFO] [stdout] 287 | |                     d,
[INFO] [stdout] 288 | |                     r.edition
[INFO] [stdout] 289 | |                 )
[INFO] [stdout]     | |_________________^
[INFO] [stdout]     |
[INFO] [stdout]     = note: this error originates in the macro `$crate::sqlx_macros::expand_query` which comes from the expansion of the macro `sqlx::query` (in Nightly builds, run with -Z macro-backtrace for more info)
[INFO] [stdout] 
[INFO] [stdout] 
[INFO] [stdout] error: aborting due to 16 previous errors
[INFO] [stdout] 
[INFO] [stdout] 
[INFO] [stderr] error: could not compile `sg_cli` (lib) due to 17 previous errors
[INFO] running `Command { std: "docker" "inspect" "7b80f2295fe125f2be811273d66ffe47f2b6877cbbd30fac293d3903f2af5269", kill_on_drop: false }`
[INFO] running `Command { std: "docker" "rm" "-f" "7b80f2295fe125f2be811273d66ffe47f2b6877cbbd30fac293d3903f2af5269", kill_on_drop: false }`
[INFO] [stdout] 7b80f2295fe125f2be811273d66ffe47f2b6877cbbd30fac293d3903f2af5269
