[INFO] cloning repository https://github.com/KiruyaMomochi/priconne-bot-rs
[INFO] running `Command { std: "git" "-c" "credential.helper=" "-c" "credential.helper=/workspace/cargo-home/bin/git-credential-null" "clone" "--bare" "https://github.com/KiruyaMomochi/priconne-bot-rs" "/workspace/cache/git-repos/https%3A%2F%2Fgithub.com%2FKiruyaMomochi%2Fpriconne-bot-rs", kill_on_drop: false }`
[INFO] [stderr] Cloning into bare repository '/workspace/cache/git-repos/https%3A%2F%2Fgithub.com%2FKiruyaMomochi%2Fpriconne-bot-rs'...
[INFO] running `Command { std: "git" "rev-parse" "HEAD", kill_on_drop: false }`
[INFO] [stdout] 252e32016451e4804299e4cd167386d1b235905b
[INFO] testing KiruyaMomochi/priconne-bot-rs against beta-2023-04-20 for beta-1.70-1
[INFO] running `Command { std: "git" "clone" "/workspace/cache/git-repos/https%3A%2F%2Fgithub.com%2FKiruyaMomochi%2Fpriconne-bot-rs" "/workspace/builds/worker-5-tc2/source", kill_on_drop: false }`
[INFO] [stderr] Cloning into '/workspace/builds/worker-5-tc2/source'...
[INFO] [stderr] done.
[INFO] validating manifest of git repo https://github.com/KiruyaMomochi/priconne-bot-rs on toolchain beta-2023-04-20
[INFO] running `Command { std: CARGO_HOME="/workspace/cargo-home" RUSTUP_HOME="/workspace/rustup-home" "/workspace/cargo-home/bin/cargo" "+beta-2023-04-20" "metadata" "--manifest-path" "Cargo.toml" "--no-deps", kill_on_drop: false }`
[INFO] removed /workspace/builds/worker-5-tc2/source/.cargo/config.toml
[INFO] started tweaking git repo https://github.com/KiruyaMomochi/priconne-bot-rs
[INFO] finished tweaking git repo https://github.com/KiruyaMomochi/priconne-bot-rs
[INFO] tweaked toml for git repo https://github.com/KiruyaMomochi/priconne-bot-rs written to /workspace/builds/worker-5-tc2/source/Cargo.toml
[INFO] crate git repo https://github.com/KiruyaMomochi/priconne-bot-rs already has a lockfile, it will not be regenerated
[INFO] running `Command { std: CARGO_HOME="/workspace/cargo-home" RUSTUP_HOME="/workspace/rustup-home" "/workspace/cargo-home/bin/cargo" "+beta-2023-04-20" "fetch" "--manifest-path" "Cargo.toml", kill_on_drop: false }`
[INFO] [stderr]     Updating crates.io index
[INFO] [stderr]  Downloading crates ...
[INFO] [stderr]   Downloaded tokio-tungstenite v0.15.0
[INFO] [stderr]   Downloaded never v0.1.0
[INFO] [stderr]   Downloaded warp v0.3.2
[INFO] [stderr]   Downloaded os_info v3.0.8
[INFO] [stderr]   Downloaded cron v0.9.0
[INFO] [stderr]   Downloaded teloxide-macros v0.4.1
[INFO] [stderr]   Downloaded tokio-macros v1.6.0
[INFO] [stderr]   Downloaded tungstenite v0.14.0
[INFO] [stderr]   Downloaded flurry v0.3.1
[INFO] [stderr]   Downloaded nom v4.1.1
[INFO] [stderr]   Downloaded bson v2.1.0-beta
[INFO] [stderr]   Downloaded mongodb v2.1.0-beta
[INFO] [stderr]   Downloaded teloxide-core v0.3.4
[INFO] [stderr]   Downloaded teloxide v0.5.3
[INFO] [stderr]   Downloaded cron v0.11.0
[INFO] running `Command { std: "docker" "create" "-v" "/var/lib/crater-agent-workspace/builds/worker-5-tc2/target:/opt/rustwide/target:rw,Z" "-v" "/var/lib/crater-agent-workspace/builds/worker-5-tc2/source:/opt/rustwide/workdir:ro,Z" "-v" "/var/lib/crater-agent-workspace/cargo-home:/opt/rustwide/cargo-home:ro,Z" "-v" "/var/lib/crater-agent-workspace/rustup-home:/opt/rustwide/rustup-home:ro,Z" "-e" "SOURCE_DIR=/opt/rustwide/workdir" "-e" "CARGO_TARGET_DIR=/opt/rustwide/target" "-e" "CARGO_HOME=/opt/rustwide/cargo-home" "-e" "RUSTUP_HOME=/opt/rustwide/rustup-home" "-w" "/opt/rustwide/workdir" "-m" "1610612736" "--user" "0:0" "--network" "none" "ghcr.io/rust-lang/crates-build-env/linux@sha256:5ff2268d62e97bff2cde7d5815dd6ed5b47097566f13b8d0ca110b04b60e07ed" "/opt/rustwide/cargo-home/bin/cargo" "+beta-2023-04-20" "metadata" "--no-deps" "--format-version=1", kill_on_drop: false }`
[INFO] [stdout] b14be428920ba04120274b3c3369b994326103cc45477e153175cf903f63bea7
[INFO] running `Command { std: "docker" "start" "-a" "b14be428920ba04120274b3c3369b994326103cc45477e153175cf903f63bea7", kill_on_drop: false }`
[INFO] running `Command { std: "docker" "inspect" "b14be428920ba04120274b3c3369b994326103cc45477e153175cf903f63bea7", kill_on_drop: false }`
[INFO] running `Command { std: "docker" "rm" "-f" "b14be428920ba04120274b3c3369b994326103cc45477e153175cf903f63bea7", kill_on_drop: false }`
[INFO] [stdout] b14be428920ba04120274b3c3369b994326103cc45477e153175cf903f63bea7
[INFO] running `Command { std: "docker" "create" "-v" "/var/lib/crater-agent-workspace/builds/worker-5-tc2/target:/opt/rustwide/target:rw,Z" "-v" "/var/lib/crater-agent-workspace/builds/worker-5-tc2/source:/opt/rustwide/workdir:ro,Z" "-v" "/var/lib/crater-agent-workspace/cargo-home:/opt/rustwide/cargo-home:ro,Z" "-v" "/var/lib/crater-agent-workspace/rustup-home:/opt/rustwide/rustup-home:ro,Z" "-e" "SOURCE_DIR=/opt/rustwide/workdir" "-e" "CARGO_TARGET_DIR=/opt/rustwide/target" "-e" "CARGO_INCREMENTAL=0" "-e" "RUST_BACKTRACE=full" "-e" "RUSTFLAGS=--cap-lints=warn" "-e" "RUSTDOCFLAGS=--cap-lints=warn" "-e" "CARGO_HOME=/opt/rustwide/cargo-home" "-e" "RUSTUP_HOME=/opt/rustwide/rustup-home" "-w" "/opt/rustwide/workdir" "-m" "1610612736" "--user" "0:0" "--network" "none" "ghcr.io/rust-lang/crates-build-env/linux@sha256:5ff2268d62e97bff2cde7d5815dd6ed5b47097566f13b8d0ca110b04b60e07ed" "/opt/rustwide/cargo-home/bin/cargo" "+beta-2023-04-20" "build" "--frozen" "--message-format=json", kill_on_drop: false }`
[INFO] [stdout] 42a6a3345df1fd49a0daaefb6552413f5eb36df926321b00dc3e72674c028711
[INFO] running `Command { std: "docker" "start" "-a" "42a6a3345df1fd49a0daaefb6552413f5eb36df926321b00dc3e72674c028711", kill_on_drop: false }`
[INFO] [stderr]    Compiling libc v0.2.108
[INFO] [stderr]    Compiling proc-macro2 v1.0.32
[INFO] [stderr]    Compiling unicode-xid v0.2.2
[INFO] [stderr]    Compiling syn v1.0.82
[INFO] [stderr]    Compiling cfg-if v1.0.0
[INFO] [stderr]    Compiling autocfg v1.0.1
[INFO] [stderr]    Compiling memchr v2.4.1
[INFO] [stderr]    Compiling log v0.4.14
[INFO] [stderr]    Compiling version_check v0.9.3
[INFO] [stderr]    Compiling serde_derive v1.0.130
[INFO] [stderr]    Compiling serde v1.0.130
[INFO] [stderr]    Compiling once_cell v1.17.1
[INFO] [stderr]    Compiling ppv-lite86 v0.2.15
[INFO] [stderr]    Compiling cc v1.0.72
[INFO] [stderr]    Compiling pin-project-lite v0.2.7
[INFO] [stderr]    Compiling bytes v1.1.0
[INFO] [stderr]    Compiling quote v1.0.10
[INFO] [stderr]    Compiling getrandom v0.1.16
[INFO] [stderr]    Compiling lazy_static v1.4.0
[INFO] [stderr]    Compiling itoa v0.4.8
[INFO] [stderr]    Compiling fnv v1.0.7
[INFO] [stderr]    Compiling futures-core v0.3.18
[INFO] [stderr]    Compiling num_cpus v1.13.0
[INFO] [stderr]    Compiling tokio v1.14.0
[INFO] [stderr]    Compiling signal-hook-registry v1.4.0
[INFO] [stderr]    Compiling mio v0.7.14
[INFO] [stderr]    Compiling rand_core v0.5.1
[INFO] [stderr]    Compiling futures-sink v0.3.18
[INFO] [stderr]    Compiling futures-channel v0.3.18
[INFO] [stderr]    Compiling futures-task v0.3.18
[INFO] [stderr]    Compiling siphasher v0.3.7
[INFO] [stderr]    Compiling matches v0.1.9
[INFO] [stderr]    Compiling rand_pcg v0.2.1
[INFO] [stderr]    Compiling rand_chacha v0.2.2
[INFO] [stderr]    Compiling phf_shared v0.8.0
[INFO] [stderr]    Compiling getrandom v0.2.3
[INFO] [stderr]    Compiling typenum v1.14.0
[INFO] [stderr]    Compiling futures-util v0.3.18
[INFO] [stderr]    Compiling smallvec v1.7.0
[INFO] [stderr]    Compiling generic-array v0.14.4
[INFO] [stderr]    Compiling pin-utils v0.1.0
[INFO] [stderr]    Compiling rand v0.7.3
[INFO] [stderr]    Compiling tinyvec_macros v0.1.0
[INFO] [stderr]    Compiling slab v0.4.5
[INFO] [stderr]    Compiling futures-io v0.3.18
[INFO] [stderr]    Compiling tinyvec v1.5.1
[INFO] [stderr]    Compiling indexmap v1.7.0
[INFO] [stderr]    Compiling scopeguard v1.1.0
[INFO] [stderr]    Compiling http v0.2.5
[INFO] [stderr]    Compiling pkg-config v0.3.22
[INFO] [stderr]    Compiling percent-encoding v2.1.0
[INFO] [stderr]    Compiling unicode-bidi v0.3.7
[INFO] [stderr]    Compiling bitflags v1.3.2
[INFO] [stderr]    Compiling hashbrown v0.11.2
[INFO] [stderr]    Compiling phf_generator v0.8.0
[INFO] [stderr]    Compiling openssl-sys v0.9.71
[INFO] [stderr]    Compiling unicode-normalization v0.1.19
[INFO] [stderr]    Compiling form_urlencoded v1.0.1
[INFO] [stderr]    Compiling base64 v0.13.0
[INFO] [stderr]    Compiling httparse v1.5.1
[INFO] [stderr]    Compiling rand_core v0.6.3
[INFO] [stderr]    Compiling unicase v2.6.0
[INFO] [stderr]    Compiling num-traits v0.2.14
[INFO] [stderr]    Compiling ryu v1.0.6
[INFO] [stderr]    Compiling idna v0.2.3
[INFO] [stderr]    Compiling rand_chacha v0.3.1
[INFO] [stderr]    Compiling num-integer v0.1.44
[INFO] [stderr]    Compiling proc-macro-hack v0.5.19
[INFO] [stderr]    Compiling parking_lot_core v0.8.5
[INFO] [stderr]    Compiling rand v0.8.4
[INFO] [stderr]    Compiling digest v0.9.0
[INFO] [stderr]    Compiling phf_codegen v0.8.0
[INFO] [stderr]    Compiling tracing-core v0.1.21
[INFO] [stderr]    Compiling instant v0.1.12
[INFO] [stderr]    Compiling serde_json v1.0.72
[INFO] [stderr]    Compiling openssl v0.10.38
[INFO] [stderr]    Compiling foreign-types-shared v0.1.1
[INFO] [stderr]    Compiling foreign-types v0.3.2
[INFO] [stderr]    Compiling mime_guess v2.0.3
[INFO] [stderr]    Compiling tracing v0.1.29
[INFO] [stderr]    Compiling block-buffer v0.9.0
[INFO] [stderr]    Compiling lock_api v0.4.5
[INFO] [stderr]    Compiling ring v0.16.20
[INFO] [stderr]    Compiling time v0.1.44
[INFO] [stderr]    Compiling socket2 v0.4.2
[INFO] [stderr]    Compiling opaque-debug v0.3.0
[INFO] [stderr]    Compiling native-tls v0.2.8
[INFO] [stderr]    Compiling try-lock v0.2.3
[INFO] [stderr]    Compiling ident_case v1.0.1
[INFO] [stderr]    Compiling mime v0.3.16
[INFO] [stderr]    Compiling utf-8 v0.7.6
[INFO] [stderr]    Compiling httpdate v1.0.2
[INFO] [stderr]    Compiling strsim v0.10.0
[INFO] [stderr]    Compiling want v0.3.0
[INFO] [stderr]    Compiling parking_lot v0.11.2
[INFO] [stderr]    Compiling darling_core v0.13.0
[INFO] [stderr]    Compiling http-body v0.4.4
[INFO] [stderr]    Compiling spin v0.5.2
[INFO] [stderr]    Compiling byteorder v1.4.3
[INFO] [stderr]    Compiling cpufeatures v0.2.1
[INFO] [stderr]    Compiling untrusted v0.7.1
[INFO] [stderr]    Compiling tower-service v0.3.1
[INFO] [stderr]    Compiling new_debug_unreachable v1.0.4
[INFO] [stderr]    Compiling openssl-probe v0.1.4
[INFO] [stderr]    Compiling ipnet v2.3.1
[INFO] [stderr]    Compiling string_cache_codegen v0.5.1
[INFO] [stderr]    Compiling encoding_rs v0.8.29
[INFO] [stderr]    Compiling tokio-macros v1.6.0
[INFO] [stderr]    Compiling futures-macro v0.3.18
[INFO] [stderr]    Compiling thiserror-impl v1.0.30
[INFO] [stderr]    Compiling phf_macros v0.8.0
[INFO] [stderr]    Compiling phf v0.8.0
[INFO] [stderr]    Compiling linked-hash-map v0.5.4
[INFO] [stderr]    Compiling thiserror v1.0.30
[INFO] [stderr]    Compiling darling_macro v0.13.0
[INFO] [stderr]    Compiling async-trait v0.1.51
[INFO] [stderr]    Compiling precomputed-hash v0.1.1
[INFO] [stderr]    Compiling convert_case v0.4.0
[INFO] [stderr]    Compiling cfg-if v0.1.10
[INFO] [stderr]    Compiling mac v0.1.1
[INFO] [stderr]    Compiling dtoa v0.4.8
[INFO] [stderr]    Compiling derive_more v0.99.17
[INFO] [stderr]    Compiling futf v0.1.4
[INFO] [stderr]    Compiling markup5ever v0.10.1
[INFO] [stderr]    Compiling pin-project-internal v1.0.8
[INFO] [stderr]    Compiling cssparser v0.27.2
[INFO] [stderr]    Compiling darling v0.13.0
[INFO] [stderr]    Compiling sha-1 v0.9.8
[INFO] [stderr]    Compiling crossbeam-utils v0.7.2
[INFO] [stderr]    Compiling memoffset v0.5.6
[INFO] [stderr]    Compiling unicode-segmentation v1.8.0
[INFO] [stderr]    Compiling quick-error v1.2.3
[INFO] [stderr]    Compiling maybe-uninit v2.0.0
[INFO] [stderr]    Compiling heck v0.3.3
[INFO] [stderr]    Compiling futures-executor v0.3.18
[INFO] [stderr]    Compiling serde_with_macros v1.5.1
[INFO] [stderr]    Compiling pin-project v1.0.8
[INFO] [stderr]    Compiling tokio-util v0.6.9
[INFO] [stderr]    Compiling tokio-native-tls v0.3.0
[INFO] [stderr]    Compiling tendril v0.4.2
[INFO] [stderr]    Compiling h2 v0.3.7
[INFO] [stderr]    Compiling dtoa-short v0.3.3
[INFO] [stderr]    Compiling webpki v0.21.4
[INFO] [stderr]    Compiling html5ever v0.25.1
[INFO] [stderr]    Compiling cssparser-macros v0.6.0
[INFO] [stderr]    Compiling selectors v0.22.0
[INFO] [stderr]    Compiling ahash v0.7.6
[INFO] [stderr]    Compiling crossbeam-epoch v0.8.2
[INFO] [stderr]    Compiling rustversion v1.0.5
[INFO] [stderr]    Compiling stable_deref_trait v1.2.0
[INFO] [stderr]    Compiling match_cfg v0.1.0
[INFO] [stderr]    Compiling url v2.2.2
[INFO] [stderr]    Compiling chrono v0.4.19
[INFO] [stderr]    Compiling serde_urlencoded v0.7.0
[INFO] [stderr]    Compiling uuid v0.8.2
[INFO] [stderr]    Compiling string_cache v0.8.2
[INFO] [stderr]    Compiling nodrop v0.1.14
[INFO] [stderr]    Compiling subtle v2.4.1
[INFO] [stderr]    Compiling servo_arc v0.1.1
[INFO] [stderr]    Compiling crypto-mac v0.11.1
[INFO] [stderr]    Compiling hostname v0.3.1
[INFO] [stderr]    Compiling enum-as-inner v0.3.3
[INFO] [stderr]    Compiling parking_lot_core v0.7.2
[INFO] [stderr]    Compiling sct v0.6.1
[INFO] [stderr]    Compiling fxhash v0.2.1
[INFO] [stderr]    Compiling lock_api v0.3.4
[INFO] [stderr]    Compiling data-encoding v2.3.2
[INFO] [stderr]    Compiling thin-slice v0.1.1
[INFO] [stderr]    Compiling parking_lot v0.10.2
[INFO] [stderr]    Compiling rustls v0.19.1
[INFO] [stderr]    Compiling trust-dns-proto v0.20.3
[INFO] [stderr]    Compiling resolv-conf v0.7.0
[INFO] [stderr]    Compiling serde_bytes v0.11.5
[INFO] [stderr]    Compiling tokio-stream v0.1.8
[INFO] [stderr]    Compiling futures v0.3.18
[INFO] [stderr]    Compiling lru-cache v0.1.2
[INFO] [stderr]    Compiling aho-corasick v0.7.18
[INFO] [stderr]    Compiling regex-syntax v0.6.25
[INFO] [stderr]    Compiling never v0.1.0
[INFO] [stderr]    Compiling either v1.6.1
[INFO] [stderr]    Compiling ahash v0.3.8
[INFO] [stderr]    Compiling hex v0.4.3
[INFO] [stderr]    Compiling serde_with v1.11.0
[INFO] [stderr]    Compiling flurry v0.3.1
[INFO] [stderr]    Compiling trust-dns-resolver v0.20.3
[INFO] [stderr]    Compiling tokio-rustls v0.22.0
[INFO] [stderr]    Compiling bson v2.1.0-beta
[INFO] [stderr]    Compiling hyper v0.14.15
[INFO] [stderr]    Compiling kuchiki v0.8.1
[INFO] [stderr]    Compiling pbkdf2 v0.8.0
[INFO] [stderr]    Compiling hmac v0.11.0
[INFO] [stderr]    Compiling webpki-roots v0.21.1
[INFO] [stderr]    Compiling derivative v2.2.0
[INFO] [stderr]    Compiling regex v1.5.4
[INFO] [stderr]    Compiling typed-builder v0.9.1
[INFO] [stderr]    Compiling teloxide-macros v0.4.1
[INFO] [stderr]    Compiling sha2 v0.9.8
[INFO] [stderr]    Compiling md-5 v0.9.1
[INFO] [stderr]    Compiling stringprep v0.1.2
[INFO] [stderr]    Compiling atty v0.2.14
[INFO] [stderr]    Compiling nom v4.1.1
[INFO] [stderr]    Compiling os_info v3.0.8
[INFO] [stderr]    Compiling safemem v0.3.3
[INFO] [stderr]    Compiling humantime v2.1.0
[INFO] [stderr]    Compiling remove_dir_all v0.5.3
[INFO] [stderr]    Compiling take_mut v0.2.2
[INFO] [stderr]    Compiling termcolor v1.1.2
[INFO] [stderr]    Compiling mongodb v2.1.0-beta
[INFO] [stderr]    Compiling tempfile v3.2.0
[INFO] [stderr]    Compiling buf_redux v0.8.4
[INFO] [stderr]    Compiling env_logger v0.9.0
[INFO] [stderr]    Compiling cron v0.9.0
[INFO] [stderr]    Compiling tungstenite v0.14.0
[INFO] [stderr]    Compiling headers-core v0.2.0
[INFO] [stderr]    Compiling twoway v0.1.8
[INFO] [stderr]    Compiling minimal-lexical v0.2.1
[INFO] [stderr]    Compiling multipart v0.18.0
[INFO] [stderr]    Compiling nom v7.1.3
[INFO] [stderr]    Compiling tokio-tungstenite v0.15.0
[INFO] [stderr]    Compiling headers v0.3.5
[INFO] [stderr]    Compiling scoped-tls v1.0.0
[INFO] [stderr]    Compiling toml v0.5.8
[INFO] [stderr]    Compiling linked_hash_set v0.1.4
[INFO] [stderr]    Compiling yaml-rust v0.4.5
[INFO] [stderr]    Compiling serde_yaml v0.8.21
[INFO] [stderr]    Compiling hyper-tls v0.5.0
[INFO] [stderr]    Compiling warp v0.3.2
[INFO] [stderr]    Compiling reqwest v0.11.7
[INFO] [stderr]    Compiling cron v0.11.0
[INFO] [stderr]    Compiling scheduler v0.4.0 (/opt/rustwide/workdir/scheduler)
[INFO] [stderr]    Compiling teloxide-core v0.3.4
[INFO] [stderr]    Compiling telegraph-rs v0.5.0 (https://github.com/KiruyaMomochi/telegraph-rs#f7077998)
[INFO] [stderr]    Compiling teloxide v0.5.3
[INFO] [stderr]    Compiling priconne-core v0.2.0 (/opt/rustwide/workdir/priconne-core)
[INFO] [stderr]    Compiling utils v0.1.0 (/opt/rustwide/workdir/utils)
[INFO] [stderr]    Compiling resource v0.1.0 (/opt/rustwide/workdir/resource)
[INFO] [stdout] warning: field `page` is never read
[INFO] [stdout]   --> resource/src/article/information/bot.rs:85:5
[INFO] [stdout]    |
[INFO] [stdout] 82 | pub struct SentInformation {
[INFO] [stdout]    |            --------------- field in this struct
[INFO] [stdout] ...
[INFO] [stdout] 85 |     page: InformationPage,
[INFO] [stdout]    |     ^^^^
[INFO] [stdout]    |
[INFO] [stdout]    = note: `#[warn(dead_code)]` on by default
[INFO] [stdout] 
[INFO] [stdout] 
[INFO] [stdout] warning: field `page` is never read
[INFO] [stdout]   --> resource/src/article/news/bot.rs:77:5
[INFO] [stdout]    |
[INFO] [stdout] 74 | pub struct SentNews {
[INFO] [stdout]    |            -------- field in this struct
[INFO] [stdout] ...
[INFO] [stdout] 77 |     page: NewsPage,
[INFO] [stdout]    |     ^^^^
[INFO] [stdout] 
[INFO] [stdout] 
[INFO] [stdout] warning: 2 warnings emitted
[INFO] [stdout] 
[INFO] [stdout] 
[INFO] [stderr]    Compiling bot v0.1.0 (/opt/rustwide/workdir/bot)
[INFO] [stdout] warning: unused import: `str::FromStr`
[INFO] [stdout]  --> bot/src/config.rs:1:33
[INFO] [stdout]   |
[INFO] [stdout] 1 | use std::{collections::HashMap, str::FromStr};
[INFO] [stdout]   |                                 ^^^^^^^^^^^^
[INFO] [stdout]   |
[INFO] [stdout]   = note: `#[warn(unused_imports)]` on by default
[INFO] [stdout] 
[INFO] [stdout] 
[INFO] [stdout] warning: unused import: `cron::Schedule`
[INFO] [stdout]  --> bot/src/config.rs:3:5
[INFO] [stdout]   |
[INFO] [stdout] 3 | use cron::Schedule;
[INFO] [stdout]   |     ^^^^^^^^^^^^^^
[INFO] [stdout] 
[INFO] [stdout] 
[INFO] [stdout] warning: unused macro definition: `schedule_config`
[INFO] [stdout]   --> bot/src/config.rs:68:14
[INFO] [stdout]    |
[INFO] [stdout] 68 | macro_rules! schedule_config {
[INFO] [stdout]    |              ^^^^^^^^^^^^^^^
[INFO] [stdout]    |
[INFO] [stdout]    = note: `#[warn(unused_macros)]` on by default
[INFO] [stdout] 
[INFO] [stdout] 
[INFO] [stdout] error[E0277]: the trait bound `Schedules: Serialize` is not satisfied
[INFO] [stdout]     --> bot/src/config.rs:94:32
[INFO] [stdout]      |
[INFO] [stdout] 94   |         #[derive(Debug, Clone, Serialize, Deserialize)]
[INFO] [stdout]      |                                ^^^^^^^^^ the trait `Serialize` is not implemented for `Schedules`
[INFO] [stdout] 95   |         pub struct $name {
[INFO] [stdout] 96   |             pub schedules: Schedules,
[INFO] [stdout]      |             --- required by a bound introduced by this call
[INFO] [stdout] ...
[INFO] [stdout] 111  | article_resource_config!(InformationResourceConfig);
[INFO] [stdout]      | --------------------------------------------------- in this macro invocation
[INFO] [stdout]      |
[INFO] [stdout]      = help: the following other types implement trait `Serialize`:
[INFO] [stdout]                &'a T
[INFO] [stdout]                &'a bson::raw::array::RawArray
[INFO] [stdout]                &'a bson::raw::document::RawDocument
[INFO] [stdout]                &'a mut T
[INFO] [stdout]                ()
[INFO] [stdout]                (T0, T1)
[INFO] [stdout]                (T0, T1, T2)
[INFO] [stdout]                (T0, T1, T2, T3)
[INFO] [stdout]              and 538 others
[INFO] [stdout] note: required by a bound in `config::_::_serde::ser::SerializeStruct::serialize_field`
[INFO] [stdout]     --> /opt/rustwide/cargo-home/registry/src/index.crates.io-6f17d22bba15001f/serde-1.0.130/src/ser/mod.rs:1899:12
[INFO] [stdout]      |
[INFO] [stdout] 1899 |         T: Serialize;
[INFO] [stdout]      |            ^^^^^^^^^ required by this bound in `SerializeStruct::serialize_field`
[INFO] [stdout]      = note: this error originates in the macro `article_resource_config` (in Nightly builds, run with -Z macro-backtrace for more info)
[INFO] [stdout] 
[INFO] [stdout] 
[INFO] [stdout] error[E0277]: the trait bound `Schedules: Deserialize<'_>` is not satisfied
[INFO] [stdout]     --> bot/src/config.rs:96:28
[INFO] [stdout]      |
[INFO] [stdout] 96   |             pub schedules: Schedules,
[INFO] [stdout]      |                            ^^^^^^^^^ the trait `Deserialize<'_>` is not implemented for `Schedules`
[INFO] [stdout] ...
[INFO] [stdout] 111  | article_resource_config!(InformationResourceConfig);
[INFO] [stdout]      | --------------------------------------------------- in this macro invocation
[INFO] [stdout]      |
[INFO] [stdout]      = help: the following other types implement trait `Deserialize<'de>`:
[INFO] [stdout]                <&'a Path as Deserialize<'de>>
[INFO] [stdout]                <&'a [u8] as Deserialize<'de>>
[INFO] [stdout]                <&'a bson::raw::array::RawArray as Deserialize<'de>>
[INFO] [stdout]                <&'a bson::raw::document::RawDocument as Deserialize<'de>>
[INFO] [stdout]                <&'a serde_bytes::bytes::Bytes as Deserialize<'de>>
[INFO] [stdout]                <&'a str as Deserialize<'de>>
[INFO] [stdout]                <() as Deserialize<'de>>
[INFO] [stdout]                <(T0, T1) as Deserialize<'de>>
[INFO] [stdout]              and 509 others
[INFO] [stdout] note: required by a bound in `next_element`
[INFO] [stdout]     --> /opt/rustwide/cargo-home/registry/src/index.crates.io-6f17d22bba15001f/serde-1.0.130/src/de/mod.rs:1705:12
[INFO] [stdout]      |
[INFO] [stdout] 1705 |         T: Deserialize<'de>,
[INFO] [stdout]      |            ^^^^^^^^^^^^^^^^ required by this bound in `SeqAccess::next_element`
[INFO] [stdout]      = note: this error originates in the macro `article_resource_config` (in Nightly builds, run with -Z macro-backtrace for more info)
[INFO] [stdout] 
[INFO] [stdout] 
[INFO] [stdout] error[E0277]: the trait bound `Schedules: Deserialize<'_>` is not satisfied
[INFO] [stdout]     --> bot/src/config.rs:96:28
[INFO] [stdout]      |
[INFO] [stdout] 96   |             pub schedules: Schedules,
[INFO] [stdout]      |                            ^^^^^^^^^ the trait `Deserialize<'_>` is not implemented for `Schedules`
[INFO] [stdout] ...
[INFO] [stdout] 111  | article_resource_config!(InformationResourceConfig);
[INFO] [stdout]      | --------------------------------------------------- in this macro invocation
[INFO] [stdout]      |
[INFO] [stdout]      = help: the following other types implement trait `Deserialize<'de>`:
[INFO] [stdout]                <&'a Path as Deserialize<'de>>
[INFO] [stdout]                <&'a [u8] as Deserialize<'de>>
[INFO] [stdout]                <&'a bson::raw::array::RawArray as Deserialize<'de>>
[INFO] [stdout]                <&'a bson::raw::document::RawDocument as Deserialize<'de>>
[INFO] [stdout]                <&'a serde_bytes::bytes::Bytes as Deserialize<'de>>
[INFO] [stdout]                <&'a str as Deserialize<'de>>
[INFO] [stdout]                <() as Deserialize<'de>>
[INFO] [stdout]                <(T0, T1) as Deserialize<'de>>
[INFO] [stdout]              and 509 others
[INFO] [stdout] note: required by a bound in `next_value`
[INFO] [stdout]     --> /opt/rustwide/cargo-home/registry/src/index.crates.io-6f17d22bba15001f/serde-1.0.130/src/de/mod.rs:1844:12
[INFO] [stdout]      |
[INFO] [stdout] 1844 |         V: Deserialize<'de>,
[INFO] [stdout]      |            ^^^^^^^^^^^^^^^^ required by this bound in `MapAccess::next_value`
[INFO] [stdout]      = note: this error originates in the macro `article_resource_config` (in Nightly builds, run with -Z macro-backtrace for more info)
[INFO] [stdout] 
[INFO] [stdout] 
[INFO] [stdout] error[E0277]: the trait bound `Schedules: Deserialize<'_>` is not satisfied
[INFO] [stdout]    --> bot/src/config.rs:96:13
[INFO] [stdout]     |
[INFO] [stdout] 96  |             pub schedules: Schedules,
[INFO] [stdout]     |             ^^^ the trait `Deserialize<'_>` is not implemented for `Schedules`
[INFO] [stdout] ...
[INFO] [stdout] 111 | article_resource_config!(InformationResourceConfig);
[INFO] [stdout]     | --------------------------------------------------- in this macro invocation
[INFO] [stdout]     |
[INFO] [stdout]     = help: the following other types implement trait `Deserialize<'de>`:
[INFO] [stdout]               <&'a Path as Deserialize<'de>>
[INFO] [stdout]               <&'a [u8] as Deserialize<'de>>
[INFO] [stdout]               <&'a bson::raw::array::RawArray as Deserialize<'de>>
[INFO] [stdout]               <&'a bson::raw::document::RawDocument as Deserialize<'de>>
[INFO] [stdout]               <&'a serde_bytes::bytes::Bytes as Deserialize<'de>>
[INFO] [stdout]               <&'a str as Deserialize<'de>>
[INFO] [stdout]               <() as Deserialize<'de>>
[INFO] [stdout]               <(T0, T1) as Deserialize<'de>>
[INFO] [stdout]             and 509 others
[INFO] [stdout] note: required by a bound in `config::_::_serde::__private::de::missing_field`
[INFO] [stdout]    --> /opt/rustwide/cargo-home/registry/src/index.crates.io-6f17d22bba15001f/serde-1.0.130/src/private/de.rs:22:8
[INFO] [stdout]     |
[INFO] [stdout] 22  |     V: Deserialize<'de>,
[INFO] [stdout]     |        ^^^^^^^^^^^^^^^^ required by this bound in `missing_field`
[INFO] [stdout]     = note: this error originates in the macro `article_resource_config` (in Nightly builds, run with -Z macro-backtrace for more info)
[INFO] [stdout] 
[INFO] [stdout] 
[INFO] [stdout] error[E0277]: the trait bound `Schedules: Serialize` is not satisfied
[INFO] [stdout]     --> bot/src/config.rs:94:32
[INFO] [stdout]      |
[INFO] [stdout] 94   |         #[derive(Debug, Clone, Serialize, Deserialize)]
[INFO] [stdout]      |                                ^^^^^^^^^ the trait `Serialize` is not implemented for `Schedules`
[INFO] [stdout] 95   |         pub struct $name {
[INFO] [stdout] 96   |             pub schedules: Schedules,
[INFO] [stdout]      |             --- required by a bound introduced by this call
[INFO] [stdout] ...
[INFO] [stdout] 112  | article_resource_config!(CartoonResourceConfig);
[INFO] [stdout]      | ----------------------------------------------- in this macro invocation
[INFO] [stdout]      |
[INFO] [stdout]      = help: the following other types implement trait `Serialize`:
[INFO] [stdout]                &'a T
[INFO] [stdout]                &'a bson::raw::array::RawArray
[INFO] [stdout]                &'a bson::raw::document::RawDocument
[INFO] [stdout]                &'a mut T
[INFO] [stdout]                ()
[INFO] [stdout]                (T0, T1)
[INFO] [stdout]                (T0, T1, T2)
[INFO] [stdout]                (T0, T1, T2, T3)
[INFO] [stdout]              and 538 others
[INFO] [stdout] note: required by a bound in `config::_::_serde::ser::SerializeStruct::serialize_field`
[INFO] [stdout]     --> /opt/rustwide/cargo-home/registry/src/index.crates.io-6f17d22bba15001f/serde-1.0.130/src/ser/mod.rs:1899:12
[INFO] [stdout]      |
[INFO] [stdout] 1899 |         T: Serialize;
[INFO] [stdout]      |            ^^^^^^^^^ required by this bound in `SerializeStruct::serialize_field`
[INFO] [stdout]      = note: this error originates in the macro `article_resource_config` (in Nightly builds, run with -Z macro-backtrace for more info)
[INFO] [stdout] 
[INFO] [stdout] 
[INFO] [stdout] error[E0277]: the trait bound `Schedules: Deserialize<'_>` is not satisfied
[INFO] [stdout]     --> bot/src/config.rs:96:28
[INFO] [stdout]      |
[INFO] [stdout] 96   |             pub schedules: Schedules,
[INFO] [stdout]      |                            ^^^^^^^^^ the trait `Deserialize<'_>` is not implemented for `Schedules`
[INFO] [stdout] ...
[INFO] [stdout] 112  | article_resource_config!(CartoonResourceConfig);
[INFO] [stdout]      | ----------------------------------------------- in this macro invocation
[INFO] [stdout]      |
[INFO] [stdout]      = help: the following other types implement trait `Deserialize<'de>`:
[INFO] [stdout]                <&'a Path as Deserialize<'de>>
[INFO] [stdout]                <&'a [u8] as Deserialize<'de>>
[INFO] [stdout]                <&'a bson::raw::array::RawArray as Deserialize<'de>>
[INFO] [stdout]                <&'a bson::raw::document::RawDocument as Deserialize<'de>>
[INFO] [stdout]                <&'a serde_bytes::bytes::Bytes as Deserialize<'de>>
[INFO] [stdout]                <&'a str as Deserialize<'de>>
[INFO] [stdout]                <() as Deserialize<'de>>
[INFO] [stdout]                <(T0, T1) as Deserialize<'de>>
[INFO] [stdout]              and 509 others
[INFO] [stdout] note: required by a bound in `next_element`
[INFO] [stdout]     --> /opt/rustwide/cargo-home/registry/src/index.crates.io-6f17d22bba15001f/serde-1.0.130/src/de/mod.rs:1705:12
[INFO] [stdout]      |
[INFO] [stdout] 1705 |         T: Deserialize<'de>,
[INFO] [stdout]      |            ^^^^^^^^^^^^^^^^ required by this bound in `SeqAccess::next_element`
[INFO] [stdout]      = note: this error originates in the macro `article_resource_config` (in Nightly builds, run with -Z macro-backtrace for more info)
[INFO] [stdout] 
[INFO] [stdout] 
[INFO] [stdout] error[E0277]: the trait bound `Schedules: Deserialize<'_>` is not satisfied
[INFO] [stdout]     --> bot/src/config.rs:96:28
[INFO] [stdout]      |
[INFO] [stdout] 96   |             pub schedules: Schedules,
[INFO] [stdout]      |                            ^^^^^^^^^ the trait `Deserialize<'_>` is not implemented for `Schedules`
[INFO] [stdout] ...
[INFO] [stdout] 112  | article_resource_config!(CartoonResourceConfig);
[INFO] [stdout]      | ----------------------------------------------- in this macro invocation
[INFO] [stdout]      |
[INFO] [stdout]      = help: the following other types implement trait `Deserialize<'de>`:
[INFO] [stdout]                <&'a Path as Deserialize<'de>>
[INFO] [stdout]                <&'a [u8] as Deserialize<'de>>
[INFO] [stdout]                <&'a bson::raw::array::RawArray as Deserialize<'de>>
[INFO] [stdout]                <&'a bson::raw::document::RawDocument as Deserialize<'de>>
[INFO] [stdout]                <&'a serde_bytes::bytes::Bytes as Deserialize<'de>>
[INFO] [stdout]                <&'a str as Deserialize<'de>>
[INFO] [stdout]                <() as Deserialize<'de>>
[INFO] [stdout]                <(T0, T1) as Deserialize<'de>>
[INFO] [stdout]              and 509 others
[INFO] [stdout] note: required by a bound in `next_value`
[INFO] [stdout]     --> /opt/rustwide/cargo-home/registry/src/index.crates.io-6f17d22bba15001f/serde-1.0.130/src/de/mod.rs:1844:12
[INFO] [stdout]      |
[INFO] [stdout] 1844 |         V: Deserialize<'de>,
[INFO] [stdout]      |            ^^^^^^^^^^^^^^^^ required by this bound in `MapAccess::next_value`
[INFO] [stdout]      = note: this error originates in the macro `article_resource_config` (in Nightly builds, run with -Z macro-backtrace for more info)
[INFO] [stdout] 
[INFO] [stdout] 
[INFO] [stdout] error[E0277]: the trait bound `Schedules: Deserialize<'_>` is not satisfied
[INFO] [stdout]    --> bot/src/config.rs:96:13
[INFO] [stdout]     |
[INFO] [stdout] 96  |             pub schedules: Schedules,
[INFO] [stdout]     |             ^^^ the trait `Deserialize<'_>` is not implemented for `Schedules`
[INFO] [stdout] ...
[INFO] [stdout] 112 | article_resource_config!(CartoonResourceConfig);
[INFO] [stdout]     | ----------------------------------------------- in this macro invocation
[INFO] [stdout]     |
[INFO] [stdout]     = help: the following other types implement trait `Deserialize<'de>`:
[INFO] [stdout]               <&'a Path as Deserialize<'de>>
[INFO] [stdout]               <&'a [u8] as Deserialize<'de>>
[INFO] [stdout]               <&'a bson::raw::array::RawArray as Deserialize<'de>>
[INFO] [stdout]               <&'a bson::raw::document::RawDocument as Deserialize<'de>>
[INFO] [stdout]               <&'a serde_bytes::bytes::Bytes as Deserialize<'de>>
[INFO] [stdout]               <&'a str as Deserialize<'de>>
[INFO] [stdout]               <() as Deserialize<'de>>
[INFO] [stdout]               <(T0, T1) as Deserialize<'de>>
[INFO] [stdout]             and 509 others
[INFO] [stdout] note: required by a bound in `config::_::_serde::__private::de::missing_field`
[INFO] [stdout]    --> /opt/rustwide/cargo-home/registry/src/index.crates.io-6f17d22bba15001f/serde-1.0.130/src/private/de.rs:22:8
[INFO] [stdout]     |
[INFO] [stdout] 22  |     V: Deserialize<'de>,
[INFO] [stdout]     |        ^^^^^^^^^^^^^^^^ required by this bound in `missing_field`
[INFO] [stdout]     = note: this error originates in the macro `article_resource_config` (in Nightly builds, run with -Z macro-backtrace for more info)
[INFO] [stdout] 
[INFO] [stdout] 
[INFO] [stdout] error[E0277]: the trait bound `Schedules: Serialize` is not satisfied
[INFO] [stdout]     --> bot/src/config.rs:94:32
[INFO] [stdout]      |
[INFO] [stdout] 94   |         #[derive(Debug, Clone, Serialize, Deserialize)]
[INFO] [stdout]      |                                ^^^^^^^^^ the trait `Serialize` is not implemented for `Schedules`
[INFO] [stdout] 95   |         pub struct $name {
[INFO] [stdout] 96   |             pub schedules: Schedules,
[INFO] [stdout]      |             --- required by a bound introduced by this call
[INFO] [stdout] ...
[INFO] [stdout] 113  | article_resource_config!(NewsResourceConfig);
[INFO] [stdout]      | -------------------------------------------- in this macro invocation
[INFO] [stdout]      |
[INFO] [stdout]      = help: the following other types implement trait `Serialize`:
[INFO] [stdout]                &'a T
[INFO] [stdout]                &'a bson::raw::array::RawArray
[INFO] [stdout]                &'a bson::raw::document::RawDocument
[INFO] [stdout]                &'a mut T
[INFO] [stdout]                ()
[INFO] [stdout]                (T0, T1)
[INFO] [stdout]                (T0, T1, T2)
[INFO] [stdout]                (T0, T1, T2, T3)
[INFO] [stdout]              and 538 others
[INFO] [stdout] note: required by a bound in `config::_::_serde::ser::SerializeStruct::serialize_field`
[INFO] [stdout]     --> /opt/rustwide/cargo-home/registry/src/index.crates.io-6f17d22bba15001f/serde-1.0.130/src/ser/mod.rs:1899:12
[INFO] [stdout]      |
[INFO] [stdout] 1899 |         T: Serialize;
[INFO] [stdout]      |            ^^^^^^^^^ required by this bound in `SerializeStruct::serialize_field`
[INFO] [stdout]      = note: this error originates in the macro `article_resource_config` (in Nightly builds, run with -Z macro-backtrace for more info)
[INFO] [stdout] 
[INFO] [stdout] 
[INFO] [stdout] error[E0277]: the trait bound `Schedules: Deserialize<'_>` is not satisfied
[INFO] [stdout]     --> bot/src/config.rs:96:28
[INFO] [stdout]      |
[INFO] [stdout] 96   |             pub schedules: Schedules,
[INFO] [stdout]      |                            ^^^^^^^^^ the trait `Deserialize<'_>` is not implemented for `Schedules`
[INFO] [stdout] ...
[INFO] [stdout] 113  | article_resource_config!(NewsResourceConfig);
[INFO] [stdout]      | -------------------------------------------- in this macro invocation
[INFO] [stdout]      |
[INFO] [stdout]      = help: the following other types implement trait `Deserialize<'de>`:
[INFO] [stdout]                <&'a Path as Deserialize<'de>>
[INFO] [stdout]                <&'a [u8] as Deserialize<'de>>
[INFO] [stdout]                <&'a bson::raw::array::RawArray as Deserialize<'de>>
[INFO] [stdout]                <&'a bson::raw::document::RawDocument as Deserialize<'de>>
[INFO] [stdout]                <&'a serde_bytes::bytes::Bytes as Deserialize<'de>>
[INFO] [stdout]                <&'a str as Deserialize<'de>>
[INFO] [stdout]                <() as Deserialize<'de>>
[INFO] [stdout]                <(T0, T1) as Deserialize<'de>>
[INFO] [stdout]              and 509 others
[INFO] [stdout] note: required by a bound in `next_element`
[INFO] [stdout]     --> /opt/rustwide/cargo-home/registry/src/index.crates.io-6f17d22bba15001f/serde-1.0.130/src/de/mod.rs:1705:12
[INFO] [stdout]      |
[INFO] [stdout] 1705 |         T: Deserialize<'de>,
[INFO] [stdout]      |            ^^^^^^^^^^^^^^^^ required by this bound in `SeqAccess::next_element`
[INFO] [stdout]      = note: this error originates in the macro `article_resource_config` (in Nightly builds, run with -Z macro-backtrace for more info)
[INFO] [stdout] 
[INFO] [stdout] 
[INFO] [stdout] error[E0277]: the trait bound `Schedules: Deserialize<'_>` is not satisfied
[INFO] [stdout]     --> bot/src/config.rs:96:28
[INFO] [stdout]      |
[INFO] [stdout] 96   |             pub schedules: Schedules,
[INFO] [stdout]      |                            ^^^^^^^^^ the trait `Deserialize<'_>` is not implemented for `Schedules`
[INFO] [stdout] ...
[INFO] [stdout] 113  | article_resource_config!(NewsResourceConfig);
[INFO] [stdout]      | -------------------------------------------- in this macro invocation
[INFO] [stdout]      |
[INFO] [stdout]      = help: the following other types implement trait `Deserialize<'de>`:
[INFO] [stdout]                <&'a Path as Deserialize<'de>>
[INFO] [stdout]                <&'a [u8] as Deserialize<'de>>
[INFO] [stdout]                <&'a bson::raw::array::RawArray as Deserialize<'de>>
[INFO] [stdout]                <&'a bson::raw::document::RawDocument as Deserialize<'de>>
[INFO] [stdout]                <&'a serde_bytes::bytes::Bytes as Deserialize<'de>>
[INFO] [stdout]                <&'a str as Deserialize<'de>>
[INFO] [stdout]                <() as Deserialize<'de>>
[INFO] [stdout]                <(T0, T1) as Deserialize<'de>>
[INFO] [stdout]              and 509 others
[INFO] [stdout] note: required by a bound in `next_value`
[INFO] [stdout]     --> /opt/rustwide/cargo-home/registry/src/index.crates.io-6f17d22bba15001f/serde-1.0.130/src/de/mod.rs:1844:12
[INFO] [stdout]      |
[INFO] [stdout] 1844 |         V: Deserialize<'de>,
[INFO] [stdout]      |            ^^^^^^^^^^^^^^^^ required by this bound in `MapAccess::next_value`
[INFO] [stdout]      = note: this error originates in the macro `article_resource_config` (in Nightly builds, run with -Z macro-backtrace for more info)
[INFO] [stdout] 
[INFO] [stdout] 
[INFO] [stdout] error[E0277]: the trait bound `Schedules: Deserialize<'_>` is not satisfied
[INFO] [stdout]    --> bot/src/config.rs:96:13
[INFO] [stdout]     |
[INFO] [stdout] 96  |             pub schedules: Schedules,
[INFO] [stdout]     |             ^^^ the trait `Deserialize<'_>` is not implemented for `Schedules`
[INFO] [stdout] ...
[INFO] [stdout] 113 | article_resource_config!(NewsResourceConfig);
[INFO] [stdout]     | -------------------------------------------- in this macro invocation
[INFO] [stdout]     |
[INFO] [stdout]     = help: the following other types implement trait `Deserialize<'de>`:
[INFO] [stdout]               <&'a Path as Deserialize<'de>>
[INFO] [stdout]               <&'a [u8] as Deserialize<'de>>
[INFO] [stdout]               <&'a bson::raw::array::RawArray as Deserialize<'de>>
[INFO] [stdout]               <&'a bson::raw::document::RawDocument as Deserialize<'de>>
[INFO] [stdout]               <&'a serde_bytes::bytes::Bytes as Deserialize<'de>>
[INFO] [stdout]               <&'a str as Deserialize<'de>>
[INFO] [stdout]               <() as Deserialize<'de>>
[INFO] [stdout]               <(T0, T1) as Deserialize<'de>>
[INFO] [stdout]             and 509 others
[INFO] [stdout] note: required by a bound in `config::_::_serde::__private::de::missing_field`
[INFO] [stdout]    --> /opt/rustwide/cargo-home/registry/src/index.crates.io-6f17d22bba15001f/serde-1.0.130/src/private/de.rs:22:8
[INFO] [stdout]     |
[INFO] [stdout] 22  |     V: Deserialize<'de>,
[INFO] [stdout]     |        ^^^^^^^^^^^^^^^^ required by this bound in `missing_field`
[INFO] [stdout]     = note: this error originates in the macro `article_resource_config` (in Nightly builds, run with -Z macro-backtrace for more info)
[INFO] [stdout] 
[INFO] [stdout] 
[INFO] [stdout] error: aborting due to 12 previous errors; 3 warnings emitted
[INFO] [stdout] 
[INFO] [stdout] 
[INFO] [stdout] For more information about this error, try `rustc --explain E0277`.
[INFO] [stdout] 
[INFO] [stderr] error: could not compile `bot` (bin "bot") due to 13 previous errors; 3 warnings emitted
[INFO] running `Command { std: "docker" "inspect" "42a6a3345df1fd49a0daaefb6552413f5eb36df926321b00dc3e72674c028711", kill_on_drop: false }`
[INFO] running `Command { std: "docker" "rm" "-f" "42a6a3345df1fd49a0daaefb6552413f5eb36df926321b00dc3e72674c028711", kill_on_drop: false }`
[INFO] [stdout] 42a6a3345df1fd49a0daaefb6552413f5eb36df926321b00dc3e72674c028711
