[INFO] cloning repository https://github.com/Kiraub/fs_analysis
[INFO] running `Command { std: "git" "-c" "credential.helper=" "-c" "credential.helper=/workspace/cargo-home/bin/git-credential-null" "clone" "--bare" "https://github.com/Kiraub/fs_analysis" "/workspace/cache/git-repos/https%3A%2F%2Fgithub.com%2FKiraub%2Ffs_analysis", kill_on_drop: false }`
[INFO] [stderr] Cloning into bare repository '/workspace/cache/git-repos/https%3A%2F%2Fgithub.com%2FKiraub%2Ffs_analysis'...
[INFO] running `Command { std: "git" "rev-parse" "HEAD", kill_on_drop: false }`
[INFO] [stdout] 2ec2a1bff5a617e58c33a99c5eff0cbe6db4f2c9
[INFO] testing Kiraub/fs_analysis against beta-2023-04-20 for beta-1.70-1
[INFO] running `Command { std: "git" "clone" "/workspace/cache/git-repos/https%3A%2F%2Fgithub.com%2FKiraub%2Ffs_analysis" "/workspace/builds/worker-7-tc2/source", kill_on_drop: false }`
[INFO] [stderr] Cloning into '/workspace/builds/worker-7-tc2/source'...
[INFO] [stderr] done.
[INFO] validating manifest of git repo https://github.com/Kiraub/fs_analysis on toolchain beta-2023-04-20
[INFO] running `Command { std: CARGO_HOME="/workspace/cargo-home" RUSTUP_HOME="/workspace/rustup-home" "/workspace/cargo-home/bin/cargo" "+beta-2023-04-20" "metadata" "--manifest-path" "Cargo.toml" "--no-deps", kill_on_drop: false }`
[INFO] started tweaking git repo https://github.com/Kiraub/fs_analysis
[INFO] finished tweaking git repo https://github.com/Kiraub/fs_analysis
[INFO] tweaked toml for git repo https://github.com/Kiraub/fs_analysis written to /workspace/builds/worker-7-tc2/source/Cargo.toml
[INFO] crate git repo https://github.com/Kiraub/fs_analysis already has a lockfile, it will not be regenerated
[INFO] running `Command { std: CARGO_HOME="/workspace/cargo-home" RUSTUP_HOME="/workspace/rustup-home" "/workspace/cargo-home/bin/cargo" "+beta-2023-04-20" "fetch" "--manifest-path" "Cargo.toml", kill_on_drop: false }`
[INFO] [stderr]     Updating crates.io index
[INFO] [stderr]     Blocking waiting for file lock on package cache
[INFO] [stderr]  Downloading crates ...
[INFO] [stderr]   Downloaded bson v0.12.3
[INFO] [stderr]   Downloaded scan_fmt v0.1.3
[INFO] [stderr]   Downloaded textnonce v0.6.5
[INFO] [stderr]   Downloaded mongodb v0.3.10
[INFO] [stderr]   Downloaded semver v0.8.0
[INFO] running `Command { std: "docker" "create" "-v" "/var/lib/crater-agent-workspace/builds/worker-7-tc2/target:/opt/rustwide/target:rw,Z" "-v" "/var/lib/crater-agent-workspace/builds/worker-7-tc2/source:/opt/rustwide/workdir:ro,Z" "-v" "/var/lib/crater-agent-workspace/cargo-home:/opt/rustwide/cargo-home:ro,Z" "-v" "/var/lib/crater-agent-workspace/rustup-home:/opt/rustwide/rustup-home:ro,Z" "-e" "SOURCE_DIR=/opt/rustwide/workdir" "-e" "CARGO_TARGET_DIR=/opt/rustwide/target" "-e" "CARGO_HOME=/opt/rustwide/cargo-home" "-e" "RUSTUP_HOME=/opt/rustwide/rustup-home" "-w" "/opt/rustwide/workdir" "-m" "1610612736" "--user" "0:0" "--network" "none" "ghcr.io/rust-lang/crates-build-env/linux@sha256:5ff2268d62e97bff2cde7d5815dd6ed5b47097566f13b8d0ca110b04b60e07ed" "/opt/rustwide/cargo-home/bin/cargo" "+beta-2023-04-20" "metadata" "--no-deps" "--format-version=1", kill_on_drop: false }`
[INFO] [stdout] a59e3c62460831d7696fb2c9914a21b2717c061e4cb28afe8c304601d1dc2c2a
[INFO] running `Command { std: "docker" "start" "-a" "a59e3c62460831d7696fb2c9914a21b2717c061e4cb28afe8c304601d1dc2c2a", kill_on_drop: false }`
[INFO] running `Command { std: "docker" "inspect" "a59e3c62460831d7696fb2c9914a21b2717c061e4cb28afe8c304601d1dc2c2a", kill_on_drop: false }`
[INFO] running `Command { std: "docker" "rm" "-f" "a59e3c62460831d7696fb2c9914a21b2717c061e4cb28afe8c304601d1dc2c2a", kill_on_drop: false }`
[INFO] [stdout] a59e3c62460831d7696fb2c9914a21b2717c061e4cb28afe8c304601d1dc2c2a
[INFO] running `Command { std: "docker" "create" "-v" "/var/lib/crater-agent-workspace/builds/worker-7-tc2/target:/opt/rustwide/target:rw,Z" "-v" "/var/lib/crater-agent-workspace/builds/worker-7-tc2/source:/opt/rustwide/workdir:ro,Z" "-v" "/var/lib/crater-agent-workspace/cargo-home:/opt/rustwide/cargo-home:ro,Z" "-v" "/var/lib/crater-agent-workspace/rustup-home:/opt/rustwide/rustup-home:ro,Z" "-e" "SOURCE_DIR=/opt/rustwide/workdir" "-e" "CARGO_TARGET_DIR=/opt/rustwide/target" "-e" "CARGO_INCREMENTAL=0" "-e" "RUST_BACKTRACE=full" "-e" "RUSTFLAGS=--cap-lints=warn" "-e" "RUSTDOCFLAGS=--cap-lints=warn" "-e" "CARGO_HOME=/opt/rustwide/cargo-home" "-e" "RUSTUP_HOME=/opt/rustwide/rustup-home" "-w" "/opt/rustwide/workdir" "-m" "1610612736" "--user" "0:0" "--network" "none" "ghcr.io/rust-lang/crates-build-env/linux@sha256:5ff2268d62e97bff2cde7d5815dd6ed5b47097566f13b8d0ca110b04b60e07ed" "/opt/rustwide/cargo-home/bin/cargo" "+beta-2023-04-20" "build" "--frozen" "--message-format=json", kill_on_drop: false }`
[INFO] [stdout] 6b6a04b206a98a8bab892ea153daa0c04d4122c26fd3752b9c50bd3a1f61a13e
[INFO] running `Command { std: "docker" "start" "-a" "6b6a04b206a98a8bab892ea153daa0c04d4122c26fd3752b9c50bd3a1f61a13e", kill_on_drop: false }`
[INFO] [stderr]    Compiling libc v0.2.126
[INFO] [stderr]    Compiling rand_core v0.4.2
[INFO] [stderr]    Compiling autocfg v0.1.8
[INFO] [stderr]    Compiling num-traits v0.2.15
[INFO] [stderr]    Compiling proc-macro2 v1.0.39
[INFO] [stderr]    Compiling num-integer v0.1.45
[INFO] [stderr]    Compiling serde v1.0.137
[INFO] [stderr]    Compiling unicode-ident v1.0.1
[INFO] [stderr]    Compiling memchr v2.5.0
[INFO] [stderr]    Compiling indexmap v1.8.2
[INFO] [stderr]    Compiling syn v1.0.96
[INFO] [stderr]    Compiling ucd-util v0.1.8
[INFO] [stderr]    Compiling serde_json v1.0.81
[INFO] [stderr]    Compiling regex v0.2.11
[INFO] [stderr]    Compiling hashbrown v0.11.2
[INFO] [stderr]    Compiling gcc v0.3.55
[INFO] [stderr]    Compiling thread_local v0.3.6
[INFO] [stderr]    Compiling rand_chacha v0.1.1
[INFO] [stderr]    Compiling rand_core v0.3.1
[INFO] [stderr]    Compiling rand_pcg v0.1.2
[INFO] [stderr]    Compiling rand v0.6.5
[INFO] [stderr]    Compiling rand_hc v0.1.0
[INFO] [stderr]    Compiling rand_xorshift v0.1.1
[INFO] [stderr]    Compiling rand_isaac v0.1.1
[INFO] [stderr]    Compiling regex-syntax v0.5.6
[INFO] [stderr]    Compiling rand_jitter v0.1.4
[INFO] [stderr]    Compiling utf8-ranges v1.0.5
[INFO] [stderr]    Compiling ryu v1.0.10
[INFO] [stderr]    Compiling itoa v1.0.2
[INFO] [stderr]    Compiling base64 v0.10.1
[INFO] [stderr]    Compiling md5 v0.3.8
[INFO] [stderr]    Compiling aho-corasick v0.6.10
[INFO] [stderr]    Compiling semver-parser v0.7.0
[INFO] [stderr]    Compiling hex v0.3.2
[INFO] [stderr]    Compiling try_from v0.2.2
[INFO] [stderr]    Compiling data-encoding v2.3.2
[INFO] [stderr]    Compiling quote v1.0.18
[INFO] [stderr]    Compiling time v0.1.44
[INFO] [stderr]    Compiling rust-crypto v0.2.36
[INFO] [stderr]    Compiling rand_os v0.1.3
[INFO] [stderr]    Compiling rand v0.4.6
[INFO] [stderr]    Compiling rand v0.5.6
[INFO] [stderr]    Compiling hostname v0.1.5
[INFO] [stderr]    Compiling semver v0.8.0
[INFO] [stderr]    Compiling bufstream v0.1.4
[INFO] [stderr]    Compiling separator v0.3.1
[INFO] [stderr]    Compiling rand v0.3.23
[INFO] [stderr]    Compiling chrono v0.4.19
[INFO] [stderr]    Compiling scan_fmt v0.1.3
[INFO] [stderr]    Compiling serde_derive v1.0.137
[INFO] [stderr]    Compiling bson v0.12.3
[INFO] [stderr]    Compiling textnonce v0.6.5
[INFO] [stderr]    Compiling mongodb v0.3.10
[INFO] [stderr]    Compiling fs_analysis v0.1.0 (/opt/rustwide/workdir)
[INFO] [stderr]     Finished dev [unoptimized + debuginfo] target(s) in 11.47s
[INFO] [stderr] warning: the following packages contain code that will be rejected by a future version of Rust: bson v0.12.3, rustc-serialize v0.3.24
[INFO] [stderr] note: to see what the problems were, use the option `--future-incompat-report`, or run `cargo report future-incompatibilities --id 3`
[INFO] running `Command { std: "docker" "inspect" "6b6a04b206a98a8bab892ea153daa0c04d4122c26fd3752b9c50bd3a1f61a13e", kill_on_drop: false }`
[INFO] running `Command { std: "docker" "rm" "-f" "6b6a04b206a98a8bab892ea153daa0c04d4122c26fd3752b9c50bd3a1f61a13e", kill_on_drop: false }`
[INFO] [stdout] 6b6a04b206a98a8bab892ea153daa0c04d4122c26fd3752b9c50bd3a1f61a13e
[INFO] running `Command { std: "docker" "create" "-v" "/var/lib/crater-agent-workspace/builds/worker-7-tc2/target:/opt/rustwide/target:rw,Z" "-v" "/var/lib/crater-agent-workspace/builds/worker-7-tc2/source:/opt/rustwide/workdir:ro,Z" "-v" "/var/lib/crater-agent-workspace/cargo-home:/opt/rustwide/cargo-home:ro,Z" "-v" "/var/lib/crater-agent-workspace/rustup-home:/opt/rustwide/rustup-home:ro,Z" "-e" "SOURCE_DIR=/opt/rustwide/workdir" "-e" "CARGO_TARGET_DIR=/opt/rustwide/target" "-e" "CARGO_INCREMENTAL=0" "-e" "RUST_BACKTRACE=full" "-e" "RUSTFLAGS=--cap-lints=warn" "-e" "RUSTDOCFLAGS=--cap-lints=warn" "-e" "CARGO_HOME=/opt/rustwide/cargo-home" "-e" "RUSTUP_HOME=/opt/rustwide/rustup-home" "-w" "/opt/rustwide/workdir" "-m" "1610612736" "--user" "0:0" "--network" "none" "ghcr.io/rust-lang/crates-build-env/linux@sha256:5ff2268d62e97bff2cde7d5815dd6ed5b47097566f13b8d0ca110b04b60e07ed" "/opt/rustwide/cargo-home/bin/cargo" "+beta-2023-04-20" "test" "--frozen" "--no-run" "--message-format=json", kill_on_drop: false }`
[INFO] [stdout] 01d6b26c3ad654557b425f79797a85dcbff424706a3fb6e400192b0d1cdca3b7
[INFO] running `Command { std: "docker" "start" "-a" "01d6b26c3ad654557b425f79797a85dcbff424706a3fb6e400192b0d1cdca3b7", kill_on_drop: false }`
[INFO] [stderr]    Compiling fs_analysis v0.1.0 (/opt/rustwide/workdir)
[INFO] [stdout] error[E0432]: unresolved import `mongodb::doc`
[INFO] [stdout]   --> src/lib.rs:26:35
[INFO] [stdout]    |
[INFO] [stdout] 26 |         use mongodb::{Bson, bson, doc};
[INFO] [stdout]    |                                   ^^^ no `doc` in the root
[INFO] [stdout] 
[INFO] [stdout] 
[INFO] [stdout] error[E0603]: enum `Bson` is private
[INFO] [stdout]    --> src/lib.rs:26:23
[INFO] [stdout]     |
[INFO] [stdout] 26  |         use mongodb::{Bson, bson, doc};
[INFO] [stdout]     |                       ^^^^ private enum
[INFO] [stdout]     |
[INFO] [stdout] note: the enum `Bson` is defined here
[INFO] [stdout]    --> /opt/rustwide/cargo-home/registry/src/index.crates.io-6f17d22bba15001f/mongodb-0.3.10/src/lib.rs:173:5
[INFO] [stdout]     |
[INFO] [stdout] 173 | use bson::Bson;
[INFO] [stdout]     |     ^^^^^^^^^^
[INFO] [stdout] 
[INFO] [stdout] 
[INFO] [stdout] error[E0603]: crate `bson` is private
[INFO] [stdout]    --> src/lib.rs:26:29
[INFO] [stdout]     |
[INFO] [stdout] 26  |         use mongodb::{Bson, bson, doc};
[INFO] [stdout]     |                             ^^^^ private crate
[INFO] [stdout]     |
[INFO] [stdout] note: the crate `bson` is defined here
[INFO] [stdout]    --> /opt/rustwide/cargo-home/registry/src/index.crates.io-6f17d22bba15001f/mongodb-0.3.10/src/lib.rs:130:1
[INFO] [stdout]     |
[INFO] [stdout] 130 | extern crate bson;
[INFO] [stdout]     | ^^^^^^^^^^^^^^^^^^
[INFO] [stdout] 
[INFO] [stdout] 
[INFO] [stdout] error: aborting due to 3 previous errors
[INFO] [stdout] 
[INFO] [stdout] 
[INFO] [stdout] Some errors have detailed explanations: E0432, E0603.
[INFO] [stdout] 
[INFO] [stdout] For more information about an error, try `rustc --explain E0432`.
[INFO] [stdout] 
[INFO] [stderr] error: could not compile `fs_analysis` (lib test) due to 4 previous errors
[INFO] [stderr] warning: build failed, waiting for other jobs to finish...
[INFO] running `Command { std: "docker" "inspect" "01d6b26c3ad654557b425f79797a85dcbff424706a3fb6e400192b0d1cdca3b7", kill_on_drop: false }`
[INFO] running `Command { std: "docker" "rm" "-f" "01d6b26c3ad654557b425f79797a85dcbff424706a3fb6e400192b0d1cdca3b7", kill_on_drop: false }`
[INFO] [stdout] 01d6b26c3ad654557b425f79797a85dcbff424706a3fb6e400192b0d1cdca3b7
